--
-- Host: localhost    Database: eafsd
-- ------------------------------------------------------


--
-- Table structure for table `assignment_titles`
--

CREATE TABLE `assignment_titles` (
  `id` int(11) NOT NULL AUTO_INCREMENT,
  `name` varchar(255) DEFAULT NULL,
  `assignment_type_id` int(11) DEFAULT NULL,
  `temporary` tinyint(1) DEFAULT NULL,
  `commissioned` tinyint(1) DEFAULT NULL,
  `notes` text,
  `created_at` datetime DEFAULT NULL,
  `updated_at` datetime DEFAULT NULL,
  PRIMARY KEY (`id`),
  KEY `assignment_type_id` (`assignment_type_id`),
  CONSTRAINT `assignment_titles_assignment_type_id_9c09e7ee_fk_assignmen` FOREIGN KEY (`assignment_type_id`) REFERENCES `assignment_types` (`id`)
) ENGINE=InnoDB AUTO_INCREMENT=46 DEFAULT CHARSET=latin1;

--
-- Dumping data for table `assignment_titles`
--

INSERT INTO `assignment_titles` VALUES (1,'Acting Commercial Agent',1040335078,1,0,NULL,'2009-03-17 21:05:40','2009-12-02 20:17:20'),(2,'Acting Consul',1040335078,1,0,NULL,'2009-03-17 21:05:40','2009-12-02 20:17:54'),(3,'Acting Consul General',1040335078,1,0,NULL,'2009-03-17 21:05:40','2009-12-02 20:18:24'),(4,'Acting Consular Agent',1040335078,1,0,NULL,'2009-03-17 21:05:40','2009-12-02 20:18:52'),(5,'Acting Vice Consul',1040335078,1,0,NULL,'2009-03-17 21:05:40','2009-12-02 20:19:15'),(6,'Acting Vice Consul in Charge',1040335078,1,0,'\"Acting\" typically denotes a temporary position, held until the official replacement arrives.  More research is necessary to find out why the one assignment for \"Acting Vice Consul in Charge\" lasted for 49 years.','2009-03-17 21:05:40','2009-12-02 20:22:32'),(7,'Agent for Claims and Seamen',1040335078,0,0,'Agents typically were not commissioned, however since only one person ever held this title more research is required.','2009-03-17 21:05:40','2009-12-02 20:23:47'),(8,'Agent for Commerce and Seamen',1040335078,0,0,NULL,'2009-03-17 21:05:40','2009-12-02 20:24:22'),(9,'Agent for Prisoners of War',1040335078,1,0,NULL,'2009-03-17 21:05:40','2012-09-10 20:49:36'),(10,'Chancellor of Consulate',854258232,0,0,NULL,'2009-03-17 21:05:40','2009-12-02 20:26:43'),(11,'Charge d\'Affaires',676005164,0,1,NULL,'2009-03-17 21:05:40','2010-09-16 18:55:21'),(12,'Charge d\'Affaires a.i.',676005164,1,0,'','2009-03-17 21:05:40','2012-10-09 20:20:44'),(13,'Clerk to Consul General',854258232,0,0,NULL,'2009-03-17 21:05:40','2009-12-02 20:29:29'),(14,'Commercial Agent',1040335078,0,1,'This title is a curious artifact of the Napoleonic Era. After Napoleon declared himself \"First Consul\" he required that foreign consuls be retitled in the French Empire.  The Convention of 1800, which ended the Quasi-War, renamed all American consuls in French held ports \"Commercial Agents.\"','2009-03-17 21:05:40','2013-04-19 02:38:17'),(15,'Commissioner',676005164,0,1,NULL,'2009-03-17 21:05:40','2009-12-02 20:30:56'),(16,'Commissioner (not COM)',676005164,0,1,NULL,'2009-03-17 21:05:40','2009-12-02 20:31:21'),(17,'Commissioner Plenipotentiary',676005164,0,1,'Research needed to verify commission.','2009-03-17 21:05:40','2009-12-02 20:32:44'),(18,'Consul',1040335078,0,1,NULL,'2009-03-17 21:05:40','2009-03-17 21:05:40'),(19,'Consul General',1040335078,0,1,NULL,'2009-03-17 21:05:40','2009-12-03 23:03:58'),(20,'Consul/ Claims Commissioner',1040335078,0,1,'Consuls were commissioned.','2009-03-17 21:05:40','2009-12-03 23:04:29'),(21,'Consular Agent',1040335078,0,0,'Even though this position has Agent in the title, it is clear from years served that this was a permanent position, since technically only American citizens could be commissioned as consuls (though there are many examples to the contrary).','2009-03-17 21:05:40','2012-09-10 20:56:48'),(22,'Consular and Commercial Agent',1040335078,0,0,NULL,'2009-03-17 21:05:40','2009-12-03 23:05:36'),(23,'Delegate U.S. Br. Commission',676005164,1,0,NULL,'2009-03-17 21:05:40','2009-12-03 23:06:17'),(24,'Diplomatic Agent',676005164,0,0,'This title appears to have only been used once -- for Charles Dumas.','2009-03-17 21:05:40','2012-09-10 20:57:43'),(25,'Envoy Extraordinaire and Minister Plenipotentiary',676005164,0,1,NULL,'2009-03-17 21:05:40','2009-12-03 23:07:07'),(26,'Minister Plenipotentiary',676005164,0,1,NULL,'2009-03-17 21:05:40','2009-12-03 23:07:31'),(27,'Minister Resident',676005164,0,1,'This appointment came one year after the Portuguese royal family moved to Brazil to escape Napoleon I and made Rio de Janeiro the temporary capital of the Portuguese Empire.','2009-03-17 21:05:40','2011-02-10 03:03:04'),(28,'Secretary of Delegation',854258232,0,0,NULL,'2009-03-17 21:05:40','2009-12-03 23:08:10'),(29,'Secretary of Legation',854258232,0,0,NULL,'2009-03-17 21:05:40','2009-12-03 23:08:36'),(30,'Secretary of Negotiating Delegation',854258232,0,0,NULL,'2009-03-17 21:05:40','2009-12-03 23:08:50'),(31,'Secretary to Consul General',854258232,0,0,NULL,'2009-03-17 21:05:40','2009-12-03 23:09:13'),(32,'Secretary to Negotiating Commission',854258232,0,0,NULL,'2009-03-17 21:05:40','2009-12-03 23:09:54'),(33,'Secretary to Negotiating Delegation',854258232,0,0,NULL,'2009-03-17 21:05:40','2009-12-03 23:10:37'),(34,'Secretary - Special Diplomatic Mission',854258232,1,0,NULL,'2009-03-17 21:05:40','2009-12-03 23:10:58'),(35,'Special Agent for Claims',1040335078,1,0,NULL,'2009-03-17 21:05:41','2009-12-03 23:11:12'),(36,'Special Agent to Portuguese Government',676005164,1,0,NULL,'2009-03-17 21:05:41','2010-01-10 22:15:28'),(37,'Special Agent/Commissioner',676005164,1,0,NULL,'2009-03-17 21:05:41','2009-12-03 23:11:54'),(38,'Special Commissioner',676005164,0,0,NULL,'2009-03-17 21:05:41','2009-12-03 23:12:13'),(39,'Special Diplomatic Agent',676005164,1,0,NULL,'2009-03-17 21:05:41','2010-01-10 22:22:24'),(40,'Special Negotiator',676005164,1,1,NULL,'2009-03-17 21:05:41','2012-09-10 21:00:19'),(41,'Treaty Negotiator',676005164,1,1,NULL,'2009-03-17 21:05:41','2012-09-10 21:01:18'),(42,'Vice /Acting Consul',1040335078,1,0,'It appears that those who held this position, were acting as consul while technically holding the position of vice consul (which was rarely a commissioned title).  More research is required into the particulars of each case.','2009-03-17 21:05:41','2009-12-03 23:15:49'),(43,'Vice Commercial Agent',1040335078,0,0,NULL,'2009-03-17 21:05:41','2009-12-03 23:16:13'),(44,'Vice Consul',1040335078,0,0,'Vice consul was typically an non commissioned post.  However, in some cases Vice Consuls were commissioned.  See the notes for each assignment record to determine if that officer held a commission as vice consul.','2009-03-17 21:05:41','2009-12-03 23:17:24'),(45,'Vice Consul in Charge',1040335078,0,0,NULL,'2009-03-17 21:05:41','2009-12-03 23:17:40');

--
-- Table structure for table `assignment_types`
--

CREATE TABLE `assignment_types` (
  `id` int(11) NOT NULL AUTO_INCREMENT,
  `name` varchar(255) DEFAULT NULL,
  `notes` text,
  `created_at` datetime DEFAULT NULL,
  `updated_at` datetime DEFAULT NULL,
  PRIMARY KEY (`id`)
) ENGINE=InnoDB AUTO_INCREMENT=1040335079 DEFAULT CHARSET=latin1;

--
-- Dumping data for table `assignment_types`
--

INSERT INTO `assignment_types` VALUES (676005164,'diplomatic','This covers <b>all</b>: ministers, envoys, commissioners, diplomatic agents,  charges d\'affaires, etc.','2009-03-16 17:30:23','2010-10-05 02:59:36'),(854258232,'support staff','all the secretaries or clerks','2009-03-16 17:30:23','2009-03-16 17:30:23'),(1040335078,'consular','this covers all variations on consul, as well as agents for commerce and seamen, etc.','2009-03-16 17:30:23','2009-03-16 17:30:23');

--
-- Table structure for table `assignments`
--

CREATE TABLE `assignments` (
  `id` int(11) NOT NULL AUTO_INCREMENT,
  `individual_id` int(11) DEFAULT NULL,
  `assignment_title_id` int(11) DEFAULT NULL,
  `location_id` int(11) DEFAULT NULL,
  `start_year` int(11) DEFAULT NULL,
  `start_certain` tinyint(1) DEFAULT NULL,
  `end_year` int(11) DEFAULT NULL,
  `end_certain` tinyint(1) DEFAULT NULL,
  `notes` text,
  PRIMARY KEY (`id`),
  KEY `individual_id` (`individual_id`),
  KEY `assignment_title_id` (`assignment_title_id`),
  KEY `location_id` (`location_id`),
  CONSTRAINT `assignments_ibfk_1` FOREIGN KEY (`individual_id`) REFERENCES `individuals` (`id`),
  CONSTRAINT `assignments_ibfk_2` FOREIGN KEY (`assignment_title_id`) REFERENCES `assignment_titles` (`id`),
  CONSTRAINT `assignments_ibfk_3` FOREIGN KEY (`location_id`) REFERENCES `locations` (`id`)
) ENGINE=InnoDB AUTO_INCREMENT=2006 DEFAULT CHARSET=latin1;

--
-- Dumping data for table `assignments`
--

INSERT INTO `assignments` VALUES (1235,1,40,166,1779,1,1779,0,'I think this is meant to be his time as sole commissioner to Great Britain.  If so, then this record needs to be overhauled or deleted.'),(1236,2,28,166,1779,1,1779,0,NULL),(1237,3,41,166,1782,1,1783,1,NULL),(1238,1,26,166,1785,1,1788,1,''),(1239,4,29,166,1785,1,1788,0,NULL),(1240,5,39,166,1789,1,1789,0,NULL),(1241,6,26,166,1792,1,1796,1,NULL),(1242,7,40,166,1794,1,1794,0,NULL),(1243,8,26,166,1796,1,1803,1,NULL),(1244,9,23,166,1801,0,1802,1,NULL),(1245,9,12,166,1802,1,1802,0,NULL),(1246,10,26,166,1803,1,1807,1,NULL),(1247,10,40,166,1806,1,1807,1,NULL),(1248,11,40,166,1806,1,1808,1,NULL),(1249,11,26,166,1808,1,1811,1,NULL),(1250,12,12,166,1811,1,1811,0,NULL),(1251,13,11,166,1811,1,1812,1,NULL),(1252,14,25,166,1815,1,1817,1,NULL),(1253,15,29,166,1815,1,1825,1,NULL),(1254,16,25,166,1817,1,1825,1,NULL),(1255,17,41,166,1818,1,1818,0,NULL),(1256,18,40,166,1823,1,1823,0,NULL),(1257,19,39,166,1823,1,1824,1,NULL),(1258,20,29,166,1825,1,1826,1,NULL),(1259,8,25,166,1825,1,1826,1,NULL),(1260,21,18,166,1790,1,1797,0,NULL),(1261,22,18,166,1797,1,1801,0,NULL),(1262,23,18,166,1801,1,1804,1,NULL),(1263,24,18,166,1804,1,1811,1,NULL),(1264,25,44,166,1808,0,1811,1,NULL),(1265,25,2,166,1811,1,1812,1,NULL),(1266,25,9,166,1812,1,1814,1,NULL),(1267,25,2,166,1814,1,1815,1,NULL),(1268,26,18,166,1815,1,1853,1,NULL),(1269,27,21,167,1795,1,1802,1,NULL),(1270,28,18,168,1792,1,1815,1,NULL),(1271,29,2,168,1793,1,1793,0,NULL),(1272,30,10,168,1795,1,1801,0,NULL),(1273,31,2,168,1801,1,1805,0,NULL),(1274,32,18,168,1816,1,1833,1,NULL),(1275,33,44,169,1790,1,1816,1,NULL),(1276,33,18,169,1816,1,1823,0,NULL),(1277,34,18,169,1823,1,1841,0,NULL),(1278,35,21,170,1793,1,1793,0,NULL),(1279,36,21,170,1793,1,1805,1,NULL),(1280,37,18,171,1793,1,1794,1,NULL),(1281,38,18,171,1794,1,1818,1,NULL),(1282,39,18,171,1819,1,1854,1,NULL),(1283,40,18,172,1796,1,1816,1,NULL),(1284,41,18,172,1816,1,1827,1,NULL),(1285,42,18,173,1790,1,1812,1,NULL),(1286,42,18,173,1815,1,1829,1,NULL),(1287,43,21,174,1792,1,1795,1,NULL),(1288,44,18,174,1815,1,1819,1,NULL),(1289,45,18,174,1823,1,1859,1,NULL),(1290,46,44,175,1791,1,1791,0,NULL),(1291,47,21,176,1798,1,1803,0,NULL),(1292,48,21,176,1798,1,1803,0,NULL),(1293,49,21,177,1798,1,1798,0,NULL),(1294,50,21,177,1798,1,1809,1,NULL),(1295,51,21,177,1809,1,1835,1,NULL),(1296,52,18,178,1801,1,1807,0,NULL),(1297,53,18,178,1820,1,1824,0,NULL),(1298,54,18,178,1824,1,1831,1,NULL),(1299,55,18,179,1798,1,1817,0,NULL),(1300,56,18,179,1817,1,1833,0,NULL),(1301,57,18,180,1796,1,1815,0,NULL),(1302,58,2,180,1815,1,1815,0,NULL),(1303,59,18,180,1815,1,1820,1,NULL),(1304,60,18,180,1820,1,1830,1,NULL),(1305,61,18,181,1797,1,1815,0,NULL),(1306,62,18,181,1815,1,1817,0,NULL),(1307,63,18,181,1817,1,1826,1,NULL),(1308,64,18,182,1790,1,1793,1,NULL),(1309,65,18,182,1794,1,1809,1,NULL),(1310,66,18,182,1809,1,1826,0,NULL),(1311,67,18,183,1811,1,1814,1,NULL),(1312,68,18,184,1811,1,1813,1,NULL),(1313,69,18,184,1813,1,1817,1,NULL),(1314,70,18,184,1817,1,1834,0,NULL),(1315,2,40,185,1777,1,1777,0,NULL),(1316,2,27,185,1780,1,1780,0,NULL),(1317,71,18,185,1794,1,1803,0,NULL),(1318,8,41,185,1799,1,1799,0,NULL),(1319,72,18,185,1803,1,1813,0,NULL),(1320,14,26,185,1809,1,1814,1,NULL),(1321,73,29,185,1812,1,1816,0,NULL),(1322,74,29,185,1812,1,1816,0,NULL),(1323,72,33,185,1813,1,1813,0,NULL),(1324,75,41,185,1813,1,1814,1,NULL),(1325,72,11,185,1814,1,1817,1,NULL),(1326,76,39,185,1816,1,1816,0,NULL),(1327,77,29,185,1816,1,1818,1,NULL),(1328,11,25,185,1816,1,1818,1,NULL),(1329,78,18,185,1816,1,1819,0,NULL),(1330,79,25,185,1818,1,1820,1,NULL),(1331,80,29,185,1818,1,1820,1,NULL),(1332,81,18,185,1819,1,1850,1,NULL),(1333,18,25,185,1820,1,1830,1,NULL),(1334,82,21,186,1797,1,1807,0,NULL),(1335,83,21,186,1807,1,1807,0,NULL),(1336,84,21,187,1778,1,1790,1,NULL),(1337,85,18,187,1790,1,1797,1,NULL),(1338,86,2,187,1793,1,1793,0,NULL),(1339,87,18,187,1797,1,1799,0,NULL),(1340,88,18,187,1799,1,1801,1,NULL),(1341,89,43,187,1801,1,1804,0,NULL),(1342,90,14,187,1801,1,1816,1,NULL),(1343,91,5,187,1810,1,1811,1,NULL),(1344,92,2,187,1813,1,1813,0,NULL),(1345,93,18,187,1816,1,1824,1,NULL),(1346,94,18,187,1824,1,1841,1,NULL),(1347,88,18,188,1797,1,1799,1,NULL),(1348,95,2,188,1799,1,1802,1,NULL),(1349,96,14,189,1802,1,1807,1,NULL),(1350,97,1,189,1806,1,1806,0,NULL),(1351,98,18,189,1817,1,1827,1,NULL),(1352,99,14,190,1802,1,1806,0,NULL),(1353,100,18,190,1806,1,1822,0,NULL),(1354,101,18,190,1822,1,1829,1,NULL),(1355,102,18,191,1794,1,1801,0,NULL),(1356,103,14,191,1801,1,1803,1,NULL),(1357,102,14,191,1803,1,1806,0,NULL),(1358,104,44,192,1790,1,1803,0,NULL),(1359,105,18,192,1793,1,1794,0,NULL),(1360,106,18,192,1794,1,1797,0,NULL),(1361,104,43,192,1801,1,1803,1,NULL),(1362,107,14,192,1801,1,1803,1,NULL),(1363,108,43,192,1803,1,1807,0,NULL),(1364,88,14,192,1803,1,1808,0,NULL),(1365,25,18,192,1817,1,1847,1,NULL),(1366,109,21,193,1817,1,1820,0,NULL),(1367,110,14,194,1801,1,1803,1,NULL),(1368,111,14,194,1803,1,1815,0,NULL),(1369,112,18,194,1815,1,1816,1,NULL),(1370,113,18,194,1816,1,1817,1,NULL),(1371,114,18,194,1817,1,1833,0,NULL),(1372,115,21,195,1791,1,1817,1,NULL),(1373,116,14,195,1803,1,1815,0,NULL),(1374,117,18,195,1815,1,1819,1,NULL),(1375,118,21,195,1816,1,1822,0,NULL),(1376,119,10,195,1818,1,1822,0,NULL),(1377,120,18,195,1820,1,1821,1,NULL),(1378,121,18,195,1825,1,1826,1,NULL),(1379,122,18,196,1790,1,1801,0,NULL),(1380,122,14,196,1805,1,1819,0,NULL),(1381,123,18,196,1819,1,1829,1,NULL),(1382,124,18,197,1794,1,1802,0,NULL),(1383,125,14,197,1802,1,1805,0,NULL),(1384,126,18,198,1790,1,1793,1,NULL),(1385,127,18,198,1794,1,1799,1,NULL),(1386,128,14,198,1802,1,1803,1,NULL),(1387,110,14,198,1803,1,1815,0,NULL),(1388,93,18,198,1815,1,1816,1,NULL),(1389,113,18,198,1817,1,1821,0,NULL),(1390,129,18,198,1821,1,1838,1,NULL),(1391,130,40,199,1776,1,1777,1,NULL),(1392,3,40,199,1776,1,1778,1,NULL),(1393,131,40,199,1776,1,1778,1,NULL),(1394,1,16,199,1777,1,1778,1,NULL),(1395,130,16,199,1778,1,1778,0,NULL),(1396,3,26,199,1779,1,1785,1,NULL),(1397,132,40,199,1780,1,1780,0,NULL),(1398,133,18,199,1781,1,1783,1,NULL),(1399,133,16,199,1782,1,1785,1,NULL),(1400,133,19,199,1783,1,1791,1,NULL),(1401,134,26,199,1785,1,1789,1,NULL),(1402,135,29,199,1785,1,1790,1,NULL),(1403,135,11,199,1790,1,1792,1,NULL),(1404,5,26,199,1792,1,1794,1,NULL),(1405,136,18,199,1794,1,1794,0,NULL),(1406,10,26,199,1794,1,1796,1,NULL),(1407,137,44,199,1794,1,1797,1,NULL),(1408,138,19,199,1795,1,1796,1,NULL),(1409,139,40,199,1797,1,1798,1,NULL),(1410,140,40,199,1798,1,1798,0,NULL),(1411,206,40,199,1798,1,1798,0,NULL),(1412,142,40,199,1799,1,1800,1,NULL),(1413,143,40,199,1799,1,1800,1,NULL),(1414,144,40,199,1799,1,1800,1,NULL),(1415,145,26,199,1801,1,1804,1,NULL),(1416,138,14,199,1801,1,1808,1,NULL),(1417,146,39,199,1802,1,1802,0,NULL),(1418,10,40,199,1803,1,1803,0,NULL),(1419,147,26,199,1804,1,1810,1,NULL),(1420,148,18,199,1809,1,1814,1,NULL),(1421,90,29,199,1810,1,1811,1,NULL),(1422,13,11,199,1810,1,1811,1,NULL),(1423,149,26,199,1811,1,1812,1,NULL),(1424,150,26,199,1813,1,1815,1,NULL),(1425,151,29,199,1813,1,1816,1,NULL),(1426,138,18,199,1814,1,1815,1,NULL),(1427,88,20,199,1814,1,1833,1,NULL),(1428,17,25,199,1815,1,1823,1,NULL),(1429,152,29,199,1816,1,1824,1,NULL),(1430,153,25,199,1823,1,1829,1,NULL),(1431,154,21,200,1800,1,1800,0,NULL),(1432,155,18,201,1790,1,1793,1,NULL),(1433,156,14,202,1801,1,1804,0,NULL),(1434,88,18,202,1802,1,1803,1,NULL),(1435,157,14,202,1803,1,1810,1,NULL),(1436,14,41,203,1814,1,1814,0,NULL),(1437,158,41,203,1814,1,1814,0,NULL),(1438,17,41,203,1814,1,1814,0,NULL),(1439,159,30,203,1814,1,1814,0,NULL),(1440,13,41,203,1814,1,1814,0,NULL),(1441,160,41,203,1814,1,1814,0,NULL),(1442,161,18,204,1801,1,1803,0,NULL),(1443,113,18,204,1803,1,1816,1,NULL),(1444,162,14,205,1808,1,1818,0,NULL),(1445,163,21,206,1797,1,1802,1,NULL),(1446,164,21,206,1802,1,1805,0,NULL),(1447,165,18,207,1793,1,1823,1,NULL),(1448,166,18,207,1823,1,1826,1,NULL),(1449,167,21,208,1795,1,1800,0,NULL),(1450,168,21,208,1800,1,1804,0,NULL),(1451,169,21,208,1804,0,1806,1,NULL),(1452,170,21,208,1806,1,1806,0,NULL),(1453,171,42,209,1793,1,1797,0,NULL),(1454,172,18,209,1797,1,1803,1,NULL),(1455,173,2,209,1800,1,1802,1,NULL),(1456,174,2,209,1803,1,1803,0,NULL),(1457,175,44,209,1803,1,1803,0,NULL),(1458,175,18,209,1803,1,1816,1,NULL),(1459,176,2,209,1811,1,1811,0,NULL),(1460,177,18,209,1815,1,1817,1,NULL),(1461,178,18,209,1817,1,1835,1,NULL),(1462,179,18,210,1823,1,1832,1,NULL),(1463,180,2,210,1825,1,1826,1,NULL),(1464,181,21,211,1791,1,1792,1,NULL),(1465,149,18,211,1792,1,1793,1,NULL),(1466,182,18,211,1793,1,1797,1,NULL),(1467,183,2,211,1794,1,1795,1,NULL),(1468,183,2,211,1797,1,1799,1,NULL),(1469,184,44,211,1799,1,1806,1,NULL),(1470,183,18,211,1801,1,1815,1,NULL),(1471,185,44,211,1806,1,1809,1,NULL),(1472,186,42,211,1807,1,1815,0,NULL),(1473,187,18,211,1815,1,1818,1,NULL),(1474,188,2,211,1816,1,1816,0,NULL),(1475,189,2,211,1817,1,1818,1,NULL),(1476,190,18,211,1819,1,1823,1,NULL),(1477,191,2,211,1823,1,1824,1,NULL),(1478,192,18,211,1824,1,1855,1,NULL),(1479,193,44,212,1793,1,1793,0,NULL),(1480,194,44,212,1810,0,1813,1,NULL),(1481,195,44,212,1813,1,1813,0,NULL),(1482,196,21,213,1795,1,1802,0,NULL),(1483,197,18,213,1802,1,1806,0,NULL),(1484,198,18,214,1794,1,1797,1,NULL),(1485,199,18,214,1797,1,1815,0,NULL),(1486,25,18,214,1815,1,1817,1,NULL),(1487,200,18,214,1816,1,1831,0,NULL),(1488,202,29,215,1779,1,1790,1,NULL),(1489,7,40,215,1780,1,1782,1,NULL),(1490,202,12,215,1782,1,1790,1,NULL),(1491,202,11,215,1790,1,1794,1,NULL),(1492,135,17,215,1792,1,1794,1,NULL),(1493,135,27,215,1794,1,1795,1,NULL),(1494,6,40,215,1795,1,1795,0,NULL),(1495,203,26,215,1797,1,1801,1,NULL),(1496,204,18,215,1798,1,1803,0,NULL),(1497,205,29,215,1801,1,1804,1,NULL),(1498,206,26,215,1801,1,1805,1,NULL),(1499,207,41,215,1804,1,1806,1,NULL),(1500,23,29,215,1804,1,1810,1,NULL),(1501,147,41,215,1806,1,1806,0,NULL),(1502,208,39,215,1813,1,1816,1,NULL),(1503,23,26,215,1814,1,1819,1,NULL),(1504,209,29,215,1814,1,1822,1,NULL),(1505,209,7,215,1817,1,1818,0,NULL),(1506,210,26,215,1819,1,1823,1,NULL),(1507,96,29,215,1822,1,1824,1,NULL),(1508,23,39,215,1823,1,1823,0,NULL),(1509,211,26,215,1823,1,1825,1,NULL),(1510,15,29,215,1825,1,1828,1,NULL),(1511,212,25,215,1825,1,1829,1,NULL),(1512,213,18,216,1793,1,1800,0,NULL),(1513,214,18,216,1800,1,1818,0,NULL),(1514,215,18,216,1817,1,1838,1,NULL),(1515,216,18,217,1794,1,1802,0,NULL),(1516,217,18,218,1803,1,1807,0,NULL),(1517,218,44,218,1808,1,1820,1,NULL),(1518,218,18,218,1820,1,1834,1,NULL),(1519,219,21,219,1800,1,1858,0,NULL),(1520,220,21,220,1800,1,1803,1,NULL),(1521,221,21,220,1803,1,1807,0,NULL),(1522,186,18,220,1807,1,1814,0,NULL),(1523,222,18,221,1803,1,1806,1,NULL),(1524,186,18,221,1806,1,1807,1,NULL),(1525,223,44,221,1820,0,1828,1,NULL),(1526,217,18,222,1807,1,1815,0,NULL),(1527,224,5,222,1809,1,1809,0,NULL),(1528,225,44,222,1809,1,1809,0,NULL),(1529,226,6,222,1815,1,1864,1,NULL),(1530,227,18,223,1805,1,1816,0,NULL),(1531,228,18,223,1816,1,1820,1,NULL),(1532,229,18,223,1820,1,1825,0,NULL),(1533,230,18,223,1825,1,1835,0,NULL),(1534,231,44,224,1790,1,1807,1,NULL),(1535,232,18,224,1806,1,1826,1,NULL),(1536,233,18,225,1790,1,1803,0,NULL),(1537,234,18,225,1803,1,1806,0,NULL),(1538,187,18,225,1806,1,1815,1,NULL),(1539,235,18,225,1815,1,1816,1,NULL),(1540,236,18,225,1816,1,1861,1,NULL),(1541,203,39,226,1790,1,1790,0,NULL),(1542,203,27,226,1791,1,1797,1,NULL),(1543,237,18,226,1792,1,1797,1,NULL),(1544,238,18,226,1797,1,1802,1,NULL),(1545,239,18,226,1802,1,1811,0,NULL),(1546,240,26,325,1809,1,1819,1,NULL),(1547,241,18,226,1811,1,1812,1,NULL),(1548,242,18,226,1813,1,1843,0,NULL),(1549,96,29,226,1819,1,1821,1,NULL),(1550,243,25,226,1822,1,1824,1,NULL),(1551,209,29,226,1822,1,1825,1,NULL),(1552,209,11,226,1825,1,1834,1,NULL),(1553,192,18,227,1821,1,1823,1,NULL),(1554,244,18,228,1816,1,1818,1,NULL),(1555,245,18,228,1818,1,1828,0,NULL),(1556,246,18,229,1793,1,1815,0,NULL),(1557,247,44,229,1794,1,1797,1,NULL),(1558,247,19,229,1797,1,1816,1,NULL),(1559,248,2,229,1802,1,1803,1,NULL),(1560,249,18,229,1817,1,1839,1,NULL),(1561,250,21,230,1804,1,1817,1,NULL),(1562,251,21,230,1822,1,1840,1,NULL),(1563,252,18,231,1797,1,1800,1,NULL),(1564,253,4,231,1800,1,1803,0,NULL),(1565,254,18,231,1800,1,1803,0,NULL),(1566,72,18,231,1803,1,1803,0,NULL),(1567,255,4,231,1803,1,1806,1,NULL),(1568,256,4,231,1806,1,1807,1,NULL),(1569,257,18,231,1807,1,1820,0,NULL),(1570,258,18,231,1816,1,1819,1,NULL),(1571,259,18,231,1819,1,1829,1,NULL),(1572,260,21,232,1804,1,1810,0,NULL),(1573,261,41,233,1779,1,1779,0,NULL),(1574,262,29,233,1779,1,1789,1,NULL),(1575,1,26,233,1781,1,1788,1,NULL),(1576,262,24,233,1785,1,1789,1,NULL),(1577,135,27,233,1792,1,1792,0,NULL),(1578,14,27,233,1794,1,1797,1,NULL),(1579,264,12,233,1795,1,1796,1,NULL),(1580,144,27,233,1797,1,1801,1,NULL),(1581,265,25,233,1814,1,1818,1,NULL),(1582,212,29,233,1815,1,1818,1,NULL),(1583,247,8,233,1817,1,1817,0,NULL),(1584,17,40,233,1817,1,1817,0,NULL),(1585,96,29,233,1817,1,1819,1,NULL),(1586,212,11,233,1818,1,1824,1,NULL),(1587,159,11,233,1825,1,1830,1,NULL),(1588,67,18,202,1814,1,1817,1,NULL),(1589,266,18,202,1817,1,1818,1,NULL),(1590,267,18,202,1818,1,1819,1,NULL),(1591,268,18,202,1823,1,1829,1,NULL),(1592,269,18,202,1829,1,1836,1,NULL),(1593,259,18,204,1816,1,1819,1,NULL),(1594,270,18,204,1822,1,1843,0,NULL),(1595,271,18,234,1792,1,1817,1,NULL),(1596,272,40,234,1811,1,1811,0,NULL),(1597,23,40,234,1811,1,1812,1,NULL),(1598,272,18,234,1816,1,1819,1,NULL),(1599,79,40,234,1818,1,1818,0,NULL),(1600,274,18,234,1820,1,1833,0,NULL),(1601,159,40,234,1825,1,1825,0,NULL),(1602,275,18,235,1809,1,1809,0,NULL),(1603,276,21,235,1821,1,1831,0,NULL),(1604,277,18,236,1797,1,1802,0,NULL),(1605,278,18,236,1802,1,1811,0,NULL),(1606,99,18,236,1811,1,1814,0,NULL),(1607,279,18,236,1814,1,1818,0,NULL),(1608,280,18,236,1818,1,1846,0,NULL),(1609,14,41,237,1798,1,1798,0,NULL),(1610,281,29,237,1814,1,1816,1,NULL),(1611,13,26,237,1814,1,1818,1,NULL),(1612,159,29,237,1816,1,1819,1,NULL),(1613,282,18,237,1818,1,1836,1,NULL),(1614,159,11,237,1819,1,1825,1,NULL),(1615,131,40,238,1777,1,1777,0,NULL),(1616,283,15,238,1777,1,1779,1,NULL),(1617,284,39,238,1794,1,1794,0,NULL),(1618,14,26,238,1797,1,1801,1,NULL),(1619,285,18,239,1821,1,1829,1,NULL),(1620,286,18,240,1798,1,1816,1,NULL),(1621,272,19,240,1816,1,1819,1,NULL),(1622,287,18,241,1797,1,1799,1,NULL),(1623,288,18,241,1799,1,1802,0,NULL),(1624,289,18,241,1802,1,1815,0,NULL),(1625,290,18,241,1815,1,1819,0,NULL),(1626,291,18,241,1819,1,1821,0,NULL),(1627,292,18,241,1821,1,1845,1,NULL),(1628,293,18,242,1807,1,1807,0,NULL),(1629,294,18,243,1794,1,1794,0,NULL),(1630,295,18,244,1803,1,1806,0,NULL),(1631,272,18,245,1816,1,1819,1,NULL),(1632,296,18,246,1794,1,1794,0,NULL),(1633,297,18,246,1796,1,1833,1,NULL),(1634,137,44,247,1790,1,1793,1,NULL),(1635,272,18,247,1793,1,1796,1,NULL),(1636,69,18,247,1796,1,1797,1,NULL),(1637,298,18,247,1797,1,1802,1,NULL),(1638,299,18,247,1802,1,1811,0,NULL),(1639,298,18,247,1817,1,1821,0,NULL),(1640,300,18,205,1797,1,1797,0,NULL),(1641,301,18,205,1797,1,1803,0,NULL),(1642,302,18,205,1803,1,1804,1,NULL),(1643,303,18,205,1804,1,1808,0,NULL),(1644,304,21,248,1802,1,1810,1,NULL),(1645,305,18,248,1809,1,1812,0,NULL),(1646,304,18,248,1812,1,1815,1,NULL),(1647,306,44,248,1820,0,1825,1,NULL),(1648,307,18,205,1818,1,1822,0,NULL),(1649,308,18,205,1822,1,1834,0,NULL),(1650,11,40,249,1816,1,1816,0,NULL),(1651,309,40,250,1777,1,1777,0,NULL),(1652,310,18,251,1794,1,1798,0,NULL),(1653,311,18,251,1798,1,1840,1,NULL),(1654,312,18,252,1797,1,1806,0,NULL),(1655,313,18,252,1806,1,1823,0,NULL),(1656,314,18,252,1823,1,1837,0,NULL),(1657,315,18,253,1805,1,1827,0,NULL),(1658,316,18,253,1827,1,1845,1,NULL),(1659,317,18,254,1796,1,1805,0,NULL),(1660,318,39,254,1800,1,1800,0,NULL),(1661,319,18,254,1805,1,1809,0,NULL),(1662,320,18,254,1809,1,1861,1,NULL),(1663,11,40,254,1816,1,1816,0,NULL),(1664,321,18,255,1802,1,1806,1,NULL),(1665,322,18,255,1805,1,1816,0,NULL),(1666,323,18,255,1816,1,1818,0,NULL),(1667,324,18,255,1818,1,1824,1,NULL),(1668,325,18,255,1825,1,1837,1,NULL),(1669,326,18,256,1801,1,1815,0,NULL),(1670,318,39,257,1799,1,1799,0,NULL),(1671,327,39,257,1820,1,1820,0,NULL),(1672,328,39,257,1820,1,1828,1,NULL),(1673,329,39,257,1823,1,1824,1,NULL),(1674,330,39,257,1824,1,1824,0,NULL),(1675,331,18,258,1802,1,1823,0,NULL),(1676,332,22,258,1823,1,1832,1,NULL),(1677,333,39,259,1825,1,1826,1,NULL),(1678,181,21,260,1786,1,1790,0,NULL),(1679,334,21,261,1786,1,1790,0,NULL),(1680,229,18,261,1817,1,1818,1,NULL),(1681,133,40,262,1785,1,1786,1,NULL),(1682,335,21,262,1786,1,1790,0,NULL),(1683,133,18,262,1791,1,1792,1,NULL),(1684,133,39,262,1791,1,1792,1,NULL),(1685,336,18,262,1794,1,1794,0,NULL),(1686,203,40,262,1795,1,1795,0,NULL),(1687,198,39,262,1795,1,1795,0,NULL),(1688,198,18,262,1796,1,1820,1,NULL),(1689,337,2,262,1820,1,1821,1,NULL),(1690,228,18,262,1820,1,1830,1,NULL),(1691,338,44,262,1821,0,1830,1,NULL),(1692,339,41,263,1785,1,1785,0,NULL),(1693,340,39,263,1792,1,1792,0,NULL),(1694,149,41,263,1793,1,1793,0,NULL),(1695,203,40,263,1793,1,1794,1,NULL),(1696,341,2,263,1793,1,1794,1,NULL),(1697,342,41,263,1795,1,1797,1,NULL),(1698,149,19,263,1796,1,1797,1,NULL),(1699,343,39,263,1797,1,1797,0,NULL),(1700,344,3,263,1797,1,1798,1,NULL),(1701,305,19,263,1797,1,1803,1,NULL),(1702,345,31,263,1798,1,1798,0,NULL),(1703,346,39,263,1798,1,1798,0,NULL),(1704,347,39,263,1798,1,1798,0,NULL),(1705,348,31,263,1799,1,1799,0,NULL),(1706,187,19,263,1802,1,1803,1,NULL),(1707,349,19,263,1803,1,1812,1,NULL),(1708,350,3,263,1804,1,1805,1,NULL),(1709,351,13,263,1805,1,1807,1,NULL),(1710,352,3,263,1806,1,1807,1,NULL),(1711,353,31,263,1806,1,1809,1,NULL),(1712,354,3,263,1812,1,1815,1,NULL),(1713,327,41,263,1815,1,1815,0,NULL),(1714,355,40,263,1815,1,1815,0,NULL),(1715,160,41,263,1815,1,1816,1,NULL),(1716,160,19,263,1815,1,1828,1,NULL),(1717,356,32,263,1816,1,1816,0,NULL),(1718,357,39,263,1816,1,1817,1,NULL),(1719,358,3,263,1817,1,1819,1,NULL),(1720,359,3,263,1821,1,1822,1,NULL),(1721,360,31,263,1824,1,1826,0,NULL),(1722,361,3,263,1825,1,1825,0,NULL),(1723,342,18,264,1795,1,1797,1,NULL),(1724,362,2,264,1795,1,1797,1,NULL),(1725,363,39,264,1796,1,1797,1,NULL),(1726,364,41,264,1797,1,1797,0,NULL),(1727,362,41,264,1797,1,1797,0,NULL),(1728,364,18,264,1797,1,1803,0,NULL),(1729,187,41,264,1798,1,1798,0,NULL),(1730,305,40,264,1798,1,1798,0,NULL),(1731,187,18,264,1803,1,1803,0,NULL),(1732,68,18,264,1813,1,1815,0,NULL),(1733,365,18,264,1815,1,1819,1,NULL),(1734,366,18,264,1819,1,1824,0,NULL),(1735,367,18,264,1824,1,1825,1,NULL),(1736,362,18,264,1825,1,1841,1,NULL),(1737,149,41,265,1796,1,1796,0,NULL),(1738,305,41,265,1796,1,1796,0,NULL),(1739,368,2,265,1796,1,1799,1,NULL),(1740,187,18,265,1797,1,1801,1,NULL),(1741,369,2,265,1799,1,1799,0,NULL),(1742,349,41,265,1803,1,1805,1,NULL),(1743,370,2,265,1805,1,1807,1,NULL),(1744,371,18,265,1806,1,1810,0,NULL),(1745,372,2,265,1810,1,1811,1,NULL),(1746,373,2,265,1811,1,1813,1,NULL),(1747,374,18,265,1812,1,1819,1,NULL),(1748,375,2,265,1816,1,1816,0,NULL),(1749,376,2,265,1817,1,1817,0,NULL),(1750,365,18,265,1819,1,1825,0,NULL),(1751,377,18,265,1825,1,1830,1,NULL),(1752,378,18,266,1799,1,1809,0,NULL),(1753,379,18,267,1792,1,1796,1,NULL),(1754,380,18,267,1796,1,1801,0,NULL),(1755,381,18,267,1801,1,1804,0,NULL),(1756,382,21,268,1794,1,1810,0,NULL),(1757,383,18,269,1794,1,1797,0,NULL),(1758,381,18,269,1797,1,1801,0,NULL),(1759,384,39,269,1799,1,1800,1,NULL),(1760,385,14,269,1801,1,1805,1,NULL),(1761,385,18,269,1805,1,1816,0,NULL),(1762,386,18,269,1816,1,1826,0,NULL),(1763,387,18,270,1810,1,1820,0,NULL),(1764,388,18,271,1801,1,1807,0,NULL),(1765,389,18,271,1807,1,1818,0,NULL),(1766,390,8,271,1818,1,1823,1,NULL),(1767,391,44,271,1820,1,1824,1,NULL),(1768,392,18,271,1825,1,1835,1,NULL),(1769,393,18,272,1801,1,1815,0,NULL),(1770,394,18,272,1815,1,1822,0,NULL),(1771,395,18,272,1822,1,1832,0,NULL),(1772,396,44,273,1786,1,1789,1,NULL),(1773,397,18,273,1786,1,1789,1,NULL),(1774,397,18,273,1790,1,1798,0,NULL),(1775,398,18,273,1798,1,1805,0,NULL),(1776,399,44,273,1799,1,1805,0,NULL),(1777,400,44,273,1805,1,1806,1,NULL),(1778,400,18,273,1806,1,1812,0,NULL),(1779,401,18,273,1813,1,1822,0,NULL),(1780,402,18,273,1822,1,1824,1,NULL),(1781,403,18,273,1824,1,1826,1,NULL),(1782,404,8,274,1820,1,1828,1,NULL),(1783,405,1,275,1823,1,1823,0,NULL),(1784,406,1,275,1824,1,1824,0,NULL),(1785,407,39,276,1815,1,1815,0,NULL),(1786,408,8,276,1818,1,1827,0,NULL),(1787,409,1,276,1824,1,1824,0,NULL),(1788,410,39,277,1791,1,1791,0,NULL),(1789,411,39,277,1808,1,1808,0,NULL),(1790,412,39,277,1811,1,1811,0,NULL),(1791,413,39,277,1811,1,1812,1,NULL),(1792,414,39,277,1812,1,1812,0,NULL),(1793,407,39,277,1812,1,1814,1,NULL),(1794,415,18,278,1797,1,1798,1,NULL),(1795,416,18,278,1798,1,1799,1,NULL),(1796,417,18,278,1799,1,1801,1,NULL),(1797,418,18,278,1801,1,1802,1,NULL),(1798,419,37,278,1803,1,1803,0,NULL),(1799,411,38,278,1803,1,1803,0,NULL),(1800,420,39,279,1817,1,1817,0,NULL),(1801,421,39,279,1817,1,1822,1,NULL),(1802,422,2,280,1797,1,1798,0,NULL),(1803,423,18,280,1797,1,1799,1,NULL),(1804,424,18,280,1799,1,1802,1,NULL),(1805,425,18,280,1802,1,1805,0,NULL),(1806,426,18,280,1805,1,1807,0,NULL),(1807,427,18,280,1812,1,1817,0,NULL),(1808,428,8,280,1817,1,1819,1,NULL),(1809,62,8,280,1819,1,1820,1,NULL),(1810,429,39,280,1821,1,1821,0,NULL),(1811,430,39,280,1821,1,1821,0,NULL),(1812,431,8,280,1821,1,1825,0,NULL),(1813,421,39,280,1822,1,1822,0,NULL),(1814,396,39,280,1823,1,1824,1,NULL),(1815,432,22,280,1825,1,1829,1,NULL),(1816,217,8,281,1820,1,1821,1,NULL),(1817,433,8,281,1821,1,1823,1,NULL),(1818,434,8,281,1821,1,1825,0,NULL),(1819,432,18,281,1822,0,1825,1,NULL),(1820,291,22,281,1823,1,1825,1,NULL),(1821,435,22,281,1825,1,1831,1,NULL),(1822,436,18,330,1798,1,1806,0,NULL),(1823,437,18,330,1806,1,1811,1,NULL),(1824,108,18,330,1811,1,1815,0,NULL),(1825,438,8,330,1817,1,1818,1,NULL),(1826,439,8,330,1818,1,1820,1,NULL),(1827,440,8,330,1820,1,1823,0,NULL),(1828,441,22,330,1823,1,1827,0,NULL),(1829,442,8,282,1820,1,1824,0,NULL),(1830,443,22,282,1824,1,1826,0,NULL),(1831,444,18,283,1796,1,1797,1,NULL),(1832,247,18,284,1790,1,1791,1,NULL),(1833,445,18,284,1796,1,1800,0,NULL),(1834,156,18,284,1797,1,1799,1,NULL),(1835,446,19,284,1799,1,1801,1,NULL),(1836,447,18,285,1800,1,1801,1,NULL),(1837,448,18,283,1797,1,1820,1,NULL),(1838,449,8,283,1820,1,1822,1,NULL),(1839,450,1,283,1822,1,1822,0,NULL),(1840,451,22,283,1825,1,1827,1,NULL),(1841,452,18,284,1800,1,1805,0,NULL),(1842,349,14,284,1801,1,1803,1,NULL),(1843,453,14,284,1801,1,1808,0,NULL),(1844,454,18,284,1815,1,1817,1,NULL),(1845,455,8,284,1821,1,1822,1,NULL),(1846,456,22,284,1822,1,1827,1,NULL),(1847,447,14,285,1801,1,1805,0,NULL),(1848,457,39,285,1812,1,1813,1,NULL),(1849,454,39,285,1813,1,1814,1,NULL),(1850,458,39,285,1816,1,1816,0,NULL),(1851,381,39,285,1818,1,1818,0,NULL),(1852,454,39,285,1818,1,1818,0,NULL),(1853,459,8,285,1820,1,1828,0,NULL),(1854,69,35,285,1821,1,1821,0,NULL),(1855,460,39,285,1824,1,1824,0,NULL),(1856,461,39,286,1797,1,1797,0,NULL),(1857,426,8,286,1807,1,1807,0,NULL),(1858,462,39,286,1815,1,1815,0,NULL),(1859,463,18,286,1824,1,1831,0,NULL),(1860,464,44,287,1822,1,1831,1,NULL),(1861,431,8,288,1815,1,1818,0,NULL),(1862,217,8,288,1818,1,1820,0,NULL),(1863,465,8,288,1820,1,1826,1,NULL),(1864,466,18,289,1823,1,1827,1,NULL),(1865,466,18,290,1823,1,1827,1,NULL),(1866,467,1,289,1794,1,1794,0,NULL),(1867,468,14,289,1805,1,1810,1,NULL),(1868,469,14,291,1802,1,1815,0,NULL),(1869,470,18,291,1815,1,1821,0,NULL),(1870,471,8,291,1821,1,1830,1,NULL),(1871,472,39,292,1794,1,1794,0,NULL),(1872,473,39,292,1794,1,1794,0,NULL),(1873,474,39,292,1794,1,1794,0,NULL),(1874,475,22,292,1823,1,1831,1,NULL),(1875,476,18,293,1793,1,1805,0,NULL),(1876,470,18,293,1806,1,1815,0,NULL),(1877,477,18,293,1816,1,1817,1,NULL),(1878,478,18,293,1817,1,1819,0,NULL),(1879,479,18,293,1819,1,1827,0,NULL),(1880,480,8,294,1821,1,1833,1,NULL),(1881,481,18,295,1817,1,1835,0,NULL),(1882,482,18,296,1797,1,1803,1,NULL),(1883,483,18,296,1803,1,1809,0,NULL),(1884,484,18,296,1809,1,1813,0,NULL),(1885,279,18,296,1813,1,1813,0,NULL),(1886,485,18,296,1816,1,1820,0,NULL),(1887,486,18,296,1820,1,1821,1,NULL),(1888,466,18,296,1821,1,1823,0,NULL),(1889,487,18,296,1823,1,1827,0,NULL),(1890,488,18,297,1791,1,1793,1,NULL),(1891,489,18,297,1807,1,1858,0,NULL),(1892,490,18,297,1815,1,1816,1,NULL),(1893,491,18,297,1816,1,1824,0,NULL),(1894,492,18,297,1824,1,1837,0,NULL),(1895,493,18,298,1803,1,1807,0,NULL),(1896,494,18,298,1807,1,1816,0,NULL),(1897,466,18,298,1816,1,1821,1,NULL),(1898,495,8,298,1818,1,1826,1,NULL),(1899,496,18,299,1793,1,1796,0,NULL),(1900,497,18,299,1816,1,1822,0,NULL),(1901,498,45,290,1823,1,1824,1,NULL),(1902,499,45,290,1824,1,1831,1,NULL),(1903,138,18,300,1790,1,1795,0,NULL),(1904,500,14,300,1802,1,1815,0,NULL),(1905,108,18,300,1815,1,1818,0,NULL),(1906,501,18,300,1818,1,1829,1,NULL),(1907,502,22,301,1824,1,1840,0,NULL),(1908,503,18,302,1825,1,1838,0,NULL),(1909,504,18,303,1823,1,1834,0,NULL),(1910,505,8,304,1820,1,1821,1,NULL),(1911,506,18,304,1827,1,1835,0,NULL),(1912,507,18,305,1825,1,1827,0,NULL),(1913,160,39,306,1810,1,1812,1,NULL),(1914,508,39,306,1812,1,1814,1,NULL),(1915,509,14,306,1822,1,1823,1,NULL),(1916,509,18,306,1823,1,1833,0,NULL),(1917,510,25,306,1825,1,1829,1,NULL),(1918,511,18,307,1823,1,1824,1,NULL),(1919,512,18,307,1824,1,1834,0,NULL),(1920,454,18,308,1823,1,1831,1,NULL),(1921,513,18,309,1824,1,1838,0,NULL),(1922,514,11,309,1825,1,1826,1,NULL),(1923,515,2,309,1825,0,1827,1,NULL),(1924,516,18,310,1824,1,1830,1,NULL),(1925,159,39,311,1816,1,1816,0,NULL),(1926,517,39,311,1817,1,1817,0,NULL),(1927,518,39,311,1820,1,1821,1,NULL),(1928,519,39,311,1820,1,1823,1,NULL),(1929,519,8,311,1820,1,1824,1,NULL),(1930,520,26,311,1823,1,1826,1,NULL),(1931,521,29,311,1824,1,1827,1,NULL),(1932,454,14,332,1821,1,1822,1,NULL),(1933,522,22,332,1822,1,1823,1,NULL),(1934,522,18,332,1823,1,1839,0,''),(1935,523,2,332,1825,1,1825,0,NULL),(1936,524,22,312,1823,1,1826,0,NULL),(1937,525,18,312,1826,1,1827,1,NULL),(1938,526,18,313,1823,1,1826,1,NULL),(1939,527,18,313,1826,1,1832,1,NULL),(1940,528,39,314,1812,1,1813,1,NULL),(1941,529,39,314,1818,1,1819,1,NULL),(1942,530,18,315,1800,1,1812,0,NULL),(1943,531,18,315,1812,1,1821,1,NULL),(1944,531,8,315,1821,1,1823,1,NULL),(1945,531,18,315,1823,1,1826,0,NULL),(1946,532,18,316,1824,1,1832,1,NULL),(1947,533,18,317,1823,1,1845,0,NULL),(1948,534,18,318,1793,1,1796,0,NULL),(1949,535,18,318,1796,1,1802,1,NULL),(1950,536,18,318,1802,1,1805,0,NULL),(1951,537,18,318,1823,1,1832,1,NULL),(1952,538,14,319,1801,1,1806,0,NULL),(1953,539,18,320,1790,1,1793,1,NULL),(1954,540,18,320,1799,1,1820,0,NULL),(1955,541,18,320,1820,1,1842,1,NULL),(1956,542,18,321,1824,1,1830,1,NULL),(1957,543,8,322,1817,1,1817,0,NULL),(1958,420,8,322,1817,1,1821,0,NULL),(1959,544,8,322,1821,1,1823,1,NULL),(1960,544,18,322,1823,1,1827,1,NULL),(1961,545,18,323,1816,1,1825,1,NULL),(1962,546,18,323,1825,1,1830,1,NULL),(1963,547,18,324,1815,1,1815,0,NULL),(1964,548,18,324,1816,1,1820,1,NULL),(1965,549,18,324,1820,1,1825,0,NULL),(1966,550,18,324,1825,1,1836,1,NULL),(1967,318,26,325,1797,1,1801,1,NULL),(1968,426,36,325,1808,1,1808,0,NULL),(1969,426,18,325,1818,1,1822,0,NULL),(1970,205,26,325,1819,1,1820,1,NULL),(1971,551,18,325,1822,1,1823,1,NULL),(1972,551,8,325,1823,1,1825,1,NULL),(1973,551,11,325,1825,1,1827,1,NULL),(1974,552,18,325,1825,1,1831,1,NULL),(1975,426,18,326,1808,1,1818,0,NULL),(1976,553,18,326,1819,1,1836,0,NULL),(1977,510,39,331,1811,1,1811,0,NULL),(1978,554,39,331,1817,1,1817,0,NULL),(1979,555,29,331,1823,1,1828,1,NULL),(1980,556,26,331,1823,1,1827,1,NULL),(1981,557,18,331,1825,1,1834,0,''),(1982,62,8,327,1821,1,1823,1,NULL),(1983,62,18,327,1823,1,1834,0,NULL),(1984,558,18,328,1811,1,1825,0,NULL),(1985,559,18,328,1825,1,1834,0,NULL),(1986,510,19,329,1811,1,1814,1,NULL),(1987,560,18,329,1812,1,1819,1,NULL),(1988,558,5,329,1812,0,1816,1,NULL),(1989,561,39,329,1816,1,1816,0,NULL),(1990,562,39,329,1817,1,1817,0,NULL),(1991,563,34,329,1817,1,1817,0,NULL),(1992,205,39,329,1817,1,1817,0,NULL),(1993,564,39,329,1817,1,1817,0,NULL),(1994,554,18,329,1818,1,1819,1,NULL),(1995,517,39,329,1819,1,1819,0,NULL),(1996,565,39,329,1819,1,1819,0,NULL),(1997,279,2,329,1819,1,1819,0,NULL),(1998,566,5,329,1819,1,1821,1,NULL),(1999,272,8,329,1820,1,1823,1,NULL),(2000,567,2,329,1821,1,1821,0,NULL),(2001,564,26,329,1823,1,1824,1,NULL),(2002,568,2,329,1823,1,1825,1,NULL),(2003,272,29,329,1823,1,1825,1,NULL),(2004,569,18,329,1824,1,1832,1,NULL),(2005,272,11,329,1825,1,1831,1,NULL);

--
-- Table structure for table `auth_group`
--

CREATE TABLE `auth_group` (
  `id` int(11) NOT NULL AUTO_INCREMENT,
  `name` varchar(80) NOT NULL,
  PRIMARY KEY (`id`),
  UNIQUE KEY `name` (`name`)
) ENGINE=InnoDB DEFAULT CHARSET=latin1;

--
-- Dumping data for table `auth_group`
--


--
-- Table structure for table `auth_group_permissions`
--

CREATE TABLE `auth_group_permissions` (
  `id` int(11) NOT NULL AUTO_INCREMENT,
  `group_id` int(11) NOT NULL,
  `permission_id` int(11) NOT NULL,
  PRIMARY KEY (`id`),
  UNIQUE KEY `group_id` (`group_id`,`permission_id`),
  KEY `auth_group_permissions_bda51c3c` (`group_id`),
  KEY `auth_group_permissions_1e014c8f` (`permission_id`)
) ENGINE=InnoDB DEFAULT CHARSET=latin1;

--
-- Dumping data for table `auth_group_permissions`
--


--
-- Table structure for table `auth_permission`
--

CREATE TABLE `auth_permission` (
  `id` int(11) NOT NULL AUTO_INCREMENT,
  `name` varchar(255) DEFAULT NULL,
  `content_type_id` int(11) NOT NULL,
  `codename` varchar(100) NOT NULL,
  PRIMARY KEY (`id`),
  UNIQUE KEY `content_type_id` (`content_type_id`,`codename`),
  KEY `auth_permission_e4470c6e` (`content_type_id`)
) ENGINE=InnoDB AUTO_INCREMENT=214 DEFAULT CHARSET=latin1;

--
-- Dumping data for table `auth_permission`
--

INSERT INTO `auth_permission` VALUES (1,'Can add permission',1,'add_permission'),(2,'Can change permission',1,'change_permission'),(3,'Can delete permission',1,'delete_permission'),(4,'Can add group',2,'add_group'),(5,'Can change group',2,'change_group'),(6,'Can delete group',2,'delete_group'),(7,'Can add user',3,'add_user'),(8,'Can change user',3,'change_user'),(9,'Can delete user',3,'delete_user'),(10,'Can add content type',4,'add_contenttype'),(11,'Can change content type',4,'change_contenttype'),(12,'Can delete content type',4,'delete_contenttype'),(13,'Can add session',5,'add_session'),(14,'Can change session',5,'change_session'),(15,'Can delete session',5,'delete_session'),(16,'Can add site',6,'add_site'),(17,'Can change site',6,'change_site'),(18,'Can delete site',6,'delete_site'),(19,'Can add log entry',7,'add_logentry'),(20,'Can change log entry',7,'change_logentry'),(21,'Can delete log entry',7,'delete_logentry'),(118,'Can add assignment type',45,'add_assignmenttype'),(119,'Can change assignment type',45,'change_assignmenttype'),(120,'Can delete assignment type',45,'delete_assignmenttype'),(121,'Can add assignment title',46,'add_assignmenttitle'),(122,'Can change assignment title',46,'change_assignmenttitle'),(123,'Can delete assignment title',46,'delete_assignmenttitle'),(124,'Can add assignment',44,'add_assignment'),(125,'Can change assignment',44,'change_assignment'),(126,'Can delete assignment',44,'delete_assignment'),(127,'Can add organization type',47,'add_organizationtype'),(128,'Can change organization type',47,'change_organizationtype'),(129,'Can delete organization type',47,'delete_organizationtype'),(130,'Can add organization',48,'add_organization'),(131,'Can change organization',48,'change_organization'),(132,'Can delete organization',48,'delete_organization'),(133,'Can add org evolution type',49,'add_orgevolutiontype'),(134,'Can change org evolution type',49,'change_orgevolutiontype'),(135,'Can delete org evolution type',49,'delete_orgevolutiontype'),(136,'Can add org evolution',50,'add_orgevolution'),(137,'Can change org evolution',50,'change_orgevolution'),(138,'Can delete org evolution',50,'delete_orgevolution'),(139,'Can add role type',51,'add_roletype'),(140,'Can change role type',51,'change_roletype'),(141,'Can delete role type',51,'delete_roletype'),(142,'Can add role title',52,'add_roletitle'),(143,'Can change role title',52,'change_roletitle'),(144,'Can delete role title',52,'delete_roletitle'),(145,'Can add member',53,'add_member'),(146,'Can change member',53,'change_member'),(147,'Can delete member',53,'delete_member'),(148,'Can add bibliography',54,'add_bibliography'),(149,'Can change bibliography',54,'change_bibliography'),(150,'Can delete bibliography',54,'delete_bibliography'),(151,'Can add citation',55,'add_citation'),(152,'Can change citation',55,'change_citation'),(153,'Can delete citation',55,'delete_citation'),(154,'Can add validation',40,'add_validation'),(155,'Can change validation',40,'change_validation'),(156,'Can delete validation',40,'delete_validation'),(157,'Can add letter',43,'add_letter'),(158,'Can change letter',43,'change_letter'),(159,'Can delete letter',43,'delete_letter'),(160,'Can add enclosure',56,'add_enclosure'),(161,'Can change enclosure',56,'change_enclosure'),(162,'Can delete enclosure',56,'delete_enclosure'),(163,'Can add individual',42,'add_individual'),(164,'Can change individual',42,'change_individual'),(165,'Can delete individual',42,'delete_individual'),(166,'Can add residence type',57,'add_residencetype'),(167,'Can change residence type',57,'change_residencetype'),(168,'Can delete residence type',57,'delete_residencetype'),(169,'Can add residence',58,'add_residence'),(170,'Can change residence',58,'change_residence'),(171,'Can delete residence',58,'delete_residence'),(172,'Can add occupation type',59,'add_occupationtype'),(173,'Can change occupation type',59,'change_occupationtype'),(174,'Can delete occupation type',59,'delete_occupationtype'),(175,'Can add occupation title',60,'add_occupationtitle'),(176,'Can change occupation title',60,'change_occupationtitle'),(177,'Can delete occupation title',60,'delete_occupationtitle'),(178,'Can add relationship type',61,'add_relationshiptype'),(179,'Can change relationship type',61,'change_relationshiptype'),(180,'Can delete relationship type',61,'delete_relationshiptype'),(181,'Can add relationship',62,'add_relationship'),(182,'Can change relationship',62,'change_relationship'),(183,'Can delete relationship',62,'delete_relationship'),(184,'Can add coordinate system',63,'add_coordinatesystem'),(185,'Can change coordinate system',63,'change_coordinatesystem'),(186,'Can delete coordinate system',63,'delete_coordinatesystem'),(187,'Can add location',64,'add_location'),(188,'Can change location',64,'change_location'),(189,'Can delete location',64,'delete_location'),(190,'Can add region',65,'add_region'),(191,'Can change region',65,'change_region'),(192,'Can delete region',65,'delete_region'),(193,'Can add in region',66,'add_inregion'),(194,'Can change in region',66,'change_inregion'),(195,'Can delete in region',66,'delete_inregion'),(196,'Can add continent',67,'add_continent'),(197,'Can change continent',67,'change_continent'),(198,'Can delete continent',67,'delete_continent'),(199,'Can add state',68,'add_state'),(200,'Can change state',68,'change_state'),(201,'Can delete state',68,'delete_state'),(202,'Can add in state',69,'add_instate'),(203,'Can change in state',69,'change_instate'),(204,'Can delete in state',69,'delete_instate'),(205,'Can add empire',41,'add_empire'),(206,'Can change empire',41,'change_empire'),(207,'Can delete empire',41,'delete_empire'),(208,'Can add in empire',70,'add_inempire'),(209,'Can change in empire',70,'change_inempire'),(210,'Can delete in empire',70,'delete_inempire'),(211,'Can add occupation',71,'add_occupation'),(212,'Can change occupation',71,'change_occupation'),(213,'Can delete occupation',71,'delete_occupation');

--
-- Table structure for table `auth_user`
--

CREATE TABLE `auth_user` (
  `id` int(11) NOT NULL AUTO_INCREMENT,
  `username` varchar(150) NOT NULL,
  `first_name` varchar(30) NOT NULL,
  `last_name` varchar(30) NOT NULL,
  `email` varchar(254) DEFAULT NULL,
  `password` varchar(128) NOT NULL,
  `is_staff` tinyint(1) NOT NULL,
  `is_active` tinyint(1) NOT NULL,
  `is_superuser` tinyint(1) NOT NULL,
  `last_login` datetime DEFAULT NULL,
  `date_joined` datetime NOT NULL,
  PRIMARY KEY (`id`),
  UNIQUE KEY `username` (`username`)
) ENGINE=InnoDB AUTO_INCREMENT=3 DEFAULT CHARSET=latin1;

--
-- Dumping data for table `auth_user`
--

INSERT INTO `auth_user` VALUES (2,'vagrant','','','jabauer@uchicago.edu','pbkdf2_sha256$36000$cL2XxYYvvruN$o9mxecze0SkjFnb06nptcKMLy8F7PDQ0t5XBn7kmVD0=',1,1,1,'2018-01-26 20:37:29','2018-01-26 20:37:09');

--
-- Table structure for table `auth_user_groups`
--

CREATE TABLE `auth_user_groups` (
  `id` int(11) NOT NULL AUTO_INCREMENT,
  `user_id` int(11) NOT NULL,
  `group_id` int(11) NOT NULL,
  PRIMARY KEY (`id`),
  UNIQUE KEY `user_id` (`user_id`,`group_id`),
  KEY `auth_user_groups_fbfc09f1` (`user_id`),
  KEY `auth_user_groups_bda51c3c` (`group_id`)
) ENGINE=InnoDB DEFAULT CHARSET=latin1;

--
-- Dumping data for table `auth_user_groups`
--


--
-- Table structure for table `auth_user_user_permissions`
--

CREATE TABLE `auth_user_user_permissions` (
  `id` int(11) NOT NULL AUTO_INCREMENT,
  `user_id` int(11) NOT NULL,
  `permission_id` int(11) NOT NULL,
  PRIMARY KEY (`id`),
  UNIQUE KEY `user_id` (`user_id`,`permission_id`),
  KEY `auth_user_user_permissions_fbfc09f1` (`user_id`),
  KEY `auth_user_user_permissions_1e014c8f` (`permission_id`)
) ENGINE=InnoDB DEFAULT CHARSET=latin1;

--
-- Dumping data for table `auth_user_user_permissions`
--


--
-- Table structure for table `bibliographies`
--

CREATE TABLE `bibliographies` (
  `id` int(11) NOT NULL AUTO_INCREMENT,
  `entry` text,
  `notes` text,
  `created_at` datetime DEFAULT NULL,
  `updated_at` datetime DEFAULT NULL,
  PRIMARY KEY (`id`)
) ENGINE=InnoDB AUTO_INCREMENT=4 DEFAULT CHARSET=latin1;

--
-- Dumping data for table `bibliographies`
--

INSERT INTO `bibliographies` VALUES (1,'Smith, Walter Burges. <i>America\'s diplomats and consuls of 1776-1865 : a geographic and biographic directory of the Foreign Service from the Declaration of Independence to the end of the Civil War.</i> Washington, D.C. : Center for the Study of Foreign Affairs, Foreign Service Institute, U.S. Dept. of State, 1987.',NULL,'2009-10-28 18:26:49','2009-10-28 18:26:49'),(2,'U.S. Army Center for Military History.  http://www.history.army.mil/',NULL,'2011-12-27 21:30:24','2011-12-27 21:30:24'),(3,'<i>The Papers of John Jay</i>. ed. James Baird. New York: Columbia University Libraries, 2002. http://www.columbia.edu/cu/lweb/digital/jay/',NULL,'2012-01-03 02:10:48','2012-01-03 02:10:48');

--
-- Table structure for table `citations`
--

CREATE TABLE `citations` (
  `id` int(11) NOT NULL AUTO_INCREMENT,
  `title` varchar(255) DEFAULT NULL,
  `bibliography_id` int(11) DEFAULT NULL,
  `pages` varchar(255) DEFAULT NULL,
  `canonic_url` varchar(255) DEFAULT NULL,
  `notes` text,
  `created_at` datetime DEFAULT NULL,
  `updated_at` datetime DEFAULT NULL,
  PRIMARY KEY (`id`),
  KEY `bibliography_id` (`bibliography_id`),
  CONSTRAINT `citations_bibliography_id_cc0a9ca4_fk_bibliographies_id` FOREIGN KEY (`bibliography_id`) REFERENCES `bibliographies` (`id`)
) ENGINE=InnoDB AUTO_INCREMENT=299 DEFAULT CHARSET=latin1;

--
-- Dumping data for table `citations`
--

INSERT INTO `citations` VALUES (1,'America\'s diplomats and consuls of 1776-1865',1,NULL,NULL,'The data in this study was bulk loaded from a spreadsheet (created after the pages were scanned and run through OCR).  Page numbers were not retained in the digitization process.','2009-10-28 18:26:49','2009-10-28 18:26:49'),(2,'Thomas Fitzsimons',2,NULL,'http://www.history.army.mil/books/RevWar/ss/fitzsimons.htm',NULL,'2011-12-27 21:30:24','2011-12-27 21:30:24'),(3,'Rodney Homes to George Murray, Vice Admiral. Sandy Hook, August  3, 1794',3,NULL,'http://wwwapp.cc.columbia.edu/ldpd/jay/image?key=columbia.jay.00888&p=29',NULL,'2012-02-07 13:10:54','2012-02-07 13:10:54'),(4,'Nathaniel Cabot Higginson to Edmund Jennings Randolph. St. Pierre, ',3,NULL,'http://wwwapp.cc.columbia.edu/ldpd/jay/image?key=columbia.jay.00888&p=34',NULL,'2012-02-07 13:10:54','2012-02-07 13:10:54'),(5,'Nathaniel Cabot Higginson to Josiah Blakely. St. Pierre, July  1, 1794',3,NULL,'http://wwwapp.cc.columbia.edu/ldpd/jay/image?key=columbia.jay.00888&p=38',NULL,'2012-02-07 13:10:54','2012-02-07 13:10:54'),(6,'Josiah Blakely to Nathaniel Cabot Higginson. St. Pierre, July  1, 1794',3,NULL,'http://wwwapp.cc.columbia.edu/ldpd/jay/image?key=columbia.jay.00888&p=38',NULL,'2012-02-07 13:10:54','2012-02-07 13:10:54'),(7,'Nathaniel Cabot Higginson to Edmund Jennings Randolph. St. Pierre, July  2, 1794',3,NULL,'http://wwwapp.cc.columbia.edu/ldpd/jay/image?key=columbia.jay.00888&p=40',NULL,'2012-02-07 13:10:54','2012-02-07 13:10:54'),(8,'Nathaniel Cabot Higginson to Edmund Jennings Randolph. St. Pierre, June 24, 1794',3,NULL,'http://wwwapp.cc.columbia.edu/ldpd/jay/image?key=columbia.jay.00888&p=480',NULL,'2012-02-07 13:10:54','2012-02-07 13:10:54'),(9,'George Hammond to Edmund Jennings Randolph. Philadelphia, July 30, 1794',3,NULL,'http://wwwapp.cc.columbia.edu/ldpd/jay/item?mode=item&key=columbia.jay.00888',NULL,'2012-02-07 13:10:54','2012-02-07 13:10:54'),(10,'Edmund Jennings Randolph to George Hammond. Philadelphia, October 23, 1794',3,NULL,'http://wwwapp.cc.columbia.edu/ldpd/jay/item?mode=item&key=columbia.jay.00888',NULL,'2012-02-07 13:10:54','2012-02-07 13:10:54'),(11,'George Hammond to Edmund Jennings Randolph. Philadelphia, September  3, 1794',3,NULL,'http://wwwapp.cc.columbia.edu/ldpd/jay/item?mode=item&key=columbia.jay.00888',NULL,'2012-02-07 13:10:54','2012-02-07 13:10:54'),(12,'David Gelston to George Clinton. New York, September  8, 1794',3,NULL,'http://wwwapp.cc.columbia.edu/ldpd/jay/image?key=columbia.jay.00888&p=51',NULL,'2012-02-07 13:10:54','2012-02-07 13:10:54'),(13,'Edmund Jennings Randolph to George Hammond. Philadelphia, August 22, 1794',3,NULL,'http://wwwapp.cc.columbia.edu/ldpd/jay/image?key=columbia.jay.00888&p=54',NULL,'2012-02-07 13:10:54','2012-02-07 13:10:54'),(14,'George Hammond to Edmund Jennings Randolph. Philadelphia, August 14, 1794',3,NULL,'http://wwwapp.cc.columbia.edu/ldpd/jay/item?mode=item&key=columbia.jay.00888',NULL,'2012-02-07 13:10:54','2012-02-07 13:10:54'),(15,'Edmund Jennings Randolph to George Hammond. Philadelphia, August 27, 1794',3,NULL,'http://wwwapp.cc.columbia.edu/ldpd/jay/item?mode=item&key=columbia.jay.00888',NULL,'2012-02-07 13:10:54','2012-02-07 13:10:54'),(16,'George Clinton to Cochrane. New York, July 17, 1794',3,NULL,'http://wwwapp.cc.columbia.edu/ldpd/jay/item?mode=item&key=columbia.jay.00888',NULL,'2012-02-07 13:10:54','2012-02-07 13:10:54'),(17,'Edmund Jennings Randolph to Thomas Fitzsimmons. Philadelphia, November  4, 1794',3,NULL,'http://wwwapp.cc.columbia.edu/ldpd/jay/image?key=columbia.jay.00888&p=56',NULL,'2012-02-07 13:10:54','2012-02-07 13:10:54'),(18,'John Hollins to Edmund Jennings Randolph. Baltimore, October 26, 1794',3,NULL,'http://wwwapp.cc.columbia.edu/ldpd/jay/image?key=columbia.jay.00888&p=66',NULL,'2012-02-07 13:10:54','2012-02-07 13:10:54'),(19,'Thomas Fitzsimmons to Edmund Jennings Randolph. Philadelphia, October 22, 1794',3,NULL,'http://wwwapp.cc.columbia.edu/ldpd/jay/image?key=columbia.jay.00888&p=70',NULL,'2012-02-07 13:10:54','2012-02-07 13:10:54'),(20,'George Clinton to George Washington. New York, September  9, 1794',3,NULL,'http://wwwapp.cc.columbia.edu/ldpd/jay/image?key=columbia.jay.00888&p=75',NULL,'2012-02-07 13:10:54','2012-02-07 13:10:54'),(21,'David Gelston to George Clinton. New York, September  8, 1794',3,NULL,'http://wwwapp.cc.columbia.edu/ldpd/jay/image?key=columbia.jay.00888&p=79',NULL,'2012-02-07 13:10:54','2012-02-07 13:10:54'),(22,'George Hammond to Edmund Jennings Randolph. Philadelphia, September  3, 1794',3,NULL,'http://wwwapp.cc.columbia.edu/ldpd/jay/item?mode=item&key=columbia.jay.00888',NULL,'2012-02-07 13:10:54','2012-02-07 13:10:54'),(23,'Edmund Jennings Randolph to George Hammond. Philadelphia, September  3, 1794',3,NULL,'http://wwwapp.cc.columbia.edu/ldpd/jay/item?mode=item&key=columbia.jay.00888',NULL,'2012-02-07 13:10:54','2012-02-07 13:10:54'),(24,'George Clinton to George Washington. New York, September  9, 1794',3,NULL,'http://wwwapp.cc.columbia.edu/ldpd/jay/image?key=columbia.jay.00888&p=101',NULL,'2012-02-07 13:10:54','2012-02-07 13:10:54'),(25,'Edward Cook to Commissioners. Pittsburgh, August 22, 1794',3,NULL,'http://wwwapp.cc.columbia.edu/ldpd/jay/image?key=columbia.jay.00888&p=106',NULL,'2012-02-07 13:10:54','2012-02-07 13:10:54'),(26,'Commissioners to Edmund Jennings Randolph. Pittsburgh, August 21, 1794',3,NULL,'http://wwwapp.cc.columbia.edu/ldpd/jay/image?key=columbia.jay.00888&p=110',NULL,'2012-02-07 13:10:54','2012-02-07 13:10:54'),(27,'Commissioners to Commissioners at Pittsburg. Pittsburgh, August 22, 1794',3,NULL,'http://wwwapp.cc.columbia.edu/ldpd/jay/image?key=columbia.jay.00888&p=112',NULL,'2012-02-07 13:10:54','2012-02-07 13:10:54'),(28,'Charles Williamson to Edmund Jennings Randolph. Bath, September  1, 1794',3,NULL,'http://wwwapp.cc.columbia.edu/ldpd/jay/item?mode=item&key=columbia.jay.00888',NULL,'2012-02-07 13:10:54','2012-02-07 13:10:54'),(29,'Commissioners to ?. Pittsburgh, August 21, 1794',3,NULL,'http://wwwapp.cc.columbia.edu/ldpd/jay/image?key=columbia.jay.00888&p=18',NULL,'2012-02-07 13:10:54','2012-02-07 13:10:54'),(30,'R.H. Sheaffe to Mr. Little. Sodus, August 16, 1794',3,NULL,'http://wwwapp.cc.columbia.edu/ldpd/jay/item?mode=item&key=columbia.jay.00888',NULL,'2012-02-07 13:10:54','2012-02-07 13:10:54'),(31,'R.H. Sheaffe to Charles Williamson. Sodus, August 16, 1794',3,NULL,'http://wwwapp.cc.columbia.edu/ldpd/jay/item?mode=item&key=columbia.jay.00888',NULL,'2012-02-07 13:10:54','2012-02-07 13:10:54'),(32,'Charles Williamson to Edmund Jennings Randolph. Bath, August 19, 1794',3,NULL,'http://wwwapp.cc.columbia.edu/ldpd/jay/image?key=columbia.jay.00888&p=477',NULL,'2012-02-07 13:10:54','2012-02-07 13:10:54'),(33,'Nathaniel Cabot Higginson to Edmund Jennings Randolph. Philadelphia, April 12, 1794',3,NULL,'http://wwwapp.cc.columbia.edu/ldpd/jay/item?mode=item&key=columbia.jay.00888',NULL,'2012-02-07 13:10:54','2012-02-07 13:10:54'),(34,'Nathaniel Cabot Higginson to John Prettijohn. Bridgetown, June  5, 1794',3,NULL,'http://wwwapp.cc.columbia.edu/ldpd/jay/image?key=columbia.jay.00888&p=493',NULL,'2012-02-07 13:10:54','2012-02-07 13:10:54'),(35,'John Prettijohn to Nathaniel Cabot Higginson. Bridgetown, June  6, 1794',3,NULL,'http://wwwapp.cc.columbia.edu/ldpd/jay/image?key=columbia.jay.00888&p=494',NULL,'2012-02-07 13:10:54','2012-02-07 13:10:54'),(36,'Nathaniel Cabot Higginson to Edmund Jennings Randolph. St. Pierre, July  1, 1794',3,NULL,'http://wwwapp.cc.columbia.edu/ldpd/jay/item?mode=item&key=columbia.jay.00888',NULL,'2012-02-07 13:10:54','2012-02-07 13:10:54'),(37,'Josiah Blakely to Nathaniel Cabot Higginson. St. Pierre, July  1, 1794',3,NULL,'http://wwwapp.cc.columbia.edu/ldpd/jay/item?mode=item&key=columbia.jay.00888',NULL,'2012-02-07 13:10:54','2012-02-07 13:10:54'),(38,'Nathaniel Cabot Higginson to Edmund Jennings Randolph. St. Pierre, July  2, 1794',3,NULL,'http://wwwapp.cc.columbia.edu/ldpd/jay/item?mode=item&key=columbia.jay.00888',NULL,'2012-02-07 13:10:54','2012-02-07 13:10:54'),(39,'Nathaniel Cabot Higginson to Edmund Jennings Randolph. St. Pierre, June 24, 1794',3,NULL,'http://wwwapp.cc.columbia.edu/ldpd/jay/image?key=columbia.jay.00888&p=42',NULL,'2012-02-07 13:10:54','2012-02-07 13:10:54'),(40,'Edmund Jennings Randolph to Jean Antoine Joseph Fauchet. Philadelphia, June 30, 1794',3,NULL,'http://wwwapp.cc.columbia.edu/ldpd/jay/image?key=columbia.jay.00888&p=389',NULL,'2012-02-07 13:10:54','2012-04-30 20:24:59'),(41,'George Hammond to Edmund Jennings Randolph. Philadelphia, June 30, 1794',3,NULL,'http://wwwapp.cc.columbia.edu/ldpd/jay/item?mode=item&key=columbia.jay.00888',NULL,'2012-02-07 13:10:54','2012-02-07 13:10:54'),(42,'Edmund Jennings Randolph to George Hammond. Philadelphia, July  1, 1794',3,NULL,'http://wwwapp.cc.columbia.edu/ldpd/jay/item?mode=item&key=columbia.jay.00888',NULL,'2012-02-07 13:10:54','2012-02-07 13:10:54'),(43,'Edmund Jennings Randolph to Jean Antoine Joseph Fauchet. Philadelphia, July  2, 1794',3,NULL,'http://wwwapp.cc.columbia.edu/ldpd/jay/image?key=columbia.jay.00888&p=394',NULL,'2012-02-07 13:10:54','2012-04-30 20:25:11'),(44,'Jean Antoine Joseph Fauchet to Edmund Jennings Randolph. Philadelphia, July  3, 1794',3,NULL,'http://wwwapp.cc.columbia.edu/ldpd/jay/image?key=columbia.jay.00888&p=391',NULL,'2012-02-07 13:10:54','2012-04-30 20:25:20'),(45,'Edmund Jennings Randolph to Jean Antoine Joseph Fauchet. Philadelphia, July  5, 1794',3,NULL,'http://wwwapp.cc.columbia.edu/ldpd/jay/image?key=columbia.jay.00888&p=393',NULL,'2012-02-07 13:10:54','2012-04-30 20:25:27'),(46,'Edmund Jennings Randolph to S. Girard. Philadelphia, July  4, 1794',3,NULL,'http://wwwapp.cc.columbia.edu/ldpd/jay/image?key=columbia.jay.00888&p=397',NULL,'2012-02-07 13:10:54','2012-02-07 13:10:54'),(47,'S. Girard to Edmund Jennings Randolph. Philadelphia, July  5, 1794',3,NULL,'http://wwwapp.cc.columbia.edu/ldpd/jay/image?key=columbia.jay.00888&p=398',NULL,'2012-02-07 13:10:54','2012-02-07 13:10:54'),(48,'Edmund Jennings Randolph to George Hammond. Philadelphia, July  4, 1794',3,NULL,'http://wwwapp.cc.columbia.edu/ldpd/jay/image?key=columbia.jay.00888&p=399',NULL,'2012-02-07 13:10:54','2012-02-07 13:10:54'),(49,'George Hammond to Edmund Jennings Randolph. Philadelphia, July  4, 1794',3,NULL,'http://wwwapp.cc.columbia.edu/ldpd/jay/image?key=columbia.jay.00888&p=400',NULL,'2012-02-07 13:10:54','2012-02-07 13:10:54'),(50,'Edmund Jennings Randolph to Thomas Fitzsimmons. Philadelphia, July  5, 1794',3,NULL,'http://wwwapp.cc.columbia.edu/ldpd/jay/image?key=columbia.jay.00888&p=401',NULL,'2012-02-07 13:10:54','2012-02-07 13:10:54'),(51,'Edmund Jennings Randolph to Nathaniel Falconer. Philadelphia, July  5, 1794',3,NULL,'http://wwwapp.cc.columbia.edu/ldpd/jay/image?key=columbia.jay.00888&p=402',NULL,'2012-02-07 13:10:54','2012-02-07 13:10:54'),(52,'Edmund Jennings Randolph to William Rawle. Philadelphia, July  7, 1794',3,NULL,'http://wwwapp.cc.columbia.edu/ldpd/jay/image?key=columbia.jay.00888&p=403',NULL,'2012-02-07 13:10:54','2012-02-07 13:10:54'),(53,'William Rawle to Edmund Jennings Randolph. Philadelphia, July  7, 1794',3,NULL,'http://wwwapp.cc.columbia.edu/ldpd/jay/image?key=columbia.jay.00888&p=404',NULL,'2012-02-07 13:10:54','2012-02-07 13:10:54'),(54,'Anthony Wayne to Henry Knox. Greenville, July  7, 1794',3,NULL,'http://wwwapp.cc.columbia.edu/ldpd/jay/image?key=columbia.jay.00888&p=449',NULL,'2012-02-07 13:10:54','2012-02-07 13:10:54'),(55,'Collins to Anthony Wayne. ?, February  2, 1793',3,NULL,'http://wwwapp.cc.columbia.edu/ldpd/jay/item?mode=item&key=columbia.jay.00888',NULL,'2012-02-07 13:10:54','2012-02-07 13:10:54'),(56,'Edmund Jennings Randolph to George Hammond. Philadelphia, June 18, 1794',3,NULL,'http://wwwapp.cc.columbia.edu/ldpd/jay/item?mode=item&key=columbia.jay.00888',NULL,'2012-02-07 13:10:54','2012-02-07 13:10:54'),(57,'Edmund Jennings Randolph to George Hammond. Philadelphia, June 18, 1794',3,NULL,'http://wwwapp.cc.columbia.edu/ldpd/jay/item?mode=item&key=columbia.jay.00888',NULL,'2012-02-07 13:10:54','2012-02-07 13:10:54'),(58,'Coxe to ?. ?, March 20, 1794',3,NULL,'http://wwwapp.cc.columbia.edu/ldpd/jay/item?mode=item&key=columbia.jay.00888',NULL,'2012-02-07 13:10:54','2012-02-07 13:10:54'),(59,'Edmund Jennings Randolph to Nathaniel Cabot Higginson. Philadelphia, April 11, 1794',3,NULL,'http://wwwapp.cc.columbia.edu/ldpd/jay/image?key=columbia.jay.00888&p=353',NULL,'2012-02-07 13:10:54','2012-02-07 13:10:54'),(60,'Thomas Pinckney to Edmund Jennings Randolph. London, January 28, 1794',3,NULL,'http://wwwapp.cc.columbia.edu/ldpd/jay/image?key=columbia.jay.00888&p=360',NULL,'2012-02-07 13:10:54','2012-02-07 13:10:54'),(61,'Edmund Jennings Randolph to George Hammond. Philadelphia, May  8, 1794',3,NULL,'http://wwwapp.cc.columbia.edu/ldpd/jay/image?key=columbia.jay.00888&p=369',NULL,'2012-02-07 13:10:54','2012-02-07 13:10:54'),(62,'Anthony Wayne to Henry Knox. Greenville, March 20, 1794',3,NULL,'http://wwwapp.cc.columbia.edu/ldpd/jay/image?key=columbia.jay.00888&p=154',NULL,'2012-02-07 13:10:54','2012-02-07 13:10:54'),(63,'Knox to Edmund Jennings Randolph. ?, May  8, 1794',3,NULL,'http://wwwapp.cc.columbia.edu/ldpd/jay/item?mode=item&key=columbia.jay.00888',NULL,'2012-02-07 13:10:54','2012-02-07 13:10:54'),(64,'Edmund Jennings Randolph to George Hammond. Philadelphia, September  3, 1794',3,NULL,'http://wwwapp.cc.columbia.edu/ldpd/jay/item?mode=item&key=columbia.jay.00888',NULL,'2012-02-07 13:10:54','2012-02-07 13:10:54'),(65,'George Hammond to Edmund Jennings Randolph. Philadelphia, October 26, 1794',3,NULL,'http://wwwapp.cc.columbia.edu/ldpd/jay/item?mode=item&key=columbia.jay.00888',NULL,'2012-02-07 13:10:54','2012-02-07 13:10:54'),(66,'George Hammond to Edmund Jennings Randolph. Philadelphia, April  2, 1794',3,NULL,'http://wwwapp.cc.columbia.edu/ldpd/jay/image?key=columbia.jay.00888&p=271',NULL,'2012-02-07 13:10:54','2012-02-07 13:10:54'),(67,'George Hammond to Edmund Jennings Randolph. Philadelphia, April  2, 1794',3,NULL,'http://wwwapp.cc.columbia.edu/ldpd/jay/image?key=columbia.jay.00888&p=272',NULL,'2012-02-07 13:10:54','2012-02-07 13:10:54'),(68,'George Hammond to Edmund Jennings Randolph. Philadelphia, April  2, 1794',3,NULL,'http://wwwapp.cc.columbia.edu/ldpd/jay/image?key=columbia.jay.00888&p=274',NULL,'2012-02-07 13:10:54','2012-02-07 13:10:54'),(69,'Edmund Jennings Randolph to George Hammond. Philadelphia, April  2, 1794',3,NULL,'http://wwwapp.cc.columbia.edu/ldpd/jay/image?key=columbia.jay.00888&p=280',NULL,'2012-02-07 13:10:54','2012-02-07 13:10:54'),(70,'Edmund Jennings Randolph to Zebulon Hollingsworth. Philadelphia, April  3, 1794',3,NULL,'http://wwwapp.cc.columbia.edu/ldpd/jay/image?key=columbia.jay.00888&p=284',NULL,'2012-02-07 13:10:54','2012-02-07 13:10:54'),(71,'Edmund Jennings Randolph to Alexander Campbell. Philadelphia, April  3, 1794',3,NULL,'http://wwwapp.cc.columbia.edu/ldpd/jay/image?key=columbia.jay.00888&p=286',NULL,'2012-02-07 13:10:54','2012-02-07 13:10:54'),(72,'Edmund Jennings Randolph to William Moultrie. Philadelphia, April  3, 1794',3,NULL,'http://wwwapp.cc.columbia.edu/ldpd/jay/image?key=columbia.jay.00888&p=287',NULL,'2012-02-07 13:10:54','2012-02-07 13:10:54'),(73,'Zebulon Hollingsworth to Edmund Jennings Randolph. Baltimore, April  6, 1794',3,NULL,'http://wwwapp.cc.columbia.edu/ldpd/jay/image?key=columbia.jay.00888&p=288',NULL,'2012-02-07 13:10:54','2012-06-08 01:45:12'),(74,'John C. Wederstrandt to Zebulon Hollingsworth. Baltimore, April  6, 1794',3,NULL,'http://wwwapp.cc.columbia.edu/ldpd/jay/image?key=columbia.jay.00888&p=290',NULL,'2012-02-07 13:10:54','2012-02-07 13:10:54'),(75,'Alexander Campbell to Edmund Jennings Randolph. Richmond, April 11, 1794',3,NULL,'http://wwwapp.cc.columbia.edu/ldpd/jay/image?key=columbia.jay.00888&p=291',NULL,'2012-02-07 13:10:54','2012-02-07 13:10:54'),(76,'Alexander Campbell to Robert Taylor. Richmond, April 10, 1794',3,NULL,'http://wwwapp.cc.columbia.edu/ldpd/jay/image?key=columbia.jay.00888&p=292',NULL,'2012-02-07 13:10:54','2012-02-07 13:10:54'),(77,'Alexander Campbell to Sir Charles Henry Knowles. Richmond, April 10, 1794',3,NULL,'http://wwwapp.cc.columbia.edu/ldpd/jay/image?key=columbia.jay.00888&p=296',NULL,'2012-02-07 13:10:54','2012-02-07 13:10:54'),(78,'Robert Taylor to Alexander Campbell. Norfolk, April 16, 1794',3,NULL,'http://wwwapp.cc.columbia.edu/ldpd/jay/image?key=columbia.jay.00888&p=297',NULL,'2012-02-07 13:10:54','2012-02-07 13:10:54'),(79,'Robert Taylor to John Hamilton. Norfolk, April 14, 1794',3,NULL,'http://wwwapp.cc.columbia.edu/ldpd/jay/image?key=columbia.jay.00888&p=299',NULL,'2012-02-07 13:10:54','2012-02-07 13:10:54'),(80,'John Hamilton to Robert Taylor. Norfolk, April 16, 1794',3,NULL,'http://wwwapp.cc.columbia.edu/ldpd/jay/image?key=columbia.jay.00888&p=301',NULL,'2012-02-07 13:10:54','2012-02-07 13:10:54'),(81,'Sir Charles Henry Knowles to Robert Taylor. Norfolk, April 15, 1794',3,NULL,'http://wwwapp.cc.columbia.edu/ldpd/jay/image?key=columbia.jay.00888&p=302',NULL,'2012-02-07 13:10:54','2012-02-07 13:10:54'),(82,'Sir Charles Henry Knowles to Alexander Campbell. Norfolk, April 15, 1794',3,NULL,'http://wwwapp.cc.columbia.edu/ldpd/jay/image?key=columbia.jay.00888&p=302',NULL,'2012-02-07 13:10:54','2012-02-07 13:10:54'),(83,'John Hamilton to Alexander Campbell. Norfolk, April 14, 1794',3,NULL,'http://wwwapp.cc.columbia.edu/ldpd/jay/image?key=columbia.jay.00888&p=305',NULL,'2012-02-07 13:10:54','2012-02-07 13:10:54'),(84,'Alexander Campbell to Edmund Jennings Randolph. Richmond, April 19, 1794',3,NULL,'http://wwwapp.cc.columbia.edu/ldpd/jay/image?key=columbia.jay.00888&p=308',NULL,'2012-02-07 13:10:54','2012-02-07 13:10:54'),(85,'William Moultrie to Edmund Jennings Randolph. Charleston, April 19, 1794',3,NULL,'http://wwwapp.cc.columbia.edu/ldpd/jay/image?key=columbia.jay.00888&p=309',NULL,'2012-02-07 13:10:54','2012-02-07 13:10:54'),(86,'William Moultrie to Edmund Jennings Randolph. Charleston, April 19, 1794',3,NULL,'http://wwwapp.cc.columbia.edu/ldpd/jay/image?key=columbia.jay.00888&p=311',NULL,'2012-02-07 13:10:54','2012-02-07 13:10:54'),(87,'George Hammond to Edmund Jennings Randolph. Philadelphia, May  1, 1794',3,NULL,'http://wwwapp.cc.columbia.edu/ldpd/jay/image?key=columbia.jay.00888&p=312',NULL,'2012-02-07 13:10:54','2012-02-07 13:10:54'),(88,'Edmund Jennings Randolph to George Hammond. Philadelphia, May 12, 1794',3,NULL,'http://wwwapp.cc.columbia.edu/ldpd/jay/image?key=columbia.jay.00888&p=313',NULL,'2012-02-07 13:10:54','2012-02-07 13:10:54'),(89,'George Hammond to Edmund Jennings Randolph. Philadelphia, May 12, 1794',3,NULL,'http://wwwapp.cc.columbia.edu/ldpd/jay/image?key=columbia.jay.00888&p=314',NULL,'2012-02-07 13:10:54','2012-02-07 13:10:54'),(90,'George Hammond to Edmund Jennings Randolph. Philadelphia, May  5, 1794',3,NULL,'http://wwwapp.cc.columbia.edu/ldpd/jay/image?key=columbia.jay.00888&p=316',NULL,'2012-02-07 13:10:54','2012-02-07 13:10:54'),(91,'Edmund Jennings Randolph to George Hammond. Philadelphia, May  6, 1794',3,NULL,'http://wwwapp.cc.columbia.edu/ldpd/jay/image?key=columbia.jay.00888&p=317',NULL,'2012-02-07 13:10:54','2012-02-07 13:10:54'),(92,'Edmund Jennings Randolph to William Rawle. Philadelphia, May  6, 1794',3,NULL,'http://wwwapp.cc.columbia.edu/ldpd/jay/image?key=columbia.jay.00888&p=320',NULL,'2012-02-07 13:10:54','2012-02-07 13:10:54'),(93,'George Hammond to Edmund Jennings Randolph. Philadelphia, May  6, 1794',3,NULL,'http://wwwapp.cc.columbia.edu/ldpd/jay/image?key=columbia.jay.00888&p=321',NULL,'2012-02-07 13:10:54','2012-02-07 13:10:54'),(94,'Alexander Hamilton to George Hammond. Philadelphia, May  9, 1794',3,NULL,'http://wwwapp.cc.columbia.edu/ldpd/jay/image?key=columbia.jay.00888&p=323',NULL,'2012-02-07 13:10:54','2012-02-07 13:10:54'),(95,'William Rawle to Alexander Hamilton. Philadelphia, May  8, 1794',3,NULL,'http://wwwapp.cc.columbia.edu/ldpd/jay/image?key=columbia.jay.00888&p=325',NULL,'2012-02-07 13:10:54','2012-02-07 13:10:54'),(96,'George Hammond to Alexander Hamilton. Philadelphia, May 12, 1794',3,NULL,'http://wwwapp.cc.columbia.edu/ldpd/jay/image?key=columbia.jay.00888&p=333',NULL,'2012-02-07 13:10:54','2012-02-07 13:10:54'),(97,'Alexander Hamilton to George Hammond. Philadelphia, May 14, 1794',3,NULL,'http://wwwapp.cc.columbia.edu/ldpd/jay/image?key=columbia.jay.00888&p=335',NULL,'2012-02-07 13:10:54','2012-02-07 13:10:54'),(98,'Thomas Mathews to Vaughan. Norfolk, April  7, 1794',3,NULL,'http://wwwapp.cc.columbia.edu/ldpd/jay/image?key=columbia.jay.00888&p=336',NULL,'2012-02-07 13:10:54','2012-02-07 13:10:54'),(99,'George Hammond to Edmund Jennings Randolph. Philadelphia, May 15, 1794',3,NULL,'http://wwwapp.cc.columbia.edu/ldpd/jay/image?key=columbia.jay.00888&p=337',NULL,'2012-02-07 13:10:54','2012-02-07 13:10:54'),(100,'Alexander Hamilton to Edmund Jennings Randolph. Philadelphia, May 14, 1794',3,NULL,'http://wwwapp.cc.columbia.edu/ldpd/jay/image?key=columbia.jay.00888&p=339',NULL,'2012-02-07 13:10:54','2012-02-07 13:10:54'),(101,'Arthur Fenner to Edmund Jennings Randolph. Providence, May 16, 1794',3,NULL,'http://wwwapp.cc.columbia.edu/ldpd/jay/image?key=columbia.jay.00888&p=340',NULL,'2012-02-07 13:10:54','2012-02-07 13:10:54'),(102,'Edmund Jennings Randolph to John Jay. Philadelphia, May 27, 1794',3,NULL,'http://wwwapp.cc.columbia.edu/ldpd/jay/item?mode=item&key=columbia.jay.04263',NULL,'2012-02-07 13:10:54','2012-02-07 13:10:54'),(103,'Edmund Jennings Randolph to John Jay. Philadelphia, May 27, 1794',3,NULL,'http://wwwapp.cc.columbia.edu/ldpd/jay/item?mode=item&key=columbia.jay.04408',NULL,'2012-02-07 13:10:54','2012-02-07 13:10:54'),(104,'Edmund Jennings Randolph to John Jay. Philadelphia, May 27, 1794',3,NULL,'http://wwwapp.cc.columbia.edu/ldpd/jay/item?mode=item&key=columbia.jay.07069',NULL,'2012-02-07 13:10:54','2012-02-07 13:10:54'),(105,'Edmund Jennings Randolph to John Jay. Philadelphia, May 27, 1794',3,NULL,'http://wwwapp.cc.columbia.edu/ldpd/jay/item?mode=item&key=columbia.jay.08632',NULL,'2012-02-07 13:10:54','2012-02-07 13:10:54'),(106,'Edmund Jennings Randolph to John Jay. Philadelphia, May 28, 1794',3,NULL,'http://wwwapp.cc.columbia.edu/ldpd/jay/item?mode=item&key=columbia.jay.00622',NULL,'2012-02-07 13:10:54','2012-02-07 13:10:54'),(107,'Edmund Jennings Randolph to John Jay. Philadelphia, May 28, 1794',3,NULL,'http://wwwapp.cc.columbia.edu/ldpd/jay/item?mode=item&key=columbia.jay.04264',NULL,'2012-02-07 13:10:54','2012-02-07 13:10:54'),(108,'Edmund Jennings Randolph to John Jay. Philadelphia, May 28, 1794',3,NULL,'http://wwwapp.cc.columbia.edu/ldpd/jay/item?mode=item&key=columbia.jay.04409',NULL,'2012-02-07 13:10:54','2012-02-07 13:10:54'),(109,'Edmund Jennings Randolph to John Jay. Philadelphia, May 29, 1794',3,NULL,'http://wwwapp.cc.columbia.edu/ldpd/jay/item?mode=item&key=columbia.jay.00629',NULL,'2012-02-07 13:10:54','2012-02-07 13:10:54'),(110,'Edmund Jennings Randolph to John Jay. Philadelphia, May 29, 1794',3,NULL,'http://wwwapp.cc.columbia.edu/ldpd/jay/item?mode=item&key=columbia.jay.04265',NULL,'2012-02-07 13:10:54','2012-02-07 13:10:54'),(111,'Edmund Jennings Randolph to John Jay. Philadelphia, May 29, 1794',3,NULL,'http://wwwapp.cc.columbia.edu/ldpd/jay/item?mode=item&key=columbia.jay.04410',NULL,'2012-02-07 13:10:54','2012-02-07 13:10:54'),(112,'Sarah Livingston Jay to John Jay. New York, May 29, 1794',3,NULL,'http://wwwapp.cc.columbia.edu/ldpd/jay/item?mode=item&key=columbia.jay.06556',NULL,'2012-02-07 13:10:54','2012-02-07 13:10:54'),(113,'Alexander Hamilton to John Jay. Philadelphia, June  4, 1794',3,NULL,'http://wwwapp.cc.columbia.edu/ldpd/jay/item?mode=item&key=columbia.jay.05628',NULL,'2012-02-07 13:10:54','2012-02-07 13:10:54'),(114,'Christopher Gore to John Jay. Boston, June  7, 1794',3,NULL,'http://wwwapp.cc.columbia.edu/ldpd/jay/item?mode=item&key=columbia.jay.08472',NULL,'2012-02-07 13:10:54','2012-02-07 13:10:54'),(115,'Edmund Jennings Randolph to John Jay. Philadelphia, June  8, 1794',3,NULL,'http://wwwapp.cc.columbia.edu/ldpd/jay/item?mode=item&key=columbia.jay.00603',NULL,'2012-02-07 13:10:54','2012-02-07 13:10:54'),(116,'Edmund Jennings Randolph to John Jay. Philadelphia, June  8, 1794',3,NULL,'http://wwwapp.cc.columbia.edu/ldpd/jay/item?mode=item&key=columbia.jay.04266',NULL,'2012-02-07 13:10:54','2012-02-07 13:10:54'),(117,'Edmund Jennings Randolph to John Jay. Philadelphia, June  8, 1794',3,NULL,'http://wwwapp.cc.columbia.edu/ldpd/jay/item?mode=item&key=columbia.jay.04411',NULL,'2012-02-07 13:10:54','2012-02-07 13:10:54'),(118,'Edmund Jennings Randolph to John Jay. Philadelphia, June  9, 1794',3,NULL,'http://wwwapp.cc.columbia.edu/ldpd/jay/item?mode=item&key=columbia.jay.04267',NULL,'2012-02-07 13:10:54','2012-02-07 13:10:54'),(119,'Edmund Jennings Randolph to John Jay. Philadelphia, June  9, 1794',3,NULL,'http://wwwapp.cc.columbia.edu/ldpd/jay/item?mode=item&key=columbia.jay.04412',NULL,'2012-02-07 13:10:54','2012-02-07 13:10:54'),(120,'Tench Coxe to John Jay. Philadelphia, June  9, 1794',3,NULL,'http://wwwapp.cc.columbia.edu/ldpd/jay/item?mode=item&key=columbia.jay.09822',NULL,'2012-02-07 13:10:54','2012-02-07 13:10:54'),(121,'William Bayard to John Jay. Southampton, June  9, 1794',3,NULL,'http://wwwapp.cc.columbia.edu/ldpd/jay/item?mode=item&key=columbia.jay.12527',NULL,'2012-02-07 13:10:54','2012-02-07 13:10:54'),(122,'William Vans Murray to John Jay. Philadelphia, June  9, 1794',3,NULL,'http://wwwapp.cc.columbia.edu/ldpd/jay/item?mode=item&key=columbia.jay.13208',NULL,'2012-02-07 13:10:54','2012-02-07 13:10:54'),(123,'Maria Jay to John Jay. New York, June 13, 1794',3,NULL,'http://wwwapp.cc.columbia.edu/ldpd/jay/item?mode=item&key=columbia.jay.09693',NULL,'2012-02-07 13:10:54','2012-02-07 13:10:54'),(124,'Peter Jay Munro to John Jay. New York, June 14, 1794',3,NULL,'http://wwwapp.cc.columbia.edu/ldpd/jay/item?mode=item&key=columbia.jay.00423',NULL,'2012-02-07 13:10:54','2012-02-07 13:10:54'),(125,'Peter Jay Munro to John Jay. New York, June 15, 1794',3,NULL,'http://wwwapp.cc.columbia.edu/ldpd/jay/item?mode=item&key=columbia.jay.09371',NULL,'2012-02-07 13:10:54','2012-02-07 13:10:54'),(126,'Sir Edward Newenham to John Jay. Dublin, June 15, 1794',3,NULL,'http://wwwapp.cc.columbia.edu/ldpd/jay/item?mode=item&key=columbia.jay.09589',NULL,'2012-02-07 13:10:54','2012-02-07 13:10:54'),(127,'William Grenville to John Jay. London, June 16, 1794',3,NULL,'http://wwwapp.cc.columbia.edu/ldpd/jay/item?mode=item&key=columbia.jay.08517',NULL,'2012-02-07 13:10:54','2012-02-07 13:10:54'),(128,'Mr. Braithwaite to John Jay. London, June 17, 1794',3,NULL,'http://wwwapp.cc.columbia.edu/ldpd/jay/item?mode=item&key=columbia.jay.05507',NULL,'2012-02-07 13:10:54','2012-02-07 13:10:54'),(129,'Thomas Pinckney to John Jay. London, June 17, 1794',3,NULL,'http://wwwapp.cc.columbia.edu/ldpd/jay/item?mode=item&key=columbia.jay.09458',NULL,'2012-02-07 13:10:54','2012-02-07 13:10:54'),(130,'Jacob Read to John Jay. Charleston, June 19, 1794',3,NULL,'http://wwwapp.cc.columbia.edu/ldpd/jay/item?mode=item&key=columbia.jay.07071',NULL,'2012-02-07 13:10:54','2012-02-07 13:10:54'),(131,'Prince de Poix to John Jay. Twickenham, June 19, 1794',3,NULL,'http://wwwapp.cc.columbia.edu/ldpd/jay/item?mode=item&key=columbia.jay.90387',NULL,'2012-02-07 13:10:54','2012-04-20 14:18:13'),(132,'William Grenville to John Jay. London, June 19, 1794',3,NULL,'http://wwwapp.cc.columbia.edu/ldpd/jay/item?mode=item&key=columbia.jay.08518',NULL,'2012-02-07 13:10:54','2012-02-07 13:10:54'),(133,'Del Campo to John Jay. London, June 23, 1794',3,NULL,'http://wwwapp.cc.columbia.edu/ldpd/jay/item?mode=item&key=columbia.jay.08255',NULL,'2012-02-07 13:10:54','2012-02-07 13:10:54'),(134,'William Grenville to John Jay. London, June 24, 1794',3,NULL,'http://wwwapp.cc.columbia.edu/ldpd/jay/item?mode=item&key=columbia.jay.08519',NULL,'2012-02-07 13:10:54','2012-02-07 13:10:54'),(135,'William Augustus Miles to John Jay. London, June 25, 1794',3,NULL,'http://wwwapp.cc.columbia.edu/ldpd/jay/item?mode=item&key=columbia.jay.06947',NULL,'2012-02-07 13:10:54','2012-02-07 13:10:54'),(136,'William Augustus Miles to John Jay. London, June 26, 1794',3,NULL,'http://wwwapp.cc.columbia.edu/ldpd/jay/item?mode=item&key=columbia.jay.06948',NULL,'2012-02-07 13:10:54','2012-02-07 13:10:54'),(137,'Sylvanus Bourne to John Jay. Amsterdam, June 27, 1794',3,NULL,'http://wwwapp.cc.columbia.edu/ldpd/jay/item?mode=item&key=columbia.jay.04362',NULL,'2012-02-07 13:10:54','2012-02-07 13:10:54'),(138,'Sylvanus Bourne to John Jay. Amsterdam, June 27, 1794',3,NULL,'http://wwwapp.cc.columbia.edu/ldpd/jay/item?mode=item&key=columbia.jay.04420',NULL,'2012-02-07 13:10:54','2012-02-07 13:10:54'),(139,'William Bayard to John Jay. Southampton, June 29, 1794',3,NULL,'http://wwwapp.cc.columbia.edu/ldpd/jay/item?mode=item&key=columbia.jay.08361',NULL,'2012-02-07 13:10:54','2012-02-07 13:10:54'),(140,'Lally-Colendal to John Jay. London, June 30, 1794',3,NULL,'http://wwwapp.cc.columbia.edu/ldpd/jay/item?mode=item&key=columbia.jay.08559',NULL,'2012-02-07 13:10:54','2012-02-07 13:10:54'),(141,'Mary Ann Lowden to John Jay. Dumfries, July  1, 1794',3,NULL,'http://wwwapp.cc.columbia.edu/ldpd/jay/item?mode=item&key=columbia.jay.06914',NULL,'2012-02-07 13:10:54','2012-02-07 13:10:54'),(142,'Dell\'Acqua to John Jay. London, July  4, 1794',3,NULL,'http://wwwapp.cc.columbia.edu/ldpd/jay/item?mode=item&key=columbia.jay.08566',NULL,'2012-02-07 13:10:54','2012-02-07 13:10:54'),(143,'Thomas Coombe to John Jay. London, July  4, 1794',3,NULL,'http://wwwapp.cc.columbia.edu/ldpd/jay/item?mode=item&key=columbia.jay.05531',NULL,'2012-02-07 13:10:54','2012-02-07 13:10:54'),(144,'Henry Waddell to John Jay. London, July  5, 1794',3,NULL,'http://wwwapp.cc.columbia.edu/ldpd/jay/item?mode=item&key=columbia.jay.04360',NULL,'2012-02-07 13:10:54','2012-02-07 13:10:54'),(145,'Henry Waddell to John Jay. London, July  5, 1794',3,NULL,'http://wwwapp.cc.columbia.edu/ldpd/jay/item?mode=item&key=columbia.jay.04418',NULL,'2012-02-07 13:10:54','2012-02-07 13:10:54'),(146,'Richard Henry Lee to John Jay. Richmond, July  6, 1794',3,NULL,'http://wwwapp.cc.columbia.edu/ldpd/jay/item?mode=item&key=columbia.jay.12815',NULL,'2012-02-07 13:10:54','2012-02-07 13:10:54'),(147,'Sir John Sinclair to John Jay. London, July  6, 1794',3,NULL,'http://wwwapp.cc.columbia.edu/ldpd/jay/item?mode=item&key=columbia.jay.07139',NULL,'2012-02-07 13:10:54','2012-02-07 13:10:54'),(148,'Sarah Livingston Jay to John Jay. New York, July  7, 1794',3,NULL,'http://wwwapp.cc.columbia.edu/ldpd/jay/item?mode=item&key=columbia.jay.06557',NULL,'2012-02-07 13:10:54','2012-02-07 13:10:54'),(149,'W. Jackson to John Jay. Amsterdam, July  8, 1794',3,NULL,'http://wwwapp.cc.columbia.edu/ldpd/jay/item?mode=item&key=columbia.jay.08636',NULL,'2012-02-07 13:10:54','2012-02-07 13:10:54'),(150,'Edmund Jennings Randolph to John Jay. Philadelphia, July  9, 1794',3,NULL,'http://wwwapp.cc.columbia.edu/ldpd/jay/item?mode=item&key=columbia.jay.04276',NULL,'2012-02-07 13:10:54','2012-02-07 13:10:54'),(151,'Edmund Jennings Randolph to John Jay. Philadelphia, July  9, 1794',3,NULL,'http://wwwapp.cc.columbia.edu/ldpd/jay/item?mode=item&key=columbia.jay.04422',NULL,'2012-02-07 13:10:55','2012-02-07 13:10:55'),(152,'Edward Gardiner to John Jay. Herefordshire, July  9, 1794',3,NULL,'http://wwwapp.cc.columbia.edu/ldpd/jay/item?mode=item&key=columbia.jay.90018',NULL,'2012-02-07 13:10:55','2012-02-07 13:10:55'),(153,'Edmund Jennings Randolph to John Jay. Philadelphia, July 10, 1794',3,NULL,'http://wwwapp.cc.columbia.edu/ldpd/jay/item?mode=item&key=columbia.jay.00604',NULL,'2012-02-07 13:10:55','2012-02-07 13:10:55'),(154,'Edmund Jennings Randolph to John Jay. Philadelphia, July 10, 1794',3,NULL,'http://wwwapp.cc.columbia.edu/ldpd/jay/item?mode=item&key=columbia.jay.04277',NULL,'2012-02-07 13:10:55','2012-02-07 13:10:55'),(155,'Edmund Jennings Randolph to John Jay. Philadelphia, July 10, 1794',3,NULL,'http://wwwapp.cc.columbia.edu/ldpd/jay/item?mode=item&key=columbia.jay.04424',NULL,'2012-02-07 13:10:55','2012-02-07 13:10:55'),(156,'Edmund Jennings Randolph to John Jay. Philadelphia, July 10, 1794',3,NULL,'http://wwwapp.cc.columbia.edu/ldpd/jay/item?mode=item&key=columbia.jay.10076',NULL,'2012-02-07 13:10:55','2012-02-07 13:10:55'),(157,'Sarah Vaughan to John Jay. Rottingdean, July 11, 1794',3,NULL,'http://wwwapp.cc.columbia.edu/ldpd/jay/item?mode=item&key=columbia.jay.08147',NULL,'2012-02-07 13:10:55','2012-02-07 13:10:55'),(158,'Sir Edward Newenham to John Jay. Dublin, July 12, 1794',3,NULL,'http://wwwapp.cc.columbia.edu/ldpd/jay/item?mode=item&key=columbia.jay.09590',NULL,'2012-02-07 13:10:55','2012-02-07 13:10:55'),(159,'John Anstey to John Jay. Bath, July 14, 1794',3,NULL,'http://wwwapp.cc.columbia.edu/ldpd/jay/item?mode=item&key=columbia.jay.05484',NULL,'2012-02-07 13:10:55','2012-02-07 13:10:55'),(160,'Lindley Murray to John Jay. York, July 15, 1794',3,NULL,'http://wwwapp.cc.columbia.edu/ldpd/jay/item?mode=item&key=columbia.jay.09606',NULL,'2012-02-07 13:10:55','2012-02-07 13:10:55'),(161,'Edmund Jennings Randolph to John Jay. Philadelphia, July 18, 1794',3,NULL,'http://wwwapp.cc.columbia.edu/ldpd/jay/item?mode=item&key=columbia.jay.00605',NULL,'2012-02-07 13:10:55','2012-02-07 13:10:55'),(162,'Edmund Jennings Randolph to John Jay. Philadelphia, July 18, 1794',3,NULL,'http://wwwapp.cc.columbia.edu/ldpd/jay/item?mode=item&key=columbia.jay.04280',NULL,'2012-02-07 13:10:55','2012-02-07 13:10:55'),(163,'Edmund Jennings Randolph to John Jay. Philadelphia, July 18, 1794',3,NULL,'http://wwwapp.cc.columbia.edu/ldpd/jay/item?mode=item&key=columbia.jay.04427',NULL,'2012-02-07 13:10:55','2012-02-07 13:10:55'),(164,'John Mitchell to John Jay. Edinburgh, July 18, 1794',3,NULL,'http://wwwapp.cc.columbia.edu/ldpd/jay/item?mode=item&key=columbia.jay.06949',NULL,'2012-02-07 13:10:55','2012-02-07 13:10:55'),(165,'Thomas Pinckney to John Jay. London, July 19, 1794',3,NULL,'http://wwwapp.cc.columbia.edu/ldpd/jay/item?mode=item&key=columbia.jay.02600',NULL,'2012-02-07 13:10:55','2012-02-07 13:10:55'),(166,'Thomas Pinckney to John Jay. London, July 20, 1794',3,NULL,'http://wwwapp.cc.columbia.edu/ldpd/jay/item?mode=item&key=columbia.jay.09459',NULL,'2012-02-07 13:10:55','2012-02-07 13:10:55'),(167,'William Petty, Marquis of Lansdowne to John Jay. London, July 27, 1794',3,NULL,'http://wwwapp.cc.columbia.edu/ldpd/jay/item?mode=item&key=columbia.jay.08183',NULL,'2012-02-07 13:10:55','2012-02-07 13:10:55'),(168,'Thomas Pinckney to John Jay. London, July 28, 1794',3,NULL,'http://wwwapp.cc.columbia.edu/ldpd/jay/item?mode=item&key=columbia.jay.09460',NULL,'2012-02-07 13:10:55','2012-02-07 13:10:55'),(169,'William Grenville to John Jay. London, July 28, 1794',3,NULL,'http://wwwapp.cc.columbia.edu/ldpd/jay/item?mode=item&key=columbia.jay.08520',NULL,'2012-02-07 13:10:55','2012-02-07 13:10:55'),(170,'William Grenville to John Jay. London, July 29, 1794',3,NULL,'http://wwwapp.cc.columbia.edu/ldpd/jay/item?mode=item&key=columbia.jay.08521',NULL,'2012-02-07 13:10:55','2012-02-07 13:10:55'),(171,'Edmund Jennings Randolph to John Jay. Philadelphia, July 30, 1794',3,NULL,'http://wwwapp.cc.columbia.edu/ldpd/jay/item?mode=item&key=columbia.jay.04283',NULL,'2012-02-07 13:10:55','2012-02-07 13:10:55'),(172,'Edmund Jennings Randolph to John Jay. Philadelphia, July 30, 1794',3,NULL,'http://wwwapp.cc.columbia.edu/ldpd/jay/item?mode=item&key=columbia.jay.04429',NULL,'2012-02-07 13:10:55','2012-02-07 13:10:55'),(173,'Harvey Reuben to John Jay. Cork, July 30, 1794',3,NULL,'http://wwwapp.cc.columbia.edu/ldpd/jay/item?mode=item&key=columbia.jay.90281',NULL,'2012-02-07 13:10:55','2012-02-07 13:10:55'),(174,'William Grenville to John Jay. London, July 30, 1794',3,NULL,'http://wwwapp.cc.columbia.edu/ldpd/jay/item?mode=item&key=columbia.jay.04985',NULL,'2012-02-07 13:10:55','2012-02-07 13:10:55'),(175,'Mrs. Chalmers to John Jay. London, August 1794',3,NULL,'http://wwwapp.cc.columbia.edu/ldpd/jay/item?mode=item&key=columbia.jay.90267',NULL,'2012-02-07 13:10:55','2012-02-07 13:10:55'),(176,'William Temple Franklin to John Jay. London, August 1794',3,NULL,'http://wwwapp.cc.columbia.edu/ldpd/jay/item?mode=item&key=columbia.jay.90276',NULL,'2012-02-07 13:10:55','2012-02-07 13:10:55'),(177,'Mathew Clarkson to John Jay. New York, August  1, 1794',3,NULL,'http://wwwapp.cc.columbia.edu/ldpd/jay/item?mode=item&key=columbia.jay.09797',NULL,'2012-02-07 13:10:55','2012-02-07 13:10:55'),(178,'R. Bowen to John Jay. Providence, August  1, 1794',3,NULL,'http://wwwapp.cc.columbia.edu/ldpd/jay/item?mode=item&key=columbia.jay.08638',NULL,'2012-02-07 13:10:55','2012-02-07 13:10:55'),(179,'William Grenville to John Jay. London, August  1, 1794',3,NULL,'http://wwwapp.cc.columbia.edu/ldpd/jay/item?mode=item&key=columbia.jay.04466',NULL,'2012-02-07 13:10:55','2012-02-07 13:10:55'),(180,'Sarah Livingston Jay to John Jay. New York, August  2, 1794',3,NULL,'http://wwwapp.cc.columbia.edu/ldpd/jay/item?mode=item&key=columbia.jay.06558',NULL,'2012-02-07 13:10:55','2012-02-07 13:10:55'),(181,'William Scott, Baron Stowell to John Jay. London, August  2, 1794',3,NULL,'http://wwwapp.cc.columbia.edu/ldpd/jay/item?mode=item&key=columbia.jay.07133',NULL,'2012-02-07 13:10:55','2012-02-07 13:10:55'),(182,'William Grenville to John Jay. London, August  4, 1794',3,NULL,'http://wwwapp.cc.columbia.edu/ldpd/jay/item?mode=item&key=columbia.jay.08522',NULL,'2012-02-07 13:10:55','2012-02-07 13:10:55'),(183,'William Grenville to John Jay. London, August  5, 1794',3,NULL,'http://wwwapp.cc.columbia.edu/ldpd/jay/item?mode=item&key=columbia.jay.08523',NULL,'2012-02-07 13:10:55','2012-02-07 13:10:55'),(184,'William Grenville to John Jay. London, August  8, 1794',3,NULL,'http://wwwapp.cc.columbia.edu/ldpd/jay/item?mode=item&key=columbia.jay.08529',NULL,'2012-02-07 13:10:55','2012-02-07 13:10:55'),(185,'Edmund Jennings Randolph to John Jay. Philadelphia, August 11, 1794',3,NULL,'http://wwwapp.cc.columbia.edu/ldpd/jay/item?mode=item&key=columbia.jay.00606',NULL,'2012-02-07 13:10:55','2012-02-07 13:10:55'),(186,'Edmund Jennings Randolph to John Jay. Philadelphia, August 11, 1794',3,NULL,'http://wwwapp.cc.columbia.edu/ldpd/jay/item?mode=item&key=columbia.jay.04304',NULL,'2012-02-07 13:10:55','2012-02-07 13:10:55'),(187,'Edmund Jennings Randolph to John Jay. Philadelphia, August 11, 1794',3,NULL,'http://wwwapp.cc.columbia.edu/ldpd/jay/item?mode=item&key=columbia.jay.04436',NULL,'2012-02-07 13:10:55','2012-02-07 13:10:55'),(188,'Mrs. Chalmers to John Jay. London, August 11, 1794',3,NULL,'http://wwwapp.cc.columbia.edu/ldpd/jay/item?mode=item&key=columbia.jay.05509',NULL,'2012-02-07 13:10:55','2012-02-07 13:10:55'),(189,'Mrs. Chalmers to John Jay. London, August 12, 1794',3,NULL,'http://wwwapp.cc.columbia.edu/ldpd/jay/item?mode=item&key=columbia.jay.13592',NULL,'2012-02-07 13:10:55','2012-02-07 13:10:55'),(190,'Edmund Jennings Randolph to John Jay. Philadelphia, August 15, 1794',3,NULL,'http://wwwapp.cc.columbia.edu/ldpd/jay/item?mode=item&key=columbia.jay.00607',NULL,'2012-02-07 13:10:55','2012-02-07 13:10:55'),(191,'Edmund Jennings Randolph to John Jay. Philadelphia, August 15, 1794',3,NULL,'http://wwwapp.cc.columbia.edu/ldpd/jay/item?mode=item&key=columbia.jay.04305',NULL,'2012-02-07 13:10:55','2012-02-07 13:10:55'),(192,'Edmund Jennings Randolph to John Jay. Philadelphia, August 15, 1794',3,NULL,'http://wwwapp.cc.columbia.edu/ldpd/jay/item?mode=item&key=columbia.jay.04437',NULL,'2012-02-07 13:10:55','2012-02-07 13:10:55'),(193,'William Bayard to John Jay. Southampton, August 16, 1794',3,NULL,'http://wwwapp.cc.columbia.edu/ldpd/jay/item?mode=item&key=columbia.jay.08362',NULL,'2012-02-07 13:10:55','2012-02-07 13:10:55'),(194,'William Grenville to John Jay. London, August 17, 1794',3,NULL,'http://wwwapp.cc.columbia.edu/ldpd/jay/item?mode=item&key=columbia.jay.08530',NULL,'2012-02-07 13:10:55','2012-02-07 13:10:55'),(195,'Edmund Jennings Randolph to John Jay. Philadelphia, August 18, 1794',3,NULL,'http://wwwapp.cc.columbia.edu/ldpd/jay/item?mode=item&key=columbia.jay.04306',NULL,'2012-02-07 13:10:55','2012-02-07 13:10:55'),(196,'Edmund Jennings Randolph to John Jay. Philadelphia, August 18, 1794',3,NULL,'http://wwwapp.cc.columbia.edu/ldpd/jay/item?mode=item&key=columbia.jay.04438',NULL,'2012-02-07 13:10:55','2012-02-07 13:10:55'),(197,'Sarah Livingston Jay to John Jay. New York, August 27, 1794',3,NULL,'http://wwwapp.cc.columbia.edu/ldpd/jay/item?mode=item&key=columbia.jay.06559',NULL,'2012-02-07 13:10:55','2012-02-07 13:10:55'),(198,'Edmund Jennings Randolph to John Jay. Philadelphia, August 30, 1794',3,NULL,'http://wwwapp.cc.columbia.edu/ldpd/jay/item?mode=item&key=columbia.jay.00066',NULL,'2012-02-07 13:10:55','2012-02-07 13:10:55'),(199,'Edmund Jennings Randolph to John Jay. Philadelphia, August 30, 1794',3,NULL,'http://wwwapp.cc.columbia.edu/ldpd/jay/item?mode=item&key=columbia.jay.00611',NULL,'2012-02-07 13:10:55','2012-02-07 13:10:55'),(200,'Edmund Jennings Randolph to John Jay. Philadelphia, August 30, 1794',3,NULL,'http://wwwapp.cc.columbia.edu/ldpd/jay/item?mode=item&key=columbia.jay.04309',NULL,'2012-02-07 13:10:55','2012-02-07 13:10:55'),(201,'Edmund Jennings Randolph to John Jay. Philadelphia, August 30, 1794',3,NULL,'http://wwwapp.cc.columbia.edu/ldpd/jay/item?mode=item&key=columbia.jay.04441',NULL,'2012-02-07 13:10:55','2012-02-07 13:10:55'),(202,'George Washington to John Jay. Philadelphia, August 30, 1794',3,NULL,'http://wwwapp.cc.columbia.edu/ldpd/jay/item?mode=item&key=columbia.jay.00690',NULL,'2012-02-07 13:10:55','2012-02-07 13:10:55'),(203,'George Washington to John Jay. Philadelphia, August 30, 1794',3,NULL,'http://wwwapp.cc.columbia.edu/ldpd/jay/item?mode=item&key=columbia.jay.07255',NULL,'2012-02-07 13:10:55','2012-02-07 13:10:55'),(204,'George Washington to John Jay. Philadelphia, August 30, 1794',3,NULL,'http://wwwapp.cc.columbia.edu/ldpd/jay/item?mode=item&key=columbia.jay.10632',NULL,'2012-02-07 13:10:55','2012-02-07 13:10:55'),(205,'Peter Jay Munro to John Jay. New York, August 30, 1794',3,NULL,'http://wwwapp.cc.columbia.edu/ldpd/jay/item?mode=item&key=columbia.jay.00426',NULL,'2012-02-07 13:10:55','2012-02-07 13:10:55'),(206,'William Grenville to John Jay. London, August 30, 1794',3,NULL,'http://wwwapp.cc.columbia.edu/ldpd/jay/item?mode=item&key=columbia.jay.04446',NULL,'2012-02-07 13:10:55','2012-02-07 13:10:55'),(207,'Lady Payne to John Jay. London, September 1794',3,NULL,'http://wwwapp.cc.columbia.edu/ldpd/jay/item?mode=item&key=columbia.jay.07039',NULL,'2012-02-07 13:10:55','2012-02-07 13:10:55'),(208,'Edmund Jennings Randolph to John Jay. Philadelphia, September  5, 1794',3,NULL,'http://wwwapp.cc.columbia.edu/ldpd/jay/item?mode=item&key=columbia.jay.04442',NULL,'2012-02-07 13:10:55','2012-02-07 13:10:55'),(209,'George Washington to John Jay. Philadelphia, September  5, 1794',3,NULL,'http://wwwapp.cc.columbia.edu/ldpd/jay/item?mode=item&key=columbia.jay.10633',NULL,'2012-02-07 13:10:55','2012-02-07 13:10:55'),(210,'William Grenville to John Jay. London, September  5, 1794',3,NULL,'http://wwwapp.cc.columbia.edu/ldpd/jay/item?mode=item&key=columbia.jay.04317',NULL,'2012-02-07 13:10:55','2012-02-07 13:10:55'),(211,'William Grenville to John Jay. London, September  7, 1794',3,NULL,'http://wwwapp.cc.columbia.edu/ldpd/jay/item?mode=item&key=columbia.jay.04450',NULL,'2012-02-07 13:10:55','2012-02-07 13:10:55'),(212,'William Grenville to John Jay. London, September  7, 1794',3,NULL,'http://wwwapp.cc.columbia.edu/ldpd/jay/item?mode=item&key=columbia.jay.12780',NULL,'2012-02-07 13:10:55','2012-02-07 13:10:55'),(213,'William Grenville to John Jay. London, September  7, 1794',3,NULL,'http://wwwapp.cc.columbia.edu/ldpd/jay/item?mode=item&key=columbia.jay.05003',NULL,'2012-02-07 13:10:55','2012-02-07 13:10:55'),(214,'Henry Dundas, Viscount Melville to John Jay. London, September  9, 1794',3,NULL,'http://wwwapp.cc.columbia.edu/ldpd/jay/item?mode=item&key=columbia.jay.05436',NULL,'2012-02-07 13:10:55','2012-02-07 13:10:55'),(215,'Henry Dundas, Viscount Melville to John Jay. London, September 10, 1794',3,NULL,'http://wwwapp.cc.columbia.edu/ldpd/jay/item?mode=item&key=columbia.jay.05573',NULL,'2012-02-07 13:10:55','2012-02-07 13:10:55'),(216,'William Scott, Baron Stowell to John Jay. London, September 10, 1794',3,NULL,'http://wwwapp.cc.columbia.edu/ldpd/jay/item?mode=item&key=columbia.jay.04319',NULL,'2012-02-07 13:10:55','2012-02-07 13:10:55'),(217,'Edmund Jennings Randolph to John Jay. Philadelphia, September 12, 1794',3,NULL,'http://wwwapp.cc.columbia.edu/ldpd/jay/item?mode=item&key=columbia.jay.00608',NULL,'2012-02-07 13:10:55','2012-02-07 13:10:55'),(218,'Edmund Jennings Randolph to John Jay. Philadelphia, September 12, 1794',3,NULL,'http://wwwapp.cc.columbia.edu/ldpd/jay/item?mode=item&key=columbia.jay.04310',NULL,'2012-02-07 13:10:55','2012-02-07 13:10:55'),(219,'Edmund Jennings Randolph to John Jay. Philadelphia, September 12, 1794',3,NULL,'http://wwwapp.cc.columbia.edu/ldpd/jay/item?mode=item&key=columbia.jay.04443',NULL,'2012-02-07 13:10:55','2012-02-07 13:10:55'),(220,'Edmund Jennings Randolph to John Jay. Philadelphia, September 15, 1794',3,NULL,'http://wwwapp.cc.columbia.edu/ldpd/jay/item?mode=item&key=columbia.jay.04321',NULL,'2012-02-07 13:10:55','2012-02-07 13:10:55'),(221,'La Rouchefoucauld to John Jay. London, September 16, 1794',3,NULL,'http://wwwapp.cc.columbia.edu/ldpd/jay/item?mode=item&key=columbia.jay.90371',NULL,'2012-02-07 13:10:55','2012-02-07 13:10:55'),(222,'Sir Robert Herries to John Jay. London, September 16, 1794',3,NULL,'http://wwwapp.cc.columbia.edu/ldpd/jay/item?mode=item&key=columbia.jay.05673',NULL,'2012-02-07 13:10:55','2012-02-07 13:10:55'),(223,'Alexander Hamilton to John Jay. Philadelphia, September 17, 1794',3,NULL,'http://wwwapp.cc.columbia.edu/ldpd/jay/item?mode=item&key=columbia.jay.10769',NULL,'2012-02-07 13:10:55','2012-02-07 13:10:55'),(224,'Edmund Jennings Randolph to John Jay. Philadelphia, September 17, 1794',3,NULL,'http://wwwapp.cc.columbia.edu/ldpd/jay/item?mode=item&key=columbia.jay.00609',NULL,'2012-02-07 13:10:55','2012-02-07 13:10:55'),(225,'Edmund Jennings Randolph to John Jay. Philadelphia, September 17, 1794',3,NULL,'http://wwwapp.cc.columbia.edu/ldpd/jay/item?mode=item&key=columbia.jay.04323',NULL,'2012-02-07 13:10:55','2012-02-07 13:10:55'),(226,'Edmund Jennings Randolph to John Jay. Philadelphia, September 17, 1794',3,NULL,'http://wwwapp.cc.columbia.edu/ldpd/jay/item?mode=item&key=columbia.jay.04453',NULL,'2012-02-07 13:10:55','2012-02-07 13:10:55'),(227,'Peter Jay Munro to John Jay. New York, September 18, 1794',3,NULL,'http://wwwapp.cc.columbia.edu/ldpd/jay/item?mode=item&key=columbia.jay.00428',NULL,'2012-02-07 13:10:55','2012-02-07 13:10:55'),(228,'Edmund Jennings Randolph to John Jay. Philadelphia, September 20, 1794',3,NULL,'http://wwwapp.cc.columbia.edu/ldpd/jay/item?mode=item&key=columbia.jay.04324',NULL,'2012-02-07 13:10:55','2012-02-07 13:10:55'),(229,'Edmund Jennings Randolph to John Jay. Philadelphia, September 20, 1794',3,NULL,'http://wwwapp.cc.columbia.edu/ldpd/jay/item?mode=item&key=columbia.jay.04455',NULL,'2012-02-07 13:10:55','2012-02-07 13:10:55'),(230,'Richard Colley Wesley, Lord Mornington to John Jay. London, September 25, 1794',3,NULL,'http://wwwapp.cc.columbia.edu/ldpd/jay/item?mode=item&key=columbia.jay.00044',NULL,'2012-02-07 13:10:55','2012-02-07 13:10:55'),(231,'Sarah Livingston Jay to John Jay. New York, September 27, 1794',3,NULL,'http://wwwapp.cc.columbia.edu/ldpd/jay/item?mode=item&key=columbia.jay.06560',NULL,'2012-02-07 13:10:55','2012-02-07 13:10:55'),(232,'Richard Colley Wesley, Lord Mornington to John Jay. London, September 30, 1794',3,NULL,'http://wwwapp.cc.columbia.edu/ldpd/jay/item?mode=item&key=columbia.jay.06954',NULL,'2012-02-07 13:10:55','2012-02-07 13:10:55'),(233,'Hyacinthe Gabrielle Roland, Lady Mornington to John Jay. London, October  2, 1794',3,NULL,'http://wwwapp.cc.columbia.edu/ldpd/jay/item?mode=item&key=columbia.jay.06955',NULL,'2012-02-07 13:10:55','2012-02-07 13:10:55'),(234,'William Grenville to John Jay. London, October  7, 1794',3,NULL,'http://wwwapp.cc.columbia.edu/ldpd/jay/item?mode=item&key=columbia.jay.08534',NULL,'2012-02-07 13:10:55','2012-02-07 13:10:55'),(235,'Alexander Wedderburn, Baron Loughborough to John Jay. London, October 10, 1794',3,NULL,'http://wwwapp.cc.columbia.edu/ldpd/jay/item?mode=item&key=columbia.jay.06913',NULL,'2012-02-07 13:10:55','2012-02-07 13:10:55'),(236,'Edmund Jennings Randolph to John Jay. Philadelphia, October 11, 1794',3,NULL,'http://wwwapp.cc.columbia.edu/ldpd/jay/item?mode=item&key=columbia.jay.04326',NULL,'2012-02-07 13:10:55','2012-02-07 13:10:55'),(237,'Edmund Jennings Randolph to John Jay. Philadelphia, October 11, 1794',3,NULL,'http://wwwapp.cc.columbia.edu/ldpd/jay/item?mode=item&key=columbia.jay.04457',NULL,'2012-02-07 13:10:55','2012-02-07 13:10:55'),(238,'Peter Jay Munro to John Jay. New York, October 11, 1794',3,NULL,'http://wwwapp.cc.columbia.edu/ldpd/jay/item?mode=item&key=columbia.jay.00429',NULL,'2012-02-07 13:10:55','2012-02-07 13:10:55'),(239,'Sarah Livingston Jay to John Jay. New York, October 11, 1794',3,NULL,'http://wwwapp.cc.columbia.edu/ldpd/jay/item?mode=item&key=columbia.jay.06561',NULL,'2012-02-07 13:10:55','2012-02-07 13:10:55'),(240,'John Sloss Hobart to John Jay. Throggs Neck, October 16, 1794',3,NULL,'http://wwwapp.cc.columbia.edu/ldpd/jay/item?mode=item&key=columbia.jay.05676',NULL,'2012-02-07 13:10:55','2012-02-07 13:10:55'),(241,'Peter Jay Munro to John Jay. New York, October 16, 1794',3,NULL,'http://wwwapp.cc.columbia.edu/ldpd/jay/item?mode=item&key=columbia.jay.00430',NULL,'2012-02-07 13:10:55','2012-02-07 13:10:55'),(242,'Peter Jay Munro to John Jay. New York, October 16, 1794',3,NULL,'http://wwwapp.cc.columbia.edu/ldpd/jay/item?mode=item&key=columbia.jay.09375',NULL,'2012-02-07 13:10:55','2012-02-07 13:10:55'),(243,'William Petty, Marquis of Lansdowne to John Jay. London, October 19, 1794',3,NULL,'http://wwwapp.cc.columbia.edu/ldpd/jay/item?mode=item&key=columbia.jay.08180',NULL,'2012-02-07 13:10:55','2012-02-07 13:10:55'),(244,'Edmund Jennings Randolph to John Jay. Philadelphia, October 20, 1794',3,NULL,'http://wwwapp.cc.columbia.edu/ldpd/jay/item?mode=item&key=columbia.jay.00610',NULL,'2012-02-07 13:10:55','2012-02-07 13:10:55'),(245,'Edmund Jennings Randolph to John Jay. Philadelphia, October 20, 1794',3,NULL,'http://wwwapp.cc.columbia.edu/ldpd/jay/item?mode=item&key=columbia.jay.04327',NULL,'2012-02-07 13:10:55','2012-02-07 13:10:55'),(246,'Edmund Jennings Randolph to John Jay. Philadelphia, October 20, 1794',3,NULL,'http://wwwapp.cc.columbia.edu/ldpd/jay/item?mode=item&key=columbia.jay.04458',NULL,'2012-02-07 13:10:55','2012-02-07 13:10:55'),(247,'Sir Clement Cottrell Dormer to John Jay. Rousham House, October 23, 1794',3,NULL,'http://wwwapp.cc.columbia.edu/ldpd/jay/item?mode=item&key=columbia.jay.05553',NULL,'2012-02-07 13:10:55','2012-02-07 13:10:55'),(248,'Sarah Livingston Jay to John Jay. New York, October 25, 1794',3,NULL,'http://wwwapp.cc.columbia.edu/ldpd/jay/item?mode=item&key=columbia.jay.06538',NULL,'2012-02-07 13:10:55','2012-02-07 13:10:55'),(249,'Rodolf Vall-Travers to John Jay. The Hague, October 28, 1794',3,NULL,'http://wwwapp.cc.columbia.edu/ldpd/jay/item?mode=item&key=columbia.jay.07214',NULL,'2012-02-07 13:10:55','2012-02-07 13:10:55'),(250,'Chevalier Du Jay to John Jay. Nijmegen, October 29, 1794',3,NULL,'http://wwwapp.cc.columbia.edu/ldpd/jay/item?mode=item&key=columbia.jay.08560',NULL,'2012-02-07 13:10:55','2012-02-07 13:10:55'),(251,'Edmund Jennings Randolph to John Jay. Philadelphia, October 29, 1794',3,NULL,'http://wwwapp.cc.columbia.edu/ldpd/jay/item?mode=item&key=columbia.jay.00612',NULL,'2012-02-07 13:10:55','2012-02-07 13:10:55'),(252,'Edmund Jennings Randolph to John Jay. Philadelphia, October 29, 1794',3,NULL,'http://wwwapp.cc.columbia.edu/ldpd/jay/item?mode=item&key=columbia.jay.04328',NULL,'2012-02-07 13:10:55','2012-02-07 13:10:55'),(253,'Edmund Jennings Randolph to John Jay. Philadelphia, October 29, 1794',3,NULL,'http://wwwapp.cc.columbia.edu/ldpd/jay/item?mode=item&key=columbia.jay.04459',NULL,'2012-02-07 13:10:55','2012-02-07 13:10:55'),(254,'John Drayton to John Jay. Charleston, October 30, 1794',3,NULL,'http://wwwapp.cc.columbia.edu/ldpd/jay/item?mode=item&key=columbia.jay.09826',NULL,'2012-02-07 13:10:55','2012-02-07 13:10:55'),(255,'William Grenville to John Jay. London, October 30, 1794',3,NULL,'http://wwwapp.cc.columbia.edu/ldpd/jay/item?mode=item&key=columbia.jay.08535',NULL,'2012-02-07 13:10:55','2012-02-07 13:10:55'),(256,'William Grenville to John Jay. London, October 31, 1794',3,NULL,'http://wwwapp.cc.columbia.edu/ldpd/jay/item?mode=item&key=columbia.jay.08536',NULL,'2012-02-07 13:10:55','2012-02-07 13:10:55'),(257,'William Grenville to John Jay. London, November 1794',3,NULL,'http://wwwapp.cc.columbia.edu/ldpd/jay/item?mode=item&key=columbia.jay.10693',NULL,'2012-02-07 13:10:55','2012-02-07 13:10:55'),(258,'George Washington to John Jay. Philadelphia, November  1, 1794',3,NULL,'http://wwwapp.cc.columbia.edu/ldpd/jay/item?mode=item&key=columbia.jay.00688',NULL,'2012-02-07 13:10:55','2012-02-07 13:10:55'),(259,'George Washington to John Jay. Philadelphia, November  1, 1794',3,NULL,'http://wwwapp.cc.columbia.edu/ldpd/jay/item?mode=item&key=columbia.jay.07256',NULL,'2012-02-07 13:10:55','2012-02-07 13:10:55'),(260,'George Washington to John Jay. Philadelphia, November  1, 1794',3,NULL,'http://wwwapp.cc.columbia.edu/ldpd/jay/item?mode=item&key=columbia.jay.10637',NULL,'2012-02-07 13:10:55','2012-02-07 13:10:55'),(261,'Sarah Livingston Jay to John Jay. New York, November  1, 1794',3,NULL,'http://wwwapp.cc.columbia.edu/ldpd/jay/item?mode=item&key=columbia.jay.06562',NULL,'2012-02-07 13:10:55','2012-02-07 13:10:55'),(262,'William Grenville to John Jay. London, November  1, 1794',3,NULL,'http://wwwapp.cc.columbia.edu/ldpd/jay/item?mode=item&key=columbia.jay.05012',NULL,'2012-02-07 13:10:55','2012-02-07 13:10:55'),(263,'Alexander Wedderburn, Baron Loughborough to John Jay. London, November  3, 1794',3,NULL,'http://wwwapp.cc.columbia.edu/ldpd/jay/item?mode=item&key=columbia.jay.05511',NULL,'2012-02-07 13:10:55','2012-02-07 13:10:55'),(264,'Edmund Jennings Randolph to John Jay. Philadelphia, November  3, 1794',3,NULL,'http://wwwapp.cc.columbia.edu/ldpd/jay/item?mode=item&key=columbia.jay.00615',NULL,'2012-02-07 13:10:55','2012-02-07 13:10:55'),(265,'Edmund Jennings Randolph to John Jay. Philadelphia, November  3, 1794',3,NULL,'http://wwwapp.cc.columbia.edu/ldpd/jay/item?mode=item&key=columbia.jay.04334',NULL,'2012-02-07 13:10:55','2012-02-07 13:10:55'),(266,'Edmund Jennings Randolph to John Jay. Philadelphia, November  3, 1794',3,NULL,'http://wwwapp.cc.columbia.edu/ldpd/jay/item?mode=item&key=columbia.jay.04462',NULL,'2012-02-07 13:10:55','2012-02-07 13:10:55'),(267,'Lanberdiere to John Jay. Midleton, November  6, 1794',3,NULL,'http://wwwapp.cc.columbia.edu/ldpd/jay/item?mode=item&key=columbia.jay.08562',NULL,'2012-02-07 13:10:55','2012-02-07 13:10:55'),(268,'Edmund Jennings Randolph to John Jay. Philadelphia, November  7, 1794',3,NULL,'http://wwwapp.cc.columbia.edu/ldpd/jay/item?mode=item&key=columbia.jay.00617',NULL,'2012-02-07 13:10:55','2012-02-07 13:10:55'),(269,'Edmund Jennings Randolph to John Jay. Philadelphia, November  7, 1794',3,NULL,'http://wwwapp.cc.columbia.edu/ldpd/jay/item?mode=item&key=columbia.jay.04333',NULL,'2012-02-07 13:10:55','2012-02-07 13:10:55'),(270,'Edmund Jennings Randolph to John Jay. Philadelphia, November  7, 1794',3,NULL,'http://wwwapp.cc.columbia.edu/ldpd/jay/item?mode=item&key=columbia.jay.04463',NULL,'2012-02-07 13:10:55','2012-02-07 13:10:55'),(271,'Edmund Jennings Randolph to John Jay. Philadelphia, November  8, 1794',3,NULL,'http://wwwapp.cc.columbia.edu/ldpd/jay/item?mode=item&key=columbia.jay.04332',NULL,'2012-02-07 13:10:55','2012-02-07 13:10:55'),(272,'Edmund Jennings Randolph to John Jay. Philadelphia, November  8, 1794',3,NULL,'http://wwwapp.cc.columbia.edu/ldpd/jay/item?mode=item&key=columbia.jay.04464',NULL,'2012-02-07 13:10:55','2012-02-07 13:10:55'),(273,'Edmund Jennings Randolph to John Jay. Philadelphia, November  8, 1794',3,NULL,'http://wwwapp.cc.columbia.edu/ldpd/jay/item?mode=item&key=columbia.jay.11937',NULL,'2012-02-07 13:10:55','2012-02-07 13:10:55'),(274,'John Kean to John Jay. Philadelphia, November  8, 1794',3,NULL,'http://wwwapp.cc.columbia.edu/ldpd/jay/item?mode=item&key=columbia.jay.08639',NULL,'2012-02-07 13:10:55','2012-02-07 13:10:55'),(275,'Tench Coxe to John Jay. Philadelphia, November  8, 1794',3,NULL,'http://wwwapp.cc.columbia.edu/ldpd/jay/item?mode=item&key=columbia.jay.09823',NULL,'2012-02-07 13:10:55','2012-02-07 13:10:55'),(276,'William Grenville to John Jay. London, November 10, 1794',3,NULL,'http://wwwapp.cc.columbia.edu/ldpd/jay/item?mode=item&key=columbia.jay.08537',NULL,'2012-02-07 13:10:55','2012-02-07 13:10:55'),(277,'William Grenville to John Jay. London, November 10, 1794',3,NULL,'http://wwwapp.cc.columbia.edu/ldpd/jay/item?mode=item&key=columbia.jay.08538',NULL,'2012-02-07 13:10:55','2012-02-07 13:10:55'),(278,'Sarah Livingston Jay to John Jay. New York, November 11, 1794',3,NULL,'http://wwwapp.cc.columbia.edu/ldpd/jay/item?mode=item&key=columbia.jay.06563',NULL,'2012-02-07 13:10:55','2012-02-07 13:10:55'),(279,'Edmund Jennings Randolph to John Jay. Philadelphia, November 12, 1794',3,NULL,'http://wwwapp.cc.columbia.edu/ldpd/jay/item?mode=item&key=columbia.jay.00618',NULL,'2012-02-07 13:10:55','2012-02-07 13:10:55'),(280,'Sarah Livingston Jay to John Jay. New York, November 12, 1794',3,NULL,'http://wwwapp.cc.columbia.edu/ldpd/jay/item?mode=item&key=columbia.jay.06564',NULL,'2012-02-07 13:10:55','2012-02-07 13:10:55'),(281,'John Quincy Adams to John Jay. The Hague, November 14, 1794',3,NULL,'http://wwwapp.cc.columbia.edu/ldpd/jay/item?mode=item&key=columbia.jay.00047',NULL,'2012-02-07 13:10:55','2012-02-07 13:10:55'),(282,'William Grenville to John Jay. London, November 14, 1794',3,NULL,'http://wwwapp.cc.columbia.edu/ldpd/jay/item?mode=item&key=columbia.jay.08540',NULL,'2012-02-07 13:10:55','2012-02-07 13:10:55'),(283,'John Quincy Adams to John Jay. The Hague, November 16, 1794',3,NULL,'http://wwwapp.cc.columbia.edu/ldpd/jay/item?mode=item&key=columbia.jay.09689',NULL,'2012-02-07 13:10:55','2012-02-07 13:10:55'),(284,'Peter Jay Munro to John Jay. New York, November 18, 1794',3,NULL,'http://wwwapp.cc.columbia.edu/ldpd/jay/item?mode=item&key=columbia.jay.00433',NULL,'2012-02-07 13:10:55','2012-02-07 13:10:55'),(285,'Sarah Livingston Jay to John Jay. New York, November 18, 1794',3,NULL,'http://wwwapp.cc.columbia.edu/ldpd/jay/item?mode=item&key=columbia.jay.06565',NULL,'2012-02-07 13:10:55','2012-02-07 13:10:55'),(286,'James Monroe to John Jay. Paris, November 19, 1794',3,NULL,'http://wwwapp.cc.columbia.edu/ldpd/jay/item?mode=item&key=columbia.jay.13602',NULL,'2012-02-07 13:10:55','2012-02-07 13:10:55'),(287,'Peter Jay Munro to John Jay. New York, November 19, 1794',3,NULL,'http://wwwapp.cc.columbia.edu/ldpd/jay/item?mode=item&key=columbia.jay.00434',NULL,'2012-02-07 13:10:55','2012-02-07 13:10:55'),(288,'Peter Jay Munro to John Jay. New York, November 19, 1794',3,NULL,'http://wwwapp.cc.columbia.edu/ldpd/jay/item?mode=item&key=columbia.jay.09372',NULL,'2012-02-07 13:10:55','2012-02-07 13:10:55'),(289,'William Grenville to John Jay. London, November 19, 1794',3,NULL,'http://wwwapp.cc.columbia.edu/ldpd/jay/item?mode=item&key=columbia.jay.00045',NULL,'2012-02-07 13:10:55','2012-02-07 13:10:55'),(290,'William Grenville to John Jay. London, November 19, 1794',3,NULL,'http://wwwapp.cc.columbia.edu/ldpd/jay/item?mode=item&key=columbia.jay.04340',NULL,'2012-02-07 13:10:55','2012-02-07 13:10:55'),(291,'Liancour to John Jay. London, September 16, 1794',3,NULL,'http://wwwapp.cc.columbia.edu/ldpd/jay/item?mode=item&key=columbia.jay.06781',NULL,'2012-02-07 13:10:55','2012-02-07 13:10:55'),(292,'John de Neufville & Son to John Jay. ?, November 13, 1794',3,NULL,'http://wwwapp.cc.columbia.edu/ldpd/jay/item?mode=item&key=columbia.jay.12565',NULL,'2012-02-07 13:10:55','2012-02-07 13:10:55'),(293,'John Stagg to Henry Knox. Philadelphia, May 17, 1794',3,NULL,'http://wwwapp.cc.columbia.edu/ldpd/jay/image?key=columbia.jay.00888',NULL,'2012-02-07 13:10:55','2012-02-07 13:10:55'),(294,'Alexander Campbell to John Hamilton. Richmond, April 10, 1794',3,NULL,'http://wwwapp.cc.columbia.edu/ldpd/jay/image?key=columbia.jay.00888&p=296',NULL,'2012-02-07 13:10:55','2012-02-07 13:10:55'),(295,'Robert Taylor to Sir Charles Henry Knowles. Norfolk, April 14, 1794',3,NULL,'http://wwwapp.cc.columbia.edu/ldpd/jay/image?key=columbia.jay.00888&p=299',NULL,'2012-02-07 13:10:55','2012-02-07 13:10:55'),(296,'George Hammond to Edmund Jennings Randolph. Philadelphia, April 11, 1794',3,NULL,'http://wwwapp.cc.columbia.edu/ldpd/jay/image?key=columbia.jay.00888&p=365',NULL,'2012-02-07 13:10:55','2012-02-07 13:10:55'),(297,'Edmund Jennings Randolph to Thomas Fitzsimmons. Philadelphia, June 30, 1794',3,NULL,'http://wwwapp.cc.columbia.edu/ldpd/jay/image?key=columbia.jay.00888&p=390',NULL,'2012-02-07 13:10:55','2012-02-07 13:10:55'),(298,'Nathaniel Cabot Higginson to Edmund Jennings Randolph. Bridgetown, June 12, 1794',3,NULL,'http://wwwapp.cc.columbia.edu/ldpd/jay/image?key=columbia.jay.00888&p=487',NULL,'2012-02-07 13:10:55','2012-02-07 13:10:55');

--
-- Table structure for table `continents`
--

CREATE TABLE `continents` (
  `id` int(11) NOT NULL AUTO_INCREMENT,
  `name` varchar(255) DEFAULT NULL,
  `created_at` datetime DEFAULT NULL,
  `updated_at` datetime DEFAULT NULL,
  PRIMARY KEY (`id`)
) ENGINE=InnoDB AUTO_INCREMENT=930672605 DEFAULT CHARSET=latin1;

--
-- Dumping data for table `continents`
--

INSERT INTO `continents` VALUES (74295373,'North America','2009-03-13 14:03:25','2009-03-13 14:03:25'),(432531999,'Africa','2009-03-13 14:03:25','2009-03-13 14:03:25'),(619340803,'South America','2009-03-13 14:03:25','2009-03-13 14:03:25'),(655351082,'Asia','2009-03-13 14:03:25','2009-03-13 14:03:25'),(930672604,'Europe','2009-03-13 14:03:25','2009-03-13 14:03:25');

--
-- Table structure for table `coordinate_systems`
--

CREATE TABLE `coordinate_systems` (
  `id` int(11) NOT NULL AUTO_INCREMENT,
  `short_name` varchar(50) DEFAULT NULL,
  `long_name` varchar(255) DEFAULT NULL,
  `notes` text,
  `created_at` datetime DEFAULT NULL,
  `updated_at` datetime DEFAULT NULL,
  `reference` varchar(255) DEFAULT NULL,
  PRIMARY KEY (`id`)
) ENGINE=InnoDB AUTO_INCREMENT=2 DEFAULT CHARSET=latin1;

--
-- Dumping data for table `coordinate_systems`
--

INSERT INTO `coordinate_systems` VALUES (1,'WGS 84',NULL,NULL,NULL,NULL,NULL);

--
-- Table structure for table `django_admin_log`
--

CREATE TABLE `django_admin_log` (
  `id` int(11) NOT NULL AUTO_INCREMENT,
  `action_time` datetime NOT NULL,
  `user_id` int(11) NOT NULL,
  `content_type_id` int(11) DEFAULT NULL,
  `object_id` longtext,
  `object_repr` varchar(200) NOT NULL,
  `action_flag` smallint(5) unsigned NOT NULL,
  `change_message` longtext NOT NULL,
  PRIMARY KEY (`id`),
  KEY `django_admin_log_fbfc09f1` (`user_id`),
  KEY `django_admin_log_e4470c6e` (`content_type_id`)
) ENGINE=InnoDB AUTO_INCREMENT=104 DEFAULT CHARSET=latin1;

--
-- Dumping data for table `django_admin_log`
--

INSERT INTO `django_admin_log` VALUES (1,'2012-10-02 21:02:46',1,3,'1','jabauer',2,'Changed password, first_name and last_name.'),(2,'2012-10-07 00:40:44',1,42,'654','Nathaniel Falconer',2,'Changed sort_name.'),(3,'2012-10-07 00:40:59',1,42,'653','J. Yeates',2,'Changed sort_name.'),(4,'2012-10-09 20:20:44',1,46,'12','Charge d\'Affaires a.i.',2,'Changed name.'),(5,'2012-10-30 21:09:33',1,42,'652','William Bradford',2,'Changed sort_name.'),(6,'2012-10-30 21:09:42',1,42,'651','James Ross',2,'Changed sort_name.'),(7,'2012-10-30 21:09:52',1,42,'650','John Stagg',2,'Changed sort_name.'),(8,'2012-10-30 21:35:54',1,60,'18','United States Attorney',2,'No fields changed.'),(9,'2012-10-30 21:52:51',1,42,'654','Nathaniel Falconer',2,'No fields changed.'),(10,'2012-11-01 20:16:24',1,6,'1','localhost:8000',2,'Changed domain and name.'),(11,'2012-11-01 21:24:51',1,42,'649','Henry Knox',2,'Changed sort_name.'),(12,'2012-11-01 21:27:20',1,42,'648','Liancour',2,'Changed sort_name.'),(13,'2012-11-01 21:27:35',1,42,'647','John Kean',2,'Changed sort_name.'),(14,'2012-11-01 21:27:47',1,42,'646','Lanberdiere',2,'Changed sort_name.'),(15,'2012-11-01 21:28:17',1,42,'645','John Drayton',2,'Changed sort_name and sex.'),(16,'2012-11-01 21:28:54',1,42,'648','Liancour',2,'Changed sex.'),(17,'2012-11-01 21:28:58',1,42,'647','John Kean',2,'Changed sex.'),(18,'2012-11-01 21:29:25',1,42,'644','Chevalier Du Jay',2,'Changed sort_name and sex.'),(19,'2012-11-01 21:29:39',1,42,'643','Rodolf Vall-Travers',2,'Changed sort_name and sex.'),(20,'2012-11-01 21:30:01',1,42,'642','Sir Clement Cottrell Dormer',2,'Changed sort_name and sex.'),(21,'2012-11-01 21:30:11',1,42,'641','John Sloss Hobart',2,'Changed sort_name and sex.'),(22,'2012-11-01 21:37:29',1,42,'640','Alexander Wedderburn, Baron Loughborough',2,'Changed sort_name.'),(23,'2012-11-01 21:38:31',1,42,'649','Henry Knox',2,'Changed sort_name.'),(24,'2012-11-01 21:38:37',1,42,'649','Henry Knox',2,'Changed sort_name.'),(25,'2012-11-01 21:39:24',1,42,'639','Hyacinthe Gabrielle Roland, Lady Mornington',2,'Changed sort_name and sex.'),(26,'2012-11-01 21:40:04',1,42,'638','Richard Colley Wesley, Lord Mornington',2,'Changed sort_name and sex.'),(27,'2012-11-01 21:40:23',1,42,'637','Sir Robert Herries',2,'Changed sort_name and sex.'),(28,'2012-11-01 21:40:45',1,42,'636','La Rouchefoucauld',2,'Changed sort_name.'),(29,'2012-11-01 21:49:10',1,60,'19','Secretary of State for War',1,''),(30,'2012-11-01 21:50:18',1,42,'635','Henry Dundas, Viscount Melville',2,'Changed sort_name, sex, birth_date, birth_year_known, birth_month_known, birth_day_known, death_date, death_year_known, death_month_known, death_day_known and state. Added occupation \"Henry Dundas, Viscount Melville, lawyer\". Added occupation \"Henry Dundas, Viscount Melville, Secretary of State for War\".'),(31,'2012-11-01 21:50:34',1,42,'634','Lady Payne',2,'Changed sort_name and sex.'),(32,'2012-11-01 21:51:04',1,42,'633','William Scott, Baron Stowell',2,'Changed sort_name and sex.'),(33,'2012-11-01 21:51:33',1,42,'632','Mathew Clarkson',2,'Changed sort_name and sex.'),(34,'2012-11-01 21:55:45',1,42,'631','William Temple Franklin',2,'Changed sort_name, sex, birth_date, birth_year_known, birth_month_known, birth_day_known, death_date, death_year_known, death_month_known and death_day_known.'),(35,'2012-11-01 22:03:01',1,42,'631','William Temple Franklin',2,'Changed notes.'),(36,'2012-11-01 22:03:12',1,42,'630','Mrs. Chalmers',2,'Changed sort_name and sex.'),(37,'2012-11-03 18:58:40',1,42,'629','Harvey Reuben',2,'Changed sort_name and sex.'),(38,'2012-11-03 18:59:53',1,42,'628','William Petty, Marquis of Lansdowne',2,'Changed sort_name and sex.'),(39,'2012-11-03 19:00:07',1,42,'627','Lindley Murray',2,'Changed sort_name.'),(40,'2012-11-03 19:00:23',1,42,'626','Sarah Vaughan',2,'Changed sort_name and sex.'),(41,'2012-11-03 19:00:37',1,42,'625','Edward Gardiner',2,'Changed sort_name and sex.'),(42,'2012-11-03 19:01:07',1,42,'624','W. Jackson',2,'Changed sort_name.'),(43,'2012-11-03 19:01:20',1,42,'623','Sir John Sinclair',2,'Changed sort_name and sex.'),(44,'2012-11-03 19:01:41',1,42,'622','Richard Henry Lee',2,'Changed sort_name and sex.'),(45,'2012-11-03 19:01:55',1,42,'621','Henry Waddell',2,'Changed sort_name.'),(46,'2012-11-03 19:02:10',1,42,'620','Thomas Coombe',2,'Changed sort_name and sex.'),(47,'2012-11-03 19:02:20',1,42,'619','Dell\'Acqua',2,'Changed sort_name.'),(48,'2012-11-03 19:02:44',1,42,'618','Mary Ann Lowden',2,'Changed sort_name and sex.'),(49,'2012-11-03 19:02:54',1,42,'617','Lally-Colendal',2,'Changed sort_name.'),(50,'2012-11-03 19:03:15',1,42,'616','William Augustus Miles',2,'Changed sort_name and sex.'),(51,'2012-11-03 19:03:29',1,42,'615','Del Campo',2,'Changed sort_name.'),(52,'2012-11-03 19:03:49',1,42,'614','Prince de Poix',2,'Changed sort_name and sex.'),(53,'2012-11-03 19:04:04',1,42,'613','Jacob Read',2,'Changed sort_name and sex.'),(54,'2012-11-03 19:04:13',1,42,'612','Mr. Braithwaite',2,'Changed sort_name and sex.'),(55,'2012-11-03 19:04:27',1,42,'611','William Grenville',2,'Changed sort_name and sex.'),(56,'2012-11-03 19:04:44',1,42,'609','Peter Jay Munro',2,'Changed sort_name and sex.'),(57,'2012-11-03 19:05:01',1,42,'608','Maria Jay',2,'Changed sort_name and sex.'),(58,'2012-11-03 19:05:21',1,42,'607','Tench Coxe',2,'Changed sort_name and sex.'),(59,'2012-11-03 23:34:56',1,42,'606','Alexander Hamilton',2,'Changed sort_name and sex.'),(60,'2012-11-03 23:44:16',1,68,'88','New Jersey',1,''),(61,'2012-11-03 23:44:24',1,42,'605','Sarah Livingston Jay',2,'Changed sort_name, sex, birth_date, birth_year_known, birth_month_known, birth_day_known, death_date, death_year_known, death_month_known, death_day_known and state.'),(62,'2012-11-03 23:47:27',1,60,'20','Secretary of the Treasury',1,''),(63,'2012-11-03 23:47:32',1,42,'606','Alexander Hamilton',2,'Changed birth_date, birth_year_known, birth_month_known, birth_day_known, death_date, death_year_known, death_month_known, death_day_known, state and notes. Added occupation \"Alexander Hamilton, lawyer\". Added occupation \"Alexander Hamilton, Army Officer\". Added occupation \"Alexander Hamilton, Secretary of the Treasury\".'),(64,'2012-11-04 00:03:01',1,42,'604','R. Bowen',2,'Changed sort_name.'),(65,'2012-11-04 00:03:15',1,42,'603','William Bayard',2,'Changed sort_name.'),(66,'2012-11-04 00:03:34',1,42,'602','John Anstey',2,'Changed sort_name.'),(67,'2012-11-04 00:03:48',1,42,'601','Arthur Fenner',2,'Changed sort_name.'),(68,'2012-11-04 00:04:00',1,42,'600','Vaughan',2,'Changed sort_name.'),(69,'2012-11-04 00:04:22',1,42,'598','Sir Charles Henry Knowles',2,'Changed sort_name.'),(70,'2012-11-04 00:04:38',1,42,'597','John Hamilton',2,'Changed sort_name.'),(71,'2012-11-04 00:05:02',1,42,'610','Sir Edward Newenham',2,'Changed sort_name and sex.'),(72,'2012-11-04 00:05:21',1,42,'599','Thomas Mathews',2,'Changed sort_name.'),(73,'2012-11-04 00:05:48',1,42,'596','William Moultrie',2,'Changed sort_name.'),(74,'2012-11-04 00:06:00',1,42,'595','Robert Taylor',2,'Changed sort_name.'),(75,'2012-11-04 00:06:19',1,42,'594','John C. Wederstrandt',2,'Changed sort_name.'),(76,'2012-11-04 00:06:31',1,42,'593','Alexander Campbell',2,'Changed sort_name.'),(77,'2012-11-04 00:06:43',1,42,'592','Zebulon Hollingsworth',2,'Changed sort_name.'),(78,'2012-11-04 00:06:53',1,42,'591','Coxe',2,'Changed sort_name.'),(79,'2012-11-04 00:07:02',1,42,'590','Collins',2,'Changed sort_name.'),(80,'2012-11-04 00:07:12',1,42,'589','Knox',2,'Changed sort_name.'),(81,'2012-11-04 00:08:32',1,42,'588','Anthony Wayne',2,'Changed sort_name, birth_date, birth_year_known, birth_month_known, birth_day_known, death_date, death_year_known, death_month_known and death_day_known. Added occupation \"Anthony Wayne, Army Officer\".'),(82,'2012-11-04 00:08:46',1,42,'587','William Rawle',2,'Changed sort_name.'),(83,'2012-11-04 00:09:02',1,42,'586','S. Girard',2,'Changed sort_name.'),(84,'2012-11-04 00:09:24',1,42,'585','Jean Antoine Joseph Fauchet',2,'Changed sort_name.'),(85,'2012-11-04 00:09:38',1,42,'584','John Prettijohn',2,'Changed sort_name.'),(86,'2012-11-04 00:09:47',1,42,'583','Mr. Little',2,'Changed sort_name and sex.'),(87,'2012-11-04 00:09:56',1,42,'582','R.H. Sheaffe',2,'Changed sort_name.'),(88,'2012-11-04 00:10:20',1,42,'581','Charles Williamson',2,'Changed sort_name and notes.'),(89,'2012-11-04 00:10:39',1,42,'580','Edward Cook',2,'Changed sort_name and sex.'),(90,'2012-11-04 00:10:50',1,42,'579','George Washington',2,'Changed sort_name.'),(91,'2012-11-04 00:11:03',1,42,'577','Thomas Fitzsimmons',2,'Changed sort_name.'),(92,'2012-11-04 00:11:12',1,42,'576','Cochrane',2,'Changed sort_name.'),(93,'2012-11-04 00:11:27',1,42,'575','George Clinton',2,'Changed sort_name and notes.'),(94,'2012-11-04 00:11:40',1,42,'574','David Gelston',2,'Changed sort_name and notes.'),(95,'2012-11-04 00:11:52',1,42,'573','George Hammond',2,'Changed sort_name.'),(96,'2012-11-04 00:12:09',1,42,'572','Edmund Jennings Randolph',2,'Changed sort_name.'),(97,'2012-11-04 00:12:22',1,42,'571','George Murray, Vice Admiral',2,'Changed sort_name.'),(98,'2012-11-04 00:12:34',1,42,'570','Rodney Homes',2,'Changed sort_name.'),(99,'2012-11-04 00:12:48',1,42,'578','John Hollins',2,'Changed sort_name.'),(100,'2012-12-05 00:30:21',1,42,'318','William Smith',2,'Changed notes.'),(101,'2012-12-07 17:46:21',1,64,'290','St. Kitts Island',2,'Deleted in state \"St. Kitts Island in St. Kitts Island\".'),(102,'2012-12-07 17:46:30',1,64,'290','St. Kitts Island',2,'No fields changed.'),(103,'2013-04-19 02:38:17',1,46,'14','Commercial Agent',2,'Changed commissioned and notes.');

--
-- Table structure for table `django_content_type`
--

CREATE TABLE `django_content_type` (
  `id` int(11) NOT NULL AUTO_INCREMENT,
  `app_label` varchar(100) NOT NULL,
  `model` varchar(100) NOT NULL,
  PRIMARY KEY (`id`),
  UNIQUE KEY `app_label` (`app_label`,`model`)
) ENGINE=InnoDB AUTO_INCREMENT=72 DEFAULT CHARSET=latin1;

--
-- Dumping data for table `django_content_type`
--

INSERT INTO `django_content_type` VALUES (44,'activities','assignment'),(46,'activities','assignmenttitle'),(45,'activities','assignmenttype'),(53,'activities','member'),(48,'activities','organization'),(47,'activities','organizationtype'),(50,'activities','orgevolution'),(49,'activities','orgevolutiontype'),(52,'activities','roletitle'),(51,'activities','roletype'),(7,'admin','logentry'),(2,'auth','group'),(1,'auth','permission'),(3,'auth','user'),(54,'citations','bibliography'),(55,'citations','citation'),(40,'citations','validation'),(56,'communication','enclosure'),(43,'communication','letter'),(4,'contenttypes','contenttype'),(42,'people','individual'),(71,'people','occupation'),(60,'people','occupationtitle'),(59,'people','occupationtype'),(62,'people','relationship'),(61,'people','relationshiptype'),(58,'people','residence'),(57,'people','residencetype'),(67,'places','continent'),(63,'places','coordinatesystem'),(41,'places','empire'),(70,'places','inempire'),(66,'places','inregion'),(69,'places','instate'),(64,'places','location'),(65,'places','region'),(68,'places','state'),(5,'sessions','session'),(6,'sites','site');

--
-- Table structure for table `django_migrations`
--

CREATE TABLE `django_migrations` (
  `id` int(11) NOT NULL AUTO_INCREMENT,
  `app` varchar(255) NOT NULL,
  `name` varchar(255) NOT NULL,
  `applied` datetime NOT NULL,
  PRIMARY KEY (`id`)
) ENGINE=InnoDB AUTO_INCREMENT=26 DEFAULT CHARSET=utf8;

--
-- Dumping data for table `django_migrations`
--

INSERT INTO `django_migrations` VALUES (1,'contenttypes','0001_initial','2017-05-26 20:26:51'),(2,'auth','0001_initial','2017-05-26 20:26:51'),(3,'admin','0001_initial','2017-05-26 20:26:51'),(4,'contenttypes','0002_remove_content_type_name','2017-05-26 20:26:51'),(5,'auth','0002_alter_permission_name_max_length','2017-05-26 20:26:51'),(6,'auth','0003_alter_user_email_max_length','2017-05-26 20:26:51'),(7,'auth','0004_alter_user_username_opts','2017-05-26 20:26:51'),(8,'auth','0005_alter_user_last_login_null','2017-05-26 20:26:51'),(9,'auth','0006_require_contenttypes_0002','2017-05-26 20:26:51'),(10,'sessions','0001_initial','2017-05-26 20:26:51'),(11,'sites','0001_initial','2017-05-26 20:26:51'),(12,'places','0001_initial','2018-01-26 19:19:21'),(13,'people','0001_initial','2018-01-26 19:19:21'),(14,'activities','0001_initial','2018-01-26 19:19:21'),(15,'admin','0002_logentry_remove_auto_add','2018-01-26 19:19:21'),(16,'auth','0007_alter_validators_add_error_messages','2018-01-26 19:19:22'),(17,'auth','0008_alter_user_username_max_length','2018-01-26 19:19:22'),(18,'citations','0001_initial','2018-01-26 19:19:22'),(19,'communication','0001_initial','2018-01-26 19:19:22'),(20,'sites','0002_alter_domain_unique','2018-01-26 19:19:22'),(21,'activities','0002_made_fields_required','2018-02-02 17:40:15'),(22,'citations','0002_made_fields_required','2018-02-02 17:40:15'),(23,'communication','0002_made_fields_required','2018-02-02 17:40:15'),(24,'people','0002_made_fields_required','2018-02-02 17:40:16'),(25,'places','0002_made_fields_required','2018-02-02 17:40:16');

--
-- Table structure for table `django_session`
--

CREATE TABLE `django_session` (
  `session_key` varchar(40) NOT NULL,
  `session_data` longtext NOT NULL,
  `expire_date` datetime NOT NULL,
  PRIMARY KEY (`session_key`),
  KEY `django_session_c25c2c28` (`expire_date`)
) ENGINE=InnoDB DEFAULT CHARSET=latin1;

--
-- Dumping data for table `django_session`
--

INSERT INTO `django_session` VALUES ('000ce1db128ac2878a4ddf7577647be2','YjZjYzk3NTIzNjc2MTllOGRkYjg2OWZiYjFkN2U3NTU2Njk1ODQ2NzqAAn1xAVUKdGVzdGNvb2tp\nZXECVQZ3b3JrZWRxA3Mu\n','2014-09-13 01:40:00'),('008995b4a2c89fb7c9077041dbdd88b2','YjZjYzk3NTIzNjc2MTllOGRkYjg2OWZiYjFkN2U3NTU2Njk1ODQ2NzqAAn1xAVUKdGVzdGNvb2tp\nZXECVQZ3b3JrZWRxA3Mu\n','2013-08-22 19:36:00'),('00af5875f308b879e48376d1f0e062d5','YjZjYzk3NTIzNjc2MTllOGRkYjg2OWZiYjFkN2U3NTU2Njk1ODQ2NzqAAn1xAVUKdGVzdGNvb2tp\nZXECVQZ3b3JrZWRxA3Mu\n','2014-09-11 07:38:05'),('016ca45effa21a1da6cc302d2d6dfb14','YjZjYzk3NTIzNjc2MTllOGRkYjg2OWZiYjFkN2U3NTU2Njk1ODQ2NzqAAn1xAVUKdGVzdGNvb2tp\nZXECVQZ3b3JrZWRxA3Mu\n','2014-07-28 14:20:35'),('0176f286e9dd5dc930747634c4555c34','YjZjYzk3NTIzNjc2MTllOGRkYjg2OWZiYjFkN2U3NTU2Njk1ODQ2NzqAAn1xAVUKdGVzdGNvb2tp\nZXECVQZ3b3JrZWRxA3Mu\n','2014-05-11 14:02:00'),('017b9a5b373624ddb16310f4e076e55a','YjZjYzk3NTIzNjc2MTllOGRkYjg2OWZiYjFkN2U3NTU2Njk1ODQ2NzqAAn1xAVUKdGVzdGNvb2tp\nZXECVQZ3b3JrZWRxA3Mu\n','2013-08-16 18:22:09'),('017eff010313e3ce086cf27b683466d4','YjZjYzk3NTIzNjc2MTllOGRkYjg2OWZiYjFkN2U3NTU2Njk1ODQ2NzqAAn1xAVUKdGVzdGNvb2tp\nZXECVQZ3b3JrZWRxA3Mu\n','2014-08-11 10:44:55'),('0180673853212f1abc1658c26fe1d549','YjZjYzk3NTIzNjc2MTllOGRkYjg2OWZiYjFkN2U3NTU2Njk1ODQ2NzqAAn1xAVUKdGVzdGNvb2tp\nZXECVQZ3b3JrZWRxA3Mu\n','2014-11-06 20:54:47'),('0198a4f540c95cd5e018eed7be693243','YjZjYzk3NTIzNjc2MTllOGRkYjg2OWZiYjFkN2U3NTU2Njk1ODQ2NzqAAn1xAVUKdGVzdGNvb2tp\nZXECVQZ3b3JrZWRxA3Mu\n','2013-08-25 07:47:06'),('01bd2bf5b4736873a124ebf655b4e23d','YjZjYzk3NTIzNjc2MTllOGRkYjg2OWZiYjFkN2U3NTU2Njk1ODQ2NzqAAn1xAVUKdGVzdGNvb2tp\nZXECVQZ3b3JrZWRxA3Mu\n','2014-01-10 23:53:33'),('02266a57262520cf1c46c0ab4677abd1','YjZjYzk3NTIzNjc2MTllOGRkYjg2OWZiYjFkN2U3NTU2Njk1ODQ2NzqAAn1xAVUKdGVzdGNvb2tp\nZXECVQZ3b3JrZWRxA3Mu\n','2014-10-08 11:23:08'),('0227435ce5c95c8f8971478e716a8ed9','YjZjYzk3NTIzNjc2MTllOGRkYjg2OWZiYjFkN2U3NTU2Njk1ODQ2NzqAAn1xAVUKdGVzdGNvb2tp\nZXECVQZ3b3JrZWRxA3Mu\n','2014-01-20 02:05:28'),('0233be50a8cad59aabc033082f457229','YjZjYzk3NTIzNjc2MTllOGRkYjg2OWZiYjFkN2U3NTU2Njk1ODQ2NzqAAn1xAVUKdGVzdGNvb2tp\nZXECVQZ3b3JrZWRxA3Mu\n','2014-02-13 04:41:31'),('023dd247bc3ee53cebcce007593dbcf1','YjZjYzk3NTIzNjc2MTllOGRkYjg2OWZiYjFkN2U3NTU2Njk1ODQ2NzqAAn1xAVUKdGVzdGNvb2tp\nZXECVQZ3b3JrZWRxA3Mu\n','2014-07-21 17:21:35'),('02ff16bc601498922811b2a4fafa6f50','YjZjYzk3NTIzNjc2MTllOGRkYjg2OWZiYjFkN2U3NTU2Njk1ODQ2NzqAAn1xAVUKdGVzdGNvb2tp\nZXECVQZ3b3JrZWRxA3Mu\n','2014-07-31 12:53:37'),('0316b8571ba3ae370969c01a7d55862e','YjZjYzk3NTIzNjc2MTllOGRkYjg2OWZiYjFkN2U3NTU2Njk1ODQ2NzqAAn1xAVUKdGVzdGNvb2tp\nZXECVQZ3b3JrZWRxA3Mu\n','2013-06-01 02:36:50'),('032755923ea913db1059202b0c4408f9','YjZjYzk3NTIzNjc2MTllOGRkYjg2OWZiYjFkN2U3NTU2Njk1ODQ2NzqAAn1xAVUKdGVzdGNvb2tp\nZXECVQZ3b3JrZWRxA3Mu\n','2013-12-29 10:08:42'),('0378f1de0de0f1bd015a752a11dc2e83','YjZjYzk3NTIzNjc2MTllOGRkYjg2OWZiYjFkN2U3NTU2Njk1ODQ2NzqAAn1xAVUKdGVzdGNvb2tp\nZXECVQZ3b3JrZWRxA3Mu\n','2013-04-29 05:23:49'),('03c41fb3d82ea1d238194dd76db71958','YjZjYzk3NTIzNjc2MTllOGRkYjg2OWZiYjFkN2U3NTU2Njk1ODQ2NzqAAn1xAVUKdGVzdGNvb2tp\nZXECVQZ3b3JrZWRxA3Mu\n','2014-10-18 13:22:28'),('0415eac4a66ae1dfa3e108279aaa6198','YjZjYzk3NTIzNjc2MTllOGRkYjg2OWZiYjFkN2U3NTU2Njk1ODQ2NzqAAn1xAVUKdGVzdGNvb2tp\nZXECVQZ3b3JrZWRxA3Mu\n','2014-05-03 23:08:29'),('0427139064daad548b7cce8d1c5cfed3','YjZjYzk3NTIzNjc2MTllOGRkYjg2OWZiYjFkN2U3NTU2Njk1ODQ2NzqAAn1xAVUKdGVzdGNvb2tp\nZXECVQZ3b3JrZWRxA3Mu\n','2013-10-24 18:44:54'),('04be4ce035bfd0ac0b1429cfcd648ef1','YjZjYzk3NTIzNjc2MTllOGRkYjg2OWZiYjFkN2U3NTU2Njk1ODQ2NzqAAn1xAVUKdGVzdGNvb2tp\nZXECVQZ3b3JrZWRxA3Mu\n','2014-12-11 01:02:05'),('04f56c78a48dd2be44a0b72896c0fd0d','YjZjYzk3NTIzNjc2MTllOGRkYjg2OWZiYjFkN2U3NTU2Njk1ODQ2NzqAAn1xAVUKdGVzdGNvb2tp\nZXECVQZ3b3JrZWRxA3Mu\n','2013-08-03 21:42:47'),('055cf1ca861f9acd5739daa9470ab4a0','YjZjYzk3NTIzNjc2MTllOGRkYjg2OWZiYjFkN2U3NTU2Njk1ODQ2NzqAAn1xAVUKdGVzdGNvb2tp\nZXECVQZ3b3JrZWRxA3Mu\n','2014-10-23 10:43:03'),('056f7b31ecf3a3cfa496a326f6c80d1d','YjZjYzk3NTIzNjc2MTllOGRkYjg2OWZiYjFkN2U3NTU2Njk1ODQ2NzqAAn1xAVUKdGVzdGNvb2tp\nZXECVQZ3b3JrZWRxA3Mu\n','2014-03-22 12:00:07'),('057757ae5f3123f16a5d718e00d5a758','YjZjYzk3NTIzNjc2MTllOGRkYjg2OWZiYjFkN2U3NTU2Njk1ODQ2NzqAAn1xAVUKdGVzdGNvb2tp\nZXECVQZ3b3JrZWRxA3Mu\n','2014-08-04 09:00:00'),('0590b5ba4b1d950e361f086d24d37a8c','YjZjYzk3NTIzNjc2MTllOGRkYjg2OWZiYjFkN2U3NTU2Njk1ODQ2NzqAAn1xAVUKdGVzdGNvb2tp\nZXECVQZ3b3JrZWRxA3Mu\n','2013-05-06 21:41:34'),('059a6d2ea0803ad4a862a71db783f0f2','YjZjYzk3NTIzNjc2MTllOGRkYjg2OWZiYjFkN2U3NTU2Njk1ODQ2NzqAAn1xAVUKdGVzdGNvb2tp\nZXECVQZ3b3JrZWRxA3Mu\n','2013-08-06 22:19:04'),('05b2d542395bc368140d5a206cfb7755','YjZjYzk3NTIzNjc2MTllOGRkYjg2OWZiYjFkN2U3NTU2Njk1ODQ2NzqAAn1xAVUKdGVzdGNvb2tp\nZXECVQZ3b3JrZWRxA3Mu\n','2013-09-24 20:29:10'),('06152e1db437c7dc4bf29fa239a27a70','YjQ1ZGNmMzg3NDE5NWE0OWU4YjRjYmJiMTE1M2RkNmFhYmIwNmE0OTqAAn1xAVUKdGVzdGNvb2tp\nZVUGd29ya2VkcQJzLg==\n','2014-06-11 19:24:59'),('063d4ba9b6d6226c3a393849fb6e189f','YjZjYzk3NTIzNjc2MTllOGRkYjg2OWZiYjFkN2U3NTU2Njk1ODQ2NzqAAn1xAVUKdGVzdGNvb2tp\nZXECVQZ3b3JrZWRxA3Mu\n','2014-08-25 22:58:58'),('073f163c954fbcede38720be4d1f165f','YjZjYzk3NTIzNjc2MTllOGRkYjg2OWZiYjFkN2U3NTU2Njk1ODQ2NzqAAn1xAVUKdGVzdGNvb2tp\nZXECVQZ3b3JrZWRxA3Mu\n','2013-03-14 10:31:40'),('07424f10bd19d25e7ddd7d5884a45092','YjZjYzk3NTIzNjc2MTllOGRkYjg2OWZiYjFkN2U3NTU2Njk1ODQ2NzqAAn1xAVUKdGVzdGNvb2tp\nZXECVQZ3b3JrZWRxA3Mu\n','2014-10-26 16:31:36'),('07468ee16d65bcd8c677e1c201e38a3f','YjZjYzk3NTIzNjc2MTllOGRkYjg2OWZiYjFkN2U3NTU2Njk1ODQ2NzqAAn1xAVUKdGVzdGNvb2tp\nZXECVQZ3b3JrZWRxA3Mu\n','2013-05-04 15:13:49'),('074e8fb5acb4101e057f1fcf0801c426','YjZjYzk3NTIzNjc2MTllOGRkYjg2OWZiYjFkN2U3NTU2Njk1ODQ2NzqAAn1xAVUKdGVzdGNvb2tp\nZXECVQZ3b3JrZWRxA3Mu\n','2014-12-05 09:12:17'),('075c644b7921d06781b86a8cf730af6b','YjZjYzk3NTIzNjc2MTllOGRkYjg2OWZiYjFkN2U3NTU2Njk1ODQ2NzqAAn1xAVUKdGVzdGNvb2tp\nZXECVQZ3b3JrZWRxA3Mu\n','2014-11-08 09:14:09'),('07969afa4fc41b5a2c0fd554367443e9','YjZjYzk3NTIzNjc2MTllOGRkYjg2OWZiYjFkN2U3NTU2Njk1ODQ2NzqAAn1xAVUKdGVzdGNvb2tp\nZXECVQZ3b3JrZWRxA3Mu\n','2013-08-04 07:10:38'),('07976e3a7feb0cd09f29638faf948416','YjZjYzk3NTIzNjc2MTllOGRkYjg2OWZiYjFkN2U3NTU2Njk1ODQ2NzqAAn1xAVUKdGVzdGNvb2tp\nZXECVQZ3b3JrZWRxA3Mu\n','2014-12-05 21:30:08'),('07a3ed9cac9ddf4806bc23cac07c9187','YjZjYzk3NTIzNjc2MTllOGRkYjg2OWZiYjFkN2U3NTU2Njk1ODQ2NzqAAn1xAVUKdGVzdGNvb2tp\nZXECVQZ3b3JrZWRxA3Mu\n','2014-03-15 06:19:57'),('07b691f409b807689053fa1053b37b76','YjZjYzk3NTIzNjc2MTllOGRkYjg2OWZiYjFkN2U3NTU2Njk1ODQ2NzqAAn1xAVUKdGVzdGNvb2tp\nZXECVQZ3b3JrZWRxA3Mu\n','2014-01-11 00:40:34'),('07ff9a1155ddafc39e0efb8538274e39','YjZjYzk3NTIzNjc2MTllOGRkYjg2OWZiYjFkN2U3NTU2Njk1ODQ2NzqAAn1xAVUKdGVzdGNvb2tp\nZXECVQZ3b3JrZWRxA3Mu\n','2013-11-25 19:57:03'),('0826af404b9f6f2c71148c90c23cc44e','YjZjYzk3NTIzNjc2MTllOGRkYjg2OWZiYjFkN2U3NTU2Njk1ODQ2NzqAAn1xAVUKdGVzdGNvb2tp\nZXECVQZ3b3JrZWRxA3Mu\n','2014-07-16 13:19:55'),('08ef74559e8da8a7be12861e557b059b','YjZjYzk3NTIzNjc2MTllOGRkYjg2OWZiYjFkN2U3NTU2Njk1ODQ2NzqAAn1xAVUKdGVzdGNvb2tp\nZXECVQZ3b3JrZWRxA3Mu\n','2014-09-16 04:54:13'),('092546b5ce8d0d0742ae76f9c72a8349','YjZjYzk3NTIzNjc2MTllOGRkYjg2OWZiYjFkN2U3NTU2Njk1ODQ2NzqAAn1xAVUKdGVzdGNvb2tp\nZXECVQZ3b3JrZWRxA3Mu\n','2014-10-17 00:56:26'),('0932c69110f4fd6c7b8e741002adb55c','YjZjYzk3NTIzNjc2MTllOGRkYjg2OWZiYjFkN2U3NTU2Njk1ODQ2NzqAAn1xAVUKdGVzdGNvb2tp\nZXECVQZ3b3JrZWRxA3Mu\n','2014-08-14 08:09:16'),('099219fe675382fb5d0247d179dc2958','YjZjYzk3NTIzNjc2MTllOGRkYjg2OWZiYjFkN2U3NTU2Njk1ODQ2NzqAAn1xAVUKdGVzdGNvb2tp\nZXECVQZ3b3JrZWRxA3Mu\n','2013-07-18 16:37:43'),('09b69282b0878e0fdd96f4df8b392a2f','YjZjYzk3NTIzNjc2MTllOGRkYjg2OWZiYjFkN2U3NTU2Njk1ODQ2NzqAAn1xAVUKdGVzdGNvb2tp\nZXECVQZ3b3JrZWRxA3Mu\n','2014-03-24 07:49:43'),('09d9f452eb8ff20da10aa1538ac48fd5','YjZjYzk3NTIzNjc2MTllOGRkYjg2OWZiYjFkN2U3NTU2Njk1ODQ2NzqAAn1xAVUKdGVzdGNvb2tp\nZXECVQZ3b3JrZWRxA3Mu\n','2014-01-12 13:29:57'),('0a2cd094294bab4e5cd5ab7c400052eb','YjZjYzk3NTIzNjc2MTllOGRkYjg2OWZiYjFkN2U3NTU2Njk1ODQ2NzqAAn1xAVUKdGVzdGNvb2tp\nZXECVQZ3b3JrZWRxA3Mu\n','2014-02-04 10:15:18'),('0a3bf63bfbc12235b36c8b543d3b4ffd','YjZjYzk3NTIzNjc2MTllOGRkYjg2OWZiYjFkN2U3NTU2Njk1ODQ2NzqAAn1xAVUKdGVzdGNvb2tp\nZXECVQZ3b3JrZWRxA3Mu\n','2014-10-06 20:32:07'),('0ab7026f5441e8b9adf2047839d13b18','YjZjYzk3NTIzNjc2MTllOGRkYjg2OWZiYjFkN2U3NTU2Njk1ODQ2NzqAAn1xAVUKdGVzdGNvb2tp\nZXECVQZ3b3JrZWRxA3Mu\n','2013-10-19 01:06:04'),('0ad44164257b81df2adf2fd4adef5315','YjZjYzk3NTIzNjc2MTllOGRkYjg2OWZiYjFkN2U3NTU2Njk1ODQ2NzqAAn1xAVUKdGVzdGNvb2tp\nZXECVQZ3b3JrZWRxA3Mu\n','2014-12-05 20:56:05'),('0ae31e79a48419180a027ef9a33b9517','YjZjYzk3NTIzNjc2MTllOGRkYjg2OWZiYjFkN2U3NTU2Njk1ODQ2NzqAAn1xAVUKdGVzdGNvb2tp\nZXECVQZ3b3JrZWRxA3Mu\n','2014-12-12 06:20:20'),('0afb01252b6a6f133c27fa6455cf596f','YjZjYzk3NTIzNjc2MTllOGRkYjg2OWZiYjFkN2U3NTU2Njk1ODQ2NzqAAn1xAVUKdGVzdGNvb2tp\nZXECVQZ3b3JrZWRxA3Mu\n','2014-05-29 22:13:04'),('0b67f5d9698ff349682d18cda2839e09','YjZjYzk3NTIzNjc2MTllOGRkYjg2OWZiYjFkN2U3NTU2Njk1ODQ2NzqAAn1xAVUKdGVzdGNvb2tp\nZXECVQZ3b3JrZWRxA3Mu\n','2013-07-28 04:35:07'),('0baee9cedba7ab6c5aa18b866650ee31','YjZjYzk3NTIzNjc2MTllOGRkYjg2OWZiYjFkN2U3NTU2Njk1ODQ2NzqAAn1xAVUKdGVzdGNvb2tp\nZXECVQZ3b3JrZWRxA3Mu\n','2013-04-30 14:30:08'),('0bb713d04006100346a808ed47e73402','YjZjYzk3NTIzNjc2MTllOGRkYjg2OWZiYjFkN2U3NTU2Njk1ODQ2NzqAAn1xAVUKdGVzdGNvb2tp\nZXECVQZ3b3JrZWRxA3Mu\n','2014-04-18 01:03:41'),('0bd3f883136579bd8cf6cfc40dc8ddbd','YjZjYzk3NTIzNjc2MTllOGRkYjg2OWZiYjFkN2U3NTU2Njk1ODQ2NzqAAn1xAVUKdGVzdGNvb2tp\nZXECVQZ3b3JrZWRxA3Mu\n','2014-11-02 23:47:53'),('0c1b1d7b24d642fdec06b8f52219e199','YjZjYzk3NTIzNjc2MTllOGRkYjg2OWZiYjFkN2U3NTU2Njk1ODQ2NzqAAn1xAVUKdGVzdGNvb2tp\nZXECVQZ3b3JrZWRxA3Mu\n','2014-11-22 03:17:17'),('0c68eb2e7e89167d53578d79e476116b','YjZjYzk3NTIzNjc2MTllOGRkYjg2OWZiYjFkN2U3NTU2Njk1ODQ2NzqAAn1xAVUKdGVzdGNvb2tp\nZXECVQZ3b3JrZWRxA3Mu\n','2013-03-19 23:49:10'),('0c9529a7e104a03bf56e391101ba613e','YjZjYzk3NTIzNjc2MTllOGRkYjg2OWZiYjFkN2U3NTU2Njk1ODQ2NzqAAn1xAVUKdGVzdGNvb2tp\nZXECVQZ3b3JrZWRxA3Mu\n','2014-07-26 21:11:23'),('0cf882a65188211077ee73cfe94a5f59','YjZjYzk3NTIzNjc2MTllOGRkYjg2OWZiYjFkN2U3NTU2Njk1ODQ2NzqAAn1xAVUKdGVzdGNvb2tp\nZXECVQZ3b3JrZWRxA3Mu\n','2014-06-07 18:06:20'),('0d3169a8c6881acec8d9b1e917070b3d','YjZjYzk3NTIzNjc2MTllOGRkYjg2OWZiYjFkN2U3NTU2Njk1ODQ2NzqAAn1xAVUKdGVzdGNvb2tp\nZXECVQZ3b3JrZWRxA3Mu\n','2014-08-31 23:50:42'),('0d36e1ba9da7b641f95975810d5b5623','YjZjYzk3NTIzNjc2MTllOGRkYjg2OWZiYjFkN2U3NTU2Njk1ODQ2NzqAAn1xAVUKdGVzdGNvb2tp\nZXECVQZ3b3JrZWRxA3Mu\n','2013-09-23 20:13:39'),('0d6c220502fe3010d4eb7004b4ed8930','YjZjYzk3NTIzNjc2MTllOGRkYjg2OWZiYjFkN2U3NTU2Njk1ODQ2NzqAAn1xAVUKdGVzdGNvb2tp\nZXECVQZ3b3JrZWRxA3Mu\n','2014-08-14 12:43:54'),('0dbc69ab196992726cbc36f5ccb235d5','YjZjYzk3NTIzNjc2MTllOGRkYjg2OWZiYjFkN2U3NTU2Njk1ODQ2NzqAAn1xAVUKdGVzdGNvb2tp\nZXECVQZ3b3JrZWRxA3Mu\n','2014-10-09 02:12:23'),('0dcf3e4a02f03e882be685216f4bbed4','YjZjYzk3NTIzNjc2MTllOGRkYjg2OWZiYjFkN2U3NTU2Njk1ODQ2NzqAAn1xAVUKdGVzdGNvb2tp\nZXECVQZ3b3JrZWRxA3Mu\n','2013-12-11 05:31:06'),('0dd5381c160facf0f99353ff603a0e1e','YjZjYzk3NTIzNjc2MTllOGRkYjg2OWZiYjFkN2U3NTU2Njk1ODQ2NzqAAn1xAVUKdGVzdGNvb2tp\nZXECVQZ3b3JrZWRxA3Mu\n','2014-03-11 18:27:14'),('0dd8ac6fd17530a0c4caba21710c30cc','YjZjYzk3NTIzNjc2MTllOGRkYjg2OWZiYjFkN2U3NTU2Njk1ODQ2NzqAAn1xAVUKdGVzdGNvb2tp\nZXECVQZ3b3JrZWRxA3Mu\n','2014-04-26 05:46:01'),('0f6cad764e3695ff2522a6df5e623b2e','YjZjYzk3NTIzNjc2MTllOGRkYjg2OWZiYjFkN2U3NTU2Njk1ODQ2NzqAAn1xAVUKdGVzdGNvb2tp\nZXECVQZ3b3JrZWRxA3Mu\n','2014-09-04 08:10:17'),('0f858f152d7376179fd844684a806143','YjZjYzk3NTIzNjc2MTllOGRkYjg2OWZiYjFkN2U3NTU2Njk1ODQ2NzqAAn1xAVUKdGVzdGNvb2tp\nZXECVQZ3b3JrZWRxA3Mu\n','2014-06-22 08:58:41'),('0fe47366182325d0962b188306bcd7a7','YjZjYzk3NTIzNjc2MTllOGRkYjg2OWZiYjFkN2U3NTU2Njk1ODQ2NzqAAn1xAVUKdGVzdGNvb2tp\nZXECVQZ3b3JrZWRxA3Mu\n','2014-12-13 08:31:16'),('0ff272c1f67e56dce46215b7c37f2dc0','YjZjYzk3NTIzNjc2MTllOGRkYjg2OWZiYjFkN2U3NTU2Njk1ODQ2NzqAAn1xAVUKdGVzdGNvb2tp\nZXECVQZ3b3JrZWRxA3Mu\n','2013-06-20 14:50:28'),('10328177a1ca92a61ec75aed7c2cb07b','YjZjYzk3NTIzNjc2MTllOGRkYjg2OWZiYjFkN2U3NTU2Njk1ODQ2NzqAAn1xAVUKdGVzdGNvb2tp\nZXECVQZ3b3JrZWRxA3Mu\n','2013-08-08 18:07:29'),('103a5efeda111eee6cb0e45f6eab378d','YjZjYzk3NTIzNjc2MTllOGRkYjg2OWZiYjFkN2U3NTU2Njk1ODQ2NzqAAn1xAVUKdGVzdGNvb2tp\nZXECVQZ3b3JrZWRxA3Mu\n','2014-10-24 01:27:35'),('1089f5aab7bb6a0fd4505668090ac64a','YjZjYzk3NTIzNjc2MTllOGRkYjg2OWZiYjFkN2U3NTU2Njk1ODQ2NzqAAn1xAVUKdGVzdGNvb2tp\nZXECVQZ3b3JrZWRxA3Mu\n','2013-08-08 13:26:27'),('109041146c12bf6feb379d3ccb5b59ed','YjZjYzk3NTIzNjc2MTllOGRkYjg2OWZiYjFkN2U3NTU2Njk1ODQ2NzqAAn1xAVUKdGVzdGNvb2tp\nZXECVQZ3b3JrZWRxA3Mu\n','2013-06-20 14:54:06'),('109fe1a8165244de38ba66d6a1a20724','YjZjYzk3NTIzNjc2MTllOGRkYjg2OWZiYjFkN2U3NTU2Njk1ODQ2NzqAAn1xAVUKdGVzdGNvb2tp\nZXECVQZ3b3JrZWRxA3Mu\n','2014-06-07 10:46:58'),('10d12f441e74fd26dffe836edc404327','YjZjYzk3NTIzNjc2MTllOGRkYjg2OWZiYjFkN2U3NTU2Njk1ODQ2NzqAAn1xAVUKdGVzdGNvb2tp\nZXECVQZ3b3JrZWRxA3Mu\n','2014-02-24 16:13:39'),('10d48ac98cbdd9648d48076e474c985f','YjZjYzk3NTIzNjc2MTllOGRkYjg2OWZiYjFkN2U3NTU2Njk1ODQ2NzqAAn1xAVUKdGVzdGNvb2tp\nZXECVQZ3b3JrZWRxA3Mu\n','2014-01-24 13:12:49'),('10f19387ac7c92f9a52be113066fa128','YTEwNDJhODUwOGRkNGI4NjQyYWJiOWRiNWY5ZGQxYjc3MzkxYzQ3NDqAAn1xAS4=\n','2013-03-18 03:24:31'),('1101314bc4bcafaac795336654954093','YjZjYzk3NTIzNjc2MTllOGRkYjg2OWZiYjFkN2U3NTU2Njk1ODQ2NzqAAn1xAVUKdGVzdGNvb2tp\nZXECVQZ3b3JrZWRxA3Mu\n','2013-07-04 01:35:46'),('1112b8c40222ef0f23a6762f3aa83173','YjZjYzk3NTIzNjc2MTllOGRkYjg2OWZiYjFkN2U3NTU2Njk1ODQ2NzqAAn1xAVUKdGVzdGNvb2tp\nZXECVQZ3b3JrZWRxA3Mu\n','2013-08-13 14:44:01'),('112f9e8d48691b4fb6a7e7ddaebfd0b1','YjZjYzk3NTIzNjc2MTllOGRkYjg2OWZiYjFkN2U3NTU2Njk1ODQ2NzqAAn1xAVUKdGVzdGNvb2tp\nZXECVQZ3b3JrZWRxA3Mu\n','2013-04-15 01:36:33'),('117a43c22ec5663e322344c37c395707','YjZjYzk3NTIzNjc2MTllOGRkYjg2OWZiYjFkN2U3NTU2Njk1ODQ2NzqAAn1xAVUKdGVzdGNvb2tp\nZXECVQZ3b3JrZWRxA3Mu\n','2014-03-13 23:24:19'),('11863044d9d351a88f3f28f01975b02c','YjZjYzk3NTIzNjc2MTllOGRkYjg2OWZiYjFkN2U3NTU2Njk1ODQ2NzqAAn1xAVUKdGVzdGNvb2tp\nZXECVQZ3b3JrZWRxA3Mu\n','2014-03-15 01:45:53'),('119d22a18ca66fd8465195cc7b403757','YjZjYzk3NTIzNjc2MTllOGRkYjg2OWZiYjFkN2U3NTU2Njk1ODQ2NzqAAn1xAVUKdGVzdGNvb2tp\nZXECVQZ3b3JrZWRxA3Mu\n','2014-06-22 04:06:24'),('11a47266d9b6ed5906ca9d97c51fbdc1','YjZjYzk3NTIzNjc2MTllOGRkYjg2OWZiYjFkN2U3NTU2Njk1ODQ2NzqAAn1xAVUKdGVzdGNvb2tp\nZXECVQZ3b3JrZWRxA3Mu\n','2014-03-28 13:17:34'),('11d10513f1d77c7838391d331dae45bf','YjZjYzk3NTIzNjc2MTllOGRkYjg2OWZiYjFkN2U3NTU2Njk1ODQ2NzqAAn1xAVUKdGVzdGNvb2tp\nZXECVQZ3b3JrZWRxA3Mu\n','2014-05-22 15:17:53'),('12351b441fff7a5d8970b94a6bda69e1','YjZjYzk3NTIzNjc2MTllOGRkYjg2OWZiYjFkN2U3NTU2Njk1ODQ2NzqAAn1xAVUKdGVzdGNvb2tp\nZXECVQZ3b3JrZWRxA3Mu\n','2014-01-31 03:10:15'),('123c49ffffd1a2f0e4ffabf71851d94c','YjZjYzk3NTIzNjc2MTllOGRkYjg2OWZiYjFkN2U3NTU2Njk1ODQ2NzqAAn1xAVUKdGVzdGNvb2tp\nZXECVQZ3b3JrZWRxA3Mu\n','2013-07-05 23:42:58'),('1267101420961c4407a17496e4e99f16','YjZjYzk3NTIzNjc2MTllOGRkYjg2OWZiYjFkN2U3NTU2Njk1ODQ2NzqAAn1xAVUKdGVzdGNvb2tp\nZXECVQZ3b3JrZWRxA3Mu\n','2014-07-26 11:38:04'),('12a4df5505346e276101e1b1603cb3ae','YjZjYzk3NTIzNjc2MTllOGRkYjg2OWZiYjFkN2U3NTU2Njk1ODQ2NzqAAn1xAVUKdGVzdGNvb2tp\nZXECVQZ3b3JrZWRxA3Mu\n','2013-08-18 07:08:07'),('12b8ed0188b916b8f1caa03432b7a5f1','YjZjYzk3NTIzNjc2MTllOGRkYjg2OWZiYjFkN2U3NTU2Njk1ODQ2NzqAAn1xAVUKdGVzdGNvb2tp\nZXECVQZ3b3JrZWRxA3Mu\n','2013-04-18 22:59:18'),('12c07ca2c9c23f10e73c82cc1bedb30f','YjQ1ZGNmMzg3NDE5NWE0OWU4YjRjYmJiMTE1M2RkNmFhYmIwNmE0OTqAAn1xAVUKdGVzdGNvb2tp\nZVUGd29ya2VkcQJzLg==\n','2013-07-29 19:08:47'),('12fd21c85c90a37478da061d610bac94','YjZjYzk3NTIzNjc2MTllOGRkYjg2OWZiYjFkN2U3NTU2Njk1ODQ2NzqAAn1xAVUKdGVzdGNvb2tp\nZXECVQZ3b3JrZWRxA3Mu\n','2013-06-01 16:29:10'),('136bf4dc9678a9971ed03a43cf33ff40','YjZjYzk3NTIzNjc2MTllOGRkYjg2OWZiYjFkN2U3NTU2Njk1ODQ2NzqAAn1xAVUKdGVzdGNvb2tp\nZXECVQZ3b3JrZWRxA3Mu\n','2014-07-21 21:45:01'),('138c030c01e2377c9bbdf487a33fabb5','YjZjYzk3NTIzNjc2MTllOGRkYjg2OWZiYjFkN2U3NTU2Njk1ODQ2NzqAAn1xAVUKdGVzdGNvb2tp\nZXECVQZ3b3JrZWRxA3Mu\n','2013-08-15 05:40:39'),('13fad29ef7269b24f60f8695345fc534','YjZjYzk3NTIzNjc2MTllOGRkYjg2OWZiYjFkN2U3NTU2Njk1ODQ2NzqAAn1xAVUKdGVzdGNvb2tp\nZXECVQZ3b3JrZWRxA3Mu\n','2014-05-23 10:39:34'),('140b8677942f60b1b05efb42a3a67f98','YjZjYzk3NTIzNjc2MTllOGRkYjg2OWZiYjFkN2U3NTU2Njk1ODQ2NzqAAn1xAVUKdGVzdGNvb2tp\nZXECVQZ3b3JrZWRxA3Mu\n','2013-12-10 09:17:08'),('1463d87bbd459fc209278a7e70dfa381','YjZjYzk3NTIzNjc2MTllOGRkYjg2OWZiYjFkN2U3NTU2Njk1ODQ2NzqAAn1xAVUKdGVzdGNvb2tp\nZXECVQZ3b3JrZWRxA3Mu\n','2014-04-30 20:05:31'),('147fe2fb6d8959ef2610017052b7ee67','YjZjYzk3NTIzNjc2MTllOGRkYjg2OWZiYjFkN2U3NTU2Njk1ODQ2NzqAAn1xAVUKdGVzdGNvb2tp\nZXECVQZ3b3JrZWRxA3Mu\n','2014-07-18 04:03:39'),('14852a59bb1f87ad29af14365454b747','YjZjYzk3NTIzNjc2MTllOGRkYjg2OWZiYjFkN2U3NTU2Njk1ODQ2NzqAAn1xAVUKdGVzdGNvb2tp\nZXECVQZ3b3JrZWRxA3Mu\n','2014-05-05 08:59:48'),('157c14d60a48ad93165d820ac3aab0f7','YjZjYzk3NTIzNjc2MTllOGRkYjg2OWZiYjFkN2U3NTU2Njk1ODQ2NzqAAn1xAVUKdGVzdGNvb2tp\nZXECVQZ3b3JrZWRxA3Mu\n','2013-10-28 04:25:39'),('159ae06a53d55e7c7f25ef12a64a76a5','YjZjYzk3NTIzNjc2MTllOGRkYjg2OWZiYjFkN2U3NTU2Njk1ODQ2NzqAAn1xAVUKdGVzdGNvb2tp\nZXECVQZ3b3JrZWRxA3Mu\n','2013-11-06 07:47:41'),('15e75f2865320ce3305d5933c1d5b990','YjZjYzk3NTIzNjc2MTllOGRkYjg2OWZiYjFkN2U3NTU2Njk1ODQ2NzqAAn1xAVUKdGVzdGNvb2tp\nZXECVQZ3b3JrZWRxA3Mu\n','2014-10-07 21:43:50'),('16288b5fc89cc86686e6028dbefdb7e3','YjZjYzk3NTIzNjc2MTllOGRkYjg2OWZiYjFkN2U3NTU2Njk1ODQ2NzqAAn1xAVUKdGVzdGNvb2tp\nZXECVQZ3b3JrZWRxA3Mu\n','2014-05-19 17:49:54'),('1657b56d8572c42b53bd94187bf423f7','YjZjYzk3NTIzNjc2MTllOGRkYjg2OWZiYjFkN2U3NTU2Njk1ODQ2NzqAAn1xAVUKdGVzdGNvb2tp\nZXECVQZ3b3JrZWRxA3Mu\n','2014-02-15 13:07:04'),('165ec62b14a6c2fe8ef270aeb075993a','YjZjYzk3NTIzNjc2MTllOGRkYjg2OWZiYjFkN2U3NTU2Njk1ODQ2NzqAAn1xAVUKdGVzdGNvb2tp\nZXECVQZ3b3JrZWRxA3Mu\n','2014-02-04 11:20:05'),('173ad406d5c49c7bf7836bf3593f4e5b','YjZjYzk3NTIzNjc2MTllOGRkYjg2OWZiYjFkN2U3NTU2Njk1ODQ2NzqAAn1xAVUKdGVzdGNvb2tp\nZXECVQZ3b3JrZWRxA3Mu\n','2013-08-04 07:02:55'),('1775aa81cf45f49c02de7bc268fd88d5','YjZjYzk3NTIzNjc2MTllOGRkYjg2OWZiYjFkN2U3NTU2Njk1ODQ2NzqAAn1xAVUKdGVzdGNvb2tp\nZXECVQZ3b3JrZWRxA3Mu\n','2014-08-19 14:34:21'),('1777e4baae70bcb66a00637a89c23e3a','YjZjYzk3NTIzNjc2MTllOGRkYjg2OWZiYjFkN2U3NTU2Njk1ODQ2NzqAAn1xAVUKdGVzdGNvb2tp\nZXECVQZ3b3JrZWRxA3Mu\n','2013-11-27 09:04:35'),('17b2bb9e9719abf507224e45b621f439','YjZjYzk3NTIzNjc2MTllOGRkYjg2OWZiYjFkN2U3NTU2Njk1ODQ2NzqAAn1xAVUKdGVzdGNvb2tp\nZXECVQZ3b3JrZWRxA3Mu\n','2014-03-20 10:51:01'),('17d41d702487de7abb86023d878551d6','YjZjYzk3NTIzNjc2MTllOGRkYjg2OWZiYjFkN2U3NTU2Njk1ODQ2NzqAAn1xAVUKdGVzdGNvb2tp\nZXECVQZ3b3JrZWRxA3Mu\n','2014-11-06 14:12:50'),('181c17fdb64d788c12346213e5d824e6','YjZjYzk3NTIzNjc2MTllOGRkYjg2OWZiYjFkN2U3NTU2Njk1ODQ2NzqAAn1xAVUKdGVzdGNvb2tp\nZXECVQZ3b3JrZWRxA3Mu\n','2013-09-15 03:56:56'),('1856102bc82924334e8da899b0bebd94','YjZjYzk3NTIzNjc2MTllOGRkYjg2OWZiYjFkN2U3NTU2Njk1ODQ2NzqAAn1xAVUKdGVzdGNvb2tp\nZXECVQZ3b3JrZWRxA3Mu\n','2013-11-30 19:44:01'),('187448ac3c1eb97b170e0162e6ed1715','YjZjYzk3NTIzNjc2MTllOGRkYjg2OWZiYjFkN2U3NTU2Njk1ODQ2NzqAAn1xAVUKdGVzdGNvb2tp\nZXECVQZ3b3JrZWRxA3Mu\n','2014-07-21 01:50:38'),('1882eba468a6157c256f62b7a2e0123c','YjZjYzk3NTIzNjc2MTllOGRkYjg2OWZiYjFkN2U3NTU2Njk1ODQ2NzqAAn1xAVUKdGVzdGNvb2tp\nZXECVQZ3b3JrZWRxA3Mu\n','2014-04-18 10:26:19'),('189ef136c6487a7837e22fec7427a0ea','YjZjYzk3NTIzNjc2MTllOGRkYjg2OWZiYjFkN2U3NTU2Njk1ODQ2NzqAAn1xAVUKdGVzdGNvb2tp\nZXECVQZ3b3JrZWRxA3Mu\n','2014-10-16 19:13:08'),('18c2dc4a5be44513ba2da4c95ed127ff','YjZjYzk3NTIzNjc2MTllOGRkYjg2OWZiYjFkN2U3NTU2Njk1ODQ2NzqAAn1xAVUKdGVzdGNvb2tp\nZXECVQZ3b3JrZWRxA3Mu\n','2014-04-25 12:55:27'),('190ec7054913f207f28394a5acb0a23b','YjZjYzk3NTIzNjc2MTllOGRkYjg2OWZiYjFkN2U3NTU2Njk1ODQ2NzqAAn1xAVUKdGVzdGNvb2tp\nZXECVQZ3b3JrZWRxA3Mu\n','2013-11-11 12:33:10'),('19598b0d2e89a31a6ebacb9d1869b3cb','YjZjYzk3NTIzNjc2MTllOGRkYjg2OWZiYjFkN2U3NTU2Njk1ODQ2NzqAAn1xAVUKdGVzdGNvb2tp\nZXECVQZ3b3JrZWRxA3Mu\n','2013-03-19 04:34:15'),('19c3610248b9360ae0e8601f336675a0','YjZjYzk3NTIzNjc2MTllOGRkYjg2OWZiYjFkN2U3NTU2Njk1ODQ2NzqAAn1xAVUKdGVzdGNvb2tp\nZXECVQZ3b3JrZWRxA3Mu\n','2014-09-24 07:03:31'),('19db2cd1dd8cd5fe1ff5b0eb85a315e0','YjZjYzk3NTIzNjc2MTllOGRkYjg2OWZiYjFkN2U3NTU2Njk1ODQ2NzqAAn1xAVUKdGVzdGNvb2tp\nZXECVQZ3b3JrZWRxA3Mu\n','2014-07-10 21:11:06'),('19f962a4f0a66b385bbf60e111f7f9f1','YjZjYzk3NTIzNjc2MTllOGRkYjg2OWZiYjFkN2U3NTU2Njk1ODQ2NzqAAn1xAVUKdGVzdGNvb2tp\nZXECVQZ3b3JrZWRxA3Mu\n','2013-12-18 16:23:21'),('1a0fd4fefa4aa9d56442cf1c55769a2b','YjZjYzk3NTIzNjc2MTllOGRkYjg2OWZiYjFkN2U3NTU2Njk1ODQ2NzqAAn1xAVUKdGVzdGNvb2tp\nZXECVQZ3b3JrZWRxA3Mu\n','2014-01-11 01:34:27'),('1a1a2e57d5c9e59778602bbf391be449','YjZjYzk3NTIzNjc2MTllOGRkYjg2OWZiYjFkN2U3NTU2Njk1ODQ2NzqAAn1xAVUKdGVzdGNvb2tp\nZXECVQZ3b3JrZWRxA3Mu\n','2013-05-06 14:18:44'),('1a351295872c0c69c4207878cef0d021','YjZjYzk3NTIzNjc2MTllOGRkYjg2OWZiYjFkN2U3NTU2Njk1ODQ2NzqAAn1xAVUKdGVzdGNvb2tp\nZXECVQZ3b3JrZWRxA3Mu\n','2014-02-24 10:13:33'),('1ada5840d9f04ac4730385853685a0d4','YjZjYzk3NTIzNjc2MTllOGRkYjg2OWZiYjFkN2U3NTU2Njk1ODQ2NzqAAn1xAVUKdGVzdGNvb2tp\nZXECVQZ3b3JrZWRxA3Mu\n','2013-04-22 00:55:54'),('1b4d732d7f58de1aef8dd99f038bc8a7','YjZjYzk3NTIzNjc2MTllOGRkYjg2OWZiYjFkN2U3NTU2Njk1ODQ2NzqAAn1xAVUKdGVzdGNvb2tp\nZXECVQZ3b3JrZWRxA3Mu\n','2013-07-18 08:50:10'),('1beb285cca2a6f57b0769238a4ac5657','YjZjYzk3NTIzNjc2MTllOGRkYjg2OWZiYjFkN2U3NTU2Njk1ODQ2NzqAAn1xAVUKdGVzdGNvb2tp\nZXECVQZ3b3JrZWRxA3Mu\n','2013-06-18 04:38:42'),('1c4c8576e8d511f3429e3d5f371c6221','YjZjYzk3NTIzNjc2MTllOGRkYjg2OWZiYjFkN2U3NTU2Njk1ODQ2NzqAAn1xAVUKdGVzdGNvb2tp\nZXECVQZ3b3JrZWRxA3Mu\n','2014-09-26 14:41:16'),('1c81781dd2ca1083bc94ce7869b42fcb','YjZjYzk3NTIzNjc2MTllOGRkYjg2OWZiYjFkN2U3NTU2Njk1ODQ2NzqAAn1xAVUKdGVzdGNvb2tp\nZXECVQZ3b3JrZWRxA3Mu\n','2014-08-02 11:22:17'),('1cad069f0aeb552d6407e45b829d62d3','YjZjYzk3NTIzNjc2MTllOGRkYjg2OWZiYjFkN2U3NTU2Njk1ODQ2NzqAAn1xAVUKdGVzdGNvb2tp\nZXECVQZ3b3JrZWRxA3Mu\n','2014-07-16 15:16:50'),('1cc79b6c0e5fa8ad2e4175b35c23383b','YjZjYzk3NTIzNjc2MTllOGRkYjg2OWZiYjFkN2U3NTU2Njk1ODQ2NzqAAn1xAVUKdGVzdGNvb2tp\nZXECVQZ3b3JrZWRxA3Mu\n','2013-11-15 07:47:26'),('1d05c823560c2ec811de30b110bc345e','YjZjYzk3NTIzNjc2MTllOGRkYjg2OWZiYjFkN2U3NTU2Njk1ODQ2NzqAAn1xAVUKdGVzdGNvb2tp\nZXECVQZ3b3JrZWRxA3Mu\n','2014-09-03 23:37:35'),('1d2768a900e6ca406bacf24e49061265','YjZjYzk3NTIzNjc2MTllOGRkYjg2OWZiYjFkN2U3NTU2Njk1ODQ2NzqAAn1xAVUKdGVzdGNvb2tp\nZXECVQZ3b3JrZWRxA3Mu\n','2014-11-01 23:23:56'),('1d56e757b14f03a5e05f81f9fe05c671','YjZjYzk3NTIzNjc2MTllOGRkYjg2OWZiYjFkN2U3NTU2Njk1ODQ2NzqAAn1xAVUKdGVzdGNvb2tp\nZXECVQZ3b3JrZWRxA3Mu\n','2014-01-26 00:01:55'),('1d62110b69c1af636c76ade295e0afa4','YjZjYzk3NTIzNjc2MTllOGRkYjg2OWZiYjFkN2U3NTU2Njk1ODQ2NzqAAn1xAVUKdGVzdGNvb2tp\nZXECVQZ3b3JrZWRxA3Mu\n','2014-08-29 01:23:04'),('1dd75665e1d03f177c1bcba823ea673e','YjZjYzk3NTIzNjc2MTllOGRkYjg2OWZiYjFkN2U3NTU2Njk1ODQ2NzqAAn1xAVUKdGVzdGNvb2tp\nZXECVQZ3b3JrZWRxA3Mu\n','2014-07-06 21:32:31'),('1e0f240a8de35e35bcd8dd0c0a6c1f9e','YjZjYzk3NTIzNjc2MTllOGRkYjg2OWZiYjFkN2U3NTU2Njk1ODQ2NzqAAn1xAVUKdGVzdGNvb2tp\nZXECVQZ3b3JrZWRxA3Mu\n','2014-04-15 16:57:30'),('1e33a8140402e916fd549311cb872913','YjZjYzk3NTIzNjc2MTllOGRkYjg2OWZiYjFkN2U3NTU2Njk1ODQ2NzqAAn1xAVUKdGVzdGNvb2tp\nZXECVQZ3b3JrZWRxA3Mu\n','2013-03-14 09:58:15'),('1ea501a1eec28a4a92305da1777de281','YjZjYzk3NTIzNjc2MTllOGRkYjg2OWZiYjFkN2U3NTU2Njk1ODQ2NzqAAn1xAVUKdGVzdGNvb2tp\nZXECVQZ3b3JrZWRxA3Mu\n','2013-12-20 11:29:20'),('1ece415dfd3077c0eddc6c1c219953aa','YjZjYzk3NTIzNjc2MTllOGRkYjg2OWZiYjFkN2U3NTU2Njk1ODQ2NzqAAn1xAVUKdGVzdGNvb2tp\nZXECVQZ3b3JrZWRxA3Mu\n','2014-04-18 01:48:12'),('1f4a39aebdba6f29916fdf0cc406abe8','YjZjYzk3NTIzNjc2MTllOGRkYjg2OWZiYjFkN2U3NTU2Njk1ODQ2NzqAAn1xAVUKdGVzdGNvb2tp\nZXECVQZ3b3JrZWRxA3Mu\n','2014-08-30 06:56:34'),('1fa8f74e806a4ee9f996ec2db3a55d83','YjZjYzk3NTIzNjc2MTllOGRkYjg2OWZiYjFkN2U3NTU2Njk1ODQ2NzqAAn1xAVUKdGVzdGNvb2tp\nZXECVQZ3b3JrZWRxA3Mu\n','2014-11-01 14:38:02'),('1fc6cc38f183dac0bde4a57667a9177e','YjZjYzk3NTIzNjc2MTllOGRkYjg2OWZiYjFkN2U3NTU2Njk1ODQ2NzqAAn1xAVUKdGVzdGNvb2tp\nZXECVQZ3b3JrZWRxA3Mu\n','2014-12-18 00:25:12'),('1fcae46dd2a6b5d277b2cfe2f8fb4086','YjZjYzk3NTIzNjc2MTllOGRkYjg2OWZiYjFkN2U3NTU2Njk1ODQ2NzqAAn1xAVUKdGVzdGNvb2tp\nZXECVQZ3b3JrZWRxA3Mu\n','2013-11-11 00:08:15'),('1fd1234fd4f27f7ad21fc32767fb634e','YjZjYzk3NTIzNjc2MTllOGRkYjg2OWZiYjFkN2U3NTU2Njk1ODQ2NzqAAn1xAVUKdGVzdGNvb2tp\nZXECVQZ3b3JrZWRxA3Mu\n','2014-08-06 03:40:58'),('1fdeabd1ec03a0aef655e7352ca77751','YjZjYzk3NTIzNjc2MTllOGRkYjg2OWZiYjFkN2U3NTU2Njk1ODQ2NzqAAn1xAVUKdGVzdGNvb2tp\nZXECVQZ3b3JrZWRxA3Mu\n','2013-08-10 20:06:27'),('202c6c376eeb7a4cbbfc2807c3df8a11','YjZjYzk3NTIzNjc2MTllOGRkYjg2OWZiYjFkN2U3NTU2Njk1ODQ2NzqAAn1xAVUKdGVzdGNvb2tp\nZXECVQZ3b3JrZWRxA3Mu\n','2013-05-01 02:39:12'),('2044b4a6f61e3417f1772efe43466525','YjQ1ZGNmMzg3NDE5NWE0OWU4YjRjYmJiMTE1M2RkNmFhYmIwNmE0OTqAAn1xAVUKdGVzdGNvb2tp\nZVUGd29ya2VkcQJzLg==\n','2014-04-01 08:36:32'),('204d1c4b4f93e09a54ce073a7acef575','YjZjYzk3NTIzNjc2MTllOGRkYjg2OWZiYjFkN2U3NTU2Njk1ODQ2NzqAAn1xAVUKdGVzdGNvb2tp\nZXECVQZ3b3JrZWRxA3Mu\n','2014-02-08 17:16:02'),('206ad4e11874cf79839ab61d0cc277cc','YjZjYzk3NTIzNjc2MTllOGRkYjg2OWZiYjFkN2U3NTU2Njk1ODQ2NzqAAn1xAVUKdGVzdGNvb2tp\nZXECVQZ3b3JrZWRxA3Mu\n','2014-02-04 07:41:39'),('20c46823c20d4cb571582d2ea6c2bc19','YjZjYzk3NTIzNjc2MTllOGRkYjg2OWZiYjFkN2U3NTU2Njk1ODQ2NzqAAn1xAVUKdGVzdGNvb2tp\nZXECVQZ3b3JrZWRxA3Mu\n','2014-07-02 07:15:11'),('21f8532cb91f20a3d7c0f2f06d706153','YjZjYzk3NTIzNjc2MTllOGRkYjg2OWZiYjFkN2U3NTU2Njk1ODQ2NzqAAn1xAVUKdGVzdGNvb2tp\nZXECVQZ3b3JrZWRxA3Mu\n','2014-03-18 04:01:10'),('220ae1506a52005769e6132e2bfafb5e','YjZjYzk3NTIzNjc2MTllOGRkYjg2OWZiYjFkN2U3NTU2Njk1ODQ2NzqAAn1xAVUKdGVzdGNvb2tp\nZXECVQZ3b3JrZWRxA3Mu\n','2014-05-01 19:44:35'),('22298f5de5768243666b66dc35c82d3f','YjZjYzk3NTIzNjc2MTllOGRkYjg2OWZiYjFkN2U3NTU2Njk1ODQ2NzqAAn1xAVUKdGVzdGNvb2tp\nZXECVQZ3b3JrZWRxA3Mu\n','2014-10-14 13:20:06'),('224b2d47dfbb844159ef932020539f49','YjZjYzk3NTIzNjc2MTllOGRkYjg2OWZiYjFkN2U3NTU2Njk1ODQ2NzqAAn1xAVUKdGVzdGNvb2tp\nZXECVQZ3b3JrZWRxA3Mu\n','2014-09-28 12:50:00'),('227ff52e3cb0d04b842e216a31d15342','YjZjYzk3NTIzNjc2MTllOGRkYjg2OWZiYjFkN2U3NTU2Njk1ODQ2NzqAAn1xAVUKdGVzdGNvb2tp\nZXECVQZ3b3JrZWRxA3Mu\n','2013-06-13 15:26:57'),('22b026e26d7c61c8da606eb3eb891c4b','YjZjYzk3NTIzNjc2MTllOGRkYjg2OWZiYjFkN2U3NTU2Njk1ODQ2NzqAAn1xAVUKdGVzdGNvb2tp\nZXECVQZ3b3JrZWRxA3Mu\n','2014-04-11 06:03:30'),('2332d14f268481c241ec0a4062df21db','YjZjYzk3NTIzNjc2MTllOGRkYjg2OWZiYjFkN2U3NTU2Njk1ODQ2NzqAAn1xAVUKdGVzdGNvb2tp\nZXECVQZ3b3JrZWRxA3Mu\n','2014-07-06 05:32:18'),('241857e7842b4d7de6d7ca60480487a9','YjZjYzk3NTIzNjc2MTllOGRkYjg2OWZiYjFkN2U3NTU2Njk1ODQ2NzqAAn1xAVUKdGVzdGNvb2tp\nZXECVQZ3b3JrZWRxA3Mu\n','2013-09-11 20:40:17'),('241d05e88f49cd8981b3f65acb743168','YjZjYzk3NTIzNjc2MTllOGRkYjg2OWZiYjFkN2U3NTU2Njk1ODQ2NzqAAn1xAVUKdGVzdGNvb2tp\nZXECVQZ3b3JrZWRxA3Mu\n','2014-05-01 02:37:24'),('242a4c338ae423e89a34d533d8ecdc21','YjZjYzk3NTIzNjc2MTllOGRkYjg2OWZiYjFkN2U3NTU2Njk1ODQ2NzqAAn1xAVUKdGVzdGNvb2tp\nZXECVQZ3b3JrZWRxA3Mu\n','2013-12-30 21:11:08'),('24ad76903e8f32a3139e9f7b77b0049b','YjZjYzk3NTIzNjc2MTllOGRkYjg2OWZiYjFkN2U3NTU2Njk1ODQ2NzqAAn1xAVUKdGVzdGNvb2tp\nZXECVQZ3b3JrZWRxA3Mu\n','2014-11-12 16:01:53'),('24c19ad6bf5cb4320a67bf11aac11c0b','YjZjYzk3NTIzNjc2MTllOGRkYjg2OWZiYjFkN2U3NTU2Njk1ODQ2NzqAAn1xAVUKdGVzdGNvb2tp\nZXECVQZ3b3JrZWRxA3Mu\n','2013-06-19 20:14:48'),('24d1716f4b00667dbbb23345b769e3a7','YjZjYzk3NTIzNjc2MTllOGRkYjg2OWZiYjFkN2U3NTU2Njk1ODQ2NzqAAn1xAVUKdGVzdGNvb2tp\nZXECVQZ3b3JrZWRxA3Mu\n','2013-12-18 19:08:49'),('24e46009c71c062f4e89391aa51bde84','YjZjYzk3NTIzNjc2MTllOGRkYjg2OWZiYjFkN2U3NTU2Njk1ODQ2NzqAAn1xAVUKdGVzdGNvb2tp\nZXECVQZ3b3JrZWRxA3Mu\n','2013-04-16 23:05:31'),('24ee876715d4fd1a6bb8a19294fe3136','YjZjYzk3NTIzNjc2MTllOGRkYjg2OWZiYjFkN2U3NTU2Njk1ODQ2NzqAAn1xAVUKdGVzdGNvb2tp\nZXECVQZ3b3JrZWRxA3Mu\n','2014-09-04 10:08:23'),('255dc7185a531843e92246c4e1451b42','YjZjYzk3NTIzNjc2MTllOGRkYjg2OWZiYjFkN2U3NTU2Njk1ODQ2NzqAAn1xAVUKdGVzdGNvb2tp\nZXECVQZ3b3JrZWRxA3Mu\n','2014-04-01 22:59:58'),('25958ecd55f1763aa81a229fc8cabbeb','YjZjYzk3NTIzNjc2MTllOGRkYjg2OWZiYjFkN2U3NTU2Njk1ODQ2NzqAAn1xAVUKdGVzdGNvb2tp\nZXECVQZ3b3JrZWRxA3Mu\n','2013-05-19 17:56:44'),('25c7a816cb3c1c73e9c2690450ed56c8','YTEwNDJhODUwOGRkNGI4NjQyYWJiOWRiNWY5ZGQxYjc3MzkxYzQ3NDqAAn1xAS4=\n','2012-11-26 22:26:44'),('25d73a4dc91feb9fcf18ae0271741a2e','YjZjYzk3NTIzNjc2MTllOGRkYjg2OWZiYjFkN2U3NTU2Njk1ODQ2NzqAAn1xAVUKdGVzdGNvb2tp\nZXECVQZ3b3JrZWRxA3Mu\n','2013-06-27 15:34:15'),('25ed4bbb0fb24231080abf2a3d4f61cc','YjZjYzk3NTIzNjc2MTllOGRkYjg2OWZiYjFkN2U3NTU2Njk1ODQ2NzqAAn1xAVUKdGVzdGNvb2tp\nZXECVQZ3b3JrZWRxA3Mu\n','2013-07-15 22:35:36'),('2603e5734135abcc900a58fad4c5bcfd','YjZjYzk3NTIzNjc2MTllOGRkYjg2OWZiYjFkN2U3NTU2Njk1ODQ2NzqAAn1xAVUKdGVzdGNvb2tp\nZXECVQZ3b3JrZWRxA3Mu\n','2013-09-20 12:53:41'),('267920628e5e7d3fb1b361a3092b9d10','YjZjYzk3NTIzNjc2MTllOGRkYjg2OWZiYjFkN2U3NTU2Njk1ODQ2NzqAAn1xAVUKdGVzdGNvb2tp\nZXECVQZ3b3JrZWRxA3Mu\n','2013-10-03 10:34:41'),('2748817563ed6a5974fc45b07ad7ecc8','YjZjYzk3NTIzNjc2MTllOGRkYjg2OWZiYjFkN2U3NTU2Njk1ODQ2NzqAAn1xAVUKdGVzdGNvb2tp\nZXECVQZ3b3JrZWRxA3Mu\n','2013-10-20 06:06:24'),('27537afc539088a61fd826c689a514ab','YjZjYzk3NTIzNjc2MTllOGRkYjg2OWZiYjFkN2U3NTU2Njk1ODQ2NzqAAn1xAVUKdGVzdGNvb2tp\nZXECVQZ3b3JrZWRxA3Mu\n','2013-08-01 06:35:18'),('2771cfc730aab07ae7dd09171a75b012','YjZjYzk3NTIzNjc2MTllOGRkYjg2OWZiYjFkN2U3NTU2Njk1ODQ2NzqAAn1xAVUKdGVzdGNvb2tp\nZXECVQZ3b3JrZWRxA3Mu\n','2013-09-26 12:14:20'),('27b0b187c083ebc324576b93b8281860','YjZjYzk3NTIzNjc2MTllOGRkYjg2OWZiYjFkN2U3NTU2Njk1ODQ2NzqAAn1xAVUKdGVzdGNvb2tp\nZXECVQZ3b3JrZWRxA3Mu\n','2014-03-05 01:16:58'),('27b5490ba79c12fed74c5906a6b54b63','YjZjYzk3NTIzNjc2MTllOGRkYjg2OWZiYjFkN2U3NTU2Njk1ODQ2NzqAAn1xAVUKdGVzdGNvb2tp\nZXECVQZ3b3JrZWRxA3Mu\n','2013-07-20 16:27:45'),('27c0a0a5e4567724e3ec5e5c1f47fc4a','YjZjYzk3NTIzNjc2MTllOGRkYjg2OWZiYjFkN2U3NTU2Njk1ODQ2NzqAAn1xAVUKdGVzdGNvb2tp\nZXECVQZ3b3JrZWRxA3Mu\n','2014-02-19 08:30:47'),('27f4b5e0e54325214b996df6efd388cf','YjZjYzk3NTIzNjc2MTllOGRkYjg2OWZiYjFkN2U3NTU2Njk1ODQ2NzqAAn1xAVUKdGVzdGNvb2tp\nZXECVQZ3b3JrZWRxA3Mu\n','2014-10-09 21:35:38'),('284a531b5a7d85421be1c05542173851','YjZjYzk3NTIzNjc2MTllOGRkYjg2OWZiYjFkN2U3NTU2Njk1ODQ2NzqAAn1xAVUKdGVzdGNvb2tp\nZXECVQZ3b3JrZWRxA3Mu\n','2014-01-03 16:37:00'),('2856042125d8a7924af55dc7855b9fe7','YjZjYzk3NTIzNjc2MTllOGRkYjg2OWZiYjFkN2U3NTU2Njk1ODQ2NzqAAn1xAVUKdGVzdGNvb2tp\nZXECVQZ3b3JrZWRxA3Mu\n','2013-08-02 18:03:26'),('287ee25a55ff9b129d42c4acbd18cece','YjZjYzk3NTIzNjc2MTllOGRkYjg2OWZiYjFkN2U3NTU2Njk1ODQ2NzqAAn1xAVUKdGVzdGNvb2tp\nZXECVQZ3b3JrZWRxA3Mu\n','2013-06-19 19:53:41'),('28984974bb45505b509ae5bcfa74d442','YjZjYzk3NTIzNjc2MTllOGRkYjg2OWZiYjFkN2U3NTU2Njk1ODQ2NzqAAn1xAVUKdGVzdGNvb2tp\nZXECVQZ3b3JrZWRxA3Mu\n','2013-07-04 05:59:38'),('2918fa150b6942ba2d37df0f31d4f26d','YjZjYzk3NTIzNjc2MTllOGRkYjg2OWZiYjFkN2U3NTU2Njk1ODQ2NzqAAn1xAVUKdGVzdGNvb2tp\nZXECVQZ3b3JrZWRxA3Mu\n','2014-11-28 02:31:00'),('292019c137583aa9d858b14b86847d8e','YjZjYzk3NTIzNjc2MTllOGRkYjg2OWZiYjFkN2U3NTU2Njk1ODQ2NzqAAn1xAVUKdGVzdGNvb2tp\nZXECVQZ3b3JrZWRxA3Mu\n','2014-01-06 21:05:46'),('292657885ecd45ea3e2a2e0c6733e2e3','YjZjYzk3NTIzNjc2MTllOGRkYjg2OWZiYjFkN2U3NTU2Njk1ODQ2NzqAAn1xAVUKdGVzdGNvb2tp\nZXECVQZ3b3JrZWRxA3Mu\n','2013-10-21 10:53:36'),('292a83b513bb0ceda8f6f7066b5f120a','YjZjYzk3NTIzNjc2MTllOGRkYjg2OWZiYjFkN2U3NTU2Njk1ODQ2NzqAAn1xAVUKdGVzdGNvb2tp\nZXECVQZ3b3JrZWRxA3Mu\n','2014-12-09 01:56:17'),('298aa226d2a52bdd4d9f5376f7fad905','YjZjYzk3NTIzNjc2MTllOGRkYjg2OWZiYjFkN2U3NTU2Njk1ODQ2NzqAAn1xAVUKdGVzdGNvb2tp\nZXECVQZ3b3JrZWRxA3Mu\n','2013-03-21 15:25:29'),('299db83af43fae58d2ccbd18f6494ea9','YjZjYzk3NTIzNjc2MTllOGRkYjg2OWZiYjFkN2U3NTU2Njk1ODQ2NzqAAn1xAVUKdGVzdGNvb2tp\nZXECVQZ3b3JrZWRxA3Mu\n','2014-03-13 15:31:23'),('29bce05b1fe53cb117aab39105345111','YjZjYzk3NTIzNjc2MTllOGRkYjg2OWZiYjFkN2U3NTU2Njk1ODQ2NzqAAn1xAVUKdGVzdGNvb2tp\nZXECVQZ3b3JrZWRxA3Mu\n','2013-07-18 04:42:13'),('29cf06805bbe03327a2f2ea1a2690cd5','YjZjYzk3NTIzNjc2MTllOGRkYjg2OWZiYjFkN2U3NTU2Njk1ODQ2NzqAAn1xAVUKdGVzdGNvb2tp\nZXECVQZ3b3JrZWRxA3Mu\n','2013-08-17 20:48:01'),('2a10645e8e853f05e214fba625947fd1','YjZjYzk3NTIzNjc2MTllOGRkYjg2OWZiYjFkN2U3NTU2Njk1ODQ2NzqAAn1xAVUKdGVzdGNvb2tp\nZXECVQZ3b3JrZWRxA3Mu\n','2014-04-26 20:35:08'),('2a5762e36077ff7b6f9166011697c9ed','YjZjYzk3NTIzNjc2MTllOGRkYjg2OWZiYjFkN2U3NTU2Njk1ODQ2NzqAAn1xAVUKdGVzdGNvb2tp\nZXECVQZ3b3JrZWRxA3Mu\n','2014-11-22 01:52:41'),('2a60b567ddcda3aba52dfdfb93dc8897','YjZjYzk3NTIzNjc2MTllOGRkYjg2OWZiYjFkN2U3NTU2Njk1ODQ2NzqAAn1xAVUKdGVzdGNvb2tp\nZXECVQZ3b3JrZWRxA3Mu\n','2013-11-05 08:13:43'),('2aafda170034b6fc8688a46f62643192','YjZjYzk3NTIzNjc2MTllOGRkYjg2OWZiYjFkN2U3NTU2Njk1ODQ2NzqAAn1xAVUKdGVzdGNvb2tp\nZXECVQZ3b3JrZWRxA3Mu\n','2013-08-14 00:41:22'),('2aef26d433af5d4c96fac93eae718f65','YjZjYzk3NTIzNjc2MTllOGRkYjg2OWZiYjFkN2U3NTU2Njk1ODQ2NzqAAn1xAVUKdGVzdGNvb2tp\nZXECVQZ3b3JrZWRxA3Mu\n','2013-07-03 12:31:51'),('2b838193c8aaeeb906a9fb98e62e8fae','YjZjYzk3NTIzNjc2MTllOGRkYjg2OWZiYjFkN2U3NTU2Njk1ODQ2NzqAAn1xAVUKdGVzdGNvb2tp\nZXECVQZ3b3JrZWRxA3Mu\n','2013-09-27 10:39:54'),('2b86db375e332862269547104871d649','YjZjYzk3NTIzNjc2MTllOGRkYjg2OWZiYjFkN2U3NTU2Njk1ODQ2NzqAAn1xAVUKdGVzdGNvb2tp\nZXECVQZ3b3JrZWRxA3Mu\n','2013-11-21 03:38:18'),('2b8c95c685ad5ccc94b3fccfc633ba52','YjZjYzk3NTIzNjc2MTllOGRkYjg2OWZiYjFkN2U3NTU2Njk1ODQ2NzqAAn1xAVUKdGVzdGNvb2tp\nZXECVQZ3b3JrZWRxA3Mu\n','2014-08-15 06:14:15'),('2c1868a9618717962cce1b9661826efc','YjZjYzk3NTIzNjc2MTllOGRkYjg2OWZiYjFkN2U3NTU2Njk1ODQ2NzqAAn1xAVUKdGVzdGNvb2tp\nZXECVQZ3b3JrZWRxA3Mu\n','2013-08-13 03:55:45'),('2c1eee3b3ab52ea9e1415533e31535c3','YjZjYzk3NTIzNjc2MTllOGRkYjg2OWZiYjFkN2U3NTU2Njk1ODQ2NzqAAn1xAVUKdGVzdGNvb2tp\nZXECVQZ3b3JrZWRxA3Mu\n','2014-01-20 03:12:41'),('2c326223e35ec023a79543746184ffcc','YjZjYzk3NTIzNjc2MTllOGRkYjg2OWZiYjFkN2U3NTU2Njk1ODQ2NzqAAn1xAVUKdGVzdGNvb2tp\nZXECVQZ3b3JrZWRxA3Mu\n','2013-08-19 02:06:34'),('2c700065de4ad4e996591885e185167b','YjZjYzk3NTIzNjc2MTllOGRkYjg2OWZiYjFkN2U3NTU2Njk1ODQ2NzqAAn1xAVUKdGVzdGNvb2tp\nZXECVQZ3b3JrZWRxA3Mu\n','2014-02-20 03:22:53'),('2c74fdb8d7f70bef3084fa4df78c05b6','YjZjYzk3NTIzNjc2MTllOGRkYjg2OWZiYjFkN2U3NTU2Njk1ODQ2NzqAAn1xAVUKdGVzdGNvb2tp\nZXECVQZ3b3JrZWRxA3Mu\n','2014-04-27 11:17:01'),('2c7fcaf86b959bd5491fac68d1bb876e','YjZjYzk3NTIzNjc2MTllOGRkYjg2OWZiYjFkN2U3NTU2Njk1ODQ2NzqAAn1xAVUKdGVzdGNvb2tp\nZXECVQZ3b3JrZWRxA3Mu\n','2014-04-28 07:45:13'),('2c9fcfdcf1845a2fe2eba1d11e13b618','YjZjYzk3NTIzNjc2MTllOGRkYjg2OWZiYjFkN2U3NTU2Njk1ODQ2NzqAAn1xAVUKdGVzdGNvb2tp\nZXECVQZ3b3JrZWRxA3Mu\n','2014-01-17 12:08:57'),('2d3d083840347f02398d702764cec909','YjZjYzk3NTIzNjc2MTllOGRkYjg2OWZiYjFkN2U3NTU2Njk1ODQ2NzqAAn1xAVUKdGVzdGNvb2tp\nZXECVQZ3b3JrZWRxA3Mu\n','2014-07-27 22:27:51'),('2d6ae28c76d1260700b666fa7d0354a9','YjZjYzk3NTIzNjc2MTllOGRkYjg2OWZiYjFkN2U3NTU2Njk1ODQ2NzqAAn1xAVUKdGVzdGNvb2tp\nZXECVQZ3b3JrZWRxA3Mu\n','2013-12-26 03:27:04'),('2d832c7d560741fc9e93c4c7e16e763f','YjZjYzk3NTIzNjc2MTllOGRkYjg2OWZiYjFkN2U3NTU2Njk1ODQ2NzqAAn1xAVUKdGVzdGNvb2tp\nZXECVQZ3b3JrZWRxA3Mu\n','2014-07-17 23:06:12'),('2dc831603612d3596733dcfff85dc2ca','YjZjYzk3NTIzNjc2MTllOGRkYjg2OWZiYjFkN2U3NTU2Njk1ODQ2NzqAAn1xAVUKdGVzdGNvb2tp\nZXECVQZ3b3JrZWRxA3Mu\n','2014-11-29 23:53:15'),('2ef60c2dc10884921cc5bec59d2ae35f','YjZjYzk3NTIzNjc2MTllOGRkYjg2OWZiYjFkN2U3NTU2Njk1ODQ2NzqAAn1xAVUKdGVzdGNvb2tp\nZXECVQZ3b3JrZWRxA3Mu\n','2014-11-05 01:43:51'),('2efc0ea7bac7e2ce92780d5429de1e28','YjZjYzk3NTIzNjc2MTllOGRkYjg2OWZiYjFkN2U3NTU2Njk1ODQ2NzqAAn1xAVUKdGVzdGNvb2tp\nZXECVQZ3b3JrZWRxA3Mu\n','2014-08-08 01:07:20'),('2f60caf4508376488950b427189a53d6','YjZjYzk3NTIzNjc2MTllOGRkYjg2OWZiYjFkN2U3NTU2Njk1ODQ2NzqAAn1xAVUKdGVzdGNvb2tp\nZXECVQZ3b3JrZWRxA3Mu\n','2014-08-01 04:03:45'),('3098b6311da2588f3840e39efe0ea721','YjZjYzk3NTIzNjc2MTllOGRkYjg2OWZiYjFkN2U3NTU2Njk1ODQ2NzqAAn1xAVUKdGVzdGNvb2tp\nZXECVQZ3b3JrZWRxA3Mu\n','2013-07-26 18:58:40'),('3183037ad6bb65759539ea787c36c8f1','YjZjYzk3NTIzNjc2MTllOGRkYjg2OWZiYjFkN2U3NTU2Njk1ODQ2NzqAAn1xAVUKdGVzdGNvb2tp\nZXECVQZ3b3JrZWRxA3Mu\n','2013-05-18 04:26:52'),('32122d24ed09b832b53288d7ab7106fb','YjZjYzk3NTIzNjc2MTllOGRkYjg2OWZiYjFkN2U3NTU2Njk1ODQ2NzqAAn1xAVUKdGVzdGNvb2tp\nZXECVQZ3b3JrZWRxA3Mu\n','2014-03-16 19:28:19'),('3216ad4ea3479ee6cd4ace7d4173937f','YjZjYzk3NTIzNjc2MTllOGRkYjg2OWZiYjFkN2U3NTU2Njk1ODQ2NzqAAn1xAVUKdGVzdGNvb2tp\nZXECVQZ3b3JrZWRxA3Mu\n','2013-08-09 07:19:44'),('323d391cba6b45603f5c3e8a8eebc288','YjZjYzk3NTIzNjc2MTllOGRkYjg2OWZiYjFkN2U3NTU2Njk1ODQ2NzqAAn1xAVUKdGVzdGNvb2tp\nZXECVQZ3b3JrZWRxA3Mu\n','2014-03-22 18:35:48'),('3264a82a3aa1f892880d1469cb289576','YjZjYzk3NTIzNjc2MTllOGRkYjg2OWZiYjFkN2U3NTU2Njk1ODQ2NzqAAn1xAVUKdGVzdGNvb2tp\nZXECVQZ3b3JrZWRxA3Mu\n','2014-06-20 14:07:43'),('32da879b7b619b484346829ce994b517','YjZjYzk3NTIzNjc2MTllOGRkYjg2OWZiYjFkN2U3NTU2Njk1ODQ2NzqAAn1xAVUKdGVzdGNvb2tp\nZXECVQZ3b3JrZWRxA3Mu\n','2013-12-23 10:44:31'),('33258c870849c0601684c00998d740d8','YjZjYzk3NTIzNjc2MTllOGRkYjg2OWZiYjFkN2U3NTU2Njk1ODQ2NzqAAn1xAVUKdGVzdGNvb2tp\nZXECVQZ3b3JrZWRxA3Mu\n','2013-07-18 04:11:31'),('33b3244bee7c7912f311a19a6fd03d9a','YjZjYzk3NTIzNjc2MTllOGRkYjg2OWZiYjFkN2U3NTU2Njk1ODQ2NzqAAn1xAVUKdGVzdGNvb2tp\nZXECVQZ3b3JrZWRxA3Mu\n','2014-12-09 04:07:53'),('33ba6367db046e5c4af971ab56f4597f','YjZjYzk3NTIzNjc2MTllOGRkYjg2OWZiYjFkN2U3NTU2Njk1ODQ2NzqAAn1xAVUKdGVzdGNvb2tp\nZXECVQZ3b3JrZWRxA3Mu\n','2014-11-29 23:01:41'),('34426656e88dc63c13518de55f0ba57e','YjZjYzk3NTIzNjc2MTllOGRkYjg2OWZiYjFkN2U3NTU2Njk1ODQ2NzqAAn1xAVUKdGVzdGNvb2tp\nZXECVQZ3b3JrZWRxA3Mu\n','2013-05-02 09:14:41'),('34822038f99299ac41cc5bc95d23dbf1','YjZjYzk3NTIzNjc2MTllOGRkYjg2OWZiYjFkN2U3NTU2Njk1ODQ2NzqAAn1xAVUKdGVzdGNvb2tp\nZXECVQZ3b3JrZWRxA3Mu\n','2014-08-30 18:09:13'),('3490133985fd89a7cab976cdaeb39248','YjZjYzk3NTIzNjc2MTllOGRkYjg2OWZiYjFkN2U3NTU2Njk1ODQ2NzqAAn1xAVUKdGVzdGNvb2tp\nZXECVQZ3b3JrZWRxA3Mu\n','2014-09-27 20:56:55'),('3513733084ce9a0ee07a073de976c1fc','YjZjYzk3NTIzNjc2MTllOGRkYjg2OWZiYjFkN2U3NTU2Njk1ODQ2NzqAAn1xAVUKdGVzdGNvb2tp\nZXECVQZ3b3JrZWRxA3Mu\n','2013-03-28 09:07:15'),('3513cc491b00abbc68d6de134b5a3a07','YjZjYzk3NTIzNjc2MTllOGRkYjg2OWZiYjFkN2U3NTU2Njk1ODQ2NzqAAn1xAVUKdGVzdGNvb2tp\nZXECVQZ3b3JrZWRxA3Mu\n','2014-10-17 09:16:29'),('3514df48c5e7cd3a75a3373dd16507fd','YjZjYzk3NTIzNjc2MTllOGRkYjg2OWZiYjFkN2U3NTU2Njk1ODQ2NzqAAn1xAVUKdGVzdGNvb2tp\nZXECVQZ3b3JrZWRxA3Mu\n','2013-09-12 09:23:16'),('359553c83d05f56274767da1bd302049','YjZjYzk3NTIzNjc2MTllOGRkYjg2OWZiYjFkN2U3NTU2Njk1ODQ2NzqAAn1xAVUKdGVzdGNvb2tp\nZXECVQZ3b3JrZWRxA3Mu\n','2013-08-01 02:16:02'),('35ebf10275754e527ae10ca33c2cbbde','YjZjYzk3NTIzNjc2MTllOGRkYjg2OWZiYjFkN2U3NTU2Njk1ODQ2NzqAAn1xAVUKdGVzdGNvb2tp\nZXECVQZ3b3JrZWRxA3Mu\n','2013-05-09 14:13:02'),('3617153cc6ff98f2859790e6babb54b3','YjZjYzk3NTIzNjc2MTllOGRkYjg2OWZiYjFkN2U3NTU2Njk1ODQ2NzqAAn1xAVUKdGVzdGNvb2tp\nZXECVQZ3b3JrZWRxA3Mu\n','2014-01-13 05:17:32'),('362de48020068ec5fe67d5abd49d677a','YjZjYzk3NTIzNjc2MTllOGRkYjg2OWZiYjFkN2U3NTU2Njk1ODQ2NzqAAn1xAVUKdGVzdGNvb2tp\nZXECVQZ3b3JrZWRxA3Mu\n','2014-02-27 01:09:56'),('3668df3c13b2a3ee335d289c055a9faa','YjZjYzk3NTIzNjc2MTllOGRkYjg2OWZiYjFkN2U3NTU2Njk1ODQ2NzqAAn1xAVUKdGVzdGNvb2tp\nZXECVQZ3b3JrZWRxA3Mu\n','2014-02-25 09:12:45'),('3682e87577545afa854e8365c70f1fff','YjZjYzk3NTIzNjc2MTllOGRkYjg2OWZiYjFkN2U3NTU2Njk1ODQ2NzqAAn1xAVUKdGVzdGNvb2tp\nZXECVQZ3b3JrZWRxA3Mu\n','2013-04-11 10:28:18'),('3689d4ebe8f0956f89f4eac8bbf834ed','YjZjYzk3NTIzNjc2MTllOGRkYjg2OWZiYjFkN2U3NTU2Njk1ODQ2NzqAAn1xAVUKdGVzdGNvb2tp\nZXECVQZ3b3JrZWRxA3Mu\n','2014-02-16 06:17:01'),('3696c2921d0df4965331d241a217e150','YjZjYzk3NTIzNjc2MTllOGRkYjg2OWZiYjFkN2U3NTU2Njk1ODQ2NzqAAn1xAVUKdGVzdGNvb2tp\nZXECVQZ3b3JrZWRxA3Mu\n','2014-02-24 13:44:57'),('36ae2533215b78362d34d0d18da4ab16','YjZjYzk3NTIzNjc2MTllOGRkYjg2OWZiYjFkN2U3NTU2Njk1ODQ2NzqAAn1xAVUKdGVzdGNvb2tp\nZXECVQZ3b3JrZWRxA3Mu\n','2014-08-11 02:07:45'),('36cfbe4f431bd4483abd13850e5bfa8c','YjZjYzk3NTIzNjc2MTllOGRkYjg2OWZiYjFkN2U3NTU2Njk1ODQ2NzqAAn1xAVUKdGVzdGNvb2tp\nZXECVQZ3b3JrZWRxA3Mu\n','2013-11-16 08:56:56'),('370d5e87acf40e5642d43018098a9d54','YjZjYzk3NTIzNjc2MTllOGRkYjg2OWZiYjFkN2U3NTU2Njk1ODQ2NzqAAn1xAVUKdGVzdGNvb2tp\nZXECVQZ3b3JrZWRxA3Mu\n','2014-02-12 14:03:59'),('371d6468bdc90b192f0057d436085ad5','YjZjYzk3NTIzNjc2MTllOGRkYjg2OWZiYjFkN2U3NTU2Njk1ODQ2NzqAAn1xAVUKdGVzdGNvb2tp\nZXECVQZ3b3JrZWRxA3Mu\n','2014-06-07 22:28:32'),('37744ac248a755139830957e9e030c8f','YjZjYzk3NTIzNjc2MTllOGRkYjg2OWZiYjFkN2U3NTU2Njk1ODQ2NzqAAn1xAVUKdGVzdGNvb2tp\nZXECVQZ3b3JrZWRxA3Mu\n','2014-08-02 08:15:31'),('37d2b01f029b2a3d8cf9e854479630f0','YjZjYzk3NTIzNjc2MTllOGRkYjg2OWZiYjFkN2U3NTU2Njk1ODQ2NzqAAn1xAVUKdGVzdGNvb2tp\nZXECVQZ3b3JrZWRxA3Mu\n','2014-11-23 02:30:23'),('37d8448040c215c14562c46ca1d5741e','YjZjYzk3NTIzNjc2MTllOGRkYjg2OWZiYjFkN2U3NTU2Njk1ODQ2NzqAAn1xAVUKdGVzdGNvb2tp\nZXECVQZ3b3JrZWRxA3Mu\n','2013-05-24 03:42:14'),('37f6022853ef9e22c391a118da2e54de','YjZjYzk3NTIzNjc2MTllOGRkYjg2OWZiYjFkN2U3NTU2Njk1ODQ2NzqAAn1xAVUKdGVzdGNvb2tp\nZXECVQZ3b3JrZWRxA3Mu\n','2013-10-04 02:26:57'),('382b92d7b334b9815819cba7bf01ead3','YjZjYzk3NTIzNjc2MTllOGRkYjg2OWZiYjFkN2U3NTU2Njk1ODQ2NzqAAn1xAVUKdGVzdGNvb2tp\nZXECVQZ3b3JrZWRxA3Mu\n','2013-09-23 20:13:38'),('3835766c0d9d5bd6a98209e57d76da0f','YjZjYzk3NTIzNjc2MTllOGRkYjg2OWZiYjFkN2U3NTU2Njk1ODQ2NzqAAn1xAVUKdGVzdGNvb2tp\nZXECVQZ3b3JrZWRxA3Mu\n','2013-03-16 00:52:50'),('387cf49d69b37f56fc58084ea5ab1631','YjZjYzk3NTIzNjc2MTllOGRkYjg2OWZiYjFkN2U3NTU2Njk1ODQ2NzqAAn1xAVUKdGVzdGNvb2tp\nZXECVQZ3b3JrZWRxA3Mu\n','2013-04-29 04:24:55'),('38c3ecbb7e2093281dab689909401e3a','YjZjYzk3NTIzNjc2MTllOGRkYjg2OWZiYjFkN2U3NTU2Njk1ODQ2NzqAAn1xAVUKdGVzdGNvb2tp\nZXECVQZ3b3JrZWRxA3Mu\n','2014-09-06 12:23:15'),('38d80de3f91dba445579b253f9c0e1f2','YjZjYzk3NTIzNjc2MTllOGRkYjg2OWZiYjFkN2U3NTU2Njk1ODQ2NzqAAn1xAVUKdGVzdGNvb2tp\nZXECVQZ3b3JrZWRxA3Mu\n','2013-04-22 02:34:47'),('38df4928b50b4f004e0fe04afb8bbd48','YjZjYzk3NTIzNjc2MTllOGRkYjg2OWZiYjFkN2U3NTU2Njk1ODQ2NzqAAn1xAVUKdGVzdGNvb2tp\nZXECVQZ3b3JrZWRxA3Mu\n','2013-09-18 16:55:28'),('38eca4e0b58a0a88bde5187721885fb5','YjZjYzk3NTIzNjc2MTllOGRkYjg2OWZiYjFkN2U3NTU2Njk1ODQ2NzqAAn1xAVUKdGVzdGNvb2tp\nZXECVQZ3b3JrZWRxA3Mu\n','2014-02-21 03:49:23'),('391b50a6dba1479a786651cf867df007','YjZjYzk3NTIzNjc2MTllOGRkYjg2OWZiYjFkN2U3NTU2Njk1ODQ2NzqAAn1xAVUKdGVzdGNvb2tp\nZXECVQZ3b3JrZWRxA3Mu\n','2013-04-23 04:27:26'),('39264a558b7024192512169ccae582d8','YjZjYzk3NTIzNjc2MTllOGRkYjg2OWZiYjFkN2U3NTU2Njk1ODQ2NzqAAn1xAVUKdGVzdGNvb2tp\nZXECVQZ3b3JrZWRxA3Mu\n','2014-03-13 23:24:21'),('3929db7f2a8a6de57158fc08b2bac073','YjZjYzk3NTIzNjc2MTllOGRkYjg2OWZiYjFkN2U3NTU2Njk1ODQ2NzqAAn1xAVUKdGVzdGNvb2tp\nZXECVQZ3b3JrZWRxA3Mu\n','2014-12-04 17:25:46'),('39464005eb56e9f8bdb5e34abb4ce4d8','YjZjYzk3NTIzNjc2MTllOGRkYjg2OWZiYjFkN2U3NTU2Njk1ODQ2NzqAAn1xAVUKdGVzdGNvb2tp\nZXECVQZ3b3JrZWRxA3Mu\n','2014-01-19 04:50:17'),('39679254b3abdefc4ccbf3443781608d','YjZjYzk3NTIzNjc2MTllOGRkYjg2OWZiYjFkN2U3NTU2Njk1ODQ2NzqAAn1xAVUKdGVzdGNvb2tp\nZXECVQZ3b3JrZWRxA3Mu\n','2014-02-03 03:28:21'),('398a13b1aa7ac4c18ebfd6dbd883e043','YjZjYzk3NTIzNjc2MTllOGRkYjg2OWZiYjFkN2U3NTU2Njk1ODQ2NzqAAn1xAVUKdGVzdGNvb2tp\nZXECVQZ3b3JrZWRxA3Mu\n','2013-11-04 23:38:52'),('3999f100c403c5d4f50dce882b5f13f1','YjZjYzk3NTIzNjc2MTllOGRkYjg2OWZiYjFkN2U3NTU2Njk1ODQ2NzqAAn1xAVUKdGVzdGNvb2tp\nZXECVQZ3b3JrZWRxA3Mu\n','2013-05-30 16:23:57'),('39aa191a0fcd849212a16799585c02bc','YjZjYzk3NTIzNjc2MTllOGRkYjg2OWZiYjFkN2U3NTU2Njk1ODQ2NzqAAn1xAVUKdGVzdGNvb2tp\nZXECVQZ3b3JrZWRxA3Mu\n','2013-12-04 09:25:58'),('39df4aff973d56eac2e9b795758a9633','YjZjYzk3NTIzNjc2MTllOGRkYjg2OWZiYjFkN2U3NTU2Njk1ODQ2NzqAAn1xAVUKdGVzdGNvb2tp\nZXECVQZ3b3JrZWRxA3Mu\n','2013-03-27 13:22:31'),('39eccb1da226e9cd7281ee4e09199cd4','YjZjYzk3NTIzNjc2MTllOGRkYjg2OWZiYjFkN2U3NTU2Njk1ODQ2NzqAAn1xAVUKdGVzdGNvb2tp\nZXECVQZ3b3JrZWRxA3Mu\n','2014-07-03 22:14:00'),('3a15fcfa885ed15c7ef95484e2b83af6','YjZjYzk3NTIzNjc2MTllOGRkYjg2OWZiYjFkN2U3NTU2Njk1ODQ2NzqAAn1xAVUKdGVzdGNvb2tp\nZXECVQZ3b3JrZWRxA3Mu\n','2013-05-05 02:45:59'),('3a4c9e1b57417162e14edf6cae1dc487','YjZjYzk3NTIzNjc2MTllOGRkYjg2OWZiYjFkN2U3NTU2Njk1ODQ2NzqAAn1xAVUKdGVzdGNvb2tp\nZXECVQZ3b3JrZWRxA3Mu\n','2014-11-07 23:18:09'),('3a4d9f855aff288be28e91e7c1e50805','YjZjYzk3NTIzNjc2MTllOGRkYjg2OWZiYjFkN2U3NTU2Njk1ODQ2NzqAAn1xAVUKdGVzdGNvb2tp\nZXECVQZ3b3JrZWRxA3Mu\n','2013-03-17 20:40:41'),('3a6807cc1eea36d2465ae06074bbf69d','YjZjYzk3NTIzNjc2MTllOGRkYjg2OWZiYjFkN2U3NTU2Njk1ODQ2NzqAAn1xAVUKdGVzdGNvb2tp\nZXECVQZ3b3JrZWRxA3Mu\n','2013-11-30 12:52:22'),('3a680c28cb906665821c0f04d42d5f66','YjZjYzk3NTIzNjc2MTllOGRkYjg2OWZiYjFkN2U3NTU2Njk1ODQ2NzqAAn1xAVUKdGVzdGNvb2tp\nZXECVQZ3b3JrZWRxA3Mu\n','2014-10-16 10:28:08'),('3a96d5162d8e96f6f68a5d257096218e','YjZjYzk3NTIzNjc2MTllOGRkYjg2OWZiYjFkN2U3NTU2Njk1ODQ2NzqAAn1xAVUKdGVzdGNvb2tp\nZXECVQZ3b3JrZWRxA3Mu\n','2013-08-16 02:49:42'),('3ae29b15146a4f4e8839754b45f2123e','YjQ1ZGNmMzg3NDE5NWE0OWU4YjRjYmJiMTE1M2RkNmFhYmIwNmE0OTqAAn1xAVUKdGVzdGNvb2tp\nZVUGd29ya2VkcQJzLg==\n','2013-12-24 04:04:37'),('3b55fca6699e2c18b9e4e7398301d4f5','YjZjYzk3NTIzNjc2MTllOGRkYjg2OWZiYjFkN2U3NTU2Njk1ODQ2NzqAAn1xAVUKdGVzdGNvb2tp\nZXECVQZ3b3JrZWRxA3Mu\n','2014-02-13 19:56:24'),('3b8001b89ce79a6d4229cbfd056805de','YjZjYzk3NTIzNjc2MTllOGRkYjg2OWZiYjFkN2U3NTU2Njk1ODQ2NzqAAn1xAVUKdGVzdGNvb2tp\nZXECVQZ3b3JrZWRxA3Mu\n','2013-10-20 03:25:34'),('3c62b69aaa944e9077af302f0e0fea6c','YjZjYzk3NTIzNjc2MTllOGRkYjg2OWZiYjFkN2U3NTU2Njk1ODQ2NzqAAn1xAVUKdGVzdGNvb2tp\nZXECVQZ3b3JrZWRxA3Mu\n','2014-10-18 05:15:35'),('3c734c683c955929a3e642869c8204e4','YjZjYzk3NTIzNjc2MTllOGRkYjg2OWZiYjFkN2U3NTU2Njk1ODQ2NzqAAn1xAVUKdGVzdGNvb2tp\nZXECVQZ3b3JrZWRxA3Mu\n','2013-08-24 05:01:24'),('3cd1356d9bbbc4ee1486a63b3c7ae623','YjZjYzk3NTIzNjc2MTllOGRkYjg2OWZiYjFkN2U3NTU2Njk1ODQ2NzqAAn1xAVUKdGVzdGNvb2tp\nZXECVQZ3b3JrZWRxA3Mu\n','2014-07-16 01:59:27'),('3d2cd7565aad36e82e978ee60c83cc44','YjZjYzk3NTIzNjc2MTllOGRkYjg2OWZiYjFkN2U3NTU2Njk1ODQ2NzqAAn1xAVUKdGVzdGNvb2tp\nZXECVQZ3b3JrZWRxA3Mu\n','2014-01-03 05:59:49'),('3d2f9c565eefc4a5d29644da250de40c','YjZjYzk3NTIzNjc2MTllOGRkYjg2OWZiYjFkN2U3NTU2Njk1ODQ2NzqAAn1xAVUKdGVzdGNvb2tp\nZXECVQZ3b3JrZWRxA3Mu\n','2014-03-18 05:50:51'),('3d45b98a9621d998bed7a41b62984c70','YjZjYzk3NTIzNjc2MTllOGRkYjg2OWZiYjFkN2U3NTU2Njk1ODQ2NzqAAn1xAVUKdGVzdGNvb2tp\nZXECVQZ3b3JrZWRxA3Mu\n','2014-02-11 18:11:11'),('3d8035a5c1c16f0c9dcd7a0d7f130b23','YjZjYzk3NTIzNjc2MTllOGRkYjg2OWZiYjFkN2U3NTU2Njk1ODQ2NzqAAn1xAVUKdGVzdGNvb2tp\nZXECVQZ3b3JrZWRxA3Mu\n','2014-03-29 22:33:21'),('3dacd86bbc1e30a6b7efb3ca07ef2bec','YjZjYzk3NTIzNjc2MTllOGRkYjg2OWZiYjFkN2U3NTU2Njk1ODQ2NzqAAn1xAVUKdGVzdGNvb2tp\nZXECVQZ3b3JrZWRxA3Mu\n','2014-03-07 22:31:30'),('3db5bed15d67b9b39a463cd08fd98f39','YjZjYzk3NTIzNjc2MTllOGRkYjg2OWZiYjFkN2U3NTU2Njk1ODQ2NzqAAn1xAVUKdGVzdGNvb2tp\nZXECVQZ3b3JrZWRxA3Mu\n','2014-06-26 11:28:51'),('3df4259d90cd1465c56b30c159ff8e13','YjZjYzk3NTIzNjc2MTllOGRkYjg2OWZiYjFkN2U3NTU2Njk1ODQ2NzqAAn1xAVUKdGVzdGNvb2tp\nZXECVQZ3b3JrZWRxA3Mu\n','2014-09-03 02:38:10'),('3e004d3c1439104c02304092a69d326e','YjZjYzk3NTIzNjc2MTllOGRkYjg2OWZiYjFkN2U3NTU2Njk1ODQ2NzqAAn1xAVUKdGVzdGNvb2tp\nZXECVQZ3b3JrZWRxA3Mu\n','2014-09-26 08:04:09'),('3e75bf90ffb55528d5cf20cd7e808d35','YjZjYzk3NTIzNjc2MTllOGRkYjg2OWZiYjFkN2U3NTU2Njk1ODQ2NzqAAn1xAVUKdGVzdGNvb2tp\nZXECVQZ3b3JrZWRxA3Mu\n','2014-10-10 15:00:58'),('3e7d7261fb702aa21a8ad71492b9192d','YjZjYzk3NTIzNjc2MTllOGRkYjg2OWZiYjFkN2U3NTU2Njk1ODQ2NzqAAn1xAVUKdGVzdGNvb2tp\nZXECVQZ3b3JrZWRxA3Mu\n','2013-12-22 03:07:52'),('3eb0490130a8eb039529dc97753bef81','YjZjYzk3NTIzNjc2MTllOGRkYjg2OWZiYjFkN2U3NTU2Njk1ODQ2NzqAAn1xAVUKdGVzdGNvb2tp\nZXECVQZ3b3JrZWRxA3Mu\n','2014-05-25 20:22:15'),('3eed7cf09aa6dcc3d28020cdeaae5964','YjZjYzk3NTIzNjc2MTllOGRkYjg2OWZiYjFkN2U3NTU2Njk1ODQ2NzqAAn1xAVUKdGVzdGNvb2tp\nZXECVQZ3b3JrZWRxA3Mu\n','2014-10-08 05:31:08'),('3ef8ced84a78c63e842f0efcd7fa7058','YjZjYzk3NTIzNjc2MTllOGRkYjg2OWZiYjFkN2U3NTU2Njk1ODQ2NzqAAn1xAVUKdGVzdGNvb2tp\nZXECVQZ3b3JrZWRxA3Mu\n','2014-10-28 21:57:19'),('3efca56b575935633718d5df5df53fde','YjZjYzk3NTIzNjc2MTllOGRkYjg2OWZiYjFkN2U3NTU2Njk1ODQ2NzqAAn1xAVUKdGVzdGNvb2tp\nZXECVQZ3b3JrZWRxA3Mu\n','2014-09-24 07:03:50'),('3f0fa359bc951708e382990fca61fad0','YjZjYzk3NTIzNjc2MTllOGRkYjg2OWZiYjFkN2U3NTU2Njk1ODQ2NzqAAn1xAVUKdGVzdGNvb2tp\nZXECVQZ3b3JrZWRxA3Mu\n','2014-10-23 15:33:24'),('3f4803829d18f7eccb930ed4684403ea','YjZjYzk3NTIzNjc2MTllOGRkYjg2OWZiYjFkN2U3NTU2Njk1ODQ2NzqAAn1xAVUKdGVzdGNvb2tp\nZXECVQZ3b3JrZWRxA3Mu\n','2014-06-17 20:27:48'),('3f872e598137f988ee8ff9b947d49416','YjZjYzk3NTIzNjc2MTllOGRkYjg2OWZiYjFkN2U3NTU2Njk1ODQ2NzqAAn1xAVUKdGVzdGNvb2tp\nZXECVQZ3b3JrZWRxA3Mu\n','2014-07-10 05:12:56'),('3f8d70bc09291ebabea2817bff27fa18','YjZjYzk3NTIzNjc2MTllOGRkYjg2OWZiYjFkN2U3NTU2Njk1ODQ2NzqAAn1xAVUKdGVzdGNvb2tp\nZXECVQZ3b3JrZWRxA3Mu\n','2013-05-18 06:36:36'),('3fb9cde0405f45473c1915e47eb968be','YjZjYzk3NTIzNjc2MTllOGRkYjg2OWZiYjFkN2U3NTU2Njk1ODQ2NzqAAn1xAVUKdGVzdGNvb2tp\nZXECVQZ3b3JrZWRxA3Mu\n','2013-09-24 18:05:19'),('3fddc15be8017f5f5c5b00fa0edce695','YjZjYzk3NTIzNjc2MTllOGRkYjg2OWZiYjFkN2U3NTU2Njk1ODQ2NzqAAn1xAVUKdGVzdGNvb2tp\nZXECVQZ3b3JrZWRxA3Mu\n','2013-09-04 02:53:18'),('400b917d7cadca86f8e5c49be998dfde','YjZjYzk3NTIzNjc2MTllOGRkYjg2OWZiYjFkN2U3NTU2Njk1ODQ2NzqAAn1xAVUKdGVzdGNvb2tp\nZXECVQZ3b3JrZWRxA3Mu\n','2014-10-28 10:00:15'),('403fc2bcb657a5fb1e6f1faadfb679cc','YjZjYzk3NTIzNjc2MTllOGRkYjg2OWZiYjFkN2U3NTU2Njk1ODQ2NzqAAn1xAVUKdGVzdGNvb2tp\nZXECVQZ3b3JrZWRxA3Mu\n','2014-12-11 01:53:08'),('4046cec9b3503c6ca1af6f84712728bd','YjZjYzk3NTIzNjc2MTllOGRkYjg2OWZiYjFkN2U3NTU2Njk1ODQ2NzqAAn1xAVUKdGVzdGNvb2tp\nZXECVQZ3b3JrZWRxA3Mu\n','2014-08-26 13:27:16'),('409205c331fec707c6e546dade3beea2','YjZjYzk3NTIzNjc2MTllOGRkYjg2OWZiYjFkN2U3NTU2Njk1ODQ2NzqAAn1xAVUKdGVzdGNvb2tp\nZXECVQZ3b3JrZWRxA3Mu\n','2013-03-18 06:09:35'),('40af5b2f84fa6d0e3a8041c27e4db42c','YjZjYzk3NTIzNjc2MTllOGRkYjg2OWZiYjFkN2U3NTU2Njk1ODQ2NzqAAn1xAVUKdGVzdGNvb2tp\nZXECVQZ3b3JrZWRxA3Mu\n','2014-01-14 03:41:44'),('40d6db87b824632678aabb6175675017','YjZjYzk3NTIzNjc2MTllOGRkYjg2OWZiYjFkN2U3NTU2Njk1ODQ2NzqAAn1xAVUKdGVzdGNvb2tp\nZXECVQZ3b3JrZWRxA3Mu\n','2013-05-29 13:40:16'),('4143a5f78e8e105fb3e7da0f7c1b0b9a','YjZjYzk3NTIzNjc2MTllOGRkYjg2OWZiYjFkN2U3NTU2Njk1ODQ2NzqAAn1xAVUKdGVzdGNvb2tp\nZXECVQZ3b3JrZWRxA3Mu\n','2013-09-29 15:17:58'),('419ba765a852867c9497089ec9a1e006','YjZjYzk3NTIzNjc2MTllOGRkYjg2OWZiYjFkN2U3NTU2Njk1ODQ2NzqAAn1xAVUKdGVzdGNvb2tp\nZXECVQZ3b3JrZWRxA3Mu\n','2014-07-15 10:21:40'),('428e49d96d20f1f33e5b53d337b73ed0','YjZjYzk3NTIzNjc2MTllOGRkYjg2OWZiYjFkN2U3NTU2Njk1ODQ2NzqAAn1xAVUKdGVzdGNvb2tp\nZXECVQZ3b3JrZWRxA3Mu\n','2014-04-18 09:11:25'),('42aa9aa25a42436c282a69b5a6eb6755','YjZjYzk3NTIzNjc2MTllOGRkYjg2OWZiYjFkN2U3NTU2Njk1ODQ2NzqAAn1xAVUKdGVzdGNvb2tp\nZXECVQZ3b3JrZWRxA3Mu\n','2014-05-08 21:59:54'),('42be53b4c4dea3828ce73b89a1bd6e15','YjZjYzk3NTIzNjc2MTllOGRkYjg2OWZiYjFkN2U3NTU2Njk1ODQ2NzqAAn1xAVUKdGVzdGNvb2tp\nZXECVQZ3b3JrZWRxA3Mu\n','2013-11-06 02:02:17'),('4337fa3d53a64a48be56d17f739aa777','YjZjYzk3NTIzNjc2MTllOGRkYjg2OWZiYjFkN2U3NTU2Njk1ODQ2NzqAAn1xAVUKdGVzdGNvb2tp\nZXECVQZ3b3JrZWRxA3Mu\n','2013-08-07 12:03:01'),('4352a919213721138bf37fd926a4df63','YjZjYzk3NTIzNjc2MTllOGRkYjg2OWZiYjFkN2U3NTU2Njk1ODQ2NzqAAn1xAVUKdGVzdGNvb2tp\nZXECVQZ3b3JrZWRxA3Mu\n','2013-09-29 06:08:47'),('43553be79b71489149c6229dfd32d17d','YjZjYzk3NTIzNjc2MTllOGRkYjg2OWZiYjFkN2U3NTU2Njk1ODQ2NzqAAn1xAVUKdGVzdGNvb2tp\nZXECVQZ3b3JrZWRxA3Mu\n','2013-07-16 17:15:16'),('43559681e2241afe6f9d386934decd4b','YjZjYzk3NTIzNjc2MTllOGRkYjg2OWZiYjFkN2U3NTU2Njk1ODQ2NzqAAn1xAVUKdGVzdGNvb2tp\nZXECVQZ3b3JrZWRxA3Mu\n','2014-11-28 20:39:53'),('435b19afd87d93fa42b972e7b7a528d4','YjZjYzk3NTIzNjc2MTllOGRkYjg2OWZiYjFkN2U3NTU2Njk1ODQ2NzqAAn1xAVUKdGVzdGNvb2tp\nZXECVQZ3b3JrZWRxA3Mu\n','2014-01-11 04:43:01'),('436e56e3fb8ece0d271c482a783f5e14','YjZjYzk3NTIzNjc2MTllOGRkYjg2OWZiYjFkN2U3NTU2Njk1ODQ2NzqAAn1xAVUKdGVzdGNvb2tp\nZXECVQZ3b3JrZWRxA3Mu\n','2013-04-09 22:51:04'),('4370d485d9edb04a4e026a07a995c8c2','YjZjYzk3NTIzNjc2MTllOGRkYjg2OWZiYjFkN2U3NTU2Njk1ODQ2NzqAAn1xAVUKdGVzdGNvb2tp\nZXECVQZ3b3JrZWRxA3Mu\n','2014-01-14 04:42:13'),('43d70ba45c166bc3f1d4c17c3f15897b','YjZjYzk3NTIzNjc2MTllOGRkYjg2OWZiYjFkN2U3NTU2Njk1ODQ2NzqAAn1xAVUKdGVzdGNvb2tp\nZXECVQZ3b3JrZWRxA3Mu\n','2014-10-02 22:21:00'),('43e80d1e96c04c1c09d1c543a2df9b25','YjZjYzk3NTIzNjc2MTllOGRkYjg2OWZiYjFkN2U3NTU2Njk1ODQ2NzqAAn1xAVUKdGVzdGNvb2tp\nZXECVQZ3b3JrZWRxA3Mu\n','2014-02-04 08:23:17'),('441ebd64e02bcd1392873186bab662bd','YjZjYzk3NTIzNjc2MTllOGRkYjg2OWZiYjFkN2U3NTU2Njk1ODQ2NzqAAn1xAVUKdGVzdGNvb2tp\nZXECVQZ3b3JrZWRxA3Mu\n','2014-06-09 04:30:44'),('446244fbbc0b1f6ea74b8c46e7f7e7b7','YjZjYzk3NTIzNjc2MTllOGRkYjg2OWZiYjFkN2U3NTU2Njk1ODQ2NzqAAn1xAVUKdGVzdGNvb2tp\nZXECVQZ3b3JrZWRxA3Mu\n','2014-01-11 07:02:35'),('44c7c75dd690cece7f3c0d5ec0a27ab4','YjZjYzk3NTIzNjc2MTllOGRkYjg2OWZiYjFkN2U3NTU2Njk1ODQ2NzqAAn1xAVUKdGVzdGNvb2tp\nZXECVQZ3b3JrZWRxA3Mu\n','2014-01-03 18:26:37'),('44d2f09c0025038d0cf4b8b0b3b1c646','YjZjYzk3NTIzNjc2MTllOGRkYjg2OWZiYjFkN2U3NTU2Njk1ODQ2NzqAAn1xAVUKdGVzdGNvb2tp\nZXECVQZ3b3JrZWRxA3Mu\n','2013-04-20 13:46:37'),('45460acab9997a8ca5ef8cc2dd8521aa','YjZjYzk3NTIzNjc2MTllOGRkYjg2OWZiYjFkN2U3NTU2Njk1ODQ2NzqAAn1xAVUKdGVzdGNvb2tp\nZXECVQZ3b3JrZWRxA3Mu\n','2014-04-29 17:44:38'),('4581655bd4ec1858388ff08cb6a0407d','YjZjYzk3NTIzNjc2MTllOGRkYjg2OWZiYjFkN2U3NTU2Njk1ODQ2NzqAAn1xAVUKdGVzdGNvb2tp\nZXECVQZ3b3JrZWRxA3Mu\n','2014-02-10 18:38:04'),('45ce6d901ce4e80359e843031bca0de1','YjZjYzk3NTIzNjc2MTllOGRkYjg2OWZiYjFkN2U3NTU2Njk1ODQ2NzqAAn1xAVUKdGVzdGNvb2tp\nZXECVQZ3b3JrZWRxA3Mu\n','2013-07-28 05:17:50'),('45edbdec2582dd41a5df9875d16fc5ab','YjZjYzk3NTIzNjc2MTllOGRkYjg2OWZiYjFkN2U3NTU2Njk1ODQ2NzqAAn1xAVUKdGVzdGNvb2tp\nZXECVQZ3b3JrZWRxA3Mu\n','2014-03-06 12:57:05'),('45f71d99ea03344ec31eea6caf4cd5b1','YjQ1ZGNmMzg3NDE5NWE0OWU4YjRjYmJiMTE1M2RkNmFhYmIwNmE0OTqAAn1xAVUKdGVzdGNvb2tp\nZVUGd29ya2VkcQJzLg==\n','2014-01-03 00:41:06'),('470185abb2306b5c0101a60997c18098','YjZjYzk3NTIzNjc2MTllOGRkYjg2OWZiYjFkN2U3NTU2Njk1ODQ2NzqAAn1xAVUKdGVzdGNvb2tp\nZXECVQZ3b3JrZWRxA3Mu\n','2014-08-08 13:11:50'),('47478c9c3949ebf4f22624932a40ea39','YjZjYzk3NTIzNjc2MTllOGRkYjg2OWZiYjFkN2U3NTU2Njk1ODQ2NzqAAn1xAVUKdGVzdGNvb2tp\nZXECVQZ3b3JrZWRxA3Mu\n','2014-11-22 13:13:12'),('4791d171d3e4f35f4014ee1bceb79f76','YjZjYzk3NTIzNjc2MTllOGRkYjg2OWZiYjFkN2U3NTU2Njk1ODQ2NzqAAn1xAVUKdGVzdGNvb2tp\nZXECVQZ3b3JrZWRxA3Mu\n','2013-07-30 17:22:56'),('47ab906a8e7964d076fd105839414c41','YjZjYzk3NTIzNjc2MTllOGRkYjg2OWZiYjFkN2U3NTU2Njk1ODQ2NzqAAn1xAVUKdGVzdGNvb2tp\nZXECVQZ3b3JrZWRxA3Mu\n','2014-09-17 02:37:31'),('48413810bc1cbd13c5dded5eea911aa7','YjZjYzk3NTIzNjc2MTllOGRkYjg2OWZiYjFkN2U3NTU2Njk1ODQ2NzqAAn1xAVUKdGVzdGNvb2tp\nZXECVQZ3b3JrZWRxA3Mu\n','2014-05-21 14:01:50'),('484711eaa458c63a0d261d74211569a7','YjZjYzk3NTIzNjc2MTllOGRkYjg2OWZiYjFkN2U3NTU2Njk1ODQ2NzqAAn1xAVUKdGVzdGNvb2tp\nZXECVQZ3b3JrZWRxA3Mu\n','2014-07-22 04:55:06'),('4860e825857f576ebc958fc4f2a93106','YjZjYzk3NTIzNjc2MTllOGRkYjg2OWZiYjFkN2U3NTU2Njk1ODQ2NzqAAn1xAVUKdGVzdGNvb2tp\nZXECVQZ3b3JrZWRxA3Mu\n','2014-01-27 05:22:02'),('489ad47f30a1443fb1a3cee64deb3199','YjZjYzk3NTIzNjc2MTllOGRkYjg2OWZiYjFkN2U3NTU2Njk1ODQ2NzqAAn1xAVUKdGVzdGNvb2tp\nZXECVQZ3b3JrZWRxA3Mu\n','2013-08-22 18:57:19'),('48c57176c9c6877b04d566ad65105105','YjZjYzk3NTIzNjc2MTllOGRkYjg2OWZiYjFkN2U3NTU2Njk1ODQ2NzqAAn1xAVUKdGVzdGNvb2tp\nZXECVQZ3b3JrZWRxA3Mu\n','2013-07-04 04:45:46'),('48db5c56d08cdb12e9c1c8c11d07f739','YjZjYzk3NTIzNjc2MTllOGRkYjg2OWZiYjFkN2U3NTU2Njk1ODQ2NzqAAn1xAVUKdGVzdGNvb2tp\nZXECVQZ3b3JrZWRxA3Mu\n','2013-05-12 12:37:36'),('48dcf05fee3bd949cc0466759bd9fa58','YjZjYzk3NTIzNjc2MTllOGRkYjg2OWZiYjFkN2U3NTU2Njk1ODQ2NzqAAn1xAVUKdGVzdGNvb2tp\nZXECVQZ3b3JrZWRxA3Mu\n','2014-10-13 14:31:07'),('495e3aac9783e6d17b2793f6d74155ee','YjZjYzk3NTIzNjc2MTllOGRkYjg2OWZiYjFkN2U3NTU2Njk1ODQ2NzqAAn1xAVUKdGVzdGNvb2tp\nZXECVQZ3b3JrZWRxA3Mu\n','2014-11-11 10:33:18'),('497caf3e9018939b7f5ea82d52314f1a','YjZjYzk3NTIzNjc2MTllOGRkYjg2OWZiYjFkN2U3NTU2Njk1ODQ2NzqAAn1xAVUKdGVzdGNvb2tp\nZXECVQZ3b3JrZWRxA3Mu\n','2014-03-06 04:58:58'),('4986b3bb541a88c3b22e9c5a67c97d53','YjZjYzk3NTIzNjc2MTllOGRkYjg2OWZiYjFkN2U3NTU2Njk1ODQ2NzqAAn1xAVUKdGVzdGNvb2tp\nZXECVQZ3b3JrZWRxA3Mu\n','2014-04-02 07:05:38'),('49a250162438ef301e3e60e01ae47e14','YjZjYzk3NTIzNjc2MTllOGRkYjg2OWZiYjFkN2U3NTU2Njk1ODQ2NzqAAn1xAVUKdGVzdGNvb2tp\nZXECVQZ3b3JrZWRxA3Mu\n','2014-10-10 13:27:50'),('4a03b32a0bcad131f224272112f21b24','YjZjYzk3NTIzNjc2MTllOGRkYjg2OWZiYjFkN2U3NTU2Njk1ODQ2NzqAAn1xAVUKdGVzdGNvb2tp\nZXECVQZ3b3JrZWRxA3Mu\n','2013-04-29 01:53:56'),('4a0e1181fa4305957f35ba0544cfb0e6','YjZjYzk3NTIzNjc2MTllOGRkYjg2OWZiYjFkN2U3NTU2Njk1ODQ2NzqAAn1xAVUKdGVzdGNvb2tp\nZXECVQZ3b3JrZWRxA3Mu\n','2014-08-06 06:43:26'),('4a1bf52eab9aff4cc51262d388042e3b','YjZjYzk3NTIzNjc2MTllOGRkYjg2OWZiYjFkN2U3NTU2Njk1ODQ2NzqAAn1xAVUKdGVzdGNvb2tp\nZXECVQZ3b3JrZWRxA3Mu\n','2014-10-31 06:58:39'),('4b04fe8abde81408dc8c876c70870e72','YjZjYzk3NTIzNjc2MTllOGRkYjg2OWZiYjFkN2U3NTU2Njk1ODQ2NzqAAn1xAVUKdGVzdGNvb2tp\nZXECVQZ3b3JrZWRxA3Mu\n','2013-11-08 12:17:28'),('4b057a0e7b6f696f70af88805ba63ef2','YjZjYzk3NTIzNjc2MTllOGRkYjg2OWZiYjFkN2U3NTU2Njk1ODQ2NzqAAn1xAVUKdGVzdGNvb2tp\nZXECVQZ3b3JrZWRxA3Mu\n','2014-05-05 18:58:38'),('4b07a58c7c5a74aff52faf190fcb2302','YjZjYzk3NTIzNjc2MTllOGRkYjg2OWZiYjFkN2U3NTU2Njk1ODQ2NzqAAn1xAVUKdGVzdGNvb2tp\nZXECVQZ3b3JrZWRxA3Mu\n','2013-10-03 07:35:08'),('4c072c7763690f3dcb553c20d571bf1a','YjZjYzk3NTIzNjc2MTllOGRkYjg2OWZiYjFkN2U3NTU2Njk1ODQ2NzqAAn1xAVUKdGVzdGNvb2tp\nZXECVQZ3b3JrZWRxA3Mu\n','2014-11-16 07:16:34'),('4c35d35e0b0142dab6a83378f0681864','YjZjYzk3NTIzNjc2MTllOGRkYjg2OWZiYjFkN2U3NTU2Njk1ODQ2NzqAAn1xAVUKdGVzdGNvb2tp\nZXECVQZ3b3JrZWRxA3Mu\n','2014-10-16 21:19:41'),('4cb35a1c905d10b5ea0b0570fd486001','YjZjYzk3NTIzNjc2MTllOGRkYjg2OWZiYjFkN2U3NTU2Njk1ODQ2NzqAAn1xAVUKdGVzdGNvb2tp\nZXECVQZ3b3JrZWRxA3Mu\n','2013-10-19 12:47:15'),('4cc8f5cb03c360392072a8806089b217','YjZjYzk3NTIzNjc2MTllOGRkYjg2OWZiYjFkN2U3NTU2Njk1ODQ2NzqAAn1xAVUKdGVzdGNvb2tp\nZXECVQZ3b3JrZWRxA3Mu\n','2013-07-13 05:13:09'),('4ce7f83e116ea82c7ae0e31d39a4004e','YjZjYzk3NTIzNjc2MTllOGRkYjg2OWZiYjFkN2U3NTU2Njk1ODQ2NzqAAn1xAVUKdGVzdGNvb2tp\nZXECVQZ3b3JrZWRxA3Mu\n','2014-10-05 19:00:15'),('4d5a5f0d7e572211b5cb6b832425d463','YjZjYzk3NTIzNjc2MTllOGRkYjg2OWZiYjFkN2U3NTU2Njk1ODQ2NzqAAn1xAVUKdGVzdGNvb2tp\nZXECVQZ3b3JrZWRxA3Mu\n','2013-05-25 04:34:23'),('4d605fd9428b3fc7bcd9e026e309f392','YjZjYzk3NTIzNjc2MTllOGRkYjg2OWZiYjFkN2U3NTU2Njk1ODQ2NzqAAn1xAVUKdGVzdGNvb2tp\nZXECVQZ3b3JrZWRxA3Mu\n','2014-01-20 05:27:39'),('4de4738157cfa97a81a2b144b3546af1','YjZjYzk3NTIzNjc2MTllOGRkYjg2OWZiYjFkN2U3NTU2Njk1ODQ2NzqAAn1xAVUKdGVzdGNvb2tp\nZXECVQZ3b3JrZWRxA3Mu\n','2014-04-25 15:59:55'),('4e1979e340e1e612d4d53a355f2f0137','YjZjYzk3NTIzNjc2MTllOGRkYjg2OWZiYjFkN2U3NTU2Njk1ODQ2NzqAAn1xAVUKdGVzdGNvb2tp\nZXECVQZ3b3JrZWRxA3Mu\n','2014-08-03 12:51:32'),('4e5e06baad90c69f531fd6942ed3466a','YjZjYzk3NTIzNjc2MTllOGRkYjg2OWZiYjFkN2U3NTU2Njk1ODQ2NzqAAn1xAVUKdGVzdGNvb2tp\nZXECVQZ3b3JrZWRxA3Mu\n','2013-04-29 01:53:51'),('4ed1d2e97f4f90d48fc7a6809c3450d5','YjZjYzk3NTIzNjc2MTllOGRkYjg2OWZiYjFkN2U3NTU2Njk1ODQ2NzqAAn1xAVUKdGVzdGNvb2tp\nZXECVQZ3b3JrZWRxA3Mu\n','2014-11-24 05:27:10'),('4ed3e296a626a50a3956b1349496433f','YjZjYzk3NTIzNjc2MTllOGRkYjg2OWZiYjFkN2U3NTU2Njk1ODQ2NzqAAn1xAVUKdGVzdGNvb2tp\nZXECVQZ3b3JrZWRxA3Mu\n','2013-08-12 08:22:23'),('4f13a9ceee5cab850ef46244e67f82cf','YjZjYzk3NTIzNjc2MTllOGRkYjg2OWZiYjFkN2U3NTU2Njk1ODQ2NzqAAn1xAVUKdGVzdGNvb2tp\nZXECVQZ3b3JrZWRxA3Mu\n','2014-02-04 11:50:01'),('4f4bab290c94ea0ee376bbc8c00434cf','YjZjYzk3NTIzNjc2MTllOGRkYjg2OWZiYjFkN2U3NTU2Njk1ODQ2NzqAAn1xAVUKdGVzdGNvb2tp\nZXECVQZ3b3JrZWRxA3Mu\n','2013-08-06 14:35:21'),('502e22ee6db60ee23b29df17eba85aa0','YjZjYzk3NTIzNjc2MTllOGRkYjg2OWZiYjFkN2U3NTU2Njk1ODQ2NzqAAn1xAVUKdGVzdGNvb2tp\nZXECVQZ3b3JrZWRxA3Mu\n','2013-06-22 05:57:35'),('504107078ef1cea4b488e8f8560e80c7','YjZjYzk3NTIzNjc2MTllOGRkYjg2OWZiYjFkN2U3NTU2Njk1ODQ2NzqAAn1xAVUKdGVzdGNvb2tp\nZXECVQZ3b3JrZWRxA3Mu\n','2014-10-08 06:14:18'),('50651e9c9c59638a57dc76b87b09a4e4','YjZjYzk3NTIzNjc2MTllOGRkYjg2OWZiYjFkN2U3NTU2Njk1ODQ2NzqAAn1xAVUKdGVzdGNvb2tp\nZXECVQZ3b3JrZWRxA3Mu\n','2014-05-09 06:34:22'),('50707c0a881cc56c8618b0df74738f12','YjZjYzk3NTIzNjc2MTllOGRkYjg2OWZiYjFkN2U3NTU2Njk1ODQ2NzqAAn1xAVUKdGVzdGNvb2tp\nZXECVQZ3b3JrZWRxA3Mu\n','2014-02-28 23:27:15'),('5085e74d95885f8a594115acdefe2560','YjZjYzk3NTIzNjc2MTllOGRkYjg2OWZiYjFkN2U3NTU2Njk1ODQ2NzqAAn1xAVUKdGVzdGNvb2tp\nZXECVQZ3b3JrZWRxA3Mu\n','2014-05-31 01:28:39'),('50ac60f67c117fc7a2b21a312c4e4fd8','YjZjYzk3NTIzNjc2MTllOGRkYjg2OWZiYjFkN2U3NTU2Njk1ODQ2NzqAAn1xAVUKdGVzdGNvb2tp\nZXECVQZ3b3JrZWRxA3Mu\n','2013-08-05 17:35:29'),('50d389cb2ccf5ca734ebbb231a662877','YjZjYzk3NTIzNjc2MTllOGRkYjg2OWZiYjFkN2U3NTU2Njk1ODQ2NzqAAn1xAVUKdGVzdGNvb2tp\nZXECVQZ3b3JrZWRxA3Mu\n','2014-07-31 18:42:38'),('511554f2a8eee4c21b61187ee4999fef','YjZjYzk3NTIzNjc2MTllOGRkYjg2OWZiYjFkN2U3NTU2Njk1ODQ2NzqAAn1xAVUKdGVzdGNvb2tp\nZXECVQZ3b3JrZWRxA3Mu\n','2014-11-28 19:20:13'),('5163ff04abbd798c8de04f631812344f','YjZjYzk3NTIzNjc2MTllOGRkYjg2OWZiYjFkN2U3NTU2Njk1ODQ2NzqAAn1xAVUKdGVzdGNvb2tp\nZXECVQZ3b3JrZWRxA3Mu\n','2014-03-27 21:25:51'),('51938d3ac5436810cf605804a2219456','YjZjYzk3NTIzNjc2MTllOGRkYjg2OWZiYjFkN2U3NTU2Njk1ODQ2NzqAAn1xAVUKdGVzdGNvb2tp\nZXECVQZ3b3JrZWRxA3Mu\n','2013-11-23 08:44:00'),('53352ea131b07680833c04eebb991845','YjZjYzk3NTIzNjc2MTllOGRkYjg2OWZiYjFkN2U3NTU2Njk1ODQ2NzqAAn1xAVUKdGVzdGNvb2tp\nZXECVQZ3b3JrZWRxA3Mu\n','2014-12-14 03:11:47'),('534cbe1a31937a073bc5ec8c852096fb','YjZjYzk3NTIzNjc2MTllOGRkYjg2OWZiYjFkN2U3NTU2Njk1ODQ2NzqAAn1xAVUKdGVzdGNvb2tp\nZXECVQZ3b3JrZWRxA3Mu\n','2014-08-16 01:52:16'),('53c480de542c03b5b8c99225b4c44238','YjZjYzk3NTIzNjc2MTllOGRkYjg2OWZiYjFkN2U3NTU2Njk1ODQ2NzqAAn1xAVUKdGVzdGNvb2tp\nZXECVQZ3b3JrZWRxA3Mu\n','2014-10-25 00:47:48'),('53dea6f580d84e5f13c09f196c95f9af','YjZjYzk3NTIzNjc2MTllOGRkYjg2OWZiYjFkN2U3NTU2Njk1ODQ2NzqAAn1xAVUKdGVzdGNvb2tp\nZXECVQZ3b3JrZWRxA3Mu\n','2013-11-07 16:57:00'),('5416e69cc1512e049504086be7eaeef5','YjZjYzk3NTIzNjc2MTllOGRkYjg2OWZiYjFkN2U3NTU2Njk1ODQ2NzqAAn1xAVUKdGVzdGNvb2tp\nZXECVQZ3b3JrZWRxA3Mu\n','2014-03-13 11:43:08'),('541e63a885e13bd4430f5a382e991ba7','YjZjYzk3NTIzNjc2MTllOGRkYjg2OWZiYjFkN2U3NTU2Njk1ODQ2NzqAAn1xAVUKdGVzdGNvb2tp\nZXECVQZ3b3JrZWRxA3Mu\n','2013-10-10 07:41:34'),('543484729666945f939d576c0c8d6f17','YjZjYzk3NTIzNjc2MTllOGRkYjg2OWZiYjFkN2U3NTU2Njk1ODQ2NzqAAn1xAVUKdGVzdGNvb2tp\nZXECVQZ3b3JrZWRxA3Mu\n','2013-12-18 07:37:20'),('543d53af091f3625ffd896ddf889b20a','YjZjYzk3NTIzNjc2MTllOGRkYjg2OWZiYjFkN2U3NTU2Njk1ODQ2NzqAAn1xAVUKdGVzdGNvb2tp\nZXECVQZ3b3JrZWRxA3Mu\n','2013-11-19 06:50:59'),('5487f12fc0a1ef9195a26030492dc006','YjZjYzk3NTIzNjc2MTllOGRkYjg2OWZiYjFkN2U3NTU2Njk1ODQ2NzqAAn1xAVUKdGVzdGNvb2tp\nZXECVQZ3b3JrZWRxA3Mu\n','2014-07-18 04:46:50'),('54daa8b5b816729d66a701ab32de6601','YjZjYzk3NTIzNjc2MTllOGRkYjg2OWZiYjFkN2U3NTU2Njk1ODQ2NzqAAn1xAVUKdGVzdGNvb2tp\nZXECVQZ3b3JrZWRxA3Mu\n','2014-01-03 18:58:14'),('54fab080edf8f85f0b5e67406b925198','YjZjYzk3NTIzNjc2MTllOGRkYjg2OWZiYjFkN2U3NTU2Njk1ODQ2NzqAAn1xAVUKdGVzdGNvb2tp\nZXECVQZ3b3JrZWRxA3Mu\n','2013-12-04 06:34:41'),('55114f0d464533ed466f743c1173f9e7','YjZjYzk3NTIzNjc2MTllOGRkYjg2OWZiYjFkN2U3NTU2Njk1ODQ2NzqAAn1xAVUKdGVzdGNvb2tp\nZXECVQZ3b3JrZWRxA3Mu\n','2014-11-12 12:12:32'),('55689b98cbbad78ebe8c862c65de8a4f','YjZjYzk3NTIzNjc2MTllOGRkYjg2OWZiYjFkN2U3NTU2Njk1ODQ2NzqAAn1xAVUKdGVzdGNvb2tp\nZXECVQZ3b3JrZWRxA3Mu\n','2013-04-08 06:18:29'),('558be2d7331b3be2a4328d4c8e082987','YjZjYzk3NTIzNjc2MTllOGRkYjg2OWZiYjFkN2U3NTU2Njk1ODQ2NzqAAn1xAVUKdGVzdGNvb2tp\nZXECVQZ3b3JrZWRxA3Mu\n','2014-01-30 10:28:33'),('55a965c00ccf7fc7a5a03c444ce9fefc','YjZjYzk3NTIzNjc2MTllOGRkYjg2OWZiYjFkN2U3NTU2Njk1ODQ2NzqAAn1xAVUKdGVzdGNvb2tp\nZXECVQZ3b3JrZWRxA3Mu\n','2014-09-14 04:06:41'),('55dbab472e8b2e1d1e3ede6ceda54c97','YjZjYzk3NTIzNjc2MTllOGRkYjg2OWZiYjFkN2U3NTU2Njk1ODQ2NzqAAn1xAVUKdGVzdGNvb2tp\nZXECVQZ3b3JrZWRxA3Mu\n','2013-10-16 20:13:25'),('5690f1bd2d50d71af90e85684e7902ea','YjZjYzk3NTIzNjc2MTllOGRkYjg2OWZiYjFkN2U3NTU2Njk1ODQ2NzqAAn1xAVUKdGVzdGNvb2tp\nZXECVQZ3b3JrZWRxA3Mu\n','2014-02-22 05:22:04'),('569b01cc5a10ccb07aca704823d887ed','YjZjYzk3NTIzNjc2MTllOGRkYjg2OWZiYjFkN2U3NTU2Njk1ODQ2NzqAAn1xAVUKdGVzdGNvb2tp\nZXECVQZ3b3JrZWRxA3Mu\n','2014-07-04 09:38:50'),('56b03faf46defdee46b8c07ee31c5566','YjZjYzk3NTIzNjc2MTllOGRkYjg2OWZiYjFkN2U3NTU2Njk1ODQ2NzqAAn1xAVUKdGVzdGNvb2tp\nZXECVQZ3b3JrZWRxA3Mu\n','2013-05-08 03:57:57'),('56d7d6c36172dd79bfed5104cdd92a6d','YjZjYzk3NTIzNjc2MTllOGRkYjg2OWZiYjFkN2U3NTU2Njk1ODQ2NzqAAn1xAVUKdGVzdGNvb2tp\nZXECVQZ3b3JrZWRxA3Mu\n','2014-09-24 08:12:28'),('56ee98063514dcf38ac4203b79876663','YjZjYzk3NTIzNjc2MTllOGRkYjg2OWZiYjFkN2U3NTU2Njk1ODQ2NzqAAn1xAVUKdGVzdGNvb2tp\nZXECVQZ3b3JrZWRxA3Mu\n','2014-02-04 09:16:26'),('575c19177817753cd9149db77f9d1b48','YjZjYzk3NTIzNjc2MTllOGRkYjg2OWZiYjFkN2U3NTU2Njk1ODQ2NzqAAn1xAVUKdGVzdGNvb2tp\nZXECVQZ3b3JrZWRxA3Mu\n','2014-03-27 18:38:44'),('57877b5933c00460f94f0288221376f9','YjZjYzk3NTIzNjc2MTllOGRkYjg2OWZiYjFkN2U3NTU2Njk1ODQ2NzqAAn1xAVUKdGVzdGNvb2tp\nZXECVQZ3b3JrZWRxA3Mu\n','2013-07-01 15:59:35'),('579947d5eb919dffc27ee4e13b9236a3','YjZjYzk3NTIzNjc2MTllOGRkYjg2OWZiYjFkN2U3NTU2Njk1ODQ2NzqAAn1xAVUKdGVzdGNvb2tp\nZXECVQZ3b3JrZWRxA3Mu\n','2013-07-04 02:30:47'),('58470a3bb024e92f0c9dca86fffa4a72','YjZjYzk3NTIzNjc2MTllOGRkYjg2OWZiYjFkN2U3NTU2Njk1ODQ2NzqAAn1xAVUKdGVzdGNvb2tp\nZXECVQZ3b3JrZWRxA3Mu\n','2013-06-21 05:29:32'),('5859b59b65ea207ba4f421f7af8a69f6','YjZjYzk3NTIzNjc2MTllOGRkYjg2OWZiYjFkN2U3NTU2Njk1ODQ2NzqAAn1xAVUKdGVzdGNvb2tp\nZXECVQZ3b3JrZWRxA3Mu\n','2014-05-05 04:14:33'),('58c5195363d56592197cec58e874476d','YjZjYzk3NTIzNjc2MTllOGRkYjg2OWZiYjFkN2U3NTU2Njk1ODQ2NzqAAn1xAVUKdGVzdGNvb2tp\nZXECVQZ3b3JrZWRxA3Mu\n','2013-10-02 04:25:12'),('58c92f90ca95c598b6e94b50a2fe68b2','YjZjYzk3NTIzNjc2MTllOGRkYjg2OWZiYjFkN2U3NTU2Njk1ODQ2NzqAAn1xAVUKdGVzdGNvb2tp\nZXECVQZ3b3JrZWRxA3Mu\n','2014-10-13 14:42:37'),('58cd734bc9ef903155b31189f59dfb35','YjZjYzk3NTIzNjc2MTllOGRkYjg2OWZiYjFkN2U3NTU2Njk1ODQ2NzqAAn1xAVUKdGVzdGNvb2tp\nZXECVQZ3b3JrZWRxA3Mu\n','2014-03-03 10:49:36'),('58d683e41a50533b73063db400f7ad71','YjZjYzk3NTIzNjc2MTllOGRkYjg2OWZiYjFkN2U3NTU2Njk1ODQ2NzqAAn1xAVUKdGVzdGNvb2tp\nZXECVQZ3b3JrZWRxA3Mu\n','2014-07-12 05:51:57'),('58ea697a5a232f6fc76f02607cac308b','YjZjYzk3NTIzNjc2MTllOGRkYjg2OWZiYjFkN2U3NTU2Njk1ODQ2NzqAAn1xAVUKdGVzdGNvb2tp\nZXECVQZ3b3JrZWRxA3Mu\n','2013-06-08 13:41:16'),('592997022d41d035f96ae06d0b1cd31c','YjZjYzk3NTIzNjc2MTllOGRkYjg2OWZiYjFkN2U3NTU2Njk1ODQ2NzqAAn1xAVUKdGVzdGNvb2tp\nZXECVQZ3b3JrZWRxA3Mu\n','2014-08-20 07:46:31'),('595201b92397df05c05b4dc2ad075203','YjZjYzk3NTIzNjc2MTllOGRkYjg2OWZiYjFkN2U3NTU2Njk1ODQ2NzqAAn1xAVUKdGVzdGNvb2tp\nZXECVQZ3b3JrZWRxA3Mu\n','2013-03-18 03:43:16'),('596870e404f40c7d98808036b836dc81','YjZjYzk3NTIzNjc2MTllOGRkYjg2OWZiYjFkN2U3NTU2Njk1ODQ2NzqAAn1xAVUKdGVzdGNvb2tp\nZXECVQZ3b3JrZWRxA3Mu\n','2013-07-05 22:29:22'),('598d0d79074a8df114ff747afca2fd3a','YjZjYzk3NTIzNjc2MTllOGRkYjg2OWZiYjFkN2U3NTU2Njk1ODQ2NzqAAn1xAVUKdGVzdGNvb2tp\nZXECVQZ3b3JrZWRxA3Mu\n','2014-07-06 19:35:53'),('5a1015bf5150143310e25ee99df2f676','YjZjYzk3NTIzNjc2MTllOGRkYjg2OWZiYjFkN2U3NTU2Njk1ODQ2NzqAAn1xAVUKdGVzdGNvb2tp\nZXECVQZ3b3JrZWRxA3Mu\n','2013-05-18 13:07:23'),('5a18317e4a75ad4cdbc73700c5592c6b','YjZjYzk3NTIzNjc2MTllOGRkYjg2OWZiYjFkN2U3NTU2Njk1ODQ2NzqAAn1xAVUKdGVzdGNvb2tp\nZXECVQZ3b3JrZWRxA3Mu\n','2013-03-16 04:56:48'),('5a19cd2881c09162e16269698cc17de1','YjZjYzk3NTIzNjc2MTllOGRkYjg2OWZiYjFkN2U3NTU2Njk1ODQ2NzqAAn1xAVUKdGVzdGNvb2tp\nZXECVQZ3b3JrZWRxA3Mu\n','2014-06-12 20:18:45'),('5a2e6126fdfb6e56ff5f24434109afd3','YjZjYzk3NTIzNjc2MTllOGRkYjg2OWZiYjFkN2U3NTU2Njk1ODQ2NzqAAn1xAVUKdGVzdGNvb2tp\nZXECVQZ3b3JrZWRxA3Mu\n','2013-03-21 10:34:53'),('5a2f7c632b5065dc64e2360e2b15093d','YjZjYzk3NTIzNjc2MTllOGRkYjg2OWZiYjFkN2U3NTU2Njk1ODQ2NzqAAn1xAVUKdGVzdGNvb2tp\nZXECVQZ3b3JrZWRxA3Mu\n','2014-10-14 22:17:49'),('5a3dfe1b40822dd87b4ba2c6be6c4e7d','YjZjYzk3NTIzNjc2MTllOGRkYjg2OWZiYjFkN2U3NTU2Njk1ODQ2NzqAAn1xAVUKdGVzdGNvb2tp\nZXECVQZ3b3JrZWRxA3Mu\n','2014-10-06 12:10:13'),('5a3eff413ad0789c25ebe20a47aca846','YjZjYzk3NTIzNjc2MTllOGRkYjg2OWZiYjFkN2U3NTU2Njk1ODQ2NzqAAn1xAVUKdGVzdGNvb2tp\nZXECVQZ3b3JrZWRxA3Mu\n','2013-12-02 14:13:38'),('5a4538354f2a276bee8b1e01ede0ab47','YjZjYzk3NTIzNjc2MTllOGRkYjg2OWZiYjFkN2U3NTU2Njk1ODQ2NzqAAn1xAVUKdGVzdGNvb2tp\nZXECVQZ3b3JrZWRxA3Mu\n','2014-11-04 04:30:06'),('5ac028cf1af2042cd5351e527fc03892','YTEwNDJhODUwOGRkNGI4NjQyYWJiOWRiNWY5ZGQxYjc3MzkxYzQ3NDqAAn1xAS4=\n','2012-10-18 03:47:33'),('5c36bd86ba0a23a36133b01185c7a948','YjZjYzk3NTIzNjc2MTllOGRkYjg2OWZiYjFkN2U3NTU2Njk1ODQ2NzqAAn1xAVUKdGVzdGNvb2tp\nZXECVQZ3b3JrZWRxA3Mu\n','2013-11-28 00:17:36'),('5c7df473bd3cd21e21f78d7bbac0a9e9','YjZjYzk3NTIzNjc2MTllOGRkYjg2OWZiYjFkN2U3NTU2Njk1ODQ2NzqAAn1xAVUKdGVzdGNvb2tp\nZXECVQZ3b3JrZWRxA3Mu\n','2014-02-24 06:58:00'),('5c8c173003092638a0e211ce0cc23d1f','YjZjYzk3NTIzNjc2MTllOGRkYjg2OWZiYjFkN2U3NTU2Njk1ODQ2NzqAAn1xAVUKdGVzdGNvb2tp\nZXECVQZ3b3JrZWRxA3Mu\n','2014-10-28 12:28:29'),('5cebd9ae1b9ad0da76a3f28b4273f21f','YjZjYzk3NTIzNjc2MTllOGRkYjg2OWZiYjFkN2U3NTU2Njk1ODQ2NzqAAn1xAVUKdGVzdGNvb2tp\nZXECVQZ3b3JrZWRxA3Mu\n','2014-01-18 15:05:38'),('5dc9765c25661a23b3f4abd89bd5d0cd','YjZjYzk3NTIzNjc2MTllOGRkYjg2OWZiYjFkN2U3NTU2Njk1ODQ2NzqAAn1xAVUKdGVzdGNvb2tp\nZXECVQZ3b3JrZWRxA3Mu\n','2013-04-06 14:39:37'),('5dccaca103c874431e5f9bcad1981e33','YjZjYzk3NTIzNjc2MTllOGRkYjg2OWZiYjFkN2U3NTU2Njk1ODQ2NzqAAn1xAVUKdGVzdGNvb2tp\nZXECVQZ3b3JrZWRxA3Mu\n','2014-09-08 12:29:53'),('5ded3dcabe7d0200d00a37dfab2daec3','YjZjYzk3NTIzNjc2MTllOGRkYjg2OWZiYjFkN2U3NTU2Njk1ODQ2NzqAAn1xAVUKdGVzdGNvb2tp\nZXECVQZ3b3JrZWRxA3Mu\n','2013-06-09 18:19:19'),('5e89b49998671b8e986be85c519e8f4d','YjZjYzk3NTIzNjc2MTllOGRkYjg2OWZiYjFkN2U3NTU2Njk1ODQ2NzqAAn1xAVUKdGVzdGNvb2tp\nZXECVQZ3b3JrZWRxA3Mu\n','2014-11-20 04:30:22'),('5edf92378b59191f5cc123ccab0439e8','YjZjYzk3NTIzNjc2MTllOGRkYjg2OWZiYjFkN2U3NTU2Njk1ODQ2NzqAAn1xAVUKdGVzdGNvb2tp\nZXECVQZ3b3JrZWRxA3Mu\n','2013-09-04 17:22:11'),('5f3f63646e042991cf583a39b1740714','YjZjYzk3NTIzNjc2MTllOGRkYjg2OWZiYjFkN2U3NTU2Njk1ODQ2NzqAAn1xAVUKdGVzdGNvb2tp\nZXECVQZ3b3JrZWRxA3Mu\n','2013-06-04 17:44:23'),('5f4810e7bfe303669ce23d70743e53b8','YjZjYzk3NTIzNjc2MTllOGRkYjg2OWZiYjFkN2U3NTU2Njk1ODQ2NzqAAn1xAVUKdGVzdGNvb2tp\nZXECVQZ3b3JrZWRxA3Mu\n','2013-06-18 04:10:15'),('5f63f67aa02cc428624bc4600a23e123','YjZjYzk3NTIzNjc2MTllOGRkYjg2OWZiYjFkN2U3NTU2Njk1ODQ2NzqAAn1xAVUKdGVzdGNvb2tp\nZXECVQZ3b3JrZWRxA3Mu\n','2014-09-26 14:59:19'),('5f6cd93aafeef2e3f200a766e1653da7','YjZjYzk3NTIzNjc2MTllOGRkYjg2OWZiYjFkN2U3NTU2Njk1ODQ2NzqAAn1xAVUKdGVzdGNvb2tp\nZXECVQZ3b3JrZWRxA3Mu\n','2014-09-08 22:25:43'),('6008161c570e5d8224900fe8b2b7f82c','YjZjYzk3NTIzNjc2MTllOGRkYjg2OWZiYjFkN2U3NTU2Njk1ODQ2NzqAAn1xAVUKdGVzdGNvb2tp\nZXECVQZ3b3JrZWRxA3Mu\n','2014-10-07 10:41:09'),('602e58619b80c7b9376a9ce00957c88a','YjZjYzk3NTIzNjc2MTllOGRkYjg2OWZiYjFkN2U3NTU2Njk1ODQ2NzqAAn1xAVUKdGVzdGNvb2tp\nZXECVQZ3b3JrZWRxA3Mu\n','2014-03-04 13:57:01'),('607679424f7c6f09912a3e2d9a7cb823','YjZjYzk3NTIzNjc2MTllOGRkYjg2OWZiYjFkN2U3NTU2Njk1ODQ2NzqAAn1xAVUKdGVzdGNvb2tp\nZXECVQZ3b3JrZWRxA3Mu\n','2014-10-07 13:22:20'),('610d5e00ece09e1ed4ac0feda1bb3baa','YjZjYzk3NTIzNjc2MTllOGRkYjg2OWZiYjFkN2U3NTU2Njk1ODQ2NzqAAn1xAVUKdGVzdGNvb2tp\nZXECVQZ3b3JrZWRxA3Mu\n','2013-08-17 07:57:03'),('610e67d81e5011b8207572c00659bc2e','YjZjYzk3NTIzNjc2MTllOGRkYjg2OWZiYjFkN2U3NTU2Njk1ODQ2NzqAAn1xAVUKdGVzdGNvb2tp\nZXECVQZ3b3JrZWRxA3Mu\n','2014-08-27 20:23:16'),('6141e0a0554a5cd836faa98dd2f22512','YjZjYzk3NTIzNjc2MTllOGRkYjg2OWZiYjFkN2U3NTU2Njk1ODQ2NzqAAn1xAVUKdGVzdGNvb2tp\nZXECVQZ3b3JrZWRxA3Mu\n','2014-05-22 09:56:35'),('61704c1df16193b6574be530ead367cc','YjZjYzk3NTIzNjc2MTllOGRkYjg2OWZiYjFkN2U3NTU2Njk1ODQ2NzqAAn1xAVUKdGVzdGNvb2tp\nZXECVQZ3b3JrZWRxA3Mu\n','2013-10-08 20:08:34'),('619486ae1a2ba98e7c8e787868e7390b','YjZjYzk3NTIzNjc2MTllOGRkYjg2OWZiYjFkN2U3NTU2Njk1ODQ2NzqAAn1xAVUKdGVzdGNvb2tp\nZXECVQZ3b3JrZWRxA3Mu\n','2013-09-11 12:14:17'),('61dbda5f9cce68f6df826ec87f67f597','YjZjYzk3NTIzNjc2MTllOGRkYjg2OWZiYjFkN2U3NTU2Njk1ODQ2NzqAAn1xAVUKdGVzdGNvb2tp\nZXECVQZ3b3JrZWRxA3Mu\n','2014-01-11 03:23:35'),('620070bb2e62844dcc2daa8f55fead16','YjZjYzk3NTIzNjc2MTllOGRkYjg2OWZiYjFkN2U3NTU2Njk1ODQ2NzqAAn1xAVUKdGVzdGNvb2tp\nZXECVQZ3b3JrZWRxA3Mu\n','2014-01-13 18:59:47'),('620459dd8442f4d066a68e930d46649e','YjZjYzk3NTIzNjc2MTllOGRkYjg2OWZiYjFkN2U3NTU2Njk1ODQ2NzqAAn1xAVUKdGVzdGNvb2tp\nZXECVQZ3b3JrZWRxA3Mu\n','2013-09-30 16:00:44'),('62248aa0e68a10b713a04445cb806673','YjQ1ZGNmMzg3NDE5NWE0OWU4YjRjYmJiMTE1M2RkNmFhYmIwNmE0OTqAAn1xAVUKdGVzdGNvb2tp\nZVUGd29ya2VkcQJzLg==\n','2014-03-28 10:19:54'),('62a4705e60fca2bc4e6206fededeb796','YjZjYzk3NTIzNjc2MTllOGRkYjg2OWZiYjFkN2U3NTU2Njk1ODQ2NzqAAn1xAVUKdGVzdGNvb2tp\nZXECVQZ3b3JrZWRxA3Mu\n','2013-09-17 23:34:04'),('62cadbc324451b2817bd515027fbc94a','YjZjYzk3NTIzNjc2MTllOGRkYjg2OWZiYjFkN2U3NTU2Njk1ODQ2NzqAAn1xAVUKdGVzdGNvb2tp\nZXECVQZ3b3JrZWRxA3Mu\n','2013-05-19 00:59:40'),('634ec9661b7cd2ca1bd8bc7c4166ca2a','YjZjYzk3NTIzNjc2MTllOGRkYjg2OWZiYjFkN2U3NTU2Njk1ODQ2NzqAAn1xAVUKdGVzdGNvb2tp\nZXECVQZ3b3JrZWRxA3Mu\n','2014-03-26 10:28:21'),('638e067d5f9947e4edd2546b41c65815','YjZjYzk3NTIzNjc2MTllOGRkYjg2OWZiYjFkN2U3NTU2Njk1ODQ2NzqAAn1xAVUKdGVzdGNvb2tp\nZXECVQZ3b3JrZWRxA3Mu\n','2013-08-15 15:54:13'),('63b0f3ecbbad469c34f235252558098a','YjZjYzk3NTIzNjc2MTllOGRkYjg2OWZiYjFkN2U3NTU2Njk1ODQ2NzqAAn1xAVUKdGVzdGNvb2tp\nZXECVQZ3b3JrZWRxA3Mu\n','2014-07-04 04:12:46'),('63b9fa5b1df785fa98ee8c14ec704e15','YjZjYzk3NTIzNjc2MTllOGRkYjg2OWZiYjFkN2U3NTU2Njk1ODQ2NzqAAn1xAVUKdGVzdGNvb2tp\nZXECVQZ3b3JrZWRxA3Mu\n','2013-08-08 10:42:10'),('63bc49c58da78e9e22f9d0fb69fb37fa','YjZjYzk3NTIzNjc2MTllOGRkYjg2OWZiYjFkN2U3NTU2Njk1ODQ2NzqAAn1xAVUKdGVzdGNvb2tp\nZXECVQZ3b3JrZWRxA3Mu\n','2014-02-26 10:39:22'),('63eebedcba292ace036bfef5f6c6679c','YjZjYzk3NTIzNjc2MTllOGRkYjg2OWZiYjFkN2U3NTU2Njk1ODQ2NzqAAn1xAVUKdGVzdGNvb2tp\nZXECVQZ3b3JrZWRxA3Mu\n','2014-09-18 06:04:35'),('6498822a81eb76a79c05b60e8cf18d77','YjZjYzk3NTIzNjc2MTllOGRkYjg2OWZiYjFkN2U3NTU2Njk1ODQ2NzqAAn1xAVUKdGVzdGNvb2tp\nZXECVQZ3b3JrZWRxA3Mu\n','2014-06-26 19:14:14'),('64d17887ffbf26aca3a90a8851ab58f2','YjZjYzk3NTIzNjc2MTllOGRkYjg2OWZiYjFkN2U3NTU2Njk1ODQ2NzqAAn1xAVUKdGVzdGNvb2tp\nZXECVQZ3b3JrZWRxA3Mu\n','2013-04-23 03:54:16'),('64f537808556423ae9650ff8baf986ee','YjZjYzk3NTIzNjc2MTllOGRkYjg2OWZiYjFkN2U3NTU2Njk1ODQ2NzqAAn1xAVUKdGVzdGNvb2tp\nZXECVQZ3b3JrZWRxA3Mu\n','2014-05-05 18:49:23'),('651715c1c4f59c89fa45d0391b9573d1','YjZjYzk3NTIzNjc2MTllOGRkYjg2OWZiYjFkN2U3NTU2Njk1ODQ2NzqAAn1xAVUKdGVzdGNvb2tp\nZXECVQZ3b3JrZWRxA3Mu\n','2013-07-17 10:29:17'),('65c4ede1d1cf593dd2117ec1835f04be','YjZjYzk3NTIzNjc2MTllOGRkYjg2OWZiYjFkN2U3NTU2Njk1ODQ2NzqAAn1xAVUKdGVzdGNvb2tp\nZXECVQZ3b3JrZWRxA3Mu\n','2013-05-07 18:52:41'),('660cebf32c51bb390957a5b516534de6','YjZjYzk3NTIzNjc2MTllOGRkYjg2OWZiYjFkN2U3NTU2Njk1ODQ2NzqAAn1xAVUKdGVzdGNvb2tp\nZXECVQZ3b3JrZWRxA3Mu\n','2014-10-20 01:48:13'),('6614659fc2dae8f238b4c71ab98602c7','YjZjYzk3NTIzNjc2MTllOGRkYjg2OWZiYjFkN2U3NTU2Njk1ODQ2NzqAAn1xAVUKdGVzdGNvb2tp\nZXECVQZ3b3JrZWRxA3Mu\n','2014-08-01 02:44:32'),('661b099ee32927355622000a20ce2c10','YjZjYzk3NTIzNjc2MTllOGRkYjg2OWZiYjFkN2U3NTU2Njk1ODQ2NzqAAn1xAVUKdGVzdGNvb2tp\nZXECVQZ3b3JrZWRxA3Mu\n','2014-08-03 20:13:57'),('66395ce5cf88f1b74832561c9677bd4e','YjZjYzk3NTIzNjc2MTllOGRkYjg2OWZiYjFkN2U3NTU2Njk1ODQ2NzqAAn1xAVUKdGVzdGNvb2tp\nZXECVQZ3b3JrZWRxA3Mu\n','2014-01-21 05:29:50'),('6641f0c090969adc2f8ba1f14c9302e4','YjZjYzk3NTIzNjc2MTllOGRkYjg2OWZiYjFkN2U3NTU2Njk1ODQ2NzqAAn1xAVUKdGVzdGNvb2tp\nZXECVQZ3b3JrZWRxA3Mu\n','2013-12-27 11:52:49'),('6649c7ac97788cc1651d25d8d914bd39','YjZjYzk3NTIzNjc2MTllOGRkYjg2OWZiYjFkN2U3NTU2Njk1ODQ2NzqAAn1xAVUKdGVzdGNvb2tp\nZXECVQZ3b3JrZWRxA3Mu\n','2013-09-28 23:43:32'),('664c379ee2e04bbc41ccb1bade99f0c0','YjZjYzk3NTIzNjc2MTllOGRkYjg2OWZiYjFkN2U3NTU2Njk1ODQ2NzqAAn1xAVUKdGVzdGNvb2tp\nZXECVQZ3b3JrZWRxA3Mu\n','2014-11-10 21:36:52'),('666f6609a598f4ae3048fdd77097aa04','YjZjYzk3NTIzNjc2MTllOGRkYjg2OWZiYjFkN2U3NTU2Njk1ODQ2NzqAAn1xAVUKdGVzdGNvb2tp\nZXECVQZ3b3JrZWRxA3Mu\n','2014-03-09 00:03:35'),('66f0adc8bf2e0c693db1ffbb5354d39e','YjZjYzk3NTIzNjc2MTllOGRkYjg2OWZiYjFkN2U3NTU2Njk1ODQ2NzqAAn1xAVUKdGVzdGNvb2tp\nZXECVQZ3b3JrZWRxA3Mu\n','2013-08-16 08:51:36'),('671963b671690fa92dfc587b1706576a','YjZjYzk3NTIzNjc2MTllOGRkYjg2OWZiYjFkN2U3NTU2Njk1ODQ2NzqAAn1xAVUKdGVzdGNvb2tp\nZXECVQZ3b3JrZWRxA3Mu\n','2013-07-04 03:55:53'),('674a1acc0bf3c922be5e65a05b5a5e5a','YjZjYzk3NTIzNjc2MTllOGRkYjg2OWZiYjFkN2U3NTU2Njk1ODQ2NzqAAn1xAVUKdGVzdGNvb2tp\nZXECVQZ3b3JrZWRxA3Mu\n','2014-03-07 02:29:59'),('67745627f12002caba42406769410e00','YjZjYzk3NTIzNjc2MTllOGRkYjg2OWZiYjFkN2U3NTU2Njk1ODQ2NzqAAn1xAVUKdGVzdGNvb2tp\nZXECVQZ3b3JrZWRxA3Mu\n','2014-02-01 01:54:33'),('67bb96cca69d1226c99b5efd2db8f27d','YjZjYzk3NTIzNjc2MTllOGRkYjg2OWZiYjFkN2U3NTU2Njk1ODQ2NzqAAn1xAVUKdGVzdGNvb2tp\nZXECVQZ3b3JrZWRxA3Mu\n','2013-06-20 02:51:28'),('67d74ddca9c2a8b97bdba60cfb02ef80','YTEwNDJhODUwOGRkNGI4NjQyYWJiOWRiNWY5ZGQxYjc3MzkxYzQ3NDqAAn1xAS4=\n','2014-02-11 23:01:11'),('68090abe6760bc7de03df579fe39e2b6','YjZjYzk3NTIzNjc2MTllOGRkYjg2OWZiYjFkN2U3NTU2Njk1ODQ2NzqAAn1xAVUKdGVzdGNvb2tp\nZXECVQZ3b3JrZWRxA3Mu\n','2013-11-30 17:32:52'),('683bdab1fd5248f127daea9b1ee5b54b','YjZjYzk3NTIzNjc2MTllOGRkYjg2OWZiYjFkN2U3NTU2Njk1ODQ2NzqAAn1xAVUKdGVzdGNvb2tp\nZXECVQZ3b3JrZWRxA3Mu\n','2013-08-07 10:50:21'),('68ac5a008a8f6d27ff6818210f26fce9','YjZjYzk3NTIzNjc2MTllOGRkYjg2OWZiYjFkN2U3NTU2Njk1ODQ2NzqAAn1xAVUKdGVzdGNvb2tp\nZXECVQZ3b3JrZWRxA3Mu\n','2014-07-07 13:09:59'),('68c2a07f149c979da23c34f571fe1993','YjZjYzk3NTIzNjc2MTllOGRkYjg2OWZiYjFkN2U3NTU2Njk1ODQ2NzqAAn1xAVUKdGVzdGNvb2tp\nZXECVQZ3b3JrZWRxA3Mu\n','2014-07-19 04:15:04'),('68e9dbc42a2bbe65230b749172181863','YjZjYzk3NTIzNjc2MTllOGRkYjg2OWZiYjFkN2U3NTU2Njk1ODQ2NzqAAn1xAVUKdGVzdGNvb2tp\nZXECVQZ3b3JrZWRxA3Mu\n','2014-10-31 10:24:02'),('69e5b26d283f3547f9c5daf430ec712a','YjZjYzk3NTIzNjc2MTllOGRkYjg2OWZiYjFkN2U3NTU2Njk1ODQ2NzqAAn1xAVUKdGVzdGNvb2tp\nZXECVQZ3b3JrZWRxA3Mu\n','2014-07-01 05:26:06'),('69f63aa6a9cb119389c81dbaf9d1b23a','YjZjYzk3NTIzNjc2MTllOGRkYjg2OWZiYjFkN2U3NTU2Njk1ODQ2NzqAAn1xAVUKdGVzdGNvb2tp\nZXECVQZ3b3JrZWRxA3Mu\n','2013-12-18 16:39:35'),('6a76d9ab4a25b2d02d2e49cdafa12f17','YjZjYzk3NTIzNjc2MTllOGRkYjg2OWZiYjFkN2U3NTU2Njk1ODQ2NzqAAn1xAVUKdGVzdGNvb2tp\nZXECVQZ3b3JrZWRxA3Mu\n','2014-04-18 21:11:27'),('6a79d0ad68788eefa48cd817d132719b','YjZjYzk3NTIzNjc2MTllOGRkYjg2OWZiYjFkN2U3NTU2Njk1ODQ2NzqAAn1xAVUKdGVzdGNvb2tp\nZXECVQZ3b3JrZWRxA3Mu\n','2014-07-02 19:58:41'),('6aca4596b924b5cbd3cf7b3fae7e707b','YjZjYzk3NTIzNjc2MTllOGRkYjg2OWZiYjFkN2U3NTU2Njk1ODQ2NzqAAn1xAVUKdGVzdGNvb2tp\nZXECVQZ3b3JrZWRxA3Mu\n','2014-09-08 12:29:50'),('6b6e43383ec082419d1c82dd5b058830','YjZjYzk3NTIzNjc2MTllOGRkYjg2OWZiYjFkN2U3NTU2Njk1ODQ2NzqAAn1xAVUKdGVzdGNvb2tp\nZXECVQZ3b3JrZWRxA3Mu\n','2013-05-02 09:14:54'),('6b93a385947f9b9204a117c5d373d550','YTEwNDJhODUwOGRkNGI4NjQyYWJiOWRiNWY5ZGQxYjc3MzkxYzQ3NDqAAn1xAS4=\n','2013-05-04 12:25:08'),('6ba52c2119a708f0a8ba4c160f90e7a5','YjZjYzk3NTIzNjc2MTllOGRkYjg2OWZiYjFkN2U3NTU2Njk1ODQ2NzqAAn1xAVUKdGVzdGNvb2tp\nZXECVQZ3b3JrZWRxA3Mu\n','2013-05-12 17:03:08'),('6c28b18f1381d044fc44c09a34ef576d','YjZjYzk3NTIzNjc2MTllOGRkYjg2OWZiYjFkN2U3NTU2Njk1ODQ2NzqAAn1xAVUKdGVzdGNvb2tp\nZXECVQZ3b3JrZWRxA3Mu\n','2014-09-22 08:11:24'),('6c36963cb11a62c39c7ba57916f37adf','YjZjYzk3NTIzNjc2MTllOGRkYjg2OWZiYjFkN2U3NTU2Njk1ODQ2NzqAAn1xAVUKdGVzdGNvb2tp\nZXECVQZ3b3JrZWRxA3Mu\n','2014-08-05 05:14:49'),('6c42f90b3f75dfd09eb2a55c5b3603ae','YjZjYzk3NTIzNjc2MTllOGRkYjg2OWZiYjFkN2U3NTU2Njk1ODQ2NzqAAn1xAVUKdGVzdGNvb2tp\nZXECVQZ3b3JrZWRxA3Mu\n','2014-12-04 13:26:59'),('6ccbca886933d3b1612799a25a68ff6d','YjZjYzk3NTIzNjc2MTllOGRkYjg2OWZiYjFkN2U3NTU2Njk1ODQ2NzqAAn1xAVUKdGVzdGNvb2tp\nZXECVQZ3b3JrZWRxA3Mu\n','2013-06-02 03:53:15'),('6d01cd42a3b3bb7f8459d302ea95186d','YjZjYzk3NTIzNjc2MTllOGRkYjg2OWZiYjFkN2U3NTU2Njk1ODQ2NzqAAn1xAVUKdGVzdGNvb2tp\nZXECVQZ3b3JrZWRxA3Mu\n','2014-09-06 09:17:52'),('6d67330a2bdcb6f6d4b88ac620d836a2','YjZjYzk3NTIzNjc2MTllOGRkYjg2OWZiYjFkN2U3NTU2Njk1ODQ2NzqAAn1xAVUKdGVzdGNvb2tp\nZXECVQZ3b3JrZWRxA3Mu\n','2014-01-11 08:04:21'),('6d6e126b724cd04b038aa55a806292ac','YjZjYzk3NTIzNjc2MTllOGRkYjg2OWZiYjFkN2U3NTU2Njk1ODQ2NzqAAn1xAVUKdGVzdGNvb2tp\nZXECVQZ3b3JrZWRxA3Mu\n','2014-09-24 21:28:27'),('6d6fcd5e9cbb30266e612b24adb059a8','YjZjYzk3NTIzNjc2MTllOGRkYjg2OWZiYjFkN2U3NTU2Njk1ODQ2NzqAAn1xAVUKdGVzdGNvb2tp\nZXECVQZ3b3JrZWRxA3Mu\n','2013-05-08 13:01:00'),('6deb771b24fe8cb44e6aab9ce4c0c478','YjZjYzk3NTIzNjc2MTllOGRkYjg2OWZiYjFkN2U3NTU2Njk1ODQ2NzqAAn1xAVUKdGVzdGNvb2tp\nZXECVQZ3b3JrZWRxA3Mu\n','2013-11-29 19:34:46'),('6e1177dcf6907eaaa89fb1ba7a9d1a3c','YjZjYzk3NTIzNjc2MTllOGRkYjg2OWZiYjFkN2U3NTU2Njk1ODQ2NzqAAn1xAVUKdGVzdGNvb2tp\nZXECVQZ3b3JrZWRxA3Mu\n','2013-07-15 20:21:08'),('6e13af483a22e9a83738587fc9f895a7','YjZjYzk3NTIzNjc2MTllOGRkYjg2OWZiYjFkN2U3NTU2Njk1ODQ2NzqAAn1xAVUKdGVzdGNvb2tp\nZXECVQZ3b3JrZWRxA3Mu\n','2014-08-06 03:40:54'),('6e72be80bd4ed4e5e9099e590dab6d0e','YjZjYzk3NTIzNjc2MTllOGRkYjg2OWZiYjFkN2U3NTU2Njk1ODQ2NzqAAn1xAVUKdGVzdGNvb2tp\nZXECVQZ3b3JrZWRxA3Mu\n','2014-05-09 04:52:14'),('6ec0db140c43c08f6ef40318d683f44e','YjZjYzk3NTIzNjc2MTllOGRkYjg2OWZiYjFkN2U3NTU2Njk1ODQ2NzqAAn1xAVUKdGVzdGNvb2tp\nZXECVQZ3b3JrZWRxA3Mu\n','2014-01-24 13:02:51'),('6ec2d6c9e77a8628b7e748615f092f10','YjZjYzk3NTIzNjc2MTllOGRkYjg2OWZiYjFkN2U3NTU2Njk1ODQ2NzqAAn1xAVUKdGVzdGNvb2tp\nZXECVQZ3b3JrZWRxA3Mu\n','2014-10-06 09:18:23'),('6ef96c6438c7424fc75d82c2ffc1c290','YjZjYzk3NTIzNjc2MTllOGRkYjg2OWZiYjFkN2U3NTU2Njk1ODQ2NzqAAn1xAVUKdGVzdGNvb2tp\nZXECVQZ3b3JrZWRxA3Mu\n','2014-02-08 02:11:23'),('6efc08de72a967970f8df4f6f2a9d9a5','YjZjYzk3NTIzNjc2MTllOGRkYjg2OWZiYjFkN2U3NTU2Njk1ODQ2NzqAAn1xAVUKdGVzdGNvb2tp\nZXECVQZ3b3JrZWRxA3Mu\n','2013-10-26 10:44:59'),('6f0ef2b366a373b627fd22f8a293fa88','YjZjYzk3NTIzNjc2MTllOGRkYjg2OWZiYjFkN2U3NTU2Njk1ODQ2NzqAAn1xAVUKdGVzdGNvb2tp\nZXECVQZ3b3JrZWRxA3Mu\n','2014-06-06 12:47:08'),('6f73a145e668f582b544ee7dd573b897','YjZjYzk3NTIzNjc2MTllOGRkYjg2OWZiYjFkN2U3NTU2Njk1ODQ2NzqAAn1xAVUKdGVzdGNvb2tp\nZXECVQZ3b3JrZWRxA3Mu\n','2014-11-24 12:24:54'),('6fe81e0bed8dfb952473dd3c73ed3bea','YjZjYzk3NTIzNjc2MTllOGRkYjg2OWZiYjFkN2U3NTU2Njk1ODQ2NzqAAn1xAVUKdGVzdGNvb2tp\nZXECVQZ3b3JrZWRxA3Mu\n','2013-07-04 10:25:23'),('6ff0b5b6074789e559ce1ed45932894a','YjZjYzk3NTIzNjc2MTllOGRkYjg2OWZiYjFkN2U3NTU2Njk1ODQ2NzqAAn1xAVUKdGVzdGNvb2tp\nZXECVQZ3b3JrZWRxA3Mu\n','2014-10-04 21:56:33'),('700c725bca07d39eb19de98f1d800c67','YjZjYzk3NTIzNjc2MTllOGRkYjg2OWZiYjFkN2U3NTU2Njk1ODQ2NzqAAn1xAVUKdGVzdGNvb2tp\nZXECVQZ3b3JrZWRxA3Mu\n','2014-05-09 11:52:04'),('703231d8764a3f71f2d09fcdc18fbe13','YjZjYzk3NTIzNjc2MTllOGRkYjg2OWZiYjFkN2U3NTU2Njk1ODQ2NzqAAn1xAVUKdGVzdGNvb2tp\nZXECVQZ3b3JrZWRxA3Mu\n','2014-06-20 18:00:49'),('70391a9158a859e7cf64f03a2d2ac324','YjZjYzk3NTIzNjc2MTllOGRkYjg2OWZiYjFkN2U3NTU2Njk1ODQ2NzqAAn1xAVUKdGVzdGNvb2tp\nZXECVQZ3b3JrZWRxA3Mu\n','2013-07-31 20:01:40'),('70420177ea99f4688b81b3a1fa728efc','YjZjYzk3NTIzNjc2MTllOGRkYjg2OWZiYjFkN2U3NTU2Njk1ODQ2NzqAAn1xAVUKdGVzdGNvb2tp\nZXECVQZ3b3JrZWRxA3Mu\n','2013-06-01 21:57:41'),('70b281a53125e0e553b19809f0239706','YjZjYzk3NTIzNjc2MTllOGRkYjg2OWZiYjFkN2U3NTU2Njk1ODQ2NzqAAn1xAVUKdGVzdGNvb2tp\nZXECVQZ3b3JrZWRxA3Mu\n','2013-09-07 04:46:39'),('70d0f95f4f5f840d0e9640277956265f','YjZjYzk3NTIzNjc2MTllOGRkYjg2OWZiYjFkN2U3NTU2Njk1ODQ2NzqAAn1xAVUKdGVzdGNvb2tp\nZXECVQZ3b3JrZWRxA3Mu\n','2014-10-07 19:10:56'),('7110afedec4015c375cec9e5907f2ec8','YjZjYzk3NTIzNjc2MTllOGRkYjg2OWZiYjFkN2U3NTU2Njk1ODQ2NzqAAn1xAVUKdGVzdGNvb2tp\nZXECVQZ3b3JrZWRxA3Mu\n','2014-03-11 16:41:47'),('715cbb12595de931393f524021add8a2','YjZjYzk3NTIzNjc2MTllOGRkYjg2OWZiYjFkN2U3NTU2Njk1ODQ2NzqAAn1xAVUKdGVzdGNvb2tp\nZXECVQZ3b3JrZWRxA3Mu\n','2014-03-15 23:27:42'),('7189d48c238a2a08fa4331afe15c09b1','YjZjYzk3NTIzNjc2MTllOGRkYjg2OWZiYjFkN2U3NTU2Njk1ODQ2NzqAAn1xAVUKdGVzdGNvb2tp\nZXECVQZ3b3JrZWRxA3Mu\n','2014-12-08 09:56:53'),('71b0b9e73da8e676be22adf7f038f0fd','YjZjYzk3NTIzNjc2MTllOGRkYjg2OWZiYjFkN2U3NTU2Njk1ODQ2NzqAAn1xAVUKdGVzdGNvb2tp\nZXECVQZ3b3JrZWRxA3Mu\n','2014-05-09 21:30:56'),('71b1d86d32b4a1c702832bf164990582','YjZjYzk3NTIzNjc2MTllOGRkYjg2OWZiYjFkN2U3NTU2Njk1ODQ2NzqAAn1xAVUKdGVzdGNvb2tp\nZXECVQZ3b3JrZWRxA3Mu\n','2014-07-09 04:06:43'),('71c6686f01be83b4d5b845bbdcf5c58a','YjZjYzk3NTIzNjc2MTllOGRkYjg2OWZiYjFkN2U3NTU2Njk1ODQ2NzqAAn1xAVUKdGVzdGNvb2tp\nZXECVQZ3b3JrZWRxA3Mu\n','2013-04-02 23:48:16'),('71dba23722aa8f5fa184a3d67645df29','YjZjYzk3NTIzNjc2MTllOGRkYjg2OWZiYjFkN2U3NTU2Njk1ODQ2NzqAAn1xAVUKdGVzdGNvb2tp\nZXECVQZ3b3JrZWRxA3Mu\n','2013-07-04 08:30:38'),('71ec7156f1c82591c19fa241583062e3','YjZjYzk3NTIzNjc2MTllOGRkYjg2OWZiYjFkN2U3NTU2Njk1ODQ2NzqAAn1xAVUKdGVzdGNvb2tp\nZXECVQZ3b3JrZWRxA3Mu\n','2014-10-25 13:52:50'),('7250e7b867990067a1298616b366ff7c','YjZjYzk3NTIzNjc2MTllOGRkYjg2OWZiYjFkN2U3NTU2Njk1ODQ2NzqAAn1xAVUKdGVzdGNvb2tp\nZXECVQZ3b3JrZWRxA3Mu\n','2014-10-08 22:39:03'),('725b391ec6c38420cf74727e6fd71507','YjZjYzk3NTIzNjc2MTllOGRkYjg2OWZiYjFkN2U3NTU2Njk1ODQ2NzqAAn1xAVUKdGVzdGNvb2tp\nZXECVQZ3b3JrZWRxA3Mu\n','2013-11-09 09:26:25'),('72920308fc7ea4d50fe39efe1238d77f','YjZjYzk3NTIzNjc2MTllOGRkYjg2OWZiYjFkN2U3NTU2Njk1ODQ2NzqAAn1xAVUKdGVzdGNvb2tp\nZXECVQZ3b3JrZWRxA3Mu\n','2013-03-16 11:44:18'),('729e011b64b520dd6b55190109b070e3','YjZjYzk3NTIzNjc2MTllOGRkYjg2OWZiYjFkN2U3NTU2Njk1ODQ2NzqAAn1xAVUKdGVzdGNvb2tp\nZXECVQZ3b3JrZWRxA3Mu\n','2014-02-13 03:15:34'),('72c1b6faed4c596c9aafc1f6b199cad1','YjZjYzk3NTIzNjc2MTllOGRkYjg2OWZiYjFkN2U3NTU2Njk1ODQ2NzqAAn1xAVUKdGVzdGNvb2tp\nZXECVQZ3b3JrZWRxA3Mu\n','2014-07-18 19:37:15'),('731896950e879ccf6da3ac192db429eb','YjZjYzk3NTIzNjc2MTllOGRkYjg2OWZiYjFkN2U3NTU2Njk1ODQ2NzqAAn1xAVUKdGVzdGNvb2tp\nZXECVQZ3b3JrZWRxA3Mu\n','2014-08-17 08:10:18'),('7324a291691a5500a39adae3913953e2','YjZjYzk3NTIzNjc2MTllOGRkYjg2OWZiYjFkN2U3NTU2Njk1ODQ2NzqAAn1xAVUKdGVzdGNvb2tp\nZXECVQZ3b3JrZWRxA3Mu\n','2014-10-27 07:22:32'),('7359798a033aec1eab39f7ecbb379f33','YjZjYzk3NTIzNjc2MTllOGRkYjg2OWZiYjFkN2U3NTU2Njk1ODQ2NzqAAn1xAVUKdGVzdGNvb2tp\nZXECVQZ3b3JrZWRxA3Mu\n','2013-09-19 10:40:38'),('737fd8545979c0d6556bb1cd6b4d525a','YjZjYzk3NTIzNjc2MTllOGRkYjg2OWZiYjFkN2U3NTU2Njk1ODQ2NzqAAn1xAVUKdGVzdGNvb2tp\nZXECVQZ3b3JrZWRxA3Mu\n','2013-04-20 00:22:30'),('73b71a722e15e9327fa87de7c66c49c9','YjZjYzk3NTIzNjc2MTllOGRkYjg2OWZiYjFkN2U3NTU2Njk1ODQ2NzqAAn1xAVUKdGVzdGNvb2tp\nZXECVQZ3b3JrZWRxA3Mu\n','2013-05-11 23:17:41'),('7447565496da8b7f50369f3d772924c4','YjZjYzk3NTIzNjc2MTllOGRkYjg2OWZiYjFkN2U3NTU2Njk1ODQ2NzqAAn1xAVUKdGVzdGNvb2tp\nZXECVQZ3b3JrZWRxA3Mu\n','2014-12-04 23:18:26'),('7448a4133233b79c29f43d66d628505e','YjZjYzk3NTIzNjc2MTllOGRkYjg2OWZiYjFkN2U3NTU2Njk1ODQ2NzqAAn1xAVUKdGVzdGNvb2tp\nZXECVQZ3b3JrZWRxA3Mu\n','2014-06-18 10:22:47'),('748b75c41fe15cf5b30854f9064e465e','YjZjYzk3NTIzNjc2MTllOGRkYjg2OWZiYjFkN2U3NTU2Njk1ODQ2NzqAAn1xAVUKdGVzdGNvb2tp\nZXECVQZ3b3JrZWRxA3Mu\n','2013-07-02 05:30:35'),('7492e7c7cc45751dbed4a737d70de2ac','YjZjYzk3NTIzNjc2MTllOGRkYjg2OWZiYjFkN2U3NTU2Njk1ODQ2NzqAAn1xAVUKdGVzdGNvb2tp\nZXECVQZ3b3JrZWRxA3Mu\n','2013-04-07 23:06:59'),('74a27e49d4d943435fd15498c60f309a','YjZjYzk3NTIzNjc2MTllOGRkYjg2OWZiYjFkN2U3NTU2Njk1ODQ2NzqAAn1xAVUKdGVzdGNvb2tp\nZXECVQZ3b3JrZWRxA3Mu\n','2014-05-22 18:22:33'),('74e43d5220ae7f72238c5ad30ec58e83','YjZjYzk3NTIzNjc2MTllOGRkYjg2OWZiYjFkN2U3NTU2Njk1ODQ2NzqAAn1xAVUKdGVzdGNvb2tp\nZXECVQZ3b3JrZWRxA3Mu\n','2013-09-16 07:23:12'),('74f8ac1325b13ecb05024b5dc2531b8c','YjZjYzk3NTIzNjc2MTllOGRkYjg2OWZiYjFkN2U3NTU2Njk1ODQ2NzqAAn1xAVUKdGVzdGNvb2tp\nZXECVQZ3b3JrZWRxA3Mu\n','2014-07-15 17:17:38'),('75170c8240c8b7e8cd85271ee9b4130a','YjZjYzk3NTIzNjc2MTllOGRkYjg2OWZiYjFkN2U3NTU2Njk1ODQ2NzqAAn1xAVUKdGVzdGNvb2tp\nZXECVQZ3b3JrZWRxA3Mu\n','2014-06-04 08:57:03'),('75462f18d667577096331e2e6eb7bae1','YjZjYzk3NTIzNjc2MTllOGRkYjg2OWZiYjFkN2U3NTU2Njk1ODQ2NzqAAn1xAVUKdGVzdGNvb2tp\nZXECVQZ3b3JrZWRxA3Mu\n','2013-09-08 10:07:40'),('757d074c130397cef8441662e8903522','YjZjYzk3NTIzNjc2MTllOGRkYjg2OWZiYjFkN2U3NTU2Njk1ODQ2NzqAAn1xAVUKdGVzdGNvb2tp\nZXECVQZ3b3JrZWRxA3Mu\n','2014-04-28 07:31:11'),('7589b9c520f9b2dce01346680a5ba051','YjZjYzk3NTIzNjc2MTllOGRkYjg2OWZiYjFkN2U3NTU2Njk1ODQ2NzqAAn1xAVUKdGVzdGNvb2tp\nZXECVQZ3b3JrZWRxA3Mu\n','2014-01-20 07:10:24'),('7669a195c0add63fa5b6b27b58541b77','YjZjYzk3NTIzNjc2MTllOGRkYjg2OWZiYjFkN2U3NTU2Njk1ODQ2NzqAAn1xAVUKdGVzdGNvb2tp\nZXECVQZ3b3JrZWRxA3Mu\n','2014-06-20 03:58:48'),('768cfb40a06d04123a8336cea1608e10','YjZjYzk3NTIzNjc2MTllOGRkYjg2OWZiYjFkN2U3NTU2Njk1ODQ2NzqAAn1xAVUKdGVzdGNvb2tp\nZXECVQZ3b3JrZWRxA3Mu\n','2013-04-18 09:01:22'),('7736ceac13ba5930a661d278dc8dadc4','YjZjYzk3NTIzNjc2MTllOGRkYjg2OWZiYjFkN2U3NTU2Njk1ODQ2NzqAAn1xAVUKdGVzdGNvb2tp\nZXECVQZ3b3JrZWRxA3Mu\n','2014-07-25 04:55:06'),('77cddf5996b4b97152025a4d7385a701','YjZjYzk3NTIzNjc2MTllOGRkYjg2OWZiYjFkN2U3NTU2Njk1ODQ2NzqAAn1xAVUKdGVzdGNvb2tp\nZXECVQZ3b3JrZWRxA3Mu\n','2014-07-22 04:38:36'),('780ec0967c122024cdb07e2896516ec0','YjZjYzk3NTIzNjc2MTllOGRkYjg2OWZiYjFkN2U3NTU2Njk1ODQ2NzqAAn1xAVUKdGVzdGNvb2tp\nZXECVQZ3b3JrZWRxA3Mu\n','2014-08-17 09:37:39'),('78146d92913db8f342d04a6c92af45c2','YjZjYzk3NTIzNjc2MTllOGRkYjg2OWZiYjFkN2U3NTU2Njk1ODQ2NzqAAn1xAVUKdGVzdGNvb2tp\nZXECVQZ3b3JrZWRxA3Mu\n','2013-09-13 03:21:13'),('781b4ce2219038b374f51ef79d2483eb','YjZjYzk3NTIzNjc2MTllOGRkYjg2OWZiYjFkN2U3NTU2Njk1ODQ2NzqAAn1xAVUKdGVzdGNvb2tp\nZXECVQZ3b3JrZWRxA3Mu\n','2014-10-22 12:54:43'),('7846d9abb0e334572ecaa0a51fe434a9','YjZjYzk3NTIzNjc2MTllOGRkYjg2OWZiYjFkN2U3NTU2Njk1ODQ2NzqAAn1xAVUKdGVzdGNvb2tp\nZXECVQZ3b3JrZWRxA3Mu\n','2013-11-24 03:32:48'),('786b9b497c073594b71ab6c6431c008d','YjZjYzk3NTIzNjc2MTllOGRkYjg2OWZiYjFkN2U3NTU2Njk1ODQ2NzqAAn1xAVUKdGVzdGNvb2tp\nZXECVQZ3b3JrZWRxA3Mu\n','2014-10-13 19:56:07'),('78a844461b9f16d3f7420c8d4c4ba433','YjZjYzk3NTIzNjc2MTllOGRkYjg2OWZiYjFkN2U3NTU2Njk1ODQ2NzqAAn1xAVUKdGVzdGNvb2tp\nZXECVQZ3b3JrZWRxA3Mu\n','2014-07-04 23:52:34'),('78e01d591a51604842620e3e7be8d09d','YjZjYzk3NTIzNjc2MTllOGRkYjg2OWZiYjFkN2U3NTU2Njk1ODQ2NzqAAn1xAVUKdGVzdGNvb2tp\nZXECVQZ3b3JrZWRxA3Mu\n','2013-04-26 09:36:29'),('79051bee124ab00db5049dc2b6c56b39','YjZjYzk3NTIzNjc2MTllOGRkYjg2OWZiYjFkN2U3NTU2Njk1ODQ2NzqAAn1xAVUKdGVzdGNvb2tp\nZXECVQZ3b3JrZWRxA3Mu\n','2014-01-20 04:31:29'),('795821368d4df6a1bcf4e48bd9570a17','YjZjYzk3NTIzNjc2MTllOGRkYjg2OWZiYjFkN2U3NTU2Njk1ODQ2NzqAAn1xAVUKdGVzdGNvb2tp\nZXECVQZ3b3JrZWRxA3Mu\n','2014-03-25 21:09:16'),('797bb539667d00e275a84042e6e5b0c2','YjZjYzk3NTIzNjc2MTllOGRkYjg2OWZiYjFkN2U3NTU2Njk1ODQ2NzqAAn1xAVUKdGVzdGNvb2tp\nZXECVQZ3b3JrZWRxA3Mu\n','2013-09-27 15:30:45'),('797cc366462ccaa096a9e2e744b93bc7','YjZjYzk3NTIzNjc2MTllOGRkYjg2OWZiYjFkN2U3NTU2Njk1ODQ2NzqAAn1xAVUKdGVzdGNvb2tp\nZXECVQZ3b3JrZWRxA3Mu\n','2014-08-18 14:12:07'),('7a169ed202d6c4284bd21f00220e370f','YjZjYzk3NTIzNjc2MTllOGRkYjg2OWZiYjFkN2U3NTU2Njk1ODQ2NzqAAn1xAVUKdGVzdGNvb2tp\nZXECVQZ3b3JrZWRxA3Mu\n','2013-07-04 09:23:17'),('7acf3bf91ecf609fd4cf9f27390f1b3f','YjZjYzk3NTIzNjc2MTllOGRkYjg2OWZiYjFkN2U3NTU2Njk1ODQ2NzqAAn1xAVUKdGVzdGNvb2tp\nZXECVQZ3b3JrZWRxA3Mu\n','2014-12-06 16:38:26'),('7ae905e7d56ad8f59602e8ead0b0c324','YjZjYzk3NTIzNjc2MTllOGRkYjg2OWZiYjFkN2U3NTU2Njk1ODQ2NzqAAn1xAVUKdGVzdGNvb2tp\nZXECVQZ3b3JrZWRxA3Mu\n','2014-05-23 09:14:53'),('7b11dc35287ef19229eed5c9e5b58e14','YjZjYzk3NTIzNjc2MTllOGRkYjg2OWZiYjFkN2U3NTU2Njk1ODQ2NzqAAn1xAVUKdGVzdGNvb2tp\nZXECVQZ3b3JrZWRxA3Mu\n','2014-08-24 15:46:38'),('7b659967e1c4e04bbdfdd8dbb8869d3a','YjZjYzk3NTIzNjc2MTllOGRkYjg2OWZiYjFkN2U3NTU2Njk1ODQ2NzqAAn1xAVUKdGVzdGNvb2tp\nZXECVQZ3b3JrZWRxA3Mu\n','2014-08-28 20:15:43'),('7b833b893ef87287258f583f90485d81','YjZjYzk3NTIzNjc2MTllOGRkYjg2OWZiYjFkN2U3NTU2Njk1ODQ2NzqAAn1xAVUKdGVzdGNvb2tp\nZXECVQZ3b3JrZWRxA3Mu\n','2013-04-26 09:36:20'),('7bb1f9f74f446ed4e07fa48a9716fba1','YjZjYzk3NTIzNjc2MTllOGRkYjg2OWZiYjFkN2U3NTU2Njk1ODQ2NzqAAn1xAVUKdGVzdGNvb2tp\nZXECVQZ3b3JrZWRxA3Mu\n','2013-11-12 17:02:41'),('7bc186e02347589c06a0300efe5e5a97','YjZjYzk3NTIzNjc2MTllOGRkYjg2OWZiYjFkN2U3NTU2Njk1ODQ2NzqAAn1xAVUKdGVzdGNvb2tp\nZXECVQZ3b3JrZWRxA3Mu\n','2013-05-31 22:57:41'),('7c0c0bfdcf563fa251a6b9f4c20a13f8','YjZjYzk3NTIzNjc2MTllOGRkYjg2OWZiYjFkN2U3NTU2Njk1ODQ2NzqAAn1xAVUKdGVzdGNvb2tp\nZXECVQZ3b3JrZWRxA3Mu\n','2014-12-09 07:50:43'),('7c4e0b55311de594b0a3f64729ef2115','YjZjYzk3NTIzNjc2MTllOGRkYjg2OWZiYjFkN2U3NTU2Njk1ODQ2NzqAAn1xAVUKdGVzdGNvb2tp\nZXECVQZ3b3JrZWRxA3Mu\n','2014-12-11 11:17:55'),('7d4db518dccafa83cc6a99bc54bfc826','YjZjYzk3NTIzNjc2MTllOGRkYjg2OWZiYjFkN2U3NTU2Njk1ODQ2NzqAAn1xAVUKdGVzdGNvb2tp\nZXECVQZ3b3JrZWRxA3Mu\n','2013-12-25 06:51:00'),('7d9ed0a0a37c656cfab17214721eaac4','YjZjYzk3NTIzNjc2MTllOGRkYjg2OWZiYjFkN2U3NTU2Njk1ODQ2NzqAAn1xAVUKdGVzdGNvb2tp\nZXECVQZ3b3JrZWRxA3Mu\n','2013-04-20 21:09:47'),('7db5802875f273533cabe566454d66a9','YjZjYzk3NTIzNjc2MTllOGRkYjg2OWZiYjFkN2U3NTU2Njk1ODQ2NzqAAn1xAVUKdGVzdGNvb2tp\nZXECVQZ3b3JrZWRxA3Mu\n','2013-12-28 15:53:45'),('7dd7c54a2eed8e615037890a261c2431','YjZjYzk3NTIzNjc2MTllOGRkYjg2OWZiYjFkN2U3NTU2Njk1ODQ2NzqAAn1xAVUKdGVzdGNvb2tp\nZXECVQZ3b3JrZWRxA3Mu\n','2014-10-15 04:00:00'),('7e63854e35de9c6b8abc5d100fc86f9e','YjZjYzk3NTIzNjc2MTllOGRkYjg2OWZiYjFkN2U3NTU2Njk1ODQ2NzqAAn1xAVUKdGVzdGNvb2tp\nZXECVQZ3b3JrZWRxA3Mu\n','2014-03-04 18:31:56'),('7e76e47ba86d25da76c824a0c78dd603','YjZjYzk3NTIzNjc2MTllOGRkYjg2OWZiYjFkN2U3NTU2Njk1ODQ2NzqAAn1xAVUKdGVzdGNvb2tp\nZXECVQZ3b3JrZWRxA3Mu\n','2013-10-04 11:39:37'),('7e90c068d487a2dda159be35c9c5891e','YjZjYzk3NTIzNjc2MTllOGRkYjg2OWZiYjFkN2U3NTU2Njk1ODQ2NzqAAn1xAVUKdGVzdGNvb2tp\nZXECVQZ3b3JrZWRxA3Mu\n','2014-05-22 00:15:37'),('7e96167cc7426645f01962a501c52f94','YjZjYzk3NTIzNjc2MTllOGRkYjg2OWZiYjFkN2U3NTU2Njk1ODQ2NzqAAn1xAVUKdGVzdGNvb2tp\nZXECVQZ3b3JrZWRxA3Mu\n','2014-06-07 03:38:32'),('7f03b2f2389fadd5e6d8673cccfb6788','YjZjYzk3NTIzNjc2MTllOGRkYjg2OWZiYjFkN2U3NTU2Njk1ODQ2NzqAAn1xAVUKdGVzdGNvb2tp\nZXECVQZ3b3JrZWRxA3Mu\n','2014-04-04 22:31:01'),('7f5b965ddca237cb7c0a8a7e102e9139','YjZjYzk3NTIzNjc2MTllOGRkYjg2OWZiYjFkN2U3NTU2Njk1ODQ2NzqAAn1xAVUKdGVzdGNvb2tp\nZXECVQZ3b3JrZWRxA3Mu\n','2013-06-07 00:33:46'),('8003a9be98ccfc39296333d09cd9263b','YjZjYzk3NTIzNjc2MTllOGRkYjg2OWZiYjFkN2U3NTU2Njk1ODQ2NzqAAn1xAVUKdGVzdGNvb2tp\nZXECVQZ3b3JrZWRxA3Mu\n','2013-05-10 08:17:56'),('8148b10070ecb2bb8e3b9bc297a61f97','YjZjYzk3NTIzNjc2MTllOGRkYjg2OWZiYjFkN2U3NTU2Njk1ODQ2NzqAAn1xAVUKdGVzdGNvb2tp\nZXECVQZ3b3JrZWRxA3Mu\n','2014-05-19 06:07:20'),('81938fa97062f3ef9e97daf01973d38e','YjZjYzk3NTIzNjc2MTllOGRkYjg2OWZiYjFkN2U3NTU2Njk1ODQ2NzqAAn1xAVUKdGVzdGNvb2tp\nZXECVQZ3b3JrZWRxA3Mu\n','2013-04-13 12:36:36'),('81b93b90c2735a7d432bf07ab2743b94','YjZjYzk3NTIzNjc2MTllOGRkYjg2OWZiYjFkN2U3NTU2Njk1ODQ2NzqAAn1xAVUKdGVzdGNvb2tp\nZXECVQZ3b3JrZWRxA3Mu\n','2013-08-26 06:40:38'),('81c024b036fc8cee1cac00ae9b2ca9f9','YjZjYzk3NTIzNjc2MTllOGRkYjg2OWZiYjFkN2U3NTU2Njk1ODQ2NzqAAn1xAVUKdGVzdGNvb2tp\nZXECVQZ3b3JrZWRxA3Mu\n','2014-01-07 07:25:27'),('81ea25873a5a6aa2f6e29256c45e55d0','YjZjYzk3NTIzNjc2MTllOGRkYjg2OWZiYjFkN2U3NTU2Njk1ODQ2NzqAAn1xAVUKdGVzdGNvb2tp\nZXECVQZ3b3JrZWRxA3Mu\n','2014-11-02 08:56:47'),('8200e5575fe5d76affe9ad515b8a0dbe','YjZjYzk3NTIzNjc2MTllOGRkYjg2OWZiYjFkN2U3NTU2Njk1ODQ2NzqAAn1xAVUKdGVzdGNvb2tp\nZXECVQZ3b3JrZWRxA3Mu\n','2014-04-01 00:13:15'),('821eee8e319334c0d60b3dcc15435c39','YjZjYzk3NTIzNjc2MTllOGRkYjg2OWZiYjFkN2U3NTU2Njk1ODQ2NzqAAn1xAVUKdGVzdGNvb2tp\nZXECVQZ3b3JrZWRxA3Mu\n','2014-11-18 08:26:55'),('8305f3abfa02f971b9c69b4fa735e6ce','YjZjYzk3NTIzNjc2MTllOGRkYjg2OWZiYjFkN2U3NTU2Njk1ODQ2NzqAAn1xAVUKdGVzdGNvb2tp\nZXECVQZ3b3JrZWRxA3Mu\n','2014-02-04 20:34:33'),('830c8237729b40269abd75c249deefe1','YjZjYzk3NTIzNjc2MTllOGRkYjg2OWZiYjFkN2U3NTU2Njk1ODQ2NzqAAn1xAVUKdGVzdGNvb2tp\nZXECVQZ3b3JrZWRxA3Mu\n','2014-10-26 07:27:43'),('83309b9316713e930b7583dbeee02f88','YjZjYzk3NTIzNjc2MTllOGRkYjg2OWZiYjFkN2U3NTU2Njk1ODQ2NzqAAn1xAVUKdGVzdGNvb2tp\nZXECVQZ3b3JrZWRxA3Mu\n','2014-12-06 07:52:28'),('83698cc7de039f7383ee44be441b0d5d','YjZjYzk3NTIzNjc2MTllOGRkYjg2OWZiYjFkN2U3NTU2Njk1ODQ2NzqAAn1xAVUKdGVzdGNvb2tp\nZXECVQZ3b3JrZWRxA3Mu\n','2013-12-24 07:52:40'),('8397730456e3336e23fbbad8af2dc956','YjZjYzk3NTIzNjc2MTllOGRkYjg2OWZiYjFkN2U3NTU2Njk1ODQ2NzqAAn1xAVUKdGVzdGNvb2tp\nZXECVQZ3b3JrZWRxA3Mu\n','2014-09-29 03:33:24'),('840ede66c045a5460e32351da263d748','YjZjYzk3NTIzNjc2MTllOGRkYjg2OWZiYjFkN2U3NTU2Njk1ODQ2NzqAAn1xAVUKdGVzdGNvb2tp\nZXECVQZ3b3JrZWRxA3Mu\n','2013-11-30 16:35:58'),('84eea9ecadc055d3093b205cfb4c0be1','YjZjYzk3NTIzNjc2MTllOGRkYjg2OWZiYjFkN2U3NTU2Njk1ODQ2NzqAAn1xAVUKdGVzdGNvb2tp\nZXECVQZ3b3JrZWRxA3Mu\n','2014-05-09 04:51:55'),('85241b74c47f7e10aa3e48004b0bc556','YjZjYzk3NTIzNjc2MTllOGRkYjg2OWZiYjFkN2U3NTU2Njk1ODQ2NzqAAn1xAVUKdGVzdGNvb2tp\nZXECVQZ3b3JrZWRxA3Mu\n','2014-07-08 03:25:38'),('85428f4dd13b8880c1884aa8fc8c7581','YjZjYzk3NTIzNjc2MTllOGRkYjg2OWZiYjFkN2U3NTU2Njk1ODQ2NzqAAn1xAVUKdGVzdGNvb2tp\nZXECVQZ3b3JrZWRxA3Mu\n','2013-11-23 01:04:03'),('85b8aa1096b6a3c3e7a7e8bd8b194672','YjZjYzk3NTIzNjc2MTllOGRkYjg2OWZiYjFkN2U3NTU2Njk1ODQ2NzqAAn1xAVUKdGVzdGNvb2tp\nZXECVQZ3b3JrZWRxA3Mu\n','2014-12-18 08:23:47'),('85bec5b2a271436b762c919e343b17f5','YjZjYzk3NTIzNjc2MTllOGRkYjg2OWZiYjFkN2U3NTU2Njk1ODQ2NzqAAn1xAVUKdGVzdGNvb2tp\nZXECVQZ3b3JrZWRxA3Mu\n','2014-06-26 12:51:27'),('85da0ae76f163b1fc5bfbd800c8da857','YjZjYzk3NTIzNjc2MTllOGRkYjg2OWZiYjFkN2U3NTU2Njk1ODQ2NzqAAn1xAVUKdGVzdGNvb2tp\nZXECVQZ3b3JrZWRxA3Mu\n','2014-02-20 12:17:37'),('85dc8e831288b1cc7b14168f8b49249d','YjZjYzk3NTIzNjc2MTllOGRkYjg2OWZiYjFkN2U3NTU2Njk1ODQ2NzqAAn1xAVUKdGVzdGNvb2tp\nZXECVQZ3b3JrZWRxA3Mu\n','2013-09-03 21:07:17'),('8656e07371c4f6edf0e576ebd1623eb9','YjZjYzk3NTIzNjc2MTllOGRkYjg2OWZiYjFkN2U3NTU2Njk1ODQ2NzqAAn1xAVUKdGVzdGNvb2tp\nZXECVQZ3b3JrZWRxA3Mu\n','2014-10-06 23:12:22'),('867fbff097778e7def2ab5867fcc751c','YjZjYzk3NTIzNjc2MTllOGRkYjg2OWZiYjFkN2U3NTU2Njk1ODQ2NzqAAn1xAVUKdGVzdGNvb2tp\nZXECVQZ3b3JrZWRxA3Mu\n','2013-10-29 11:14:22'),('868a58c9a4d6242b7075d271a06d62cf','YjZjYzk3NTIzNjc2MTllOGRkYjg2OWZiYjFkN2U3NTU2Njk1ODQ2NzqAAn1xAVUKdGVzdGNvb2tp\nZXECVQZ3b3JrZWRxA3Mu\n','2014-02-24 13:00:40'),('86a293b91f7154300dae63d7ce2baec4','YjZjYzk3NTIzNjc2MTllOGRkYjg2OWZiYjFkN2U3NTU2Njk1ODQ2NzqAAn1xAVUKdGVzdGNvb2tp\nZXECVQZ3b3JrZWRxA3Mu\n','2014-08-01 07:03:06'),('86a700f5cff57d2cef449b93846ff040','YjZjYzk3NTIzNjc2MTllOGRkYjg2OWZiYjFkN2U3NTU2Njk1ODQ2NzqAAn1xAVUKdGVzdGNvb2tp\nZXECVQZ3b3JrZWRxA3Mu\n','2013-08-23 13:35:17'),('871325b68d23ef75ca8db0e1c826de12','YjZjYzk3NTIzNjc2MTllOGRkYjg2OWZiYjFkN2U3NTU2Njk1ODQ2NzqAAn1xAVUKdGVzdGNvb2tp\nZXECVQZ3b3JrZWRxA3Mu\n','2014-08-22 01:52:43'),('87269e73b8691203d8e560d94c2f3ebf','YjZjYzk3NTIzNjc2MTllOGRkYjg2OWZiYjFkN2U3NTU2Njk1ODQ2NzqAAn1xAVUKdGVzdGNvb2tp\nZXECVQZ3b3JrZWRxA3Mu\n','2013-04-07 00:51:01'),('8731749ce5aeb6dd928b1a276ba81a24','YTEwNDJhODUwOGRkNGI4NjQyYWJiOWRiNWY5ZGQxYjc3MzkxYzQ3NDqAAn1xAS4=\n','2012-12-21 18:15:08'),('87596d0cfe13a33ce53a0c7ea69ff6a4','YjZjYzk3NTIzNjc2MTllOGRkYjg2OWZiYjFkN2U3NTU2Njk1ODQ2NzqAAn1xAVUKdGVzdGNvb2tp\nZXECVQZ3b3JrZWRxA3Mu\n','2014-03-29 00:25:30'),('877aac2c8d9ff3f8429365eb5dff531d','YjZjYzk3NTIzNjc2MTllOGRkYjg2OWZiYjFkN2U3NTU2Njk1ODQ2NzqAAn1xAVUKdGVzdGNvb2tp\nZXECVQZ3b3JrZWRxA3Mu\n','2013-05-11 02:29:03'),('88947fae18718890d99a7051c7f5c768','YjZjYzk3NTIzNjc2MTllOGRkYjg2OWZiYjFkN2U3NTU2Njk1ODQ2NzqAAn1xAVUKdGVzdGNvb2tp\nZXECVQZ3b3JrZWRxA3Mu\n','2014-05-10 03:45:06'),('88a1d5a1f2b251fc7e769a53ef127fe5','YjZjYzk3NTIzNjc2MTllOGRkYjg2OWZiYjFkN2U3NTU2Njk1ODQ2NzqAAn1xAVUKdGVzdGNvb2tp\nZXECVQZ3b3JrZWRxA3Mu\n','2014-07-08 20:53:06'),('88ea2845d3b5c83e4c9c7f08bc2d922f','YjZjYzk3NTIzNjc2MTllOGRkYjg2OWZiYjFkN2U3NTU2Njk1ODQ2NzqAAn1xAVUKdGVzdGNvb2tp\nZXECVQZ3b3JrZWRxA3Mu\n','2013-06-06 15:07:54'),('8933373510da2fca8da12f4a577765e5','YjZjYzk3NTIzNjc2MTllOGRkYjg2OWZiYjFkN2U3NTU2Njk1ODQ2NzqAAn1xAVUKdGVzdGNvb2tp\nZXECVQZ3b3JrZWRxA3Mu\n','2014-01-30 18:59:04'),('8952ba8cee48c6e7813ef1d69525e2a1','YjZjYzk3NTIzNjc2MTllOGRkYjg2OWZiYjFkN2U3NTU2Njk1ODQ2NzqAAn1xAVUKdGVzdGNvb2tp\nZXECVQZ3b3JrZWRxA3Mu\n','2013-10-04 11:15:21'),('899367bf012a75850ace4d30540f8099','YjZjYzk3NTIzNjc2MTllOGRkYjg2OWZiYjFkN2U3NTU2Njk1ODQ2NzqAAn1xAVUKdGVzdGNvb2tp\nZXECVQZ3b3JrZWRxA3Mu\n','2013-09-24 03:39:23'),('899eb5f096bde52b6c307c799bd55caf','YjZjYzk3NTIzNjc2MTllOGRkYjg2OWZiYjFkN2U3NTU2Njk1ODQ2NzqAAn1xAVUKdGVzdGNvb2tp\nZXECVQZ3b3JrZWRxA3Mu\n','2014-08-13 10:44:52'),('89a933e1b5fc54d9e47ba3e0df0fe756','YjZjYzk3NTIzNjc2MTllOGRkYjg2OWZiYjFkN2U3NTU2Njk1ODQ2NzqAAn1xAVUKdGVzdGNvb2tp\nZXECVQZ3b3JrZWRxA3Mu\n','2014-10-09 20:11:18'),('89ac88b05ffbde3def43c9f7a64c7a9a','YjZjYzk3NTIzNjc2MTllOGRkYjg2OWZiYjFkN2U3NTU2Njk1ODQ2NzqAAn1xAVUKdGVzdGNvb2tp\nZXECVQZ3b3JrZWRxA3Mu\n','2014-02-04 04:13:49'),('89e8cea67808e353eb54f6ef09d51565','YjZjYzk3NTIzNjc2MTllOGRkYjg2OWZiYjFkN2U3NTU2Njk1ODQ2NzqAAn1xAVUKdGVzdGNvb2tp\nZXECVQZ3b3JrZWRxA3Mu\n','2014-01-19 21:43:51'),('8a00f998c6245396b4fab8d6af14d57b','YjZjYzk3NTIzNjc2MTllOGRkYjg2OWZiYjFkN2U3NTU2Njk1ODQ2NzqAAn1xAVUKdGVzdGNvb2tp\nZXECVQZ3b3JrZWRxA3Mu\n','2014-05-30 02:11:52'),('8b313979ec01c40cf86223986396e557','YjZjYzk3NTIzNjc2MTllOGRkYjg2OWZiYjFkN2U3NTU2Njk1ODQ2NzqAAn1xAVUKdGVzdGNvb2tp\nZXECVQZ3b3JrZWRxA3Mu\n','2013-04-18 03:39:40'),('8b35cb62c9ff0884908accb2b90d2977','YjZjYzk3NTIzNjc2MTllOGRkYjg2OWZiYjFkN2U3NTU2Njk1ODQ2NzqAAn1xAVUKdGVzdGNvb2tp\nZXECVQZ3b3JrZWRxA3Mu\n','2014-07-20 11:02:13'),('8bb269d69ca4c7e78b2f8cb7ddeda07b','YjZjYzk3NTIzNjc2MTllOGRkYjg2OWZiYjFkN2U3NTU2Njk1ODQ2NzqAAn1xAVUKdGVzdGNvb2tp\nZXECVQZ3b3JrZWRxA3Mu\n','2014-01-15 15:50:08'),('8bbfeaf8da0c504b918de4ef72239fe1','YjZjYzk3NTIzNjc2MTllOGRkYjg2OWZiYjFkN2U3NTU2Njk1ODQ2NzqAAn1xAVUKdGVzdGNvb2tp\nZXECVQZ3b3JrZWRxA3Mu\n','2013-10-11 07:21:54'),('8bffa640deda81eac6172df5c27bd1f8','YjZjYzk3NTIzNjc2MTllOGRkYjg2OWZiYjFkN2U3NTU2Njk1ODQ2NzqAAn1xAVUKdGVzdGNvb2tp\nZXECVQZ3b3JrZWRxA3Mu\n','2013-08-10 18:11:55'),('8cc1289cc5fe3ef18c72fbf56820bc58','YjZjYzk3NTIzNjc2MTllOGRkYjg2OWZiYjFkN2U3NTU2Njk1ODQ2NzqAAn1xAVUKdGVzdGNvb2tp\nZXECVQZ3b3JrZWRxA3Mu\n','2014-01-22 16:59:47'),('8d2fdf9c820885cea3d9d71da225a95f','YjZjYzk3NTIzNjc2MTllOGRkYjg2OWZiYjFkN2U3NTU2Njk1ODQ2NzqAAn1xAVUKdGVzdGNvb2tp\nZXECVQZ3b3JrZWRxA3Mu\n','2013-10-09 04:11:58'),('8d403e728cccb1ad22aee33b437988bf','YjZjYzk3NTIzNjc2MTllOGRkYjg2OWZiYjFkN2U3NTU2Njk1ODQ2NzqAAn1xAVUKdGVzdGNvb2tp\nZXECVQZ3b3JrZWRxA3Mu\n','2014-06-24 08:30:38'),('8d69a53badf15b99cc83c49fc33d5765','YjZjYzk3NTIzNjc2MTllOGRkYjg2OWZiYjFkN2U3NTU2Njk1ODQ2NzqAAn1xAVUKdGVzdGNvb2tp\nZXECVQZ3b3JrZWRxA3Mu\n','2013-06-02 22:53:12'),('8d80cf3cf160eeb14bbabebd13d4b5f9','YjZjYzk3NTIzNjc2MTllOGRkYjg2OWZiYjFkN2U3NTU2Njk1ODQ2NzqAAn1xAVUKdGVzdGNvb2tp\nZXECVQZ3b3JrZWRxA3Mu\n','2014-09-23 12:37:55'),('8dc5406062a674362a219fbea81d159a','YjZjYzk3NTIzNjc2MTllOGRkYjg2OWZiYjFkN2U3NTU2Njk1ODQ2NzqAAn1xAVUKdGVzdGNvb2tp\nZXECVQZ3b3JrZWRxA3Mu\n','2013-12-06 02:29:46'),('8e8653e7735bc9ede505745349a0a945','YjZjYzk3NTIzNjc2MTllOGRkYjg2OWZiYjFkN2U3NTU2Njk1ODQ2NzqAAn1xAVUKdGVzdGNvb2tp\nZXECVQZ3b3JrZWRxA3Mu\n','2013-09-04 04:45:53'),('8f7b3f6956a93ba0fa7d5858c8f9ee6e','YjZjYzk3NTIzNjc2MTllOGRkYjg2OWZiYjFkN2U3NTU2Njk1ODQ2NzqAAn1xAVUKdGVzdGNvb2tp\nZXECVQZ3b3JrZWRxA3Mu\n','2014-03-26 09:10:18'),('8f98bf36cb0add9d825649f50cbefb52','YjZjYzk3NTIzNjc2MTllOGRkYjg2OWZiYjFkN2U3NTU2Njk1ODQ2NzqAAn1xAVUKdGVzdGNvb2tp\nZXECVQZ3b3JrZWRxA3Mu\n','2014-07-09 18:00:56'),('8fa1fbd655bdc45226cb0b50087cc4c5','YjZjYzk3NTIzNjc2MTllOGRkYjg2OWZiYjFkN2U3NTU2Njk1ODQ2NzqAAn1xAVUKdGVzdGNvb2tp\nZXECVQZ3b3JrZWRxA3Mu\n','2013-09-06 00:18:30'),('8fdfe0454f69f5d38eb3cd2f4c80d370','YjZjYzk3NTIzNjc2MTllOGRkYjg2OWZiYjFkN2U3NTU2Njk1ODQ2NzqAAn1xAVUKdGVzdGNvb2tp\nZXECVQZ3b3JrZWRxA3Mu\n','2013-10-18 06:30:53'),('900e6b400ec6237804cae1ca35fb2dea','YjZjYzk3NTIzNjc2MTllOGRkYjg2OWZiYjFkN2U3NTU2Njk1ODQ2NzqAAn1xAVUKdGVzdGNvb2tp\nZXECVQZ3b3JrZWRxA3Mu\n','2014-02-16 06:16:54'),('905b83ad21fccf2d9f851042b964f18f','YjZjYzk3NTIzNjc2MTllOGRkYjg2OWZiYjFkN2U3NTU2Njk1ODQ2NzqAAn1xAVUKdGVzdGNvb2tp\nZXECVQZ3b3JrZWRxA3Mu\n','2014-03-19 07:20:14'),('90855deb340ba5b872f46ebce3804ec0','YjZjYzk3NTIzNjc2MTllOGRkYjg2OWZiYjFkN2U3NTU2Njk1ODQ2NzqAAn1xAVUKdGVzdGNvb2tp\nZXECVQZ3b3JrZWRxA3Mu\n','2013-08-10 16:40:55'),('90b8d8ed6e5394bbb53ca3a74e3fc10b','YjZjYzk3NTIzNjc2MTllOGRkYjg2OWZiYjFkN2U3NTU2Njk1ODQ2NzqAAn1xAVUKdGVzdGNvb2tp\nZXECVQZ3b3JrZWRxA3Mu\n','2013-07-30 17:13:02'),('90c8d5e9101f9e47e96d6dc5680e384f','YjZjYzk3NTIzNjc2MTllOGRkYjg2OWZiYjFkN2U3NTU2Njk1ODQ2NzqAAn1xAVUKdGVzdGNvb2tp\nZXECVQZ3b3JrZWRxA3Mu\n','2014-05-23 12:39:37'),('913edbd978f1519d69c07722daf62da4','YjZjYzk3NTIzNjc2MTllOGRkYjg2OWZiYjFkN2U3NTU2Njk1ODQ2NzqAAn1xAVUKdGVzdGNvb2tp\nZXECVQZ3b3JrZWRxA3Mu\n','2014-01-11 02:57:26'),('91845c6bbb65dcd2818b4d9f362d5238','YjZjYzk3NTIzNjc2MTllOGRkYjg2OWZiYjFkN2U3NTU2Njk1ODQ2NzqAAn1xAVUKdGVzdGNvb2tp\nZXECVQZ3b3JrZWRxA3Mu\n','2013-09-21 10:28:46'),('91b5331f8a399ba1be3d7d2f1d29c430','YjZjYzk3NTIzNjc2MTllOGRkYjg2OWZiYjFkN2U3NTU2Njk1ODQ2NzqAAn1xAVUKdGVzdGNvb2tp\nZXECVQZ3b3JrZWRxA3Mu\n','2014-01-12 19:52:44'),('91d888c2f70b02b0b4218826add5c2fb','YjZjYzk3NTIzNjc2MTllOGRkYjg2OWZiYjFkN2U3NTU2Njk1ODQ2NzqAAn1xAVUKdGVzdGNvb2tp\nZXECVQZ3b3JrZWRxA3Mu\n','2013-06-13 02:26:33'),('91eb07fd3a2693f286556993764f3bec','YjZjYzk3NTIzNjc2MTllOGRkYjg2OWZiYjFkN2U3NTU2Njk1ODQ2NzqAAn1xAVUKdGVzdGNvb2tp\nZXECVQZ3b3JrZWRxA3Mu\n','2014-03-14 13:44:59'),('921f69d27b7253317e0c032c752c76a0','YjZjYzk3NTIzNjc2MTllOGRkYjg2OWZiYjFkN2U3NTU2Njk1ODQ2NzqAAn1xAVUKdGVzdGNvb2tp\nZXECVQZ3b3JrZWRxA3Mu\n','2013-11-24 07:55:12'),('9243db581cccd1fabea6ab219bc8d245','YjZjYzk3NTIzNjc2MTllOGRkYjg2OWZiYjFkN2U3NTU2Njk1ODQ2NzqAAn1xAVUKdGVzdGNvb2tp\nZXECVQZ3b3JrZWRxA3Mu\n','2014-10-13 13:56:03'),('926d4048c1f0f7316ad9a55462cb4633','YjQ1ZGNmMzg3NDE5NWE0OWU4YjRjYmJiMTE1M2RkNmFhYmIwNmE0OTqAAn1xAVUKdGVzdGNvb2tp\nZVUGd29ya2VkcQJzLg==\n','2013-05-03 11:11:57'),('933d775f8556a1529aed73566e64ee48','YjZjYzk3NTIzNjc2MTllOGRkYjg2OWZiYjFkN2U3NTU2Njk1ODQ2NzqAAn1xAVUKdGVzdGNvb2tp\nZXECVQZ3b3JrZWRxA3Mu\n','2014-08-26 02:43:54'),('9359e9e74a48e0ec8814e129fa6f90b6','YjZjYzk3NTIzNjc2MTllOGRkYjg2OWZiYjFkN2U3NTU2Njk1ODQ2NzqAAn1xAVUKdGVzdGNvb2tp\nZXECVQZ3b3JrZWRxA3Mu\n','2014-12-13 08:44:05'),('939dad1310af7bec240955bb97bbf297','YjZjYzk3NTIzNjc2MTllOGRkYjg2OWZiYjFkN2U3NTU2Njk1ODQ2NzqAAn1xAVUKdGVzdGNvb2tp\nZXECVQZ3b3JrZWRxA3Mu\n','2014-11-18 16:40:07'),('93ab821fb498538f1d0cb71612bb9195','YjZjYzk3NTIzNjc2MTllOGRkYjg2OWZiYjFkN2U3NTU2Njk1ODQ2NzqAAn1xAVUKdGVzdGNvb2tp\nZXECVQZ3b3JrZWRxA3Mu\n','2014-07-06 12:59:35'),('93c9620f30889890a9acf83836041602','YjZjYzk3NTIzNjc2MTllOGRkYjg2OWZiYjFkN2U3NTU2Njk1ODQ2NzqAAn1xAVUKdGVzdGNvb2tp\nZXECVQZ3b3JrZWRxA3Mu\n','2014-01-01 05:36:35'),('93ea81733607b6b3b85a26a22e3167b0','YjZjYzk3NTIzNjc2MTllOGRkYjg2OWZiYjFkN2U3NTU2Njk1ODQ2NzqAAn1xAVUKdGVzdGNvb2tp\nZXECVQZ3b3JrZWRxA3Mu\n','2014-12-02 11:37:28'),('947b77bc5709ccb5f7c5990aa1b845ce','YjZjYzk3NTIzNjc2MTllOGRkYjg2OWZiYjFkN2U3NTU2Njk1ODQ2NzqAAn1xAVUKdGVzdGNvb2tp\nZXECVQZ3b3JrZWRxA3Mu\n','2014-03-30 13:11:28'),('94a388c8a7e4379d05296330de54e156','YjZjYzk3NTIzNjc2MTllOGRkYjg2OWZiYjFkN2U3NTU2Njk1ODQ2NzqAAn1xAVUKdGVzdGNvb2tp\nZXECVQZ3b3JrZWRxA3Mu\n','2014-07-07 05:28:47'),('94b0cff209972f259715d989a140b1ba','YjZjYzk3NTIzNjc2MTllOGRkYjg2OWZiYjFkN2U3NTU2Njk1ODQ2NzqAAn1xAVUKdGVzdGNvb2tp\nZXECVQZ3b3JrZWRxA3Mu\n','2014-02-04 16:03:55'),('9555579857dd999f8da008d631cb42b6','YjZjYzk3NTIzNjc2MTllOGRkYjg2OWZiYjFkN2U3NTU2Njk1ODQ2NzqAAn1xAVUKdGVzdGNvb2tp\nZXECVQZ3b3JrZWRxA3Mu\n','2014-11-04 16:39:51'),('95b15b20a764713e56a5e3dc28decf13','YjZjYzk3NTIzNjc2MTllOGRkYjg2OWZiYjFkN2U3NTU2Njk1ODQ2NzqAAn1xAVUKdGVzdGNvb2tp\nZXECVQZ3b3JrZWRxA3Mu\n','2014-10-14 07:37:35'),('95bf6f52c79c1b252cd33d09aaa73e25','YjZjYzk3NTIzNjc2MTllOGRkYjg2OWZiYjFkN2U3NTU2Njk1ODQ2NzqAAn1xAVUKdGVzdGNvb2tp\nZXECVQZ3b3JrZWRxA3Mu\n','2014-06-18 16:38:37'),('960b3a4f7e81073667fbe312e3351a2f','YjZjYzk3NTIzNjc2MTllOGRkYjg2OWZiYjFkN2U3NTU2Njk1ODQ2NzqAAn1xAVUKdGVzdGNvb2tp\nZXECVQZ3b3JrZWRxA3Mu\n','2014-12-08 05:03:11'),('961312377a0d6f642af4b2094709a3f3','YjZjYzk3NTIzNjc2MTllOGRkYjg2OWZiYjFkN2U3NTU2Njk1ODQ2NzqAAn1xAVUKdGVzdGNvb2tp\nZXECVQZ3b3JrZWRxA3Mu\n','2013-06-02 16:15:12'),('9654e2af5a2aff8e57f47385a66959bd','YjZjYzk3NTIzNjc2MTllOGRkYjg2OWZiYjFkN2U3NTU2Njk1ODQ2NzqAAn1xAVUKdGVzdGNvb2tp\nZXECVQZ3b3JrZWRxA3Mu\n','2013-04-23 04:27:32'),('96f6eebdccd0eece786e7cdd4eb50658','YjZjYzk3NTIzNjc2MTllOGRkYjg2OWZiYjFkN2U3NTU2Njk1ODQ2NzqAAn1xAVUKdGVzdGNvb2tp\nZXECVQZ3b3JrZWRxA3Mu\n','2013-09-04 00:22:05'),('97282d79885314c6a61349b0d207e9d1','YjZjYzk3NTIzNjc2MTllOGRkYjg2OWZiYjFkN2U3NTU2Njk1ODQ2NzqAAn1xAVUKdGVzdGNvb2tp\nZXECVQZ3b3JrZWRxA3Mu\n','2014-09-08 02:44:40'),('972e4eab9299c3eb0b8c0e69a8dd5309','YjZjYzk3NTIzNjc2MTllOGRkYjg2OWZiYjFkN2U3NTU2Njk1ODQ2NzqAAn1xAVUKdGVzdGNvb2tp\nZXECVQZ3b3JrZWRxA3Mu\n','2013-12-25 05:06:47'),('97457058a6c8c448960313d5a13c211c','YjZjYzk3NTIzNjc2MTllOGRkYjg2OWZiYjFkN2U3NTU2Njk1ODQ2NzqAAn1xAVUKdGVzdGNvb2tp\nZXECVQZ3b3JrZWRxA3Mu\n','2013-09-23 11:25:27'),('9755822632b9c3caa94581ff68fec282','YjZjYzk3NTIzNjc2MTllOGRkYjg2OWZiYjFkN2U3NTU2Njk1ODQ2NzqAAn1xAVUKdGVzdGNvb2tp\nZXECVQZ3b3JrZWRxA3Mu\n','2013-10-20 21:41:34'),('975a1e08037693d9e6733dace31ff76d','YjZjYzk3NTIzNjc2MTllOGRkYjg2OWZiYjFkN2U3NTU2Njk1ODQ2NzqAAn1xAVUKdGVzdGNvb2tp\nZXECVQZ3b3JrZWRxA3Mu\n','2013-07-04 20:40:04'),('983ccdea656d1adb3142bcc5ae52afcc','YjZjYzk3NTIzNjc2MTllOGRkYjg2OWZiYjFkN2U3NTU2Njk1ODQ2NzqAAn1xAVUKdGVzdGNvb2tp\nZXECVQZ3b3JrZWRxA3Mu\n','2013-05-13 14:18:21'),('986567acfb5d7ba9396c9c3710fe58a5','YjZjYzk3NTIzNjc2MTllOGRkYjg2OWZiYjFkN2U3NTU2Njk1ODQ2NzqAAn1xAVUKdGVzdGNvb2tp\nZXECVQZ3b3JrZWRxA3Mu\n','2014-02-04 17:52:11'),('98af095d77127310c5b52528355b579a','YjZjYzk3NTIzNjc2MTllOGRkYjg2OWZiYjFkN2U3NTU2Njk1ODQ2NzqAAn1xAVUKdGVzdGNvb2tp\nZXECVQZ3b3JrZWRxA3Mu\n','2014-01-08 16:24:56'),('98b0f6af6448b74f1fc0d34fc958cc4e','YjZjYzk3NTIzNjc2MTllOGRkYjg2OWZiYjFkN2U3NTU2Njk1ODQ2NzqAAn1xAVUKdGVzdGNvb2tp\nZXECVQZ3b3JrZWRxA3Mu\n','2013-07-29 00:10:10'),('98b17c0bbe0ad0d51df836eac13bdf0b','YjZjYzk3NTIzNjc2MTllOGRkYjg2OWZiYjFkN2U3NTU2Njk1ODQ2NzqAAn1xAVUKdGVzdGNvb2tp\nZXECVQZ3b3JrZWRxA3Mu\n','2014-07-05 04:38:15'),('98ba117786c80120cb5df7c7d80d906b','YjZjYzk3NTIzNjc2MTllOGRkYjg2OWZiYjFkN2U3NTU2Njk1ODQ2NzqAAn1xAVUKdGVzdGNvb2tp\nZXECVQZ3b3JrZWRxA3Mu\n','2014-10-31 09:15:24'),('9915f0547d86e741f86875b91cbbfec2','YjZjYzk3NTIzNjc2MTllOGRkYjg2OWZiYjFkN2U3NTU2Njk1ODQ2NzqAAn1xAVUKdGVzdGNvb2tp\nZXECVQZ3b3JrZWRxA3Mu\n','2014-08-18 06:33:59'),('994e9b8a7aff990f1dd58a2abf2db9ea','YjZjYzk3NTIzNjc2MTllOGRkYjg2OWZiYjFkN2U3NTU2Njk1ODQ2NzqAAn1xAVUKdGVzdGNvb2tp\nZXECVQZ3b3JrZWRxA3Mu\n','2014-03-30 18:24:04'),('99bbc4cb57cf19f98eff5947ceec7f12','YjZjYzk3NTIzNjc2MTllOGRkYjg2OWZiYjFkN2U3NTU2Njk1ODQ2NzqAAn1xAVUKdGVzdGNvb2tp\nZXECVQZ3b3JrZWRxA3Mu\n','2014-04-20 22:27:47'),('9a0bdfae7b535c6639bd83164f4dc71c','YjZjYzk3NTIzNjc2MTllOGRkYjg2OWZiYjFkN2U3NTU2Njk1ODQ2NzqAAn1xAVUKdGVzdGNvb2tp\nZXECVQZ3b3JrZWRxA3Mu\n','2014-12-11 21:54:33'),('9a17fbedeee17192c001fc695a3873a7','YjZjYzk3NTIzNjc2MTllOGRkYjg2OWZiYjFkN2U3NTU2Njk1ODQ2NzqAAn1xAVUKdGVzdGNvb2tp\nZXECVQZ3b3JrZWRxA3Mu\n','2013-08-11 21:31:26'),('9a423d07e2c5a25143ba5495e267ff25','YjZjYzk3NTIzNjc2MTllOGRkYjg2OWZiYjFkN2U3NTU2Njk1ODQ2NzqAAn1xAVUKdGVzdGNvb2tp\nZXECVQZ3b3JrZWRxA3Mu\n','2014-05-18 03:59:16'),('9a4ec4a2524aa6913bb768d3ed1ff5ed','YjZjYzk3NTIzNjc2MTllOGRkYjg2OWZiYjFkN2U3NTU2Njk1ODQ2NzqAAn1xAVUKdGVzdGNvb2tp\nZXECVQZ3b3JrZWRxA3Mu\n','2014-02-04 16:51:15'),('9a901300ea02b54191a436496226e958','YjZjYzk3NTIzNjc2MTllOGRkYjg2OWZiYjFkN2U3NTU2Njk1ODQ2NzqAAn1xAVUKdGVzdGNvb2tp\nZXECVQZ3b3JrZWRxA3Mu\n','2014-02-04 12:43:32'),('9a93dcc3b3dce2e74aeb32eb35685be5','YjZjYzk3NTIzNjc2MTllOGRkYjg2OWZiYjFkN2U3NTU2Njk1ODQ2NzqAAn1xAVUKdGVzdGNvb2tp\nZXECVQZ3b3JrZWRxA3Mu\n','2014-11-28 19:10:15'),('9abd7597248e60a11f73c449aa184d5f','YjZjYzk3NTIzNjc2MTllOGRkYjg2OWZiYjFkN2U3NTU2Njk1ODQ2NzqAAn1xAVUKdGVzdGNvb2tp\nZXECVQZ3b3JrZWRxA3Mu\n','2013-09-20 07:37:59'),('9b142414ad1fa0980de8afc661d0f430','YjZjYzk3NTIzNjc2MTllOGRkYjg2OWZiYjFkN2U3NTU2Njk1ODQ2NzqAAn1xAVUKdGVzdGNvb2tp\nZXECVQZ3b3JrZWRxA3Mu\n','2013-07-11 16:51:40'),('9b837b426c301be9d7aef495a2e75a9b','YjZjYzk3NTIzNjc2MTllOGRkYjg2OWZiYjFkN2U3NTU2Njk1ODQ2NzqAAn1xAVUKdGVzdGNvb2tp\nZXECVQZ3b3JrZWRxA3Mu\n','2014-06-22 07:10:09'),('9bdeb4204350aab204dbc4008004d19f','YjZjYzk3NTIzNjc2MTllOGRkYjg2OWZiYjFkN2U3NTU2Njk1ODQ2NzqAAn1xAVUKdGVzdGNvb2tp\nZXECVQZ3b3JrZWRxA3Mu\n','2013-08-14 07:20:01'),('9be69bfe6eea44d4decae62ee76576eb','YjZjYzk3NTIzNjc2MTllOGRkYjg2OWZiYjFkN2U3NTU2Njk1ODQ2NzqAAn1xAVUKdGVzdGNvb2tp\nZXECVQZ3b3JrZWRxA3Mu\n','2013-11-30 17:53:11'),('9be82f289bbb27c6ec5566c7284d7d93','YjZjYzk3NTIzNjc2MTllOGRkYjg2OWZiYjFkN2U3NTU2Njk1ODQ2NzqAAn1xAVUKdGVzdGNvb2tp\nZXECVQZ3b3JrZWRxA3Mu\n','2014-11-14 01:17:21'),('9c5ac34d500e345db9115a25479f5096','YjZjYzk3NTIzNjc2MTllOGRkYjg2OWZiYjFkN2U3NTU2Njk1ODQ2NzqAAn1xAVUKdGVzdGNvb2tp\nZXECVQZ3b3JrZWRxA3Mu\n','2013-03-25 22:05:57'),('9c5ee2aa5b5f86d62e055cab9e5d14d2','YjZjYzk3NTIzNjc2MTllOGRkYjg2OWZiYjFkN2U3NTU2Njk1ODQ2NzqAAn1xAVUKdGVzdGNvb2tp\nZXECVQZ3b3JrZWRxA3Mu\n','2013-11-18 19:43:58'),('9cb67d6d66db30b0525ae31fdf1e6187','YjZjYzk3NTIzNjc2MTllOGRkYjg2OWZiYjFkN2U3NTU2Njk1ODQ2NzqAAn1xAVUKdGVzdGNvb2tp\nZXECVQZ3b3JrZWRxA3Mu\n','2013-04-07 15:39:22'),('9cdb43a3a08eda1606d3dcbc5875a694','YjZjYzk3NTIzNjc2MTllOGRkYjg2OWZiYjFkN2U3NTU2Njk1ODQ2NzqAAn1xAVUKdGVzdGNvb2tp\nZXECVQZ3b3JrZWRxA3Mu\n','2013-12-31 15:40:10'),('9d014911fed282174266d3d255a543e3','YjZjYzk3NTIzNjc2MTllOGRkYjg2OWZiYjFkN2U3NTU2Njk1ODQ2NzqAAn1xAVUKdGVzdGNvb2tp\nZXECVQZ3b3JrZWRxA3Mu\n','2013-06-26 18:05:13'),('9d235c1122cf38a50e514fea09e659e5','YjZjYzk3NTIzNjc2MTllOGRkYjg2OWZiYjFkN2U3NTU2Njk1ODQ2NzqAAn1xAVUKdGVzdGNvb2tp\nZXECVQZ3b3JrZWRxA3Mu\n','2014-08-21 14:12:42'),('9d4863d70d0eb77cef8d073af645fc3c','YjZjYzk3NTIzNjc2MTllOGRkYjg2OWZiYjFkN2U3NTU2Njk1ODQ2NzqAAn1xAVUKdGVzdGNvb2tp\nZXECVQZ3b3JrZWRxA3Mu\n','2014-10-04 05:13:27'),('9d51a2db2f4f0dd872bc3f718494abeb','YjZjYzk3NTIzNjc2MTllOGRkYjg2OWZiYjFkN2U3NTU2Njk1ODQ2NzqAAn1xAVUKdGVzdGNvb2tp\nZXECVQZ3b3JrZWRxA3Mu\n','2014-08-15 07:34:32'),('9d6901ceb0c5341d9ff4fb9a50c2bdee','YjZjYzk3NTIzNjc2MTllOGRkYjg2OWZiYjFkN2U3NTU2Njk1ODQ2NzqAAn1xAVUKdGVzdGNvb2tp\nZXECVQZ3b3JrZWRxA3Mu\n','2014-03-05 19:03:36'),('9e197157ed86e0a55d32121495512ecd','YjZjYzk3NTIzNjc2MTllOGRkYjg2OWZiYjFkN2U3NTU2Njk1ODQ2NzqAAn1xAVUKdGVzdGNvb2tp\nZXECVQZ3b3JrZWRxA3Mu\n','2014-07-20 06:23:26'),('9e27a1de06c1e8aab63cb375e7effa06','YjZjYzk3NTIzNjc2MTllOGRkYjg2OWZiYjFkN2U3NTU2Njk1ODQ2NzqAAn1xAVUKdGVzdGNvb2tp\nZXECVQZ3b3JrZWRxA3Mu\n','2014-01-08 23:05:45'),('9eb3f599fabd5d4d1bd7e2200ac9d0e7','YjZjYzk3NTIzNjc2MTllOGRkYjg2OWZiYjFkN2U3NTU2Njk1ODQ2NzqAAn1xAVUKdGVzdGNvb2tp\nZXECVQZ3b3JrZWRxA3Mu\n','2014-10-19 05:49:48'),('9f3342a01a1aa9aacc28f90b92776a6e','YjZjYzk3NTIzNjc2MTllOGRkYjg2OWZiYjFkN2U3NTU2Njk1ODQ2NzqAAn1xAVUKdGVzdGNvb2tp\nZXECVQZ3b3JrZWRxA3Mu\n','2013-12-29 20:58:42'),('9f3b7d91f53b109e3e143c68b7b26b40','YTEwNDJhODUwOGRkNGI4NjQyYWJiOWRiNWY5ZGQxYjc3MzkxYzQ3NDqAAn1xAS4=\n','2013-02-23 23:00:14'),('9f47d0fd374423ceb0531cb46d6bd28d','YjZjYzk3NTIzNjc2MTllOGRkYjg2OWZiYjFkN2U3NTU2Njk1ODQ2NzqAAn1xAVUKdGVzdGNvb2tp\nZXECVQZ3b3JrZWRxA3Mu\n','2014-10-25 23:55:05'),('9f56de8dff35dd371b9184d83a641d1a','YjZjYzk3NTIzNjc2MTllOGRkYjg2OWZiYjFkN2U3NTU2Njk1ODQ2NzqAAn1xAVUKdGVzdGNvb2tp\nZXECVQZ3b3JrZWRxA3Mu\n','2014-01-11 05:15:54'),('9f7a96bd8da569804bd1f4333462d003','YjZjYzk3NTIzNjc2MTllOGRkYjg2OWZiYjFkN2U3NTU2Njk1ODQ2NzqAAn1xAVUKdGVzdGNvb2tp\nZXECVQZ3b3JrZWRxA3Mu\n','2014-10-27 09:00:42'),('9f9c2b3413b2a78a95f7c60ff23dae9e','YjZjYzk3NTIzNjc2MTllOGRkYjg2OWZiYjFkN2U3NTU2Njk1ODQ2NzqAAn1xAVUKdGVzdGNvb2tp\nZXECVQZ3b3JrZWRxA3Mu\n','2014-03-11 19:44:09'),('9fc77ba51734fc1a8f83a9d601a89dbc','YjZjYzk3NTIzNjc2MTllOGRkYjg2OWZiYjFkN2U3NTU2Njk1ODQ2NzqAAn1xAVUKdGVzdGNvb2tp\nZXECVQZ3b3JrZWRxA3Mu\n','2014-01-12 01:31:43'),('a07f845c006565e3f2ca5704e025f86c','YjZjYzk3NTIzNjc2MTllOGRkYjg2OWZiYjFkN2U3NTU2Njk1ODQ2NzqAAn1xAVUKdGVzdGNvb2tp\nZXECVQZ3b3JrZWRxA3Mu\n','2014-12-04 09:27:15'),('a0ba05854c281035dc315cbd12337ebe','YjZjYzk3NTIzNjc2MTllOGRkYjg2OWZiYjFkN2U3NTU2Njk1ODQ2NzqAAn1xAVUKdGVzdGNvb2tp\nZXECVQZ3b3JrZWRxA3Mu\n','2014-12-14 01:23:01'),('a0d5fc8eda1a4d19f7c5587129d42359','YjZjYzk3NTIzNjc2MTllOGRkYjg2OWZiYjFkN2U3NTU2Njk1ODQ2NzqAAn1xAVUKdGVzdGNvb2tp\nZXECVQZ3b3JrZWRxA3Mu\n','2013-09-27 14:50:52'),('a0e65575e7c977dcad253e3bc775d8b7','YjZjYzk3NTIzNjc2MTllOGRkYjg2OWZiYjFkN2U3NTU2Njk1ODQ2NzqAAn1xAVUKdGVzdGNvb2tp\nZXECVQZ3b3JrZWRxA3Mu\n','2014-06-29 22:00:21'),('a0fee99122a037a5d108c057bf05294a','YjZjYzk3NTIzNjc2MTllOGRkYjg2OWZiYjFkN2U3NTU2Njk1ODQ2NzqAAn1xAVUKdGVzdGNvb2tp\nZXECVQZ3b3JrZWRxA3Mu\n','2013-04-26 15:24:23'),('a1433e84ace58b7976bacbb5c73d7911','YjZjYzk3NTIzNjc2MTllOGRkYjg2OWZiYjFkN2U3NTU2Njk1ODQ2NzqAAn1xAVUKdGVzdGNvb2tp\nZXECVQZ3b3JrZWRxA3Mu\n','2014-09-26 20:47:40'),('a2ce2e5c55e74ddf788a21682bc3adc5','YjZjYzk3NTIzNjc2MTllOGRkYjg2OWZiYjFkN2U3NTU2Njk1ODQ2NzqAAn1xAVUKdGVzdGNvb2tp\nZXECVQZ3b3JrZWRxA3Mu\n','2014-03-02 02:40:15'),('a3ac60acc339d215cac3e7bfd5b19554','YjZjYzk3NTIzNjc2MTllOGRkYjg2OWZiYjFkN2U3NTU2Njk1ODQ2NzqAAn1xAVUKdGVzdGNvb2tp\nZXECVQZ3b3JrZWRxA3Mu\n','2014-09-23 21:27:35'),('a44c676957e678b8eb4757ba50a706b6','YjZjYzk3NTIzNjc2MTllOGRkYjg2OWZiYjFkN2U3NTU2Njk1ODQ2NzqAAn1xAVUKdGVzdGNvb2tp\nZXECVQZ3b3JrZWRxA3Mu\n','2014-11-17 08:49:16'),('a472f1d4e418f9ed36ba1a4326abf486','YjZjYzk3NTIzNjc2MTllOGRkYjg2OWZiYjFkN2U3NTU2Njk1ODQ2NzqAAn1xAVUKdGVzdGNvb2tp\nZXECVQZ3b3JrZWRxA3Mu\n','2014-12-19 10:16:39'),('a4834daf526e23710d77b97dd2ebee14','YjZjYzk3NTIzNjc2MTllOGRkYjg2OWZiYjFkN2U3NTU2Njk1ODQ2NzqAAn1xAVUKdGVzdGNvb2tp\nZXECVQZ3b3JrZWRxA3Mu\n','2014-04-01 05:48:29'),('a4ee36e22961a5dd489a9c4ef4f9a164','YjZjYzk3NTIzNjc2MTllOGRkYjg2OWZiYjFkN2U3NTU2Njk1ODQ2NzqAAn1xAVUKdGVzdGNvb2tp\nZXECVQZ3b3JrZWRxA3Mu\n','2014-02-13 06:28:03'),('a51ac22d0b3ff9e4fdf42ecfdf7c8f58','YjZjYzk3NTIzNjc2MTllOGRkYjg2OWZiYjFkN2U3NTU2Njk1ODQ2NzqAAn1xAVUKdGVzdGNvb2tp\nZXECVQZ3b3JrZWRxA3Mu\n','2014-06-25 18:30:12'),('a51f06116f9d0381b89e42fc6c2c4abf','YjZjYzk3NTIzNjc2MTllOGRkYjg2OWZiYjFkN2U3NTU2Njk1ODQ2NzqAAn1xAVUKdGVzdGNvb2tp\nZXECVQZ3b3JrZWRxA3Mu\n','2014-08-22 07:38:14'),('a52d927ae9c672c2e3e7a4454e08b151','YjZjYzk3NTIzNjc2MTllOGRkYjg2OWZiYjFkN2U3NTU2Njk1ODQ2NzqAAn1xAVUKdGVzdGNvb2tp\nZXECVQZ3b3JrZWRxA3Mu\n','2014-12-13 04:21:00'),('a5919c19f104864cf63e4de6be39d715','YjZjYzk3NTIzNjc2MTllOGRkYjg2OWZiYjFkN2U3NTU2Njk1ODQ2NzqAAn1xAVUKdGVzdGNvb2tp\nZXECVQZ3b3JrZWRxA3Mu\n','2014-04-09 06:35:21'),('a5bcb7530bf7671fa90c737c6f8574ea','YjZjYzk3NTIzNjc2MTllOGRkYjg2OWZiYjFkN2U3NTU2Njk1ODQ2NzqAAn1xAVUKdGVzdGNvb2tp\nZXECVQZ3b3JrZWRxA3Mu\n','2014-10-11 01:09:29'),('a5e446cd4c129f75a91f0eba9e00c932','YjZjYzk3NTIzNjc2MTllOGRkYjg2OWZiYjFkN2U3NTU2Njk1ODQ2NzqAAn1xAVUKdGVzdGNvb2tp\nZXECVQZ3b3JrZWRxA3Mu\n','2013-10-09 14:36:25'),('a622a596172dfdda4b8e6e9c669765d9','YjZjYzk3NTIzNjc2MTllOGRkYjg2OWZiYjFkN2U3NTU2Njk1ODQ2NzqAAn1xAVUKdGVzdGNvb2tp\nZXECVQZ3b3JrZWRxA3Mu\n','2013-12-31 08:11:56'),('a673f9ffaf7e64a1730965195db6d360','YjZjYzk3NTIzNjc2MTllOGRkYjg2OWZiYjFkN2U3NTU2Njk1ODQ2NzqAAn1xAVUKdGVzdGNvb2tp\nZXECVQZ3b3JrZWRxA3Mu\n','2014-01-09 18:13:31'),('a69d628ba0ced6c42ca62b32258ad2ef','YjZjYzk3NTIzNjc2MTllOGRkYjg2OWZiYjFkN2U3NTU2Njk1ODQ2NzqAAn1xAVUKdGVzdGNvb2tp\nZXECVQZ3b3JrZWRxA3Mu\n','2014-04-15 17:35:09'),('a6ddbbc150d35ea747b3cbcd2f458915','YjZjYzk3NTIzNjc2MTllOGRkYjg2OWZiYjFkN2U3NTU2Njk1ODQ2NzqAAn1xAVUKdGVzdGNvb2tp\nZXECVQZ3b3JrZWRxA3Mu\n','2013-07-25 17:08:06'),('a702f9ad57bce93a6fd8f28ea46fd9b2','YjZjYzk3NTIzNjc2MTllOGRkYjg2OWZiYjFkN2U3NTU2Njk1ODQ2NzqAAn1xAVUKdGVzdGNvb2tp\nZXECVQZ3b3JrZWRxA3Mu\n','2014-07-10 00:49:49'),('a7155df6ac3f09cf78d4ca2b4de6f9ec','YjZjYzk3NTIzNjc2MTllOGRkYjg2OWZiYjFkN2U3NTU2Njk1ODQ2NzqAAn1xAVUKdGVzdGNvb2tp\nZXECVQZ3b3JrZWRxA3Mu\n','2014-01-17 18:03:11'),('a74233f3591db1567f169ffc7746a72c','YjZjYzk3NTIzNjc2MTllOGRkYjg2OWZiYjFkN2U3NTU2Njk1ODQ2NzqAAn1xAVUKdGVzdGNvb2tp\nZXECVQZ3b3JrZWRxA3Mu\n','2014-10-14 13:07:37'),('a7427cece3bf816ac7328eb94f5ee0a9','YjZjYzk3NTIzNjc2MTllOGRkYjg2OWZiYjFkN2U3NTU2Njk1ODQ2NzqAAn1xAVUKdGVzdGNvb2tp\nZXECVQZ3b3JrZWRxA3Mu\n','2014-03-31 23:42:17'),('a7894a179e4a8f9aeae00d75c2792241','YjZjYzk3NTIzNjc2MTllOGRkYjg2OWZiYjFkN2U3NTU2Njk1ODQ2NzqAAn1xAVUKdGVzdGNvb2tp\nZXECVQZ3b3JrZWRxA3Mu\n','2014-03-29 22:02:52'),('a79259aa20136276d3fe1f8fb34ffd4d','YjZjYzk3NTIzNjc2MTllOGRkYjg2OWZiYjFkN2U3NTU2Njk1ODQ2NzqAAn1xAVUKdGVzdGNvb2tp\nZXECVQZ3b3JrZWRxA3Mu\n','2014-08-29 09:22:21'),('a84684fe63fe9bb79c4dbe631e7867c7','YjZjYzk3NTIzNjc2MTllOGRkYjg2OWZiYjFkN2U3NTU2Njk1ODQ2NzqAAn1xAVUKdGVzdGNvb2tp\nZXECVQZ3b3JrZWRxA3Mu\n','2014-07-11 02:00:35'),('a857f2e7693f5243a6f58ca57dfeda63','YjZjYzk3NTIzNjc2MTllOGRkYjg2OWZiYjFkN2U3NTU2Njk1ODQ2NzqAAn1xAVUKdGVzdGNvb2tp\nZXECVQZ3b3JrZWRxA3Mu\n','2014-05-07 03:45:35'),('a87bdbdf8157a5c856b58f7e532a3e5e','YjZjYzk3NTIzNjc2MTllOGRkYjg2OWZiYjFkN2U3NTU2Njk1ODQ2NzqAAn1xAVUKdGVzdGNvb2tp\nZXECVQZ3b3JrZWRxA3Mu\n','2013-09-21 05:28:55'),('a8a395ab75edbb0ddd81db59a5fd9f66','YjZjYzk3NTIzNjc2MTllOGRkYjg2OWZiYjFkN2U3NTU2Njk1ODQ2NzqAAn1xAVUKdGVzdGNvb2tp\nZXECVQZ3b3JrZWRxA3Mu\n','2014-02-04 13:55:49'),('a9e6ef67adfa5440fb43b6f0c317880f','YjZjYzk3NTIzNjc2MTllOGRkYjg2OWZiYjFkN2U3NTU2Njk1ODQ2NzqAAn1xAVUKdGVzdGNvb2tp\nZXECVQZ3b3JrZWRxA3Mu\n','2014-04-01 18:37:36'),('aa39a302b03a49dc3308996776ee150a','YjZjYzk3NTIzNjc2MTllOGRkYjg2OWZiYjFkN2U3NTU2Njk1ODQ2NzqAAn1xAVUKdGVzdGNvb2tp\nZXECVQZ3b3JrZWRxA3Mu\n','2013-07-18 13:55:04'),('aa3a666c8ca26678b389ba1f307c1b73','YjZjYzk3NTIzNjc2MTllOGRkYjg2OWZiYjFkN2U3NTU2Njk1ODQ2NzqAAn1xAVUKdGVzdGNvb2tp\nZXECVQZ3b3JrZWRxA3Mu\n','2013-12-02 22:09:04'),('aa923260346f8ebcfd82413c9dedf20e','YjZjYzk3NTIzNjc2MTllOGRkYjg2OWZiYjFkN2U3NTU2Njk1ODQ2NzqAAn1xAVUKdGVzdGNvb2tp\nZXECVQZ3b3JrZWRxA3Mu\n','2014-08-05 02:13:43'),('aaba4432c187e6bb980b16bdc019aca8','YjZjYzk3NTIzNjc2MTllOGRkYjg2OWZiYjFkN2U3NTU2Njk1ODQ2NzqAAn1xAVUKdGVzdGNvb2tp\nZXECVQZ3b3JrZWRxA3Mu\n','2014-12-13 04:38:22'),('aac36158e6a514b66fec31d776377fe8','YjZjYzk3NTIzNjc2MTllOGRkYjg2OWZiYjFkN2U3NTU2Njk1ODQ2NzqAAn1xAVUKdGVzdGNvb2tp\nZXECVQZ3b3JrZWRxA3Mu\n','2014-07-28 03:22:45'),('aad3e1452c0f50583e87fe5fba205811','YjZjYzk3NTIzNjc2MTllOGRkYjg2OWZiYjFkN2U3NTU2Njk1ODQ2NzqAAn1xAVUKdGVzdGNvb2tp\nZXECVQZ3b3JrZWRxA3Mu\n','2014-10-28 03:47:09'),('abacc7ded7da7f49b37db28741648150','YjZjYzk3NTIzNjc2MTllOGRkYjg2OWZiYjFkN2U3NTU2Njk1ODQ2NzqAAn1xAVUKdGVzdGNvb2tp\nZXECVQZ3b3JrZWRxA3Mu\n','2013-09-24 14:20:22'),('abb60fe4692086464d83ffbb8bdd4155','YjZjYzk3NTIzNjc2MTllOGRkYjg2OWZiYjFkN2U3NTU2Njk1ODQ2NzqAAn1xAVUKdGVzdGNvb2tp\nZXECVQZ3b3JrZWRxA3Mu\n','2014-04-04 09:59:06'),('abd3afdc53870430c02d4508f033c04f','YjZjYzk3NTIzNjc2MTllOGRkYjg2OWZiYjFkN2U3NTU2Njk1ODQ2NzqAAn1xAVUKdGVzdGNvb2tp\nZXECVQZ3b3JrZWRxA3Mu\n','2014-05-12 21:04:56'),('ac27d16a3e6da1c7f00fd84fc1ea9268','YjZjYzk3NTIzNjc2MTllOGRkYjg2OWZiYjFkN2U3NTU2Njk1ODQ2NzqAAn1xAVUKdGVzdGNvb2tp\nZXECVQZ3b3JrZWRxA3Mu\n','2014-10-03 17:23:07'),('ac570a1c61c534dcc2eeaea284dfdd45','YjZjYzk3NTIzNjc2MTllOGRkYjg2OWZiYjFkN2U3NTU2Njk1ODQ2NzqAAn1xAVUKdGVzdGNvb2tp\nZXECVQZ3b3JrZWRxA3Mu\n','2013-06-14 20:34:20'),('ac6767e1c4fe927e2831321eae174839','YjZjYzk3NTIzNjc2MTllOGRkYjg2OWZiYjFkN2U3NTU2Njk1ODQ2NzqAAn1xAVUKdGVzdGNvb2tp\nZXECVQZ3b3JrZWRxA3Mu\n','2013-11-25 07:45:09'),('ac6f35e3cd31945d60397bf9fe247329','YjZjYzk3NTIzNjc2MTllOGRkYjg2OWZiYjFkN2U3NTU2Njk1ODQ2NzqAAn1xAVUKdGVzdGNvb2tp\nZXECVQZ3b3JrZWRxA3Mu\n','2013-07-17 07:39:32'),('ac7761998de4d92255fabc0c874c6e1c','YjZjYzk3NTIzNjc2MTllOGRkYjg2OWZiYjFkN2U3NTU2Njk1ODQ2NzqAAn1xAVUKdGVzdGNvb2tp\nZXECVQZ3b3JrZWRxA3Mu\n','2014-11-19 10:02:55'),('aca7001892e9a105166b03da2c4e182b','YjZjYzk3NTIzNjc2MTllOGRkYjg2OWZiYjFkN2U3NTU2Njk1ODQ2NzqAAn1xAVUKdGVzdGNvb2tp\nZXECVQZ3b3JrZWRxA3Mu\n','2013-04-05 05:06:07'),('acd73a9cc18344495b4fdf3a1e8fd6c6','YjZjYzk3NTIzNjc2MTllOGRkYjg2OWZiYjFkN2U3NTU2Njk1ODQ2NzqAAn1xAVUKdGVzdGNvb2tp\nZXECVQZ3b3JrZWRxA3Mu\n','2013-05-02 00:44:04'),('ad7f5fec95cacff1d9035b5a0af6e0ee','YjZjYzk3NTIzNjc2MTllOGRkYjg2OWZiYjFkN2U3NTU2Njk1ODQ2NzqAAn1xAVUKdGVzdGNvb2tp\nZXECVQZ3b3JrZWRxA3Mu\n','2014-09-21 17:04:41'),('adac4417cfc23266c96c9e45797fcdf7','YjZjYzk3NTIzNjc2MTllOGRkYjg2OWZiYjFkN2U3NTU2Njk1ODQ2NzqAAn1xAVUKdGVzdGNvb2tp\nZXECVQZ3b3JrZWRxA3Mu\n','2014-02-13 16:58:36'),('add4f052044c2ee755aa8077750dde0e','YjZjYzk3NTIzNjc2MTllOGRkYjg2OWZiYjFkN2U3NTU2Njk1ODQ2NzqAAn1xAVUKdGVzdGNvb2tp\nZXECVQZ3b3JrZWRxA3Mu\n','2014-11-27 08:32:53'),('aecf8700560c78cb6e57fb80a84b158b','YjZjYzk3NTIzNjc2MTllOGRkYjg2OWZiYjFkN2U3NTU2Njk1ODQ2NzqAAn1xAVUKdGVzdGNvb2tp\nZXECVQZ3b3JrZWRxA3Mu\n','2014-03-24 23:39:34'),('af4afed23d1d4d91c91c111bdaaa1867','YjZjYzk3NTIzNjc2MTllOGRkYjg2OWZiYjFkN2U3NTU2Njk1ODQ2NzqAAn1xAVUKdGVzdGNvb2tp\nZXECVQZ3b3JrZWRxA3Mu\n','2013-07-04 07:39:15'),('af7387dfb94cb71a71ea6ff4de4e5dde','YjZjYzk3NTIzNjc2MTllOGRkYjg2OWZiYjFkN2U3NTU2Njk1ODQ2NzqAAn1xAVUKdGVzdGNvb2tp\nZXECVQZ3b3JrZWRxA3Mu\n','2014-07-07 21:41:58'),('af797a2eb275e607f61e5dad671405bb','YjZjYzk3NTIzNjc2MTllOGRkYjg2OWZiYjFkN2U3NTU2Njk1ODQ2NzqAAn1xAVUKdGVzdGNvb2tp\nZXECVQZ3b3JrZWRxA3Mu\n','2014-02-20 14:11:54'),('af9899fde3ea267b28c890f56895e84f','YjZjYzk3NTIzNjc2MTllOGRkYjg2OWZiYjFkN2U3NTU2Njk1ODQ2NzqAAn1xAVUKdGVzdGNvb2tp\nZXECVQZ3b3JrZWRxA3Mu\n','2014-10-03 15:05:30'),('afb16783c6e053e497eb04d2b7dd8ee3','YjZjYzk3NTIzNjc2MTllOGRkYjg2OWZiYjFkN2U3NTU2Njk1ODQ2NzqAAn1xAVUKdGVzdGNvb2tp\nZXECVQZ3b3JrZWRxA3Mu\n','2014-04-28 13:15:17'),('afd1639c37f06d9c9736054e07d7834c','YjZjYzk3NTIzNjc2MTllOGRkYjg2OWZiYjFkN2U3NTU2Njk1ODQ2NzqAAn1xAVUKdGVzdGNvb2tp\nZXECVQZ3b3JrZWRxA3Mu\n','2013-09-08 05:57:11'),('b01820ce7d23df1e120081e6debac524','YjZjYzk3NTIzNjc2MTllOGRkYjg2OWZiYjFkN2U3NTU2Njk1ODQ2NzqAAn1xAVUKdGVzdGNvb2tp\nZXECVQZ3b3JrZWRxA3Mu\n','2014-02-04 18:52:03'),('b01f50110def7315cf7e0cf7998d16f1','YjZjYzk3NTIzNjc2MTllOGRkYjg2OWZiYjFkN2U3NTU2Njk1ODQ2NzqAAn1xAVUKdGVzdGNvb2tp\nZXECVQZ3b3JrZWRxA3Mu\n','2014-10-01 08:59:37'),('b067add4769aa2621516aa33e401a03b','YjZjYzk3NTIzNjc2MTllOGRkYjg2OWZiYjFkN2U3NTU2Njk1ODQ2NzqAAn1xAVUKdGVzdGNvb2tp\nZXECVQZ3b3JrZWRxA3Mu\n','2014-10-10 08:57:55'),('b09da7487fd19fb40f2c92f6d0077868','YjZjYzk3NTIzNjc2MTllOGRkYjg2OWZiYjFkN2U3NTU2Njk1ODQ2NzqAAn1xAVUKdGVzdGNvb2tp\nZXECVQZ3b3JrZWRxA3Mu\n','2013-06-11 22:18:46'),('b0b5a57d430f42e63b0d080d4afc0e88','YjZjYzk3NTIzNjc2MTllOGRkYjg2OWZiYjFkN2U3NTU2Njk1ODQ2NzqAAn1xAVUKdGVzdGNvb2tp\nZXECVQZ3b3JrZWRxA3Mu\n','2014-01-20 03:57:53'),('b0d60c8f766fc95443f22962e23614f0','YjZjYzk3NTIzNjc2MTllOGRkYjg2OWZiYjFkN2U3NTU2Njk1ODQ2NzqAAn1xAVUKdGVzdGNvb2tp\nZXECVQZ3b3JrZWRxA3Mu\n','2014-04-13 06:13:43'),('b0f23a5a5d23f62cacd1bea146cc3ee7','YjZjYzk3NTIzNjc2MTllOGRkYjg2OWZiYjFkN2U3NTU2Njk1ODQ2NzqAAn1xAVUKdGVzdGNvb2tp\nZXECVQZ3b3JrZWRxA3Mu\n','2014-10-22 17:33:11'),('b12298e1c3fc91b39e202658d1b79da6','YjZjYzk3NTIzNjc2MTllOGRkYjg2OWZiYjFkN2U3NTU2Njk1ODQ2NzqAAn1xAVUKdGVzdGNvb2tp\nZXECVQZ3b3JrZWRxA3Mu\n','2014-10-23 13:07:21'),('b124108bfed4ba83f3bae167e5ae7437','YjZjYzk3NTIzNjc2MTllOGRkYjg2OWZiYjFkN2U3NTU2Njk1ODQ2NzqAAn1xAVUKdGVzdGNvb2tp\nZXECVQZ3b3JrZWRxA3Mu\n','2014-03-24 06:56:54'),('b15657843fd2ec199a6292f4f9b2bc27','YjZjYzk3NTIzNjc2MTllOGRkYjg2OWZiYjFkN2U3NTU2Njk1ODQ2NzqAAn1xAVUKdGVzdGNvb2tp\nZXECVQZ3b3JrZWRxA3Mu\n','2013-06-27 08:08:01'),('b17dc0f5dd0988c136cb8e819fa63613','YjZjYzk3NTIzNjc2MTllOGRkYjg2OWZiYjFkN2U3NTU2Njk1ODQ2NzqAAn1xAVUKdGVzdGNvb2tp\nZXECVQZ3b3JrZWRxA3Mu\n','2014-09-27 03:35:43'),('b1b3ce01b90e921e6b1cd0a5aa8a8be6','YjZjYzk3NTIzNjc2MTllOGRkYjg2OWZiYjFkN2U3NTU2Njk1ODQ2NzqAAn1xAVUKdGVzdGNvb2tp\nZXECVQZ3b3JrZWRxA3Mu\n','2013-05-11 22:44:28'),('b1ec9db7c226e36e322495ad716a15eb','YjZjYzk3NTIzNjc2MTllOGRkYjg2OWZiYjFkN2U3NTU2Njk1ODQ2NzqAAn1xAVUKdGVzdGNvb2tp\nZXECVQZ3b3JrZWRxA3Mu\n','2013-11-09 15:00:12'),('b2275f40027366ae8afa0a7b80c61347','YjZjYzk3NTIzNjc2MTllOGRkYjg2OWZiYjFkN2U3NTU2Njk1ODQ2NzqAAn1xAVUKdGVzdGNvb2tp\nZXECVQZ3b3JrZWRxA3Mu\n','2013-09-05 12:02:35'),('b2403fe60dd4f18324d6a4d6d2154665','YjZjYzk3NTIzNjc2MTllOGRkYjg2OWZiYjFkN2U3NTU2Njk1ODQ2NzqAAn1xAVUKdGVzdGNvb2tp\nZXECVQZ3b3JrZWRxA3Mu\n','2014-07-02 20:07:15'),('b2593d2b4ebb2c2a53a5ca3866c586b7','YjZjYzk3NTIzNjc2MTllOGRkYjg2OWZiYjFkN2U3NTU2Njk1ODQ2NzqAAn1xAVUKdGVzdGNvb2tp\nZXECVQZ3b3JrZWRxA3Mu\n','2014-03-05 16:39:40'),('b275500632d8877e2566f8e1935f8a4a','YjZjYzk3NTIzNjc2MTllOGRkYjg2OWZiYjFkN2U3NTU2Njk1ODQ2NzqAAn1xAVUKdGVzdGNvb2tp\nZXECVQZ3b3JrZWRxA3Mu\n','2013-05-11 14:51:19'),('b2fb549f5e6ac4758d98688ad8833297','YjZjYzk3NTIzNjc2MTllOGRkYjg2OWZiYjFkN2U3NTU2Njk1ODQ2NzqAAn1xAVUKdGVzdGNvb2tp\nZXECVQZ3b3JrZWRxA3Mu\n','2014-07-22 23:52:54'),('b301267ebec17b753396b889bcde3283','YjZjYzk3NTIzNjc2MTllOGRkYjg2OWZiYjFkN2U3NTU2Njk1ODQ2NzqAAn1xAVUKdGVzdGNvb2tp\nZXECVQZ3b3JrZWRxA3Mu\n','2013-10-09 17:40:32'),('b313c21ae82577bdbd6ad57ed51cb1a3','YjZjYzk3NTIzNjc2MTllOGRkYjg2OWZiYjFkN2U3NTU2Njk1ODQ2NzqAAn1xAVUKdGVzdGNvb2tp\nZXECVQZ3b3JrZWRxA3Mu\n','2013-12-03 15:27:27'),('b386196455cbb37ee622fb59a96765a7','YjZjYzk3NTIzNjc2MTllOGRkYjg2OWZiYjFkN2U3NTU2Njk1ODQ2NzqAAn1xAVUKdGVzdGNvb2tp\nZXECVQZ3b3JrZWRxA3Mu\n','2014-04-17 22:25:16'),('b39b6c624cd67633862b6fd0c6aeaffd','YjZjYzk3NTIzNjc2MTllOGRkYjg2OWZiYjFkN2U3NTU2Njk1ODQ2NzqAAn1xAVUKdGVzdGNvb2tp\nZXECVQZ3b3JrZWRxA3Mu\n','2014-10-27 22:49:01'),('b3d330a6c547be49a27d6fb962db3208','YjZjYzk3NTIzNjc2MTllOGRkYjg2OWZiYjFkN2U3NTU2Njk1ODQ2NzqAAn1xAVUKdGVzdGNvb2tp\nZXECVQZ3b3JrZWRxA3Mu\n','2013-12-06 00:36:00'),('b3f8d34677f64c16d1fce8e9d93b5c71','YjZjYzk3NTIzNjc2MTllOGRkYjg2OWZiYjFkN2U3NTU2Njk1ODQ2NzqAAn1xAVUKdGVzdGNvb2tp\nZXECVQZ3b3JrZWRxA3Mu\n','2013-10-03 10:34:41'),('b40125344f1bcac4924e3aebbc67f90d','YjZjYzk3NTIzNjc2MTllOGRkYjg2OWZiYjFkN2U3NTU2Njk1ODQ2NzqAAn1xAVUKdGVzdGNvb2tp\nZXECVQZ3b3JrZWRxA3Mu\n','2014-12-17 16:45:23'),('b40c1d14067f68129c98cdef140f5150','YjZjYzk3NTIzNjc2MTllOGRkYjg2OWZiYjFkN2U3NTU2Njk1ODQ2NzqAAn1xAVUKdGVzdGNvb2tp\nZXECVQZ3b3JrZWRxA3Mu\n','2014-10-18 12:35:45'),('b40d8bfccd2a15e785114cc9dae95657','YjZjYzk3NTIzNjc2MTllOGRkYjg2OWZiYjFkN2U3NTU2Njk1ODQ2NzqAAn1xAVUKdGVzdGNvb2tp\nZXECVQZ3b3JrZWRxA3Mu\n','2014-09-27 11:21:46'),('b41bf6cd4c1a92b918e2dd580e127856','YjZjYzk3NTIzNjc2MTllOGRkYjg2OWZiYjFkN2U3NTU2Njk1ODQ2NzqAAn1xAVUKdGVzdGNvb2tp\nZXECVQZ3b3JrZWRxA3Mu\n','2013-03-17 01:52:38'),('b4b03eb02374874f38e259a60c40ae1a','YjZjYzk3NTIzNjc2MTllOGRkYjg2OWZiYjFkN2U3NTU2Njk1ODQ2NzqAAn1xAVUKdGVzdGNvb2tp\nZXECVQZ3b3JrZWRxA3Mu\n','2013-08-14 08:44:37'),('b54aad18f15d2eae7d6270cb11ea1d81','YjZjYzk3NTIzNjc2MTllOGRkYjg2OWZiYjFkN2U3NTU2Njk1ODQ2NzqAAn1xAVUKdGVzdGNvb2tp\nZXECVQZ3b3JrZWRxA3Mu\n','2014-08-16 08:31:13'),('b58d894a711ca2deccb0aa918d6eca44','YjZjYzk3NTIzNjc2MTllOGRkYjg2OWZiYjFkN2U3NTU2Njk1ODQ2NzqAAn1xAVUKdGVzdGNvb2tp\nZXECVQZ3b3JrZWRxA3Mu\n','2014-02-08 19:59:16'),('b5926f49a5215e38e2240af7549ecba6','YjZjYzk3NTIzNjc2MTllOGRkYjg2OWZiYjFkN2U3NTU2Njk1ODQ2NzqAAn1xAVUKdGVzdGNvb2tp\nZXECVQZ3b3JrZWRxA3Mu\n','2014-04-30 10:20:46'),('b5ddd94e1b439c380aed54dad9609214','YjZjYzk3NTIzNjc2MTllOGRkYjg2OWZiYjFkN2U3NTU2Njk1ODQ2NzqAAn1xAVUKdGVzdGNvb2tp\nZXECVQZ3b3JrZWRxA3Mu\n','2014-12-08 16:59:54'),('b5e10649e5fd8411a3202687b81b7267','YjZjYzk3NTIzNjc2MTllOGRkYjg2OWZiYjFkN2U3NTU2Njk1ODQ2NzqAAn1xAVUKdGVzdGNvb2tp\nZXECVQZ3b3JrZWRxA3Mu\n','2014-10-28 22:36:52'),('b5f8d0df0b896f0b54096124e9c6ac86','YjZjYzk3NTIzNjc2MTllOGRkYjg2OWZiYjFkN2U3NTU2Njk1ODQ2NzqAAn1xAVUKdGVzdGNvb2tp\nZXECVQZ3b3JrZWRxA3Mu\n','2014-10-10 05:49:18'),('b5fb2c68b1039c9b111be7148a2880cf','YjZjYzk3NTIzNjc2MTllOGRkYjg2OWZiYjFkN2U3NTU2Njk1ODQ2NzqAAn1xAVUKdGVzdGNvb2tp\nZXECVQZ3b3JrZWRxA3Mu\n','2014-12-08 06:47:22'),('b6739cf80c27fa34f7d1e97f3cb0299b','YjZjYzk3NTIzNjc2MTllOGRkYjg2OWZiYjFkN2U3NTU2Njk1ODQ2NzqAAn1xAVUKdGVzdGNvb2tp\nZXECVQZ3b3JrZWRxA3Mu\n','2014-12-13 05:47:15'),('b74ccec8a59c90608bdebcb2689e6517','YjZjYzk3NTIzNjc2MTllOGRkYjg2OWZiYjFkN2U3NTU2Njk1ODQ2NzqAAn1xAVUKdGVzdGNvb2tp\nZXECVQZ3b3JrZWRxA3Mu\n','2014-11-14 20:20:53'),('b76eb807c8da2c6a8eb3f1f0f7d96b6b','YjZjYzk3NTIzNjc2MTllOGRkYjg2OWZiYjFkN2U3NTU2Njk1ODQ2NzqAAn1xAVUKdGVzdGNvb2tp\nZXECVQZ3b3JrZWRxA3Mu\n','2014-10-14 14:36:12'),('b7c8ae2e9ef321e3d39ede3462baa1a9','YjZjYzk3NTIzNjc2MTllOGRkYjg2OWZiYjFkN2U3NTU2Njk1ODQ2NzqAAn1xAVUKdGVzdGNvb2tp\nZXECVQZ3b3JrZWRxA3Mu\n','2013-09-03 15:30:44'),('b7ea7bb46d3dfee1040ddc3c44efcf52','YjZjYzk3NTIzNjc2MTllOGRkYjg2OWZiYjFkN2U3NTU2Njk1ODQ2NzqAAn1xAVUKdGVzdGNvb2tp\nZXECVQZ3b3JrZWRxA3Mu\n','2013-12-04 11:45:59'),('b828e16e61432a4a59df87f1c5025101','YjZjYzk3NTIzNjc2MTllOGRkYjg2OWZiYjFkN2U3NTU2Njk1ODQ2NzqAAn1xAVUKdGVzdGNvb2tp\nZXECVQZ3b3JrZWRxA3Mu\n','2014-10-31 09:31:18'),('b8e8ca76f9d8613870b8f7d59d6fdcb9','YjZjYzk3NTIzNjc2MTllOGRkYjg2OWZiYjFkN2U3NTU2Njk1ODQ2NzqAAn1xAVUKdGVzdGNvb2tp\nZXECVQZ3b3JrZWRxA3Mu\n','2014-07-24 17:20:16'),('b8fef90b1fb2a7c641f2e403d3703865','YjZjYzk3NTIzNjc2MTllOGRkYjg2OWZiYjFkN2U3NTU2Njk1ODQ2NzqAAn1xAVUKdGVzdGNvb2tp\nZXECVQZ3b3JrZWRxA3Mu\n','2013-05-10 06:48:37'),('b9098d264135dcabbc5e644c5ffe34aa','YjZjYzk3NTIzNjc2MTllOGRkYjg2OWZiYjFkN2U3NTU2Njk1ODQ2NzqAAn1xAVUKdGVzdGNvb2tp\nZXECVQZ3b3JrZWRxA3Mu\n','2014-12-09 18:25:57'),('b90eec641b67cde403289743a76eb339','YjZjYzk3NTIzNjc2MTllOGRkYjg2OWZiYjFkN2U3NTU2Njk1ODQ2NzqAAn1xAVUKdGVzdGNvb2tp\nZXECVQZ3b3JrZWRxA3Mu\n','2014-08-06 03:40:53'),('b9c9af9bf2c9332acb864ce404c2475d','YjQ1ZGNmMzg3NDE5NWE0OWU4YjRjYmJiMTE1M2RkNmFhYmIwNmE0OTqAAn1xAVUKdGVzdGNvb2tp\nZVUGd29ya2VkcQJzLg==\n','2014-01-24 18:32:45'),('ba9ebc13ae04f6771bd085d7cfe113f6','YjZjYzk3NTIzNjc2MTllOGRkYjg2OWZiYjFkN2U3NTU2Njk1ODQ2NzqAAn1xAVUKdGVzdGNvb2tp\nZXECVQZ3b3JrZWRxA3Mu\n','2014-08-17 03:21:10'),('bac9b1cbe26d2c7b82fb10c6075cbe21','YjZjYzk3NTIzNjc2MTllOGRkYjg2OWZiYjFkN2U3NTU2Njk1ODQ2NzqAAn1xAVUKdGVzdGNvb2tp\nZXECVQZ3b3JrZWRxA3Mu\n','2014-09-28 22:17:25'),('bba45a474ee529f5cd7b4384dc30129e','YjZjYzk3NTIzNjc2MTllOGRkYjg2OWZiYjFkN2U3NTU2Njk1ODQ2NzqAAn1xAVUKdGVzdGNvb2tp\nZXECVQZ3b3JrZWRxA3Mu\n','2013-05-05 11:06:41'),('bbc76337fb86fb3a0b11b79b54c08c6b','YjZjYzk3NTIzNjc2MTllOGRkYjg2OWZiYjFkN2U3NTU2Njk1ODQ2NzqAAn1xAVUKdGVzdGNvb2tp\nZXECVQZ3b3JrZWRxA3Mu\n','2014-08-31 09:02:30'),('bc04f92d730e949aa2f6b7089dbec265','YjZjYzk3NTIzNjc2MTllOGRkYjg2OWZiYjFkN2U3NTU2Njk1ODQ2NzqAAn1xAVUKdGVzdGNvb2tp\nZXECVQZ3b3JrZWRxA3Mu\n','2014-04-09 12:25:00'),('bc1925de3d50b64b63442870a90e0435','YjZjYzk3NTIzNjc2MTllOGRkYjg2OWZiYjFkN2U3NTU2Njk1ODQ2NzqAAn1xAVUKdGVzdGNvb2tp\nZXECVQZ3b3JrZWRxA3Mu\n','2013-04-01 06:58:15'),('bc5fb2f73ad76aa3b3298361f5326f92','YjZjYzk3NTIzNjc2MTllOGRkYjg2OWZiYjFkN2U3NTU2Njk1ODQ2NzqAAn1xAVUKdGVzdGNvb2tp\nZXECVQZ3b3JrZWRxA3Mu\n','2013-08-08 14:46:16'),('bc7b59ef4d79e39208c8aa2809009ca2','YjZjYzk3NTIzNjc2MTllOGRkYjg2OWZiYjFkN2U3NTU2Njk1ODQ2NzqAAn1xAVUKdGVzdGNvb2tp\nZXECVQZ3b3JrZWRxA3Mu\n','2014-03-12 10:58:15'),('bc8651717e240ec2ac527ffbdfd666a3','YjZjYzk3NTIzNjc2MTllOGRkYjg2OWZiYjFkN2U3NTU2Njk1ODQ2NzqAAn1xAVUKdGVzdGNvb2tp\nZXECVQZ3b3JrZWRxA3Mu\n','2014-10-01 10:36:13'),('bd3091e91e206208dfee80ab7f76994f','YjZjYzk3NTIzNjc2MTllOGRkYjg2OWZiYjFkN2U3NTU2Njk1ODQ2NzqAAn1xAVUKdGVzdGNvb2tp\nZXECVQZ3b3JrZWRxA3Mu\n','2013-10-04 02:40:53'),('bdbd86634d1d86af12be4eae73016b59','YjZjYzk3NTIzNjc2MTllOGRkYjg2OWZiYjFkN2U3NTU2Njk1ODQ2NzqAAn1xAVUKdGVzdGNvb2tp\nZXECVQZ3b3JrZWRxA3Mu\n','2014-02-12 17:39:55'),('be0a9bd0796b3b055daee0cc71724113','YjZjYzk3NTIzNjc2MTllOGRkYjg2OWZiYjFkN2U3NTU2Njk1ODQ2NzqAAn1xAVUKdGVzdGNvb2tp\nZXECVQZ3b3JrZWRxA3Mu\n','2013-07-04 08:51:51'),('be85a6c50d2ab2d44a0fe89cb4d784cc','YjZjYzk3NTIzNjc2MTllOGRkYjg2OWZiYjFkN2U3NTU2Njk1ODQ2NzqAAn1xAVUKdGVzdGNvb2tp\nZXECVQZ3b3JrZWRxA3Mu\n','2014-10-10 06:39:40'),('be95f375b2c66cf92f13bab70ee64a5c','YjZjYzk3NTIzNjc2MTllOGRkYjg2OWZiYjFkN2U3NTU2Njk1ODQ2NzqAAn1xAVUKdGVzdGNvb2tp\nZXECVQZ3b3JrZWRxA3Mu\n','2014-10-01 21:04:01'),('be9f51bebc1637616eefb39753dae8c0','YjZjYzk3NTIzNjc2MTllOGRkYjg2OWZiYjFkN2U3NTU2Njk1ODQ2NzqAAn1xAVUKdGVzdGNvb2tp\nZXECVQZ3b3JrZWRxA3Mu\n','2014-02-08 12:21:33'),('bf72da2d00ed364b338718b9fddbc4da','YjZjYzk3NTIzNjc2MTllOGRkYjg2OWZiYjFkN2U3NTU2Njk1ODQ2NzqAAn1xAVUKdGVzdGNvb2tp\nZXECVQZ3b3JrZWRxA3Mu\n','2013-12-28 11:23:02'),('bfa6728ceb02bc8f93d1a3e583260dc7','YjZjYzk3NTIzNjc2MTllOGRkYjg2OWZiYjFkN2U3NTU2Njk1ODQ2NzqAAn1xAVUKdGVzdGNvb2tp\nZXECVQZ3b3JrZWRxA3Mu\n','2014-03-25 21:24:09'),('bfb4f4952a22e08a8d894628cb8d7cde','YjZjYzk3NTIzNjc2MTllOGRkYjg2OWZiYjFkN2U3NTU2Njk1ODQ2NzqAAn1xAVUKdGVzdGNvb2tp\nZXECVQZ3b3JrZWRxA3Mu\n','2014-08-19 16:59:36'),('bfdf803f1b44afc3ccce005b195198ac','YjZjYzk3NTIzNjc2MTllOGRkYjg2OWZiYjFkN2U3NTU2Njk1ODQ2NzqAAn1xAVUKdGVzdGNvb2tp\nZXECVQZ3b3JrZWRxA3Mu\n','2013-07-12 17:33:03'),('c032885fcb1af0219690e9cc3f83431a','YjZjYzk3NTIzNjc2MTllOGRkYjg2OWZiYjFkN2U3NTU2Njk1ODQ2NzqAAn1xAVUKdGVzdGNvb2tp\nZXECVQZ3b3JrZWRxA3Mu\n','2014-08-27 03:01:01'),('c0638f6c1e2b5536a21e528dd3f03f33','YjZjYzk3NTIzNjc2MTllOGRkYjg2OWZiYjFkN2U3NTU2Njk1ODQ2NzqAAn1xAVUKdGVzdGNvb2tp\nZXECVQZ3b3JrZWRxA3Mu\n','2014-02-21 17:32:36'),('c07a82cc5f14b6921c6eb24de101c052','YjZjYzk3NTIzNjc2MTllOGRkYjg2OWZiYjFkN2U3NTU2Njk1ODQ2NzqAAn1xAVUKdGVzdGNvb2tp\nZXECVQZ3b3JrZWRxA3Mu\n','2013-06-12 14:23:03'),('c0ccc238fe5d3ad0374d6ae5276c1aa3','YjZjYzk3NTIzNjc2MTllOGRkYjg2OWZiYjFkN2U3NTU2Njk1ODQ2NzqAAn1xAVUKdGVzdGNvb2tp\nZXECVQZ3b3JrZWRxA3Mu\n','2014-09-25 07:29:32'),('c0e97652d48979c88ec3588a30ba164a','YjZjYzk3NTIzNjc2MTllOGRkYjg2OWZiYjFkN2U3NTU2Njk1ODQ2NzqAAn1xAVUKdGVzdGNvb2tp\nZXECVQZ3b3JrZWRxA3Mu\n','2014-09-03 03:49:28'),('c1515b4fc432fdc813432f4cdfe4d0ba','YjZjYzk3NTIzNjc2MTllOGRkYjg2OWZiYjFkN2U3NTU2Njk1ODQ2NzqAAn1xAVUKdGVzdGNvb2tp\nZXECVQZ3b3JrZWRxA3Mu\n','2013-07-26 22:54:44'),('c20c6a63a2bf3fe177ee69172e82f586','YjZjYzk3NTIzNjc2MTllOGRkYjg2OWZiYjFkN2U3NTU2Njk1ODQ2NzqAAn1xAVUKdGVzdGNvb2tp\nZXECVQZ3b3JrZWRxA3Mu\n','2014-10-02 17:15:32'),('c23714f3bf5621beb3ed0e9781295d02','YjZjYzk3NTIzNjc2MTllOGRkYjg2OWZiYjFkN2U3NTU2Njk1ODQ2NzqAAn1xAVUKdGVzdGNvb2tp\nZXECVQZ3b3JrZWRxA3Mu\n','2014-04-28 07:43:56'),('c25dfffc116cbf3526d4dcbb049e241e','YjZjYzk3NTIzNjc2MTllOGRkYjg2OWZiYjFkN2U3NTU2Njk1ODQ2NzqAAn1xAVUKdGVzdGNvb2tp\nZXECVQZ3b3JrZWRxA3Mu\n','2014-07-27 21:56:13'),('c2782e2beb9e1bf1254b351e9ce2f01b','YjZjYzk3NTIzNjc2MTllOGRkYjg2OWZiYjFkN2U3NTU2Njk1ODQ2NzqAAn1xAVUKdGVzdGNvb2tp\nZXECVQZ3b3JrZWRxA3Mu\n','2014-10-19 08:04:24'),('c2e3efcba7a40dd93a7f04f2fac795a6','YjZjYzk3NTIzNjc2MTllOGRkYjg2OWZiYjFkN2U3NTU2Njk1ODQ2NzqAAn1xAVUKdGVzdGNvb2tp\nZXECVQZ3b3JrZWRxA3Mu\n','2014-01-21 15:59:05'),('c2f769675a3ba28179a5f2751974fe26','YjZjYzk3NTIzNjc2MTllOGRkYjg2OWZiYjFkN2U3NTU2Njk1ODQ2NzqAAn1xAVUKdGVzdGNvb2tp\nZXECVQZ3b3JrZWRxA3Mu\n','2013-06-25 11:17:30'),('c334b3909fe2797db409d7fefc93cfac','YjZjYzk3NTIzNjc2MTllOGRkYjg2OWZiYjFkN2U3NTU2Njk1ODQ2NzqAAn1xAVUKdGVzdGNvb2tp\nZXECVQZ3b3JrZWRxA3Mu\n','2014-05-08 15:29:36'),('c38f25e85380e52dd430cf4a4f0b6d51','YjZjYzk3NTIzNjc2MTllOGRkYjg2OWZiYjFkN2U3NTU2Njk1ODQ2NzqAAn1xAVUKdGVzdGNvb2tp\nZXECVQZ3b3JrZWRxA3Mu\n','2013-09-19 11:05:42'),('c3ace8ff72a1f40c28ff69fbd18dbca5','YjZjYzk3NTIzNjc2MTllOGRkYjg2OWZiYjFkN2U3NTU2Njk1ODQ2NzqAAn1xAVUKdGVzdGNvb2tp\nZXECVQZ3b3JrZWRxA3Mu\n','2014-03-11 10:11:24'),('c3e294b7592ad8ec4d45697fc634b733','YjZjYzk3NTIzNjc2MTllOGRkYjg2OWZiYjFkN2U3NTU2Njk1ODQ2NzqAAn1xAVUKdGVzdGNvb2tp\nZXECVQZ3b3JrZWRxA3Mu\n','2013-11-30 18:22:39'),('c44dd1d229927b9f20eea85414ff9c06','YjZjYzk3NTIzNjc2MTllOGRkYjg2OWZiYjFkN2U3NTU2Njk1ODQ2NzqAAn1xAVUKdGVzdGNvb2tp\nZXECVQZ3b3JrZWRxA3Mu\n','2014-11-10 15:54:03'),('c453abf5f31174c707d648da281dba97','YjZjYzk3NTIzNjc2MTllOGRkYjg2OWZiYjFkN2U3NTU2Njk1ODQ2NzqAAn1xAVUKdGVzdGNvb2tp\nZXECVQZ3b3JrZWRxA3Mu\n','2014-08-04 08:01:13'),('c476a3bfdf9e5a1d5b71a2c19396a6df','YjZjYzk3NTIzNjc2MTllOGRkYjg2OWZiYjFkN2U3NTU2Njk1ODQ2NzqAAn1xAVUKdGVzdGNvb2tp\nZXECVQZ3b3JrZWRxA3Mu\n','2013-03-24 14:00:31'),('c48605d5319030fb022a343ff1824e31','YjZjYzk3NTIzNjc2MTllOGRkYjg2OWZiYjFkN2U3NTU2Njk1ODQ2NzqAAn1xAVUKdGVzdGNvb2tp\nZXECVQZ3b3JrZWRxA3Mu\n','2013-07-04 07:58:41'),('c4880485ab3ea681da5fd8d80186a08e','YjZjYzk3NTIzNjc2MTllOGRkYjg2OWZiYjFkN2U3NTU2Njk1ODQ2NzqAAn1xAVUKdGVzdGNvb2tp\nZXECVQZ3b3JrZWRxA3Mu\n','2014-01-28 04:58:13'),('c49689ed9d1b48e26e562ee4e9917849','YjZjYzk3NTIzNjc2MTllOGRkYjg2OWZiYjFkN2U3NTU2Njk1ODQ2NzqAAn1xAVUKdGVzdGNvb2tp\nZXECVQZ3b3JrZWRxA3Mu\n','2014-06-08 02:54:22'),('c4b5b2d59d1fe168d2eb839daf2b6cd3','YjZjYzk3NTIzNjc2MTllOGRkYjg2OWZiYjFkN2U3NTU2Njk1ODQ2NzqAAn1xAVUKdGVzdGNvb2tp\nZXECVQZ3b3JrZWRxA3Mu\n','2014-08-09 09:14:57'),('c4d68ba0a9b8e510894a434acd6014f3','YjZjYzk3NTIzNjc2MTllOGRkYjg2OWZiYjFkN2U3NTU2Njk1ODQ2NzqAAn1xAVUKdGVzdGNvb2tp\nZXECVQZ3b3JrZWRxA3Mu\n','2013-10-18 01:48:18'),('c536e79850e0e7162c27818bd5676722','YjZjYzk3NTIzNjc2MTllOGRkYjg2OWZiYjFkN2U3NTU2Njk1ODQ2NzqAAn1xAVUKdGVzdGNvb2tp\nZXECVQZ3b3JrZWRxA3Mu\n','2014-11-07 23:17:37'),('c553a32261e4bf69ba14a3764d6b4207','ZDNkMzQ5ZDQyMWNmZGMwNTI3M2U4NzllZjZhZTgyOTFjNTIxYjI1ZjqAAn1xAShVEl9hdXRoX3Vz\nZXJfYmFja2VuZHECVSlkamFuZ28uY29udHJpYi5hdXRoLmJhY2tlbmRzLk1vZGVsQmFja2VuZHED\nVQ1fYXV0aF91c2VyX2lkcQSKAQF1Lg==\n','2012-10-23 17:19:38'),('c566ae671c1e405bf182975536e2802d','YjZjYzk3NTIzNjc2MTllOGRkYjg2OWZiYjFkN2U3NTU2Njk1ODQ2NzqAAn1xAVUKdGVzdGNvb2tp\nZXECVQZ3b3JrZWRxA3Mu\n','2013-05-22 14:10:40'),('c56ec7e24befb1ce149badf41c7f7ac2','YjZjYzk3NTIzNjc2MTllOGRkYjg2OWZiYjFkN2U3NTU2Njk1ODQ2NzqAAn1xAVUKdGVzdGNvb2tp\nZXECVQZ3b3JrZWRxA3Mu\n','2014-02-23 21:30:43'),('c5cf342d7be46358e8c0fd3b87f8e228','YjZjYzk3NTIzNjc2MTllOGRkYjg2OWZiYjFkN2U3NTU2Njk1ODQ2NzqAAn1xAVUKdGVzdGNvb2tp\nZXECVQZ3b3JrZWRxA3Mu\n','2013-07-04 03:02:57'),('c67a9f8c42a40af76cb3eac43017585a','YjZjYzk3NTIzNjc2MTllOGRkYjg2OWZiYjFkN2U3NTU2Njk1ODQ2NzqAAn1xAVUKdGVzdGNvb2tp\nZXECVQZ3b3JrZWRxA3Mu\n','2013-03-17 10:43:50'),('c6988aec823e7ab28ab5ed2dfb90ad32','YjZjYzk3NTIzNjc2MTllOGRkYjg2OWZiYjFkN2U3NTU2Njk1ODQ2NzqAAn1xAVUKdGVzdGNvb2tp\nZXECVQZ3b3JrZWRxA3Mu\n','2013-07-25 23:54:31'),('c6e769775d1644409b5049cbfd5f2c6a','YjZjYzk3NTIzNjc2MTllOGRkYjg2OWZiYjFkN2U3NTU2Njk1ODQ2NzqAAn1xAVUKdGVzdGNvb2tp\nZXECVQZ3b3JrZWRxA3Mu\n','2013-07-27 18:57:07'),('c7289b0bde8e2366998e0508487db4b1','YjZjYzk3NTIzNjc2MTllOGRkYjg2OWZiYjFkN2U3NTU2Njk1ODQ2NzqAAn1xAVUKdGVzdGNvb2tp\nZXECVQZ3b3JrZWRxA3Mu\n','2013-06-12 14:23:03'),('c72a89d513ceabc4c7c3904d02cb44e8','YjZjYzk3NTIzNjc2MTllOGRkYjg2OWZiYjFkN2U3NTU2Njk1ODQ2NzqAAn1xAVUKdGVzdGNvb2tp\nZXECVQZ3b3JrZWRxA3Mu\n','2014-10-14 13:40:58'),('c758365d48e9b7fdd95c8aa3507b65c1','YjZjYzk3NTIzNjc2MTllOGRkYjg2OWZiYjFkN2U3NTU2Njk1ODQ2NzqAAn1xAVUKdGVzdGNvb2tp\nZXECVQZ3b3JrZWRxA3Mu\n','2013-07-18 20:16:49'),('c7602d8b19f743cf6e74af9c5528482e','YjZjYzk3NTIzNjc2MTllOGRkYjg2OWZiYjFkN2U3NTU2Njk1ODQ2NzqAAn1xAVUKdGVzdGNvb2tp\nZXECVQZ3b3JrZWRxA3Mu\n','2014-12-18 14:26:05'),('c82508c4365a690e65c229310aac7a2a','YjZjYzk3NTIzNjc2MTllOGRkYjg2OWZiYjFkN2U3NTU2Njk1ODQ2NzqAAn1xAVUKdGVzdGNvb2tp\nZXECVQZ3b3JrZWRxA3Mu\n','2013-09-30 10:07:10'),('c87596eb2f308ac70b19f4a65f2c8a39','YjZjYzk3NTIzNjc2MTllOGRkYjg2OWZiYjFkN2U3NTU2Njk1ODQ2NzqAAn1xAVUKdGVzdGNvb2tp\nZXECVQZ3b3JrZWRxA3Mu\n','2014-07-13 16:30:09'),('c8a79cef57434f3e807ea2152c1e854a','YjZjYzk3NTIzNjc2MTllOGRkYjg2OWZiYjFkN2U3NTU2Njk1ODQ2NzqAAn1xAVUKdGVzdGNvb2tp\nZXECVQZ3b3JrZWRxA3Mu\n','2013-05-03 20:55:07'),('c8b66bed5d096654cfc010c97185eebc','YjZjYzk3NTIzNjc2MTllOGRkYjg2OWZiYjFkN2U3NTU2Njk1ODQ2NzqAAn1xAVUKdGVzdGNvb2tp\nZXECVQZ3b3JrZWRxA3Mu\n','2014-08-01 00:50:11'),('c8c73b9393b43b79672be09db33430ca','YjZjYzk3NTIzNjc2MTllOGRkYjg2OWZiYjFkN2U3NTU2Njk1ODQ2NzqAAn1xAVUKdGVzdGNvb2tp\nZXECVQZ3b3JrZWRxA3Mu\n','2014-11-07 14:39:50'),('c8dc22e4163606418fb8bd827ffe702e','YjZjYzk3NTIzNjc2MTllOGRkYjg2OWZiYjFkN2U3NTU2Njk1ODQ2NzqAAn1xAVUKdGVzdGNvb2tp\nZXECVQZ3b3JrZWRxA3Mu\n','2013-05-14 13:16:53'),('c922474f35b72365310c51cbc3ae4b94','YjZjYzk3NTIzNjc2MTllOGRkYjg2OWZiYjFkN2U3NTU2Njk1ODQ2NzqAAn1xAVUKdGVzdGNvb2tp\nZXECVQZ3b3JrZWRxA3Mu\n','2014-02-15 04:07:22'),('c95d5e26d5633412cb200e26762d8877','YjZjYzk3NTIzNjc2MTllOGRkYjg2OWZiYjFkN2U3NTU2Njk1ODQ2NzqAAn1xAVUKdGVzdGNvb2tp\nZXECVQZ3b3JrZWRxA3Mu\n','2014-08-09 07:59:37'),('c97e04c47edb0f710fc826ddf164619e','YjZjYzk3NTIzNjc2MTllOGRkYjg2OWZiYjFkN2U3NTU2Njk1ODQ2NzqAAn1xAVUKdGVzdGNvb2tp\nZXECVQZ3b3JrZWRxA3Mu\n','2013-11-22 17:46:04'),('c98a7c32a0a21fc822b33c5e76a48e42','YjZjYzk3NTIzNjc2MTllOGRkYjg2OWZiYjFkN2U3NTU2Njk1ODQ2NzqAAn1xAVUKdGVzdGNvb2tp\nZXECVQZ3b3JrZWRxA3Mu\n','2014-03-17 08:44:28'),('c9e2f59eeab3a9e314f414adec0e267f','YjZjYzk3NTIzNjc2MTllOGRkYjg2OWZiYjFkN2U3NTU2Njk1ODQ2NzqAAn1xAVUKdGVzdGNvb2tp\nZXECVQZ3b3JrZWRxA3Mu\n','2014-08-01 00:50:13'),('ca20f29890d1b0b117c1911186d0da61','YjZjYzk3NTIzNjc2MTllOGRkYjg2OWZiYjFkN2U3NTU2Njk1ODQ2NzqAAn1xAVUKdGVzdGNvb2tp\nZXECVQZ3b3JrZWRxA3Mu\n','2014-03-15 22:57:44'),('ca7e7eadad2909567b8e23b505706afb','YjZjYzk3NTIzNjc2MTllOGRkYjg2OWZiYjFkN2U3NTU2Njk1ODQ2NzqAAn1xAVUKdGVzdGNvb2tp\nZXECVQZ3b3JrZWRxA3Mu\n','2014-09-30 12:05:30'),('cb4b6f54a00dbc48dceee793472c3781','YjZjYzk3NTIzNjc2MTllOGRkYjg2OWZiYjFkN2U3NTU2Njk1ODQ2NzqAAn1xAVUKdGVzdGNvb2tp\nZXECVQZ3b3JrZWRxA3Mu\n','2013-12-08 13:53:43'),('cb4f419c601753da3e7bb2e12ae0620b','YjZjYzk3NTIzNjc2MTllOGRkYjg2OWZiYjFkN2U3NTU2Njk1ODQ2NzqAAn1xAVUKdGVzdGNvb2tp\nZXECVQZ3b3JrZWRxA3Mu\n','2014-10-04 15:51:33'),('cbb0eafbf40b5cc7ce315d2416ec67de','YjZjYzk3NTIzNjc2MTllOGRkYjg2OWZiYjFkN2U3NTU2Njk1ODQ2NzqAAn1xAVUKdGVzdGNvb2tp\nZXECVQZ3b3JrZWRxA3Mu\n','2014-04-13 16:22:03'),('cbe8bbe431b8792a01ec6c48327ab645','YjZjYzk3NTIzNjc2MTllOGRkYjg2OWZiYjFkN2U3NTU2Njk1ODQ2NzqAAn1xAVUKdGVzdGNvb2tp\nZXECVQZ3b3JrZWRxA3Mu\n','2014-06-30 09:35:06'),('cc029f84b8173620ccacf5c3cbaa9351','YjZjYzk3NTIzNjc2MTllOGRkYjg2OWZiYjFkN2U3NTU2Njk1ODQ2NzqAAn1xAVUKdGVzdGNvb2tp\nZXECVQZ3b3JrZWRxA3Mu\n','2013-12-28 05:29:45'),('cc9524b886b7de9893aba5a21fe4985b','YjZjYzk3NTIzNjc2MTllOGRkYjg2OWZiYjFkN2U3NTU2Njk1ODQ2NzqAAn1xAVUKdGVzdGNvb2tp\nZXECVQZ3b3JrZWRxA3Mu\n','2014-07-07 07:44:06'),('ccc58e3e1f16a5db8cf85b7c06d63dd4','YjZjYzk3NTIzNjc2MTllOGRkYjg2OWZiYjFkN2U3NTU2Njk1ODQ2NzqAAn1xAVUKdGVzdGNvb2tp\nZXECVQZ3b3JrZWRxA3Mu\n','2013-12-20 16:04:20'),('ccca6f5a45027b10aa4f3f27fb000291','YjZjYzk3NTIzNjc2MTllOGRkYjg2OWZiYjFkN2U3NTU2Njk1ODQ2NzqAAn1xAVUKdGVzdGNvb2tp\nZXECVQZ3b3JrZWRxA3Mu\n','2013-09-21 07:04:02'),('ccd7a97b548a831ab7d8334651e5dabb','YjZjYzk3NTIzNjc2MTllOGRkYjg2OWZiYjFkN2U3NTU2Njk1ODQ2NzqAAn1xAVUKdGVzdGNvb2tp\nZXECVQZ3b3JrZWRxA3Mu\n','2014-02-11 08:47:02'),('cce2e1b7015f6178f3e905f72c1b3730','YjZjYzk3NTIzNjc2MTllOGRkYjg2OWZiYjFkN2U3NTU2Njk1ODQ2NzqAAn1xAVUKdGVzdGNvb2tp\nZXECVQZ3b3JrZWRxA3Mu\n','2013-04-07 02:34:46'),('ccec61568527be2e282b0335da4c91b8','YjZjYzk3NTIzNjc2MTllOGRkYjg2OWZiYjFkN2U3NTU2Njk1ODQ2NzqAAn1xAVUKdGVzdGNvb2tp\nZXECVQZ3b3JrZWRxA3Mu\n','2013-11-19 04:43:59'),('cd2f6a4b831951b1728dcba2067ccb76','YjZjYzk3NTIzNjc2MTllOGRkYjg2OWZiYjFkN2U3NTU2Njk1ODQ2NzqAAn1xAVUKdGVzdGNvb2tp\nZXECVQZ3b3JrZWRxA3Mu\n','2014-02-25 08:12:25'),('cd2fbaf95b7179f04fcc762fefcb8b0c','YjZjYzk3NTIzNjc2MTllOGRkYjg2OWZiYjFkN2U3NTU2Njk1ODQ2NzqAAn1xAVUKdGVzdGNvb2tp\nZXECVQZ3b3JrZWRxA3Mu\n','2013-09-26 10:29:09'),('cd40633152b1977464621367aed106c5','YjZjYzk3NTIzNjc2MTllOGRkYjg2OWZiYjFkN2U3NTU2Njk1ODQ2NzqAAn1xAVUKdGVzdGNvb2tp\nZXECVQZ3b3JrZWRxA3Mu\n','2014-02-15 03:04:57'),('cdd45bc6bb702747938f7ab6492191a2','YjZjYzk3NTIzNjc2MTllOGRkYjg2OWZiYjFkN2U3NTU2Njk1ODQ2NzqAAn1xAVUKdGVzdGNvb2tp\nZXECVQZ3b3JrZWRxA3Mu\n','2014-07-24 14:04:06'),('cdfbc3be28940e90b13bfc02bf87c580','YjZjYzk3NTIzNjc2MTllOGRkYjg2OWZiYjFkN2U3NTU2Njk1ODQ2NzqAAn1xAVUKdGVzdGNvb2tp\nZXECVQZ3b3JrZWRxA3Mu\n','2014-11-12 10:07:21'),('ce7933aee6a4ab533d868c944d71ea6d','YjZjYzk3NTIzNjc2MTllOGRkYjg2OWZiYjFkN2U3NTU2Njk1ODQ2NzqAAn1xAVUKdGVzdGNvb2tp\nZXECVQZ3b3JrZWRxA3Mu\n','2013-08-05 17:09:26'),('ce818bb05ad78cc869a4c913bc6d58b9','YjZjYzk3NTIzNjc2MTllOGRkYjg2OWZiYjFkN2U3NTU2Njk1ODQ2NzqAAn1xAVUKdGVzdGNvb2tp\nZXECVQZ3b3JrZWRxA3Mu\n','2013-10-03 16:52:18'),('ce81f8f146118c510ef184cd3f201faa','YjZjYzk3NTIzNjc2MTllOGRkYjg2OWZiYjFkN2U3NTU2Njk1ODQ2NzqAAn1xAVUKdGVzdGNvb2tp\nZXECVQZ3b3JrZWRxA3Mu\n','2014-12-03 23:13:32'),('ce82b92c98af39cfac1c06492277f6cc','YjZjYzk3NTIzNjc2MTllOGRkYjg2OWZiYjFkN2U3NTU2Njk1ODQ2NzqAAn1xAVUKdGVzdGNvb2tp\nZXECVQZ3b3JrZWRxA3Mu\n','2013-09-06 22:48:03'),('ceffcea65b557485500dd87f2724ccc9','YjZjYzk3NTIzNjc2MTllOGRkYjg2OWZiYjFkN2U3NTU2Njk1ODQ2NzqAAn1xAVUKdGVzdGNvb2tp\nZXECVQZ3b3JrZWRxA3Mu\n','2013-12-18 16:46:20'),('cf0e9d5a77a6ff4659c83b1e8932e6f3','YjZjYzk3NTIzNjc2MTllOGRkYjg2OWZiYjFkN2U3NTU2Njk1ODQ2NzqAAn1xAVUKdGVzdGNvb2tp\nZXECVQZ3b3JrZWRxA3Mu\n','2014-05-15 03:55:15'),('cf15e2ad61a66f2d96b89f5c1064f1d2','YjZjYzk3NTIzNjc2MTllOGRkYjg2OWZiYjFkN2U3NTU2Njk1ODQ2NzqAAn1xAVUKdGVzdGNvb2tp\nZXECVQZ3b3JrZWRxA3Mu\n','2014-04-23 09:21:55'),('cf2a5261999d90d91e4898e8f2e84c1f','YjZjYzk3NTIzNjc2MTllOGRkYjg2OWZiYjFkN2U3NTU2Njk1ODQ2NzqAAn1xAVUKdGVzdGNvb2tp\nZXECVQZ3b3JrZWRxA3Mu\n','2014-12-02 00:18:48'),('cf62058b69fad8f9fa60171df1eb77d9','YjZjYzk3NTIzNjc2MTllOGRkYjg2OWZiYjFkN2U3NTU2Njk1ODQ2NzqAAn1xAVUKdGVzdGNvb2tp\nZXECVQZ3b3JrZWRxA3Mu\n','2013-03-20 21:16:44'),('cf7eba9a29dbf948b96fb2be9e2d4da6','YjZjYzk3NTIzNjc2MTllOGRkYjg2OWZiYjFkN2U3NTU2Njk1ODQ2NzqAAn1xAVUKdGVzdGNvb2tp\nZXECVQZ3b3JrZWRxA3Mu\n','2014-01-16 00:02:07'),('d08b553086e9b0fd4364b0478341a7f1','YjZjYzk3NTIzNjc2MTllOGRkYjg2OWZiYjFkN2U3NTU2Njk1ODQ2NzqAAn1xAVUKdGVzdGNvb2tp\nZXECVQZ3b3JrZWRxA3Mu\n','2013-05-30 05:23:40'),('d0a341538c5b8ca1403e6fc18fb92bea','YjZjYzk3NTIzNjc2MTllOGRkYjg2OWZiYjFkN2U3NTU2Njk1ODQ2NzqAAn1xAVUKdGVzdGNvb2tp\nZXECVQZ3b3JrZWRxA3Mu\n','2014-10-01 23:35:22'),('d0baa96e0d38402da976b4bd9ff8141e','YjZjYzk3NTIzNjc2MTllOGRkYjg2OWZiYjFkN2U3NTU2Njk1ODQ2NzqAAn1xAVUKdGVzdGNvb2tp\nZXECVQZ3b3JrZWRxA3Mu\n','2014-06-09 16:55:40'),('d0e55c846d3dd95067c7188cf1a33acf','YjZjYzk3NTIzNjc2MTllOGRkYjg2OWZiYjFkN2U3NTU2Njk1ODQ2NzqAAn1xAVUKdGVzdGNvb2tp\nZXECVQZ3b3JrZWRxA3Mu\n','2014-07-07 22:48:48'),('d0ebd02d5fcf988c4a5bff380e155d31','YjZjYzk3NTIzNjc2MTllOGRkYjg2OWZiYjFkN2U3NTU2Njk1ODQ2NzqAAn1xAVUKdGVzdGNvb2tp\nZXECVQZ3b3JrZWRxA3Mu\n','2014-12-18 14:26:08'),('d13f55a898ee4c6e35be9ba7b8544f41','YjZjYzk3NTIzNjc2MTllOGRkYjg2OWZiYjFkN2U3NTU2Njk1ODQ2NzqAAn1xAVUKdGVzdGNvb2tp\nZXECVQZ3b3JrZWRxA3Mu\n','2014-05-25 20:22:20'),('d17dab19f10a085024c93253bc372f48','YjZjYzk3NTIzNjc2MTllOGRkYjg2OWZiYjFkN2U3NTU2Njk1ODQ2NzqAAn1xAVUKdGVzdGNvb2tp\nZXECVQZ3b3JrZWRxA3Mu\n','2014-04-26 15:23:19'),('d188d7a025b5977898c92b5a98aa14f5','YjZjYzk3NTIzNjc2MTllOGRkYjg2OWZiYjFkN2U3NTU2Njk1ODQ2NzqAAn1xAVUKdGVzdGNvb2tp\nZXECVQZ3b3JrZWRxA3Mu\n','2013-12-22 13:50:56'),('d1bfbe8667b9b3520824031dd0b8a0de','YjZjYzk3NTIzNjc2MTllOGRkYjg2OWZiYjFkN2U3NTU2Njk1ODQ2NzqAAn1xAVUKdGVzdGNvb2tp\nZXECVQZ3b3JrZWRxA3Mu\n','2014-01-26 00:01:58'),('d1f2e37c950b028228c722867bebbdbc','YjZjYzk3NTIzNjc2MTllOGRkYjg2OWZiYjFkN2U3NTU2Njk1ODQ2NzqAAn1xAVUKdGVzdGNvb2tp\nZXECVQZ3b3JrZWRxA3Mu\n','2013-08-10 18:51:24'),('d2596bdfc1671680c82ad63617561323','YjZjYzk3NTIzNjc2MTllOGRkYjg2OWZiYjFkN2U3NTU2Njk1ODQ2NzqAAn1xAVUKdGVzdGNvb2tp\nZXECVQZ3b3JrZWRxA3Mu\n','2013-10-23 23:10:07'),('d2736a17126d0eb264e3f5a7612227a5','YjZjYzk3NTIzNjc2MTllOGRkYjg2OWZiYjFkN2U3NTU2Njk1ODQ2NzqAAn1xAVUKdGVzdGNvb2tp\nZXECVQZ3b3JrZWRxA3Mu\n','2013-04-24 07:24:04'),('d2eada005206db5120f9d3e2e818afaa','YjZjYzk3NTIzNjc2MTllOGRkYjg2OWZiYjFkN2U3NTU2Njk1ODQ2NzqAAn1xAVUKdGVzdGNvb2tp\nZXECVQZ3b3JrZWRxA3Mu\n','2014-02-24 13:44:59'),('d2ef346fbebdd41bbabec8fcffb5bd65','YjZjYzk3NTIzNjc2MTllOGRkYjg2OWZiYjFkN2U3NTU2Njk1ODQ2NzqAAn1xAVUKdGVzdGNvb2tp\nZXECVQZ3b3JrZWRxA3Mu\n','2014-01-11 02:04:10'),('d309ea55b087aaa2837c9963932be31b','YjZjYzk3NTIzNjc2MTllOGRkYjg2OWZiYjFkN2U3NTU2Njk1ODQ2NzqAAn1xAVUKdGVzdGNvb2tp\nZXECVQZ3b3JrZWRxA3Mu\n','2014-03-05 19:18:04'),('d32f340397b48d9a598dc8b6b2ca9b47','YjZjYzk3NTIzNjc2MTllOGRkYjg2OWZiYjFkN2U3NTU2Njk1ODQ2NzqAAn1xAVUKdGVzdGNvb2tp\nZXECVQZ3b3JrZWRxA3Mu\n','2013-03-20 00:11:45'),('d349c839762734785a3ae160c99a07f0','YjZjYzk3NTIzNjc2MTllOGRkYjg2OWZiYjFkN2U3NTU2Njk1ODQ2NzqAAn1xAVUKdGVzdGNvb2tp\nZXECVQZ3b3JrZWRxA3Mu\n','2013-07-31 20:10:03'),('d3ba4c677968973b438f99f825db6af1','YjZjYzk3NTIzNjc2MTllOGRkYjg2OWZiYjFkN2U3NTU2Njk1ODQ2NzqAAn1xAVUKdGVzdGNvb2tp\nZXECVQZ3b3JrZWRxA3Mu\n','2014-12-04 04:33:50'),('d3d5b987150e86edf1cad817247918b1','YjZjYzk3NTIzNjc2MTllOGRkYjg2OWZiYjFkN2U3NTU2Njk1ODQ2NzqAAn1xAVUKdGVzdGNvb2tp\nZXECVQZ3b3JrZWRxA3Mu\n','2013-03-28 11:31:23'),('d3d7ce21972cf4ba06a3792431f62aea','YjZjYzk3NTIzNjc2MTllOGRkYjg2OWZiYjFkN2U3NTU2Njk1ODQ2NzqAAn1xAVUKdGVzdGNvb2tp\nZXECVQZ3b3JrZWRxA3Mu\n','2014-01-17 12:52:10'),('d421623d0d8b61c1e04e1bee6f5ea4cb','YjZjYzk3NTIzNjc2MTllOGRkYjg2OWZiYjFkN2U3NTU2Njk1ODQ2NzqAAn1xAVUKdGVzdGNvb2tp\nZXECVQZ3b3JrZWRxA3Mu\n','2014-01-20 01:09:55'),('d431fc80962cde080ea0f523fb0f6b6e','YjZjYzk3NTIzNjc2MTllOGRkYjg2OWZiYjFkN2U3NTU2Njk1ODQ2NzqAAn1xAVUKdGVzdGNvb2tp\nZXECVQZ3b3JrZWRxA3Mu\n','2014-06-09 09:09:20'),('d44a2f30e7cb73a811c7d61ecb2aff45','YjZjYzk3NTIzNjc2MTllOGRkYjg2OWZiYjFkN2U3NTU2Njk1ODQ2NzqAAn1xAVUKdGVzdGNvb2tp\nZXECVQZ3b3JrZWRxA3Mu\n','2014-06-07 20:49:58'),('d47e176906cd35add37787a5ee714c30','YjZjYzk3NTIzNjc2MTllOGRkYjg2OWZiYjFkN2U3NTU2Njk1ODQ2NzqAAn1xAVUKdGVzdGNvb2tp\nZXECVQZ3b3JrZWRxA3Mu\n','2013-06-13 13:49:42'),('d5e5167eb3a5e905d70dc227a30a03b3','YjZjYzk3NTIzNjc2MTllOGRkYjg2OWZiYjFkN2U3NTU2Njk1ODQ2NzqAAn1xAVUKdGVzdGNvb2tp\nZXECVQZ3b3JrZWRxA3Mu\n','2014-07-01 17:40:59'),('d60afbf592c4f37abba815dc3d6e7738','YjZjYzk3NTIzNjc2MTllOGRkYjg2OWZiYjFkN2U3NTU2Njk1ODQ2NzqAAn1xAVUKdGVzdGNvb2tp\nZXECVQZ3b3JrZWRxA3Mu\n','2014-12-11 15:38:19'),('d610c0497647c329a535a9ffa60d3e51','YjZjYzk3NTIzNjc2MTllOGRkYjg2OWZiYjFkN2U3NTU2Njk1ODQ2NzqAAn1xAVUKdGVzdGNvb2tp\nZXECVQZ3b3JrZWRxA3Mu\n','2014-07-26 15:32:51'),('d67358290088cf0071ff213f16f6a114','YjZjYzk3NTIzNjc2MTllOGRkYjg2OWZiYjFkN2U3NTU2Njk1ODQ2NzqAAn1xAVUKdGVzdGNvb2tp\nZXECVQZ3b3JrZWRxA3Mu\n','2014-04-27 12:20:00'),('d6814e9c4695db50a7f42e34d0f8f81c','YjZjYzk3NTIzNjc2MTllOGRkYjg2OWZiYjFkN2U3NTU2Njk1ODQ2NzqAAn1xAVUKdGVzdGNvb2tp\nZXECVQZ3b3JrZWRxA3Mu\n','2014-10-31 11:07:14'),('d6f1dda812a5502f1e2af7a2f1e1d52d','YjZjYzk3NTIzNjc2MTllOGRkYjg2OWZiYjFkN2U3NTU2Njk1ODQ2NzqAAn1xAVUKdGVzdGNvb2tp\nZXECVQZ3b3JrZWRxA3Mu\n','2014-10-28 22:50:30'),('d6f4b9fc7969bc2225c22c011cfc8e50','YjZjYzk3NTIzNjc2MTllOGRkYjg2OWZiYjFkN2U3NTU2Njk1ODQ2NzqAAn1xAVUKdGVzdGNvb2tp\nZXECVQZ3b3JrZWRxA3Mu\n','2014-10-19 21:43:40'),('d79de88369ffb9e07cb3f3e5fa9f6da8','YjZjYzk3NTIzNjc2MTllOGRkYjg2OWZiYjFkN2U3NTU2Njk1ODQ2NzqAAn1xAVUKdGVzdGNvb2tp\nZXECVQZ3b3JrZWRxA3Mu\n','2014-08-01 15:07:41'),('d7c27e4a823096c449832a5c15cfdf73','YjZjYzk3NTIzNjc2MTllOGRkYjg2OWZiYjFkN2U3NTU2Njk1ODQ2NzqAAn1xAVUKdGVzdGNvb2tp\nZXECVQZ3b3JrZWRxA3Mu\n','2013-08-08 19:53:08'),('d8095a5fb4a6dcec445254dc5af89442','YjZjYzk3NTIzNjc2MTllOGRkYjg2OWZiYjFkN2U3NTU2Njk1ODQ2NzqAAn1xAVUKdGVzdGNvb2tp\nZXECVQZ3b3JrZWRxA3Mu\n','2014-08-23 08:24:09'),('d86a12df31f710ee706eea280e96055d','YjZjYzk3NTIzNjc2MTllOGRkYjg2OWZiYjFkN2U3NTU2Njk1ODQ2NzqAAn1xAVUKdGVzdGNvb2tp\nZXECVQZ3b3JrZWRxA3Mu\n','2014-06-15 22:47:38'),('d8c33e6a815dda3dbb942566c1e8181d','YjZjYzk3NTIzNjc2MTllOGRkYjg2OWZiYjFkN2U3NTU2Njk1ODQ2NzqAAn1xAVUKdGVzdGNvb2tp\nZXECVQZ3b3JrZWRxA3Mu\n','2014-10-21 02:05:29'),('d8fd0bbdc11bcbea9bbd39ba029ed3e7','YjZjYzk3NTIzNjc2MTllOGRkYjg2OWZiYjFkN2U3NTU2Njk1ODQ2NzqAAn1xAVUKdGVzdGNvb2tp\nZXECVQZ3b3JrZWRxA3Mu\n','2014-12-05 15:31:18'),('d921788aa7e34d4a4334d12e794f86fa','YjZjYzk3NTIzNjc2MTllOGRkYjg2OWZiYjFkN2U3NTU2Njk1ODQ2NzqAAn1xAVUKdGVzdGNvb2tp\nZXECVQZ3b3JrZWRxA3Mu\n','2014-10-27 16:57:57'),('d974c76311a1e33f554985ab8770cab0','YjZjYzk3NTIzNjc2MTllOGRkYjg2OWZiYjFkN2U3NTU2Njk1ODQ2NzqAAn1xAVUKdGVzdGNvb2tp\nZXECVQZ3b3JrZWRxA3Mu\n','2013-09-07 05:46:09'),('d9f14370461018ecffc7910d73d733fe','YjZjYzk3NTIzNjc2MTllOGRkYjg2OWZiYjFkN2U3NTU2Njk1ODQ2NzqAAn1xAVUKdGVzdGNvb2tp\nZXECVQZ3b3JrZWRxA3Mu\n','2014-02-08 02:11:20'),('da051b4522addae9c5aa74e046f10cfc','YjZjYzk3NTIzNjc2MTllOGRkYjg2OWZiYjFkN2U3NTU2Njk1ODQ2NzqAAn1xAVUKdGVzdGNvb2tp\nZXECVQZ3b3JrZWRxA3Mu\n','2014-02-02 09:05:48'),('daa4867342e2d22d5162aee514c5f0bd','YjQ1ZGNmMzg3NDE5NWE0OWU4YjRjYmJiMTE1M2RkNmFhYmIwNmE0OTqAAn1xAVUKdGVzdGNvb2tp\nZVUGd29ya2VkcQJzLg==\n','2014-03-19 23:19:51'),('daca989404d80abd1983136cab1595d6','YjZjYzk3NTIzNjc2MTllOGRkYjg2OWZiYjFkN2U3NTU2Njk1ODQ2NzqAAn1xAVUKdGVzdGNvb2tp\nZXECVQZ3b3JrZWRxA3Mu\n','2013-04-20 22:40:43'),('dad82ed84aef508ccc9fd891b5df08f1','YjZjYzk3NTIzNjc2MTllOGRkYjg2OWZiYjFkN2U3NTU2Njk1ODQ2NzqAAn1xAVUKdGVzdGNvb2tp\nZXECVQZ3b3JrZWRxA3Mu\n','2014-02-22 18:55:19'),('dadf1ff76db9c04d9bae0b1f09a1a604','YjZjYzk3NTIzNjc2MTllOGRkYjg2OWZiYjFkN2U3NTU2Njk1ODQ2NzqAAn1xAVUKdGVzdGNvb2tp\nZXECVQZ3b3JrZWRxA3Mu\n','2014-10-15 22:55:24'),('daf6bcbb601b1d1a0225ccfc48cfa97d','YjZjYzk3NTIzNjc2MTllOGRkYjg2OWZiYjFkN2U3NTU2Njk1ODQ2NzqAAn1xAVUKdGVzdGNvb2tp\nZXECVQZ3b3JrZWRxA3Mu\n','2014-03-13 00:55:15'),('dbeb579de4ad72f88d9caeb4817efd01','YjZjYzk3NTIzNjc2MTllOGRkYjg2OWZiYjFkN2U3NTU2Njk1ODQ2NzqAAn1xAVUKdGVzdGNvb2tp\nZXECVQZ3b3JrZWRxA3Mu\n','2014-09-29 02:17:56'),('dc2f39d732fee7ed3e8739819995db28','YjZjYzk3NTIzNjc2MTllOGRkYjg2OWZiYjFkN2U3NTU2Njk1ODQ2NzqAAn1xAVUKdGVzdGNvb2tp\nZXECVQZ3b3JrZWRxA3Mu\n','2014-11-21 21:18:21'),('dc3b3b8eb252cf44e0551643af1054f9','YjZjYzk3NTIzNjc2MTllOGRkYjg2OWZiYjFkN2U3NTU2Njk1ODQ2NzqAAn1xAVUKdGVzdGNvb2tp\nZXECVQZ3b3JrZWRxA3Mu\n','2014-07-03 19:50:16'),('dc45c007961b6178cd01203bab7618e1','YjZjYzk3NTIzNjc2MTllOGRkYjg2OWZiYjFkN2U3NTU2Njk1ODQ2NzqAAn1xAVUKdGVzdGNvb2tp\nZXECVQZ3b3JrZWRxA3Mu\n','2014-03-18 23:50:56'),('dcde62862c54155e64b1a7c85fea8563','YjZjYzk3NTIzNjc2MTllOGRkYjg2OWZiYjFkN2U3NTU2Njk1ODQ2NzqAAn1xAVUKdGVzdGNvb2tp\nZXECVQZ3b3JrZWRxA3Mu\n','2013-09-21 13:59:17'),('dd336e06f20bb757499cb81fc4a68e9e','YTEwNDJhODUwOGRkNGI4NjQyYWJiOWRiNWY5ZGQxYjc3MzkxYzQ3NDqAAn1xAS4=\n','2013-01-17 17:26:30'),('dd7284ac5d3324720622b12cbf0adc35','YjZjYzk3NTIzNjc2MTllOGRkYjg2OWZiYjFkN2U3NTU2Njk1ODQ2NzqAAn1xAVUKdGVzdGNvb2tp\nZXECVQZ3b3JrZWRxA3Mu\n','2014-07-11 03:20:23'),('de1bc953b19910ff7327ae5988ab5b05','YjZjYzk3NTIzNjc2MTllOGRkYjg2OWZiYjFkN2U3NTU2Njk1ODQ2NzqAAn1xAVUKdGVzdGNvb2tp\nZXECVQZ3b3JrZWRxA3Mu\n','2013-10-18 11:08:15'),('de2879dccb17c784788f9959d2f612d7','YjZjYzk3NTIzNjc2MTllOGRkYjg2OWZiYjFkN2U3NTU2Njk1ODQ2NzqAAn1xAVUKdGVzdGNvb2tp\nZXECVQZ3b3JrZWRxA3Mu\n','2013-04-21 06:29:07'),('de42909bc5c9cd1e2e149555778f0cff','YjZjYzk3NTIzNjc2MTllOGRkYjg2OWZiYjFkN2U3NTU2Njk1ODQ2NzqAAn1xAVUKdGVzdGNvb2tp\nZXECVQZ3b3JrZWRxA3Mu\n','2013-08-02 11:22:50'),('df00921050237e9f33350813a0f26b69','YjZjYzk3NTIzNjc2MTllOGRkYjg2OWZiYjFkN2U3NTU2Njk1ODQ2NzqAAn1xAVUKdGVzdGNvb2tp\nZXECVQZ3b3JrZWRxA3Mu\n','2013-06-27 13:38:38'),('df100b7c1735c194d169de06fe248372','YjZjYzk3NTIzNjc2MTllOGRkYjg2OWZiYjFkN2U3NTU2Njk1ODQ2NzqAAn1xAVUKdGVzdGNvb2tp\nZXECVQZ3b3JrZWRxA3Mu\n','2014-01-19 23:59:35'),('df10441a52adeec0bf73893d9ff222c5','YjQ1ZGNmMzg3NDE5NWE0OWU4YjRjYmJiMTE1M2RkNmFhYmIwNmE0OTqAAn1xAVUKdGVzdGNvb2tp\nZVUGd29ya2VkcQJzLg==\n','2013-07-24 11:13:01'),('df3077955ce03973ac54d365977b6292','YjZjYzk3NTIzNjc2MTllOGRkYjg2OWZiYjFkN2U3NTU2Njk1ODQ2NzqAAn1xAVUKdGVzdGNvb2tp\nZXECVQZ3b3JrZWRxA3Mu\n','2013-08-01 03:58:40'),('df3c500ba2dca5d05dc1fc95397ba189','YjZjYzk3NTIzNjc2MTllOGRkYjg2OWZiYjFkN2U3NTU2Njk1ODQ2NzqAAn1xAVUKdGVzdGNvb2tp\nZXECVQZ3b3JrZWRxA3Mu\n','2013-08-05 10:33:51'),('df62c8fe9f9f90face4c50507809a1b6','YjZjYzk3NTIzNjc2MTllOGRkYjg2OWZiYjFkN2U3NTU2Njk1ODQ2NzqAAn1xAVUKdGVzdGNvb2tp\nZXECVQZ3b3JrZWRxA3Mu\n','2014-12-01 08:28:55'),('dfc94c6622a371348695a2d1351b8d95','YjZjYzk3NTIzNjc2MTllOGRkYjg2OWZiYjFkN2U3NTU2Njk1ODQ2NzqAAn1xAVUKdGVzdGNvb2tp\nZXECVQZ3b3JrZWRxA3Mu\n','2013-04-12 20:45:34'),('dfcfdd57d71036e9fcfc5832ef76df55','YjZjYzk3NTIzNjc2MTllOGRkYjg2OWZiYjFkN2U3NTU2Njk1ODQ2NzqAAn1xAVUKdGVzdGNvb2tp\nZXECVQZ3b3JrZWRxA3Mu\n','2013-11-30 23:24:25'),('e036b0f10b61f50623fc7d86f85b7315','YjZjYzk3NTIzNjc2MTllOGRkYjg2OWZiYjFkN2U3NTU2Njk1ODQ2NzqAAn1xAVUKdGVzdGNvb2tp\nZXECVQZ3b3JrZWRxA3Mu\n','2013-06-18 10:01:19'),('e0a9d514838afe42c23f2dee06f47a78','YjZjYzk3NTIzNjc2MTllOGRkYjg2OWZiYjFkN2U3NTU2Njk1ODQ2NzqAAn1xAVUKdGVzdGNvb2tp\nZXECVQZ3b3JrZWRxA3Mu\n','2014-04-14 08:05:31'),('e0c3d34d348550a43fbdf25024de93a0','YjZjYzk3NTIzNjc2MTllOGRkYjg2OWZiYjFkN2U3NTU2Njk1ODQ2NzqAAn1xAVUKdGVzdGNvb2tp\nZXECVQZ3b3JrZWRxA3Mu\n','2014-11-30 01:19:43'),('e0e8c75db19d4b2f5011ba3060f2f365','YjZjYzk3NTIzNjc2MTllOGRkYjg2OWZiYjFkN2U3NTU2Njk1ODQ2NzqAAn1xAVUKdGVzdGNvb2tp\nZXECVQZ3b3JrZWRxA3Mu\n','2013-08-06 19:33:44'),('e13bb2dd722b58d8fa81951405c861a1','YjZjYzk3NTIzNjc2MTllOGRkYjg2OWZiYjFkN2U3NTU2Njk1ODQ2NzqAAn1xAVUKdGVzdGNvb2tp\nZXECVQZ3b3JrZWRxA3Mu\n','2013-07-13 09:50:39'),('e1459da8482200cbba97a11af3d77c55','YjZjYzk3NTIzNjc2MTllOGRkYjg2OWZiYjFkN2U3NTU2Njk1ODQ2NzqAAn1xAVUKdGVzdGNvb2tp\nZXECVQZ3b3JrZWRxA3Mu\n','2013-08-22 06:16:26'),('e192af835cf8e35fc41426a0167c45ec','YjZjYzk3NTIzNjc2MTllOGRkYjg2OWZiYjFkN2U3NTU2Njk1ODQ2NzqAAn1xAVUKdGVzdGNvb2tp\nZXECVQZ3b3JrZWRxA3Mu\n','2013-08-16 02:49:35'),('e1a9960864cfeed28a15c1b44311680a','YjZjYzk3NTIzNjc2MTllOGRkYjg2OWZiYjFkN2U3NTU2Njk1ODQ2NzqAAn1xAVUKdGVzdGNvb2tp\nZXECVQZ3b3JrZWRxA3Mu\n','2014-09-24 00:39:42'),('e1d4e0941fdf6ea118429caec3a49606','YjZjYzk3NTIzNjc2MTllOGRkYjg2OWZiYjFkN2U3NTU2Njk1ODQ2NzqAAn1xAVUKdGVzdGNvb2tp\nZXECVQZ3b3JrZWRxA3Mu\n','2014-04-19 15:12:39'),('e1d7069620cff2f604abbafe629fed42','YjZjYzk3NTIzNjc2MTllOGRkYjg2OWZiYjFkN2U3NTU2Njk1ODQ2NzqAAn1xAVUKdGVzdGNvb2tp\nZXECVQZ3b3JrZWRxA3Mu\n','2014-07-06 08:44:47'),('e1fccc7b9d939b3323ed128715871d8a','YjZjYzk3NTIzNjc2MTllOGRkYjg2OWZiYjFkN2U3NTU2Njk1ODQ2NzqAAn1xAVUKdGVzdGNvb2tp\nZXECVQZ3b3JrZWRxA3Mu\n','2014-07-18 13:06:11'),('e21d793eb2e4a3db20010da49345b7d2','YjZjYzk3NTIzNjc2MTllOGRkYjg2OWZiYjFkN2U3NTU2Njk1ODQ2NzqAAn1xAVUKdGVzdGNvb2tp\nZXECVQZ3b3JrZWRxA3Mu\n','2014-10-11 16:47:15'),('e32d39128d15bea5ce4b4173869ab9dd','YjZjYzk3NTIzNjc2MTllOGRkYjg2OWZiYjFkN2U3NTU2Njk1ODQ2NzqAAn1xAVUKdGVzdGNvb2tp\nZXECVQZ3b3JrZWRxA3Mu\n','2014-11-08 12:15:57'),('e34e7a535920f7f4fe507817f989235d','YjZjYzk3NTIzNjc2MTllOGRkYjg2OWZiYjFkN2U3NTU2Njk1ODQ2NzqAAn1xAVUKdGVzdGNvb2tp\nZXECVQZ3b3JrZWRxA3Mu\n','2014-08-07 18:54:06'),('e389f239c6ba5056ddb9c21101bfcf57','YjZjYzk3NTIzNjc2MTllOGRkYjg2OWZiYjFkN2U3NTU2Njk1ODQ2NzqAAn1xAVUKdGVzdGNvb2tp\nZXECVQZ3b3JrZWRxA3Mu\n','2014-12-14 16:08:25'),('e3ad653cfa5d1d03d843bceab4687378','YjZjYzk3NTIzNjc2MTllOGRkYjg2OWZiYjFkN2U3NTU2Njk1ODQ2NzqAAn1xAVUKdGVzdGNvb2tp\nZXECVQZ3b3JrZWRxA3Mu\n','2014-09-23 07:29:59'),('e3b91f747cdf514bec11792370082a18','YjZjYzk3NTIzNjc2MTllOGRkYjg2OWZiYjFkN2U3NTU2Njk1ODQ2NzqAAn1xAVUKdGVzdGNvb2tp\nZXECVQZ3b3JrZWRxA3Mu\n','2014-01-18 16:22:49'),('e3d8fb33fe2ee42f4a1d6cfe9f2c3a28','YjZjYzk3NTIzNjc2MTllOGRkYjg2OWZiYjFkN2U3NTU2Njk1ODQ2NzqAAn1xAVUKdGVzdGNvb2tp\nZXECVQZ3b3JrZWRxA3Mu\n','2014-08-06 22:42:21'),('e3f3809ed28110aee4e6e25a5e4595ae','YjZjYzk3NTIzNjc2MTllOGRkYjg2OWZiYjFkN2U3NTU2Njk1ODQ2NzqAAn1xAVUKdGVzdGNvb2tp\nZXECVQZ3b3JrZWRxA3Mu\n','2013-08-06 23:12:29'),('e3f3a5b4267d66fb6f6a662a9e741856','YjZjYzk3NTIzNjc2MTllOGRkYjg2OWZiYjFkN2U3NTU2Njk1ODQ2NzqAAn1xAVUKdGVzdGNvb2tp\nZXECVQZ3b3JrZWRxA3Mu\n','2014-05-02 00:26:47'),('e40be0922ead2be0f54ec6bb16896c3d','YjZjYzk3NTIzNjc2MTllOGRkYjg2OWZiYjFkN2U3NTU2Njk1ODQ2NzqAAn1xAVUKdGVzdGNvb2tp\nZXECVQZ3b3JrZWRxA3Mu\n','2014-07-21 21:13:24'),('e440bcf4e006cdef4fbe774b48942b49','YjZjYzk3NTIzNjc2MTllOGRkYjg2OWZiYjFkN2U3NTU2Njk1ODQ2NzqAAn1xAVUKdGVzdGNvb2tp\nZXECVQZ3b3JrZWRxA3Mu\n','2014-11-23 10:26:47'),('e487373fbe0a863c6dba77b73da1bf35','YjZjYzk3NTIzNjc2MTllOGRkYjg2OWZiYjFkN2U3NTU2Njk1ODQ2NzqAAn1xAVUKdGVzdGNvb2tp\nZXECVQZ3b3JrZWRxA3Mu\n','2013-04-10 04:31:04'),('e49765408623177a63595397392b5a40','YjZjYzk3NTIzNjc2MTllOGRkYjg2OWZiYjFkN2U3NTU2Njk1ODQ2NzqAAn1xAVUKdGVzdGNvb2tp\nZXECVQZ3b3JrZWRxA3Mu\n','2014-06-11 14:03:21'),('e4b5a832a56dadff31e0dd6db2b73bdc','YjZjYzk3NTIzNjc2MTllOGRkYjg2OWZiYjFkN2U3NTU2Njk1ODQ2NzqAAn1xAVUKdGVzdGNvb2tp\nZXECVQZ3b3JrZWRxA3Mu\n','2014-05-31 00:53:28'),('e50cbd2502fffc830a31e6830d73d70e','YjZjYzk3NTIzNjc2MTllOGRkYjg2OWZiYjFkN2U3NTU2Njk1ODQ2NzqAAn1xAVUKdGVzdGNvb2tp\nZXECVQZ3b3JrZWRxA3Mu\n','2014-10-11 20:17:51'),('e50f893d6f76f961de17679058af3930','YjZjYzk3NTIzNjc2MTllOGRkYjg2OWZiYjFkN2U3NTU2Njk1ODQ2NzqAAn1xAVUKdGVzdGNvb2tp\nZXECVQZ3b3JrZWRxA3Mu\n','2014-11-09 20:56:10'),('e55b707db5d4699da7f40114e96726a5','YjZjYzk3NTIzNjc2MTllOGRkYjg2OWZiYjFkN2U3NTU2Njk1ODQ2NzqAAn1xAVUKdGVzdGNvb2tp\nZXECVQZ3b3JrZWRxA3Mu\n','2014-11-06 23:12:15'),('e59fb77b9cbe9460ad5a3c88a4a8fd5b','YjZjYzk3NTIzNjc2MTllOGRkYjg2OWZiYjFkN2U3NTU2Njk1ODQ2NzqAAn1xAVUKdGVzdGNvb2tp\nZXECVQZ3b3JrZWRxA3Mu\n','2014-02-15 13:06:52'),('e5b37f7c013c8740621c84b34fd9893b','YjZjYzk3NTIzNjc2MTllOGRkYjg2OWZiYjFkN2U3NTU2Njk1ODQ2NzqAAn1xAVUKdGVzdGNvb2tp\nZXECVQZ3b3JrZWRxA3Mu\n','2013-06-01 14:51:44'),('e5cdbf0e474583d0241d4068c9df5770','YjZjYzk3NTIzNjc2MTllOGRkYjg2OWZiYjFkN2U3NTU2Njk1ODQ2NzqAAn1xAVUKdGVzdGNvb2tp\nZXECVQZ3b3JrZWRxA3Mu\n','2014-03-31 03:59:03'),('e5f44b2405c8e0e123f3ef60476b52ac','YjZjYzk3NTIzNjc2MTllOGRkYjg2OWZiYjFkN2U3NTU2Njk1ODQ2NzqAAn1xAVUKdGVzdGNvb2tp\nZXECVQZ3b3JrZWRxA3Mu\n','2014-11-08 12:46:46'),('e62f35d2a7c6b9faa30b5a005b067006','YjZjYzk3NTIzNjc2MTllOGRkYjg2OWZiYjFkN2U3NTU2Njk1ODQ2NzqAAn1xAVUKdGVzdGNvb2tp\nZXECVQZ3b3JrZWRxA3Mu\n','2014-07-27 19:56:00'),('e6bb896edf52bf4ea97b8d95509b7a3d','YjZjYzk3NTIzNjc2MTllOGRkYjg2OWZiYjFkN2U3NTU2Njk1ODQ2NzqAAn1xAVUKdGVzdGNvb2tp\nZXECVQZ3b3JrZWRxA3Mu\n','2014-08-29 03:50:32'),('e6cb985e898d8de56d25871bf84426a7','YjZjYzk3NTIzNjc2MTllOGRkYjg2OWZiYjFkN2U3NTU2Njk1ODQ2NzqAAn1xAVUKdGVzdGNvb2tp\nZXECVQZ3b3JrZWRxA3Mu\n','2013-09-27 15:06:55'),('e72b80dd11da8d15c25a151d19ffcc59','YjZjYzk3NTIzNjc2MTllOGRkYjg2OWZiYjFkN2U3NTU2Njk1ODQ2NzqAAn1xAVUKdGVzdGNvb2tp\nZXECVQZ3b3JrZWRxA3Mu\n','2014-01-11 05:44:46'),('e75a902e526ae531eb063bc9237aab4b','YjZjYzk3NTIzNjc2MTllOGRkYjg2OWZiYjFkN2U3NTU2Njk1ODQ2NzqAAn1xAVUKdGVzdGNvb2tp\nZXECVQZ3b3JrZWRxA3Mu\n','2013-09-18 13:20:51'),('e7f1c8425e030175a31888cb0cbd52fd','YjZjYzk3NTIzNjc2MTllOGRkYjg2OWZiYjFkN2U3NTU2Njk1ODQ2NzqAAn1xAVUKdGVzdGNvb2tp\nZXECVQZ3b3JrZWRxA3Mu\n','2014-10-02 08:59:29'),('e810f26a795a29fe16dcfc64ce2c4969','YjZjYzk3NTIzNjc2MTllOGRkYjg2OWZiYjFkN2U3NTU2Njk1ODQ2NzqAAn1xAVUKdGVzdGNvb2tp\nZXECVQZ3b3JrZWRxA3Mu\n','2014-03-10 14:55:12'),('e83fa9cc75cd889a2e4ae4678f2cfbb3','YjZjYzk3NTIzNjc2MTllOGRkYjg2OWZiYjFkN2U3NTU2Njk1ODQ2NzqAAn1xAVUKdGVzdGNvb2tp\nZXECVQZ3b3JrZWRxA3Mu\n','2014-02-12 22:24:19'),('e84585b0748dae4259857c751a9abb68','YjZjYzk3NTIzNjc2MTllOGRkYjg2OWZiYjFkN2U3NTU2Njk1ODQ2NzqAAn1xAVUKdGVzdGNvb2tp\nZXECVQZ3b3JrZWRxA3Mu\n','2014-10-11 05:07:31'),('e8570a687ea50005520738faeb8a2da6','YjZjYzk3NTIzNjc2MTllOGRkYjg2OWZiYjFkN2U3NTU2Njk1ODQ2NzqAAn1xAVUKdGVzdGNvb2tp\nZXECVQZ3b3JrZWRxA3Mu\n','2014-05-21 14:24:06'),('e8933616838e29f28b31db7eaa761df4','YjZjYzk3NTIzNjc2MTllOGRkYjg2OWZiYjFkN2U3NTU2Njk1ODQ2NzqAAn1xAVUKdGVzdGNvb2tp\nZXECVQZ3b3JrZWRxA3Mu\n','2014-12-16 03:14:44'),('e8c6f11bd4fcaad08067df838a82358c','YjZjYzk3NTIzNjc2MTllOGRkYjg2OWZiYjFkN2U3NTU2Njk1ODQ2NzqAAn1xAVUKdGVzdGNvb2tp\nZXECVQZ3b3JrZWRxA3Mu\n','2013-12-24 16:40:43'),('e9251947c754cb8eb7180b1d08155ee5','YjZjYzk3NTIzNjc2MTllOGRkYjg2OWZiYjFkN2U3NTU2Njk1ODQ2NzqAAn1xAVUKdGVzdGNvb2tp\nZXECVQZ3b3JrZWRxA3Mu\n','2014-10-22 19:32:52'),('e9672bfa0af874648b445cd76254e626','YjQ1ZGNmMzg3NDE5NWE0OWU4YjRjYmJiMTE1M2RkNmFhYmIwNmE0OTqAAn1xAVUKdGVzdGNvb2tp\nZVUGd29ya2VkcQJzLg==\n','2013-07-30 02:16:19'),('e96a8bb9dd9a44eb6c04a13a8771bd11','YjZjYzk3NTIzNjc2MTllOGRkYjg2OWZiYjFkN2U3NTU2Njk1ODQ2NzqAAn1xAVUKdGVzdGNvb2tp\nZXECVQZ3b3JrZWRxA3Mu\n','2013-08-02 16:42:24'),('e975b6ea7330559bcd273f611e049986','YjZjYzk3NTIzNjc2MTllOGRkYjg2OWZiYjFkN2U3NTU2Njk1ODQ2NzqAAn1xAVUKdGVzdGNvb2tp\nZXECVQZ3b3JrZWRxA3Mu\n','2014-08-06 22:42:22'),('e97ced6211941192be25071c20d1174e','YjZjYzk3NTIzNjc2MTllOGRkYjg2OWZiYjFkN2U3NTU2Njk1ODQ2NzqAAn1xAVUKdGVzdGNvb2tp\nZXECVQZ3b3JrZWRxA3Mu\n','2014-01-11 06:16:42'),('e9cb1222b9fcd77456ab9ed24bff1657','YjZjYzk3NTIzNjc2MTllOGRkYjg2OWZiYjFkN2U3NTU2Njk1ODQ2NzqAAn1xAVUKdGVzdGNvb2tp\nZXECVQZ3b3JrZWRxA3Mu\n','2013-10-20 06:11:52'),('e9e658626edaa5c4201a1244a440ceeb','YjZjYzk3NTIzNjc2MTllOGRkYjg2OWZiYjFkN2U3NTU2Njk1ODQ2NzqAAn1xAVUKdGVzdGNvb2tp\nZXECVQZ3b3JrZWRxA3Mu\n','2014-09-27 14:03:52'),('ea099008f887c689ab5c8c88eafeacd9','YjZjYzk3NTIzNjc2MTllOGRkYjg2OWZiYjFkN2U3NTU2Njk1ODQ2NzqAAn1xAVUKdGVzdGNvb2tp\nZXECVQZ3b3JrZWRxA3Mu\n','2013-05-11 14:51:43'),('ea47ae838bebfa45a3fcd1c4b8bf5ad7','YjZjYzk3NTIzNjc2MTllOGRkYjg2OWZiYjFkN2U3NTU2Njk1ODQ2NzqAAn1xAVUKdGVzdGNvb2tp\nZXECVQZ3b3JrZWRxA3Mu\n','2014-08-06 12:30:40'),('ea4d3d1637b5ebdb44142304d632f4fb','YjZjYzk3NTIzNjc2MTllOGRkYjg2OWZiYjFkN2U3NTU2Njk1ODQ2NzqAAn1xAVUKdGVzdGNvb2tp\nZXECVQZ3b3JrZWRxA3Mu\n','2014-08-19 17:43:16'),('ea92f22fa5ab7d550f2c3eb5aed93814','YjZjYzk3NTIzNjc2MTllOGRkYjg2OWZiYjFkN2U3NTU2Njk1ODQ2NzqAAn1xAVUKdGVzdGNvb2tp\nZXECVQZ3b3JrZWRxA3Mu\n','2014-04-24 11:13:54'),('eaced887f8bd6321ffe690687cf69be2','YjZjYzk3NTIzNjc2MTllOGRkYjg2OWZiYjFkN2U3NTU2Njk1ODQ2NzqAAn1xAVUKdGVzdGNvb2tp\nZXECVQZ3b3JrZWRxA3Mu\n','2014-06-17 04:48:05'),('eb4ab56f5003ef53b3fab319b6e06f76','YjZjYzk3NTIzNjc2MTllOGRkYjg2OWZiYjFkN2U3NTU2Njk1ODQ2NzqAAn1xAVUKdGVzdGNvb2tp\nZXECVQZ3b3JrZWRxA3Mu\n','2014-05-31 01:28:42'),('eb506e14c4a42402e6903d8f8f280048','YjZjYzk3NTIzNjc2MTllOGRkYjg2OWZiYjFkN2U3NTU2Njk1ODQ2NzqAAn1xAVUKdGVzdGNvb2tp\nZXECVQZ3b3JrZWRxA3Mu\n','2014-10-08 21:18:48'),('eb86a4da452d50ad3d2c321c7f6d0214','YjZjYzk3NTIzNjc2MTllOGRkYjg2OWZiYjFkN2U3NTU2Njk1ODQ2NzqAAn1xAVUKdGVzdGNvb2tp\nZXECVQZ3b3JrZWRxA3Mu\n','2013-09-11 04:01:43'),('eb927667a824adacc4766df3838b17ff','YjZjYzk3NTIzNjc2MTllOGRkYjg2OWZiYjFkN2U3NTU2Njk1ODQ2NzqAAn1xAVUKdGVzdGNvb2tp\nZXECVQZ3b3JrZWRxA3Mu\n','2014-11-22 00:56:59'),('ebcd6a9d9ad1afe28b3c0d51bff3c4d9','YjZjYzk3NTIzNjc2MTllOGRkYjg2OWZiYjFkN2U3NTU2Njk1ODQ2NzqAAn1xAVUKdGVzdGNvb2tp\nZXECVQZ3b3JrZWRxA3Mu\n','2013-07-03 08:54:11'),('ebcdace873b4445f98f5eb4a92148aca','YjZjYzk3NTIzNjc2MTllOGRkYjg2OWZiYjFkN2U3NTU2Njk1ODQ2NzqAAn1xAVUKdGVzdGNvb2tp\nZXECVQZ3b3JrZWRxA3Mu\n','2013-05-24 04:58:51'),('ebd7641284fe4fbb5ef7bc2a4c4c1d32','YjZjYzk3NTIzNjc2MTllOGRkYjg2OWZiYjFkN2U3NTU2Njk1ODQ2NzqAAn1xAVUKdGVzdGNvb2tp\nZXECVQZ3b3JrZWRxA3Mu\n','2014-10-13 21:07:18'),('ec096e8125111161facb9e0b072ef80b','YjZjYzk3NTIzNjc2MTllOGRkYjg2OWZiYjFkN2U3NTU2Njk1ODQ2NzqAAn1xAVUKdGVzdGNvb2tp\nZXECVQZ3b3JrZWRxA3Mu\n','2014-10-25 06:30:17'),('ec85818ee9eac38539973166667eedfe','YjZjYzk3NTIzNjc2MTllOGRkYjg2OWZiYjFkN2U3NTU2Njk1ODQ2NzqAAn1xAVUKdGVzdGNvb2tp\nZXECVQZ3b3JrZWRxA3Mu\n','2014-09-26 06:39:31'),('ec8ef0721a896750ca600917908d025e','YjZjYzk3NTIzNjc2MTllOGRkYjg2OWZiYjFkN2U3NTU2Njk1ODQ2NzqAAn1xAVUKdGVzdGNvb2tp\nZXECVQZ3b3JrZWRxA3Mu\n','2014-01-28 09:28:44'),('ec9e6349b1caa4abb77e16a9761c2065','YjZjYzk3NTIzNjc2MTllOGRkYjg2OWZiYjFkN2U3NTU2Njk1ODQ2NzqAAn1xAVUKdGVzdGNvb2tp\nZXECVQZ3b3JrZWRxA3Mu\n','2013-08-01 15:47:53'),('ec9ec06572878b5772163c8c8fddd1b2','YjZjYzk3NTIzNjc2MTllOGRkYjg2OWZiYjFkN2U3NTU2Njk1ODQ2NzqAAn1xAVUKdGVzdGNvb2tp\nZXECVQZ3b3JrZWRxA3Mu\n','2014-11-10 14:58:10'),('ecd3804269c8cb4f0ec6297af2146e36','YjZjYzk3NTIzNjc2MTllOGRkYjg2OWZiYjFkN2U3NTU2Njk1ODQ2NzqAAn1xAVUKdGVzdGNvb2tp\nZXECVQZ3b3JrZWRxA3Mu\n','2014-01-18 01:05:48'),('ecd86ded43d3eba102a914ca8f40c9b0','YjZjYzk3NTIzNjc2MTllOGRkYjg2OWZiYjFkN2U3NTU2Njk1ODQ2NzqAAn1xAVUKdGVzdGNvb2tp\nZXECVQZ3b3JrZWRxA3Mu\n','2014-09-30 17:02:20'),('ed063b299ecb4eddbc01930e1c0e0a9f','YjZjYzk3NTIzNjc2MTllOGRkYjg2OWZiYjFkN2U3NTU2Njk1ODQ2NzqAAn1xAVUKdGVzdGNvb2tp\nZXECVQZ3b3JrZWRxA3Mu\n','2013-09-11 17:27:13'),('ed72b3cff6e10ba48c8781908da32959','YjZjYzk3NTIzNjc2MTllOGRkYjg2OWZiYjFkN2U3NTU2Njk1ODQ2NzqAAn1xAVUKdGVzdGNvb2tp\nZXECVQZ3b3JrZWRxA3Mu\n','2014-01-20 01:34:43'),('edada40f473459debffc60a378f66dee','YjZjYzk3NTIzNjc2MTllOGRkYjg2OWZiYjFkN2U3NTU2Njk1ODQ2NzqAAn1xAVUKdGVzdGNvb2tp\nZXECVQZ3b3JrZWRxA3Mu\n','2013-11-22 03:18:56'),('edf6a0eda1a6ac17453c33eebe052afb','YjZjYzk3NTIzNjc2MTllOGRkYjg2OWZiYjFkN2U3NTU2Njk1ODQ2NzqAAn1xAVUKdGVzdGNvb2tp\nZXECVQZ3b3JrZWRxA3Mu\n','2013-08-14 03:23:26'),('ee161538cbc6c62b512fb18dd9b5cbd7','YjZjYzk3NTIzNjc2MTllOGRkYjg2OWZiYjFkN2U3NTU2Njk1ODQ2NzqAAn1xAVUKdGVzdGNvb2tp\nZXECVQZ3b3JrZWRxA3Mu\n','2014-08-01 19:44:02'),('ee3f828753951faf4f15f72495419682','YjZjYzk3NTIzNjc2MTllOGRkYjg2OWZiYjFkN2U3NTU2Njk1ODQ2NzqAAn1xAVUKdGVzdGNvb2tp\nZXECVQZ3b3JrZWRxA3Mu\n','2014-02-28 23:17:51'),('eeaca2148828a0af4b3580c95ef3a91d','YjZjYzk3NTIzNjc2MTllOGRkYjg2OWZiYjFkN2U3NTU2Njk1ODQ2NzqAAn1xAVUKdGVzdGNvb2tp\nZXECVQZ3b3JrZWRxA3Mu\n','2013-07-16 23:33:51'),('eeb9add8756f86df55c9383627b093d9','YjZjYzk3NTIzNjc2MTllOGRkYjg2OWZiYjFkN2U3NTU2Njk1ODQ2NzqAAn1xAVUKdGVzdGNvb2tp\nZXECVQZ3b3JrZWRxA3Mu\n','2014-11-02 21:02:29'),('eec14444cbb45aa4b80681c7463f6a60','YjZjYzk3NTIzNjc2MTllOGRkYjg2OWZiYjFkN2U3NTU2Njk1ODQ2NzqAAn1xAVUKdGVzdGNvb2tp\nZXECVQZ3b3JrZWRxA3Mu\n','2014-02-15 08:54:33'),('eed97495c9d804fe887ab5e1ff1aad8a','YjZjYzk3NTIzNjc2MTllOGRkYjg2OWZiYjFkN2U3NTU2Njk1ODQ2NzqAAn1xAVUKdGVzdGNvb2tp\nZXECVQZ3b3JrZWRxA3Mu\n','2013-12-23 10:38:49'),('ef0b29a9cf3e1aeb4a48f58cccc71039','YjZjYzk3NTIzNjc2MTllOGRkYjg2OWZiYjFkN2U3NTU2Njk1ODQ2NzqAAn1xAVUKdGVzdGNvb2tp\nZXECVQZ3b3JrZWRxA3Mu\n','2014-08-06 22:42:26'),('ef3b7cbeab35e5953dc980cc9b9f721c','YjZjYzk3NTIzNjc2MTllOGRkYjg2OWZiYjFkN2U3NTU2Njk1ODQ2NzqAAn1xAVUKdGVzdGNvb2tp\nZXECVQZ3b3JrZWRxA3Mu\n','2014-06-03 01:03:00'),('efe2cb21a1aacf008f59ba062adbf844','YjZjYzk3NTIzNjc2MTllOGRkYjg2OWZiYjFkN2U3NTU2Njk1ODQ2NzqAAn1xAVUKdGVzdGNvb2tp\nZXECVQZ3b3JrZWRxA3Mu\n','2014-09-12 12:07:32'),('efe752f6e8d0ae1d2d38cdcb6e658c61','YjZjYzk3NTIzNjc2MTllOGRkYjg2OWZiYjFkN2U3NTU2Njk1ODQ2NzqAAn1xAVUKdGVzdGNvb2tp\nZXECVQZ3b3JrZWRxA3Mu\n','2014-10-29 00:35:19'),('effd885d57c71a340ca5a621bedf78ce','YjZjYzk3NTIzNjc2MTllOGRkYjg2OWZiYjFkN2U3NTU2Njk1ODQ2NzqAAn1xAVUKdGVzdGNvb2tp\nZXECVQZ3b3JrZWRxA3Mu\n','2014-12-12 02:49:22'),('f0059af2b7b32d04baeb2821c345e61d','YjZjYzk3NTIzNjc2MTllOGRkYjg2OWZiYjFkN2U3NTU2Njk1ODQ2NzqAAn1xAVUKdGVzdGNvb2tp\nZXECVQZ3b3JrZWRxA3Mu\n','2014-07-10 21:11:24'),('f035094187cf8bcdb1d58e1fe7e0331a','YjZjYzk3NTIzNjc2MTllOGRkYjg2OWZiYjFkN2U3NTU2Njk1ODQ2NzqAAn1xAVUKdGVzdGNvb2tp\nZXECVQZ3b3JrZWRxA3Mu\n','2014-01-02 19:50:16'),('f04a8c1c5b0801d92a9329686e22fc7a','YjZjYzk3NTIzNjc2MTllOGRkYjg2OWZiYjFkN2U3NTU2Njk1ODQ2NzqAAn1xAVUKdGVzdGNvb2tp\nZXECVQZ3b3JrZWRxA3Mu\n','2014-08-20 23:35:30'),('f0569a864feb66a7f4b6d15bbff4b3ef','YjZjYzk3NTIzNjc2MTllOGRkYjg2OWZiYjFkN2U3NTU2Njk1ODQ2NzqAAn1xAVUKdGVzdGNvb2tp\nZXECVQZ3b3JrZWRxA3Mu\n','2014-10-16 07:23:08'),('f06a2d48f43d952e4e1f759235f97268','YjZjYzk3NTIzNjc2MTllOGRkYjg2OWZiYjFkN2U3NTU2Njk1ODQ2NzqAAn1xAVUKdGVzdGNvb2tp\nZXECVQZ3b3JrZWRxA3Mu\n','2014-10-03 12:21:59'),('f0d13452617bdc38f1bb042a115c20e4','YjZjYzk3NTIzNjc2MTllOGRkYjg2OWZiYjFkN2U3NTU2Njk1ODQ2NzqAAn1xAVUKdGVzdGNvb2tp\nZXECVQZ3b3JrZWRxA3Mu\n','2014-11-12 07:43:14'),('f132a273df7226f8feea3f3f9cfdcd69','YjZjYzk3NTIzNjc2MTllOGRkYjg2OWZiYjFkN2U3NTU2Njk1ODQ2NzqAAn1xAVUKdGVzdGNvb2tp\nZXECVQZ3b3JrZWRxA3Mu\n','2014-11-18 05:28:26'),('f13b40b9c413154ec7ef3a8cf5caceb1','YjZjYzk3NTIzNjc2MTllOGRkYjg2OWZiYjFkN2U3NTU2Njk1ODQ2NzqAAn1xAVUKdGVzdGNvb2tp\nZXECVQZ3b3JrZWRxA3Mu\n','2014-07-09 18:52:10'),('f13d3671d97bbb0db0896c95bb664ac9','YjZjYzk3NTIzNjc2MTllOGRkYjg2OWZiYjFkN2U3NTU2Njk1ODQ2NzqAAn1xAVUKdGVzdGNvb2tp\nZXECVQZ3b3JrZWRxA3Mu\n','2013-04-04 10:16:16'),('f188f0e4e5bd65eca745fcf590bc80b6','YjZjYzk3NTIzNjc2MTllOGRkYjg2OWZiYjFkN2U3NTU2Njk1ODQ2NzqAAn1xAVUKdGVzdGNvb2tp\nZXECVQZ3b3JrZWRxA3Mu\n','2014-01-27 12:59:48'),('f1a64b67be697a2ecabb9686bd760011','YjZjYzk3NTIzNjc2MTllOGRkYjg2OWZiYjFkN2U3NTU2Njk1ODQ2NzqAAn1xAVUKdGVzdGNvb2tp\nZXECVQZ3b3JrZWRxA3Mu\n','2014-07-20 00:26:56'),('f1b33b4a8455018e1e4876a803464202','YjZjYzk3NTIzNjc2MTllOGRkYjg2OWZiYjFkN2U3NTU2Njk1ODQ2NzqAAn1xAVUKdGVzdGNvb2tp\nZXECVQZ3b3JrZWRxA3Mu\n','2014-06-04 08:49:31'),('f1de3e6b850a203d4c205ee6b87b0743','YjZjYzk3NTIzNjc2MTllOGRkYjg2OWZiYjFkN2U3NTU2Njk1ODQ2NzqAAn1xAVUKdGVzdGNvb2tp\nZXECVQZ3b3JrZWRxA3Mu\n','2014-02-11 03:10:42'),('f1f524dcb0438e7d9e1e547fbfd585f5','YjZjYzk3NTIzNjc2MTllOGRkYjg2OWZiYjFkN2U3NTU2Njk1ODQ2NzqAAn1xAVUKdGVzdGNvb2tp\nZXECVQZ3b3JrZWRxA3Mu\n','2014-06-27 22:25:20'),('f1fc047cda78e1ef8209d84715b4040c','YjZjYzk3NTIzNjc2MTllOGRkYjg2OWZiYjFkN2U3NTU2Njk1ODQ2NzqAAn1xAVUKdGVzdGNvb2tp\nZXECVQZ3b3JrZWRxA3Mu\n','2013-05-10 23:34:34'),('f25321d373b3adc2ed8c76502d882652','YjZjYzk3NTIzNjc2MTllOGRkYjg2OWZiYjFkN2U3NTU2Njk1ODQ2NzqAAn1xAVUKdGVzdGNvb2tp\nZXECVQZ3b3JrZWRxA3Mu\n','2014-01-10 22:55:21'),('f2cb2aa0b5fa8fe355579dc682d88ea9','YjZjYzk3NTIzNjc2MTllOGRkYjg2OWZiYjFkN2U3NTU2Njk1ODQ2NzqAAn1xAVUKdGVzdGNvb2tp\nZXECVQZ3b3JrZWRxA3Mu\n','2014-04-13 16:21:58'),('f2f065a4e23622174b6c08f1bf0de844','YjZjYzk3NTIzNjc2MTllOGRkYjg2OWZiYjFkN2U3NTU2Njk1ODQ2NzqAAn1xAVUKdGVzdGNvb2tp\nZXECVQZ3b3JrZWRxA3Mu\n','2014-06-06 05:31:50'),('f2fad35d1fbf22aaaef84194bc8a0c57','YjZjYzk3NTIzNjc2MTllOGRkYjg2OWZiYjFkN2U3NTU2Njk1ODQ2NzqAAn1xAVUKdGVzdGNvb2tp\nZXECVQZ3b3JrZWRxA3Mu\n','2014-10-01 14:18:40'),('f2fc8fd8f4f37b351a32de29aa4e3ca9','YjZjYzk3NTIzNjc2MTllOGRkYjg2OWZiYjFkN2U3NTU2Njk1ODQ2NzqAAn1xAVUKdGVzdGNvb2tp\nZXECVQZ3b3JrZWRxA3Mu\n','2014-04-03 19:08:59'),('f36045b6d7b048739535761e8ba87103','YjZjYzk3NTIzNjc2MTllOGRkYjg2OWZiYjFkN2U3NTU2Njk1ODQ2NzqAAn1xAVUKdGVzdGNvb2tp\nZXECVQZ3b3JrZWRxA3Mu\n','2014-11-24 13:24:09'),('f3be80c9fff069f3c2487437b0b3b006','YjZjYzk3NTIzNjc2MTllOGRkYjg2OWZiYjFkN2U3NTU2Njk1ODQ2NzqAAn1xAVUKdGVzdGNvb2tp\nZXECVQZ3b3JrZWRxA3Mu\n','2013-05-23 15:49:03'),('f3e4193b502bbb8baa2682c7d509bb14','YjZjYzk3NTIzNjc2MTllOGRkYjg2OWZiYjFkN2U3NTU2Njk1ODQ2NzqAAn1xAVUKdGVzdGNvb2tp\nZXECVQZ3b3JrZWRxA3Mu\n','2013-08-08 13:38:50'),('f4261981b6dbcf023448d4da06c663b4','YjZjYzk3NTIzNjc2MTllOGRkYjg2OWZiYjFkN2U3NTU2Njk1ODQ2NzqAAn1xAVUKdGVzdGNvb2tp\nZXECVQZ3b3JrZWRxA3Mu\n','2014-07-23 06:54:46'),('f46a8a537221420d01494cb87991cbf8','YjZjYzk3NTIzNjc2MTllOGRkYjg2OWZiYjFkN2U3NTU2Njk1ODQ2NzqAAn1xAVUKdGVzdGNvb2tp\nZXECVQZ3b3JrZWRxA3Mu\n','2014-07-07 14:25:19'),('f4867c5da4ca4680c7296e475bcd4d23','YjZjYzk3NTIzNjc2MTllOGRkYjg2OWZiYjFkN2U3NTU2Njk1ODQ2NzqAAn1xAVUKdGVzdGNvb2tp\nZXECVQZ3b3JrZWRxA3Mu\n','2014-11-25 18:31:28'),('f4aa4df341ddec2847ab51602207e69d','YjZjYzk3NTIzNjc2MTllOGRkYjg2OWZiYjFkN2U3NTU2Njk1ODQ2NzqAAn1xAVUKdGVzdGNvb2tp\nZXECVQZ3b3JrZWRxA3Mu\n','2013-12-18 15:47:41'),('f511ef4486916ef24e9b276de32e9399','YjZjYzk3NTIzNjc2MTllOGRkYjg2OWZiYjFkN2U3NTU2Njk1ODQ2NzqAAn1xAVUKdGVzdGNvb2tp\nZXECVQZ3b3JrZWRxA3Mu\n','2014-03-28 17:55:09'),('f532acd422ce5b284cedcf4da4dcd90c','YjZjYzk3NTIzNjc2MTllOGRkYjg2OWZiYjFkN2U3NTU2Njk1ODQ2NzqAAn1xAVUKdGVzdGNvb2tp\nZXECVQZ3b3JrZWRxA3Mu\n','2014-10-24 08:07:41'),('f5c5dc88197f73f12cd7cb131e1d8943','YjZjYzk3NTIzNjc2MTllOGRkYjg2OWZiYjFkN2U3NTU2Njk1ODQ2NzqAAn1xAVUKdGVzdGNvb2tp\nZXECVQZ3b3JrZWRxA3Mu\n','2014-09-13 07:15:06'),('f5d6f2cb9f88f3a14ad25831bd3976b3','YjZjYzk3NTIzNjc2MTllOGRkYjg2OWZiYjFkN2U3NTU2Njk1ODQ2NzqAAn1xAVUKdGVzdGNvb2tp\nZXECVQZ3b3JrZWRxA3Mu\n','2014-01-28 04:42:30'),('f5f6f40d5dd65056e90d15f4d2948c74','YjZjYzk3NTIzNjc2MTllOGRkYjg2OWZiYjFkN2U3NTU2Njk1ODQ2NzqAAn1xAVUKdGVzdGNvb2tp\nZXECVQZ3b3JrZWRxA3Mu\n','2014-10-05 02:52:07'),('f5fbbecbb911dedbaea1f7c4ca30884b','YjZjYzk3NTIzNjc2MTllOGRkYjg2OWZiYjFkN2U3NTU2Njk1ODQ2NzqAAn1xAVUKdGVzdGNvb2tp\nZXECVQZ3b3JrZWRxA3Mu\n','2013-12-15 23:02:01'),('f6491865ef0437c3fd0b9ec6cff7b886','YjZjYzk3NTIzNjc2MTllOGRkYjg2OWZiYjFkN2U3NTU2Njk1ODQ2NzqAAn1xAVUKdGVzdGNvb2tp\nZXECVQZ3b3JrZWRxA3Mu\n','2014-07-05 18:40:52'),('f69521d42fc66e69d0cc415f1ea29eb9','YjZjYzk3NTIzNjc2MTllOGRkYjg2OWZiYjFkN2U3NTU2Njk1ODQ2NzqAAn1xAVUKdGVzdGNvb2tp\nZXECVQZ3b3JrZWRxA3Mu\n','2013-03-20 08:24:03'),('f6b25dab0164480f724fa311c98d9431','YjZjYzk3NTIzNjc2MTllOGRkYjg2OWZiYjFkN2U3NTU2Njk1ODQ2NzqAAn1xAVUKdGVzdGNvb2tp\nZXECVQZ3b3JrZWRxA3Mu\n','2014-08-17 20:54:58'),('f6b809ec1e83d5e6b66dd047ca5875dd','YjZjYzk3NTIzNjc2MTllOGRkYjg2OWZiYjFkN2U3NTU2Njk1ODQ2NzqAAn1xAVUKdGVzdGNvb2tp\nZXECVQZ3b3JrZWRxA3Mu\n','2014-06-10 04:05:54'),('f6d43be0fca96a7d99269cb033ba2ed6','YjZjYzk3NTIzNjc2MTllOGRkYjg2OWZiYjFkN2U3NTU2Njk1ODQ2NzqAAn1xAVUKdGVzdGNvb2tp\nZXECVQZ3b3JrZWRxA3Mu\n','2014-08-21 15:50:14'),('f6e3f671e829f60489ea53e759f6d0b2','YjZjYzk3NTIzNjc2MTllOGRkYjg2OWZiYjFkN2U3NTU2Njk1ODQ2NzqAAn1xAVUKdGVzdGNvb2tp\nZXECVQZ3b3JrZWRxA3Mu\n','2013-04-27 07:43:31'),('f7bbf419606cdd60090bc1beb2e0fffe','YjZjYzk3NTIzNjc2MTllOGRkYjg2OWZiYjFkN2U3NTU2Njk1ODQ2NzqAAn1xAVUKdGVzdGNvb2tp\nZXECVQZ3b3JrZWRxA3Mu\n','2014-05-24 10:37:24'),('f7c993b3b1749708c429855095effc36','YjZjYzk3NTIzNjc2MTllOGRkYjg2OWZiYjFkN2U3NTU2Njk1ODQ2NzqAAn1xAVUKdGVzdGNvb2tp\nZXECVQZ3b3JrZWRxA3Mu\n','2014-12-19 06:39:51'),('f7db1395b533e9802ea4dbf149ae45f7','YjZjYzk3NTIzNjc2MTllOGRkYjg2OWZiYjFkN2U3NTU2Njk1ODQ2NzqAAn1xAVUKdGVzdGNvb2tp\nZXECVQZ3b3JrZWRxA3Mu\n','2014-03-10 21:40:37'),('f7dd72b6338432d8ba2e488004ef3781','YjZjYzk3NTIzNjc2MTllOGRkYjg2OWZiYjFkN2U3NTU2Njk1ODQ2NzqAAn1xAVUKdGVzdGNvb2tp\nZXECVQZ3b3JrZWRxA3Mu\n','2013-05-21 01:35:54'),('f85148f06456cd6fd9fb0b7866146118','YjZjYzk3NTIzNjc2MTllOGRkYjg2OWZiYjFkN2U3NTU2Njk1ODQ2NzqAAn1xAVUKdGVzdGNvb2tp\nZXECVQZ3b3JrZWRxA3Mu\n','2013-03-20 04:15:18'),('f879737a07e8136b6fc51319747e4154','YjZjYzk3NTIzNjc2MTllOGRkYjg2OWZiYjFkN2U3NTU2Njk1ODQ2NzqAAn1xAVUKdGVzdGNvb2tp\nZXECVQZ3b3JrZWRxA3Mu\n','2014-07-01 11:16:09'),('f88d1e269afcf0349b400d356cdc6f27','YjZjYzk3NTIzNjc2MTllOGRkYjg2OWZiYjFkN2U3NTU2Njk1ODQ2NzqAAn1xAVUKdGVzdGNvb2tp\nZXECVQZ3b3JrZWRxA3Mu\n','2014-07-04 08:42:06'),('f8cb91dfe254a6b8a895c0bbeaeb0122','YjZjYzk3NTIzNjc2MTllOGRkYjg2OWZiYjFkN2U3NTU2Njk1ODQ2NzqAAn1xAVUKdGVzdGNvb2tp\nZXECVQZ3b3JrZWRxA3Mu\n','2014-10-01 19:18:58'),('f9a1da3b1f902e26409fe9363aea45ef','YjZjYzk3NTIzNjc2MTllOGRkYjg2OWZiYjFkN2U3NTU2Njk1ODQ2NzqAAn1xAVUKdGVzdGNvb2tp\nZXECVQZ3b3JrZWRxA3Mu\n','2013-03-15 08:38:57'),('fa1a7781ff1022ade7052e1bc2f5352a','YjZjYzk3NTIzNjc2MTllOGRkYjg2OWZiYjFkN2U3NTU2Njk1ODQ2NzqAAn1xAVUKdGVzdGNvb2tp\nZXECVQZ3b3JrZWRxA3Mu\n','2014-01-19 23:34:01'),('fa8b84d59fab083832d9be9d62e45ce4','YjZjYzk3NTIzNjc2MTllOGRkYjg2OWZiYjFkN2U3NTU2Njk1ODQ2NzqAAn1xAVUKdGVzdGNvb2tp\nZXECVQZ3b3JrZWRxA3Mu\n','2013-09-15 10:39:26'),('faed5d716fa06dae99c10bf1fe494484','YjZjYzk3NTIzNjc2MTllOGRkYjg2OWZiYjFkN2U3NTU2Njk1ODQ2NzqAAn1xAVUKdGVzdGNvb2tp\nZXECVQZ3b3JrZWRxA3Mu\n','2013-08-28 17:55:01'),('fb5b0afd06aeaf8e94f9571fbcecdfc6','YjZjYzk3NTIzNjc2MTllOGRkYjg2OWZiYjFkN2U3NTU2Njk1ODQ2NzqAAn1xAVUKdGVzdGNvb2tp\nZXECVQZ3b3JrZWRxA3Mu\n','2014-10-25 01:46:23'),('fbcd42bb6c97b4498c1fbf372782eba8','YjZjYzk3NTIzNjc2MTllOGRkYjg2OWZiYjFkN2U3NTU2Njk1ODQ2NzqAAn1xAVUKdGVzdGNvb2tp\nZXECVQZ3b3JrZWRxA3Mu\n','2014-05-02 22:54:17'),('fbe52bd2ec64aaed3227ba25851c4442','YjZjYzk3NTIzNjc2MTllOGRkYjg2OWZiYjFkN2U3NTU2Njk1ODQ2NzqAAn1xAVUKdGVzdGNvb2tp\nZXECVQZ3b3JrZWRxA3Mu\n','2013-03-20 06:02:57'),('fc291f23272b3de1b304dc0c4eb71891','YjZjYzk3NTIzNjc2MTllOGRkYjg2OWZiYjFkN2U3NTU2Njk1ODQ2NzqAAn1xAVUKdGVzdGNvb2tp\nZXECVQZ3b3JrZWRxA3Mu\n','2013-11-19 04:43:57'),('fc8429c9b86eaa13c84e73b6bde25eb7','YjZjYzk3NTIzNjc2MTllOGRkYjg2OWZiYjFkN2U3NTU2Njk1ODQ2NzqAAn1xAVUKdGVzdGNvb2tp\nZXECVQZ3b3JrZWRxA3Mu\n','2014-11-08 08:51:16'),('fce811835268a6b130284d803b0e2279','YjZjYzk3NTIzNjc2MTllOGRkYjg2OWZiYjFkN2U3NTU2Njk1ODQ2NzqAAn1xAVUKdGVzdGNvb2tp\nZXECVQZ3b3JrZWRxA3Mu\n','2013-05-07 13:04:32'),('fd4f169056f4f8ea5bcbe363e0d3243d','YjQ1ZGNmMzg3NDE5NWE0OWU4YjRjYmJiMTE1M2RkNmFhYmIwNmE0OTqAAn1xAVUKdGVzdGNvb2tp\nZVUGd29ya2VkcQJzLg==\n','2013-07-27 08:00:14'),('fd5fed2a0d4d6f416ef3b6dcb5a557c5','YjZjYzk3NTIzNjc2MTllOGRkYjg2OWZiYjFkN2U3NTU2Njk1ODQ2NzqAAn1xAVUKdGVzdGNvb2tp\nZXECVQZ3b3JrZWRxA3Mu\n','2013-06-29 11:52:31'),('fd899df26d43cb302b2a5505e9c3dca2','YjZjYzk3NTIzNjc2MTllOGRkYjg2OWZiYjFkN2U3NTU2Njk1ODQ2NzqAAn1xAVUKdGVzdGNvb2tp\nZXECVQZ3b3JrZWRxA3Mu\n','2013-08-06 04:04:12'),('fdf19c9d26843bb585a4965cd5bca34f','YjZjYzk3NTIzNjc2MTllOGRkYjg2OWZiYjFkN2U3NTU2Njk1ODQ2NzqAAn1xAVUKdGVzdGNvb2tp\nZXECVQZ3b3JrZWRxA3Mu\n','2013-05-06 10:07:27'),('fe12adb518c5b1d88bc26d2684c1a88f','YjZjYzk3NTIzNjc2MTllOGRkYjg2OWZiYjFkN2U3NTU2Njk1ODQ2NzqAAn1xAVUKdGVzdGNvb2tp\nZXECVQZ3b3JrZWRxA3Mu\n','2013-09-18 03:51:10'),('fe1b4169928a22df4d480fbaf50bbb12','YjZjYzk3NTIzNjc2MTllOGRkYjg2OWZiYjFkN2U3NTU2Njk1ODQ2NzqAAn1xAVUKdGVzdGNvb2tp\nZXECVQZ3b3JrZWRxA3Mu\n','2014-05-26 02:46:14'),('fe96e8353fbc25100b229d931e15b83b','YjZjYzk3NTIzNjc2MTllOGRkYjg2OWZiYjFkN2U3NTU2Njk1ODQ2NzqAAn1xAVUKdGVzdGNvb2tp\nZXECVQZ3b3JrZWRxA3Mu\n','2013-09-15 04:17:16'),('fef458b1c3a0ce9c3bebf0bc116e1385','YjZjYzk3NTIzNjc2MTllOGRkYjg2OWZiYjFkN2U3NTU2Njk1ODQ2NzqAAn1xAVUKdGVzdGNvb2tp\nZXECVQZ3b3JrZWRxA3Mu\n','2014-05-29 01:31:56'),('ff04610a51109b666ca9bbbb4d8481f2','YjZjYzk3NTIzNjc2MTllOGRkYjg2OWZiYjFkN2U3NTU2Njk1ODQ2NzqAAn1xAVUKdGVzdGNvb2tp\nZXECVQZ3b3JrZWRxA3Mu\n','2014-07-16 09:43:22'),('ff261333ccc0ea0f7276fa57c3a36349','YjZjYzk3NTIzNjc2MTllOGRkYjg2OWZiYjFkN2U3NTU2Njk1ODQ2NzqAAn1xAVUKdGVzdGNvb2tp\nZXECVQZ3b3JrZWRxA3Mu\n','2014-10-01 02:30:34'),('ff53024bb8b3052bdffdded855c60702','YjZjYzk3NTIzNjc2MTllOGRkYjg2OWZiYjFkN2U3NTU2Njk1ODQ2NzqAAn1xAVUKdGVzdGNvb2tp\nZXECVQZ3b3JrZWRxA3Mu\n','2013-12-09 07:24:00'),('ff6acf76d4b6c1ac1a44be5b8353a728','YjZjYzk3NTIzNjc2MTllOGRkYjg2OWZiYjFkN2U3NTU2Njk1ODQ2NzqAAn1xAVUKdGVzdGNvb2tp\nZXECVQZ3b3JrZWRxA3Mu\n','2014-05-24 14:30:55'),('ffa505d9ae44f18399fc83b3abbdf176','YjZjYzk3NTIzNjc2MTllOGRkYjg2OWZiYjFkN2U3NTU2Njk1ODQ2NzqAAn1xAVUKdGVzdGNvb2tp\nZXECVQZ3b3JrZWRxA3Mu\n','2013-03-31 00:45:22'),('ffbd4cd0edab4c3db05ceca38e6998d0','YjZjYzk3NTIzNjc2MTllOGRkYjg2OWZiYjFkN2U3NTU2Njk1ODQ2NzqAAn1xAVUKdGVzdGNvb2tp\nZXECVQZ3b3JrZWRxA3Mu\n','2014-02-04 15:16:01');

--
