--
-- Host: localhost    Database: eafsd
-- ------------------------------------------------------


--
-- Table structure for table `assignment_titles`
--

CREATE TABLE `assignment_titles` (
  `id` int(11) NOT NULL AUTO_INCREMENT,
  `name` varchar(255) DEFAULT NULL,
  `assignment_type_id` int(11) DEFAULT NULL,
  `temporary` tinyint(1) DEFAULT NULL,
  `commissioned` tinyint(1) DEFAULT NULL,
  `notes` text,
  `created_at` datetime DEFAULT NULL,
  `updated_at` datetime DEFAULT NULL,
  PRIMARY KEY (`id`),
  KEY `assignment_type_id` (`assignment_type_id`),
  CONSTRAINT `assignment_titles_assignment_type_id_9c09e7ee_fk_assignmen` FOREIGN KEY (`assignment_type_id`) REFERENCES `assignment_types` (`id`)
) ENGINE=InnoDB AUTO_INCREMENT=46 DEFAULT CHARSET=latin1;

--
-- Dumping data for table `assignment_titles`
--

INSERT INTO `assignment_titles` VALUES (1,'Acting Commercial Agent',1040335078,1,0,NULL,'2009-03-17 21:05:40','2009-12-02 20:17:20'),(2,'Acting Consul',1040335078,1,0,NULL,'2009-03-17 21:05:40','2009-12-02 20:17:54'),(3,'Acting Consul General',1040335078,1,0,NULL,'2009-03-17 21:05:40','2009-12-02 20:18:24'),(4,'Acting Consular Agent',1040335078,1,0,NULL,'2009-03-17 21:05:40','2009-12-02 20:18:52'),(5,'Acting Vice Consul',1040335078,1,0,NULL,'2009-03-17 21:05:40','2009-12-02 20:19:15'),(6,'Acting Vice Consul in Charge',1040335078,1,0,'\"Acting\" typically denotes a temporary position, held until the official replacement arrives.  More research is necessary to find out why the one assignment for \"Acting Vice Consul in Charge\" lasted for 49 years.','2009-03-17 21:05:40','2009-12-02 20:22:32'),(7,'Agent for Claims and Seamen',1040335078,0,0,'Agents typically were not commissioned, however since only one person ever held this title more research is required.','2009-03-17 21:05:40','2009-12-02 20:23:47'),(8,'Agent for Commerce and Seamen',1040335078,0,0,NULL,'2009-03-17 21:05:40','2009-12-02 20:24:22'),(9,'Agent for Prisoners of War',1040335078,1,0,NULL,'2009-03-17 21:05:40','2012-09-10 20:49:36'),(10,'Chancellor of Consulate',854258232,0,0,NULL,'2009-03-17 21:05:40','2009-12-02 20:26:43'),(11,'Charge d\'Affaires',676005164,0,1,NULL,'2009-03-17 21:05:40','2010-09-16 18:55:21'),(12,'Charge d\'Affaires a.i.',676005164,1,0,'','2009-03-17 21:05:40','2012-10-09 20:20:44'),(13,'Clerk to Consul General',854258232,0,0,NULL,'2009-03-17 21:05:40','2009-12-02 20:29:29'),(14,'Commercial Agent',1040335078,0,1,'This title is a curious artifact of the Napoleonic Era. After Napoleon declared himself \"First Consul\" he required that foreign consuls be retitled in the French Empire.  The Convention of 1800, which ended the Quasi-War, renamed all American consuls in French held ports \"Commercial Agents.\"','2009-03-17 21:05:40','2013-04-19 02:38:17'),(15,'Commissioner',676005164,0,1,NULL,'2009-03-17 21:05:40','2009-12-02 20:30:56'),(16,'Commissioner (not COM)',676005164,0,1,NULL,'2009-03-17 21:05:40','2009-12-02 20:31:21'),(17,'Commissioner Plenipotentiary',676005164,0,1,'Research needed to verify commission.','2009-03-17 21:05:40','2009-12-02 20:32:44'),(18,'Consul',1040335078,0,1,NULL,'2009-03-17 21:05:40','2009-03-17 21:05:40'),(19,'Consul General',1040335078,0,1,NULL,'2009-03-17 21:05:40','2009-12-03 23:03:58'),(20,'Consul/ Claims Commissioner',1040335078,0,1,'Consuls were commissioned.','2009-03-17 21:05:40','2009-12-03 23:04:29'),(21,'Consular Agent',1040335078,0,0,'Even though this position has Agent in the title, it is clear from years served that this was a permanent position, since technically only American citizens could be commissioned as consuls (though there are many examples to the contrary).','2009-03-17 21:05:40','2012-09-10 20:56:48'),(22,'Consular and Commercial Agent',1040335078,0,0,NULL,'2009-03-17 21:05:40','2009-12-03 23:05:36'),(23,'Delegate U.S. Br. Commission',676005164,1,0,NULL,'2009-03-17 21:05:40','2009-12-03 23:06:17'),(24,'Diplomatic Agent',676005164,0,0,'This title appears to have only been used once -- for Charles Dumas.','2009-03-17 21:05:40','2012-09-10 20:57:43'),(25,'Envoy Extraordinaire and Minister Plenipotentiary',676005164,0,1,NULL,'2009-03-17 21:05:40','2009-12-03 23:07:07'),(26,'Minister Plenipotentiary',676005164,0,1,NULL,'2009-03-17 21:05:40','2009-12-03 23:07:31'),(27,'Minister Resident',676005164,0,1,'This appointment came one year after the Portuguese royal family moved to Brazil to escape Napoleon I and made Rio de Janeiro the temporary capital of the Portuguese Empire.','2009-03-17 21:05:40','2011-02-10 03:03:04'),(28,'Secretary of Delegation',854258232,0,0,NULL,'2009-03-17 21:05:40','2009-12-03 23:08:10'),(29,'Secretary of Legation',854258232,0,0,NULL,'2009-03-17 21:05:40','2009-12-03 23:08:36'),(30,'Secretary of Negotiating Delegation',854258232,0,0,NULL,'2009-03-17 21:05:40','2009-12-03 23:08:50'),(31,'Secretary to Consul General',854258232,0,0,NULL,'2009-03-17 21:05:40','2009-12-03 23:09:13'),(32,'Secretary to Negotiating Commission',854258232,0,0,NULL,'2009-03-17 21:05:40','2009-12-03 23:09:54'),(33,'Secretary to Negotiating Delegation',854258232,0,0,NULL,'2009-03-17 21:05:40','2009-12-03 23:10:37'),(34,'Secretary - Special Diplomatic Mission',854258232,1,0,NULL,'2009-03-17 21:05:40','2009-12-03 23:10:58'),(35,'Special Agent for Claims',1040335078,1,0,NULL,'2009-03-17 21:05:41','2009-12-03 23:11:12'),(36,'Special Agent to Portuguese Government',676005164,1,0,NULL,'2009-03-17 21:05:41','2010-01-10 22:15:28'),(37,'Special Agent/Commissioner',676005164,1,0,NULL,'2009-03-17 21:05:41','2009-12-03 23:11:54'),(38,'Special Commissioner',676005164,0,0,NULL,'2009-03-17 21:05:41','2009-12-03 23:12:13'),(39,'Special Diplomatic Agent',676005164,1,0,NULL,'2009-03-17 21:05:41','2010-01-10 22:22:24'),(40,'Special Negotiator',676005164,1,1,NULL,'2009-03-17 21:05:41','2012-09-10 21:00:19'),(41,'Treaty Negotiator',676005164,1,1,NULL,'2009-03-17 21:05:41','2012-09-10 21:01:18'),(42,'Vice /Acting Consul',1040335078,1,0,'It appears that those who held this position, were acting as consul while technically holding the position of vice consul (which was rarely a commissioned title).  More research is required into the particulars of each case.','2009-03-17 21:05:41','2009-12-03 23:15:49'),(43,'Vice Commercial Agent',1040335078,0,0,NULL,'2009-03-17 21:05:41','2009-12-03 23:16:13'),(44,'Vice Consul',1040335078,0,0,'Vice consul was typically an non commissioned post.  However, in some cases Vice Consuls were commissioned.  See the notes for each assignment record to determine if that officer held a commission as vice consul.','2009-03-17 21:05:41','2009-12-03 23:17:24'),(45,'Vice Consul in Charge',1040335078,0,0,NULL,'2009-03-17 21:05:41','2009-12-03 23:17:40');

--
-- Table structure for table `assignment_types`
--

CREATE TABLE `assignment_types` (
  `id` int(11) NOT NULL AUTO_INCREMENT,
  `name` varchar(255) DEFAULT NULL,
  `notes` text,
  `created_at` datetime DEFAULT NULL,
  `updated_at` datetime DEFAULT NULL,
  PRIMARY KEY (`id`)
) ENGINE=InnoDB AUTO_INCREMENT=1040335079 DEFAULT CHARSET=latin1;

--
-- Dumping data for table `assignment_types`
--

INSERT INTO `assignment_types` VALUES (676005164,'diplomatic','This covers <b>all</b>: ministers, envoys, commissioners, diplomatic agents,  charges d\'affaires, etc.','2009-03-16 17:30:23','2010-10-05 02:59:36'),(854258232,'support staff','all the secretaries or clerks','2009-03-16 17:30:23','2009-03-16 17:30:23'),(1040335078,'consular','this covers all variations on consul, as well as agents for commerce and seamen, etc.','2009-03-16 17:30:23','2009-03-16 17:30:23');

--
-- Table structure for table `assignments`
--

CREATE TABLE `assignments` (
  `id` int(11) NOT NULL AUTO_INCREMENT,
  `individual_id` int(11) DEFAULT NULL,
  `assignment_title_id` int(11) DEFAULT NULL,
  `location_id` int(11) DEFAULT NULL,
  `start_year` int(11) DEFAULT NULL,
  `start_certain` tinyint(1) DEFAULT NULL,
  `end_year` int(11) DEFAULT NULL,
  `end_certain` tinyint(1) DEFAULT NULL,
  `notes` text,
  PRIMARY KEY (`id`),
  KEY `individual_id` (`individual_id`),
  KEY `assignment_title_id` (`assignment_title_id`),
  KEY `location_id` (`location_id`),
  CONSTRAINT `assignments_ibfk_1` FOREIGN KEY (`individual_id`) REFERENCES `individuals` (`id`),
  CONSTRAINT `assignments_ibfk_2` FOREIGN KEY (`assignment_title_id`) REFERENCES `assignment_titles` (`id`),
  CONSTRAINT `assignments_ibfk_3` FOREIGN KEY (`location_id`) REFERENCES `locations` (`id`)
) ENGINE=InnoDB AUTO_INCREMENT=2006 DEFAULT CHARSET=latin1;

--
-- Dumping data for table `assignments`
--

INSERT INTO `assignments` VALUES (1235,1,40,166,1779,1,1779,0,'I think this is meant to be his time as sole commissioner to Great Britain.  If so, then this record needs to be overhauled or deleted.'),(1236,2,28,166,1779,1,1779,0,NULL),(1237,3,41,166,1782,1,1783,1,NULL),(1238,1,26,166,1785,1,1788,1,''),(1239,4,29,166,1785,1,1788,0,NULL),(1240,5,39,166,1789,1,1789,0,NULL),(1241,6,26,166,1792,1,1796,1,NULL),(1242,7,40,166,1794,1,1794,0,NULL),(1243,8,26,166,1796,1,1803,1,NULL),(1244,9,23,166,1801,0,1802,1,NULL),(1245,9,12,166,1802,1,1802,0,NULL),(1246,10,26,166,1803,1,1807,1,NULL),(1247,10,40,166,1806,1,1807,1,NULL),(1248,11,40,166,1806,1,1808,1,NULL),(1249,11,26,166,1808,1,1811,1,NULL),(1250,12,12,166,1811,1,1811,0,NULL),(1251,13,11,166,1811,1,1812,1,NULL),(1252,14,25,166,1815,1,1817,1,NULL),(1253,15,29,166,1815,1,1825,1,NULL),(1254,16,25,166,1817,1,1825,1,NULL),(1255,17,41,166,1818,1,1818,0,NULL),(1256,18,40,166,1823,1,1823,0,NULL),(1257,19,39,166,1823,1,1824,1,NULL),(1258,20,29,166,1825,1,1826,1,NULL),(1259,8,25,166,1825,1,1826,1,NULL),(1260,21,18,166,1790,1,1797,0,NULL),(1261,22,18,166,1797,1,1801,0,NULL),(1262,23,18,166,1801,1,1804,1,NULL),(1263,24,18,166,1804,1,1811,1,NULL),(1264,25,44,166,1808,0,1811,1,NULL),(1265,25,2,166,1811,1,1812,1,NULL),(1266,25,9,166,1812,1,1814,1,NULL),(1267,25,2,166,1814,1,1815,1,NULL),(1268,26,18,166,1815,1,1853,1,NULL),(1269,27,21,167,1795,1,1802,1,NULL),(1270,28,18,168,1792,1,1815,1,NULL),(1271,29,2,168,1793,1,1793,0,NULL),(1272,30,10,168,1795,1,1801,0,NULL),(1273,31,2,168,1801,1,1805,0,NULL),(1274,32,18,168,1816,1,1833,1,NULL),(1275,33,44,169,1790,1,1816,1,NULL),(1276,33,18,169,1816,1,1823,0,NULL),(1277,34,18,169,1823,1,1841,0,NULL),(1278,35,21,170,1793,1,1793,0,NULL),(1279,36,21,170,1793,1,1805,1,NULL),(1280,37,18,171,1793,1,1794,1,NULL),(1281,38,18,171,1794,1,1818,1,NULL),(1282,39,18,171,1819,1,1854,1,NULL),(1283,40,18,172,1796,1,1816,1,NULL),(1284,41,18,172,1816,1,1827,1,NULL),(1285,42,18,173,1790,1,1812,1,NULL),(1286,42,18,173,1815,1,1829,1,NULL),(1287,43,21,174,1792,1,1795,1,NULL),(1288,44,18,174,1815,1,1819,1,NULL),(1289,45,18,174,1823,1,1859,1,NULL),(1290,46,44,175,1791,1,1791,0,NULL),(1291,47,21,176,1798,1,1803,0,NULL),(1292,48,21,176,1798,1,1803,0,NULL),(1293,49,21,177,1798,1,1798,0,NULL),(1294,50,21,177,1798,1,1809,1,NULL),(1295,51,21,177,1809,1,1835,1,NULL),(1296,52,18,178,1801,1,1807,0,NULL),(1297,53,18,178,1820,1,1824,0,NULL),(1298,54,18,178,1824,1,1831,1,NULL),(1299,55,18,179,1798,1,1817,0,NULL),(1300,56,18,179,1817,1,1833,0,NULL),(1301,57,18,180,1796,1,1815,0,NULL),(1302,58,2,180,1815,1,1815,0,NULL),(1303,59,18,180,1815,1,1820,1,NULL),(1304,60,18,180,1820,1,1830,1,NULL),(1305,61,18,181,1797,1,1815,0,NULL),(1306,62,18,181,1815,1,1817,0,NULL),(1307,63,18,181,1817,1,1826,1,NULL),(1308,64,18,182,1790,1,1793,1,NULL),(1309,65,18,182,1794,1,1809,1,NULL),(1310,66,18,182,1809,1,1826,0,NULL),(1311,67,18,183,1811,1,1814,1,NULL),(1312,68,18,184,1811,1,1813,1,NULL),(1313,69,18,184,1813,1,1817,1,NULL),(1314,70,18,184,1817,1,1834,0,NULL),(1315,2,40,185,1777,1,1777,0,NULL),(1316,2,27,185,1780,1,1780,0,NULL),(1317,71,18,185,1794,1,1803,0,NULL),(1318,8,41,185,1799,1,1799,0,NULL),(1319,72,18,185,1803,1,1813,0,NULL),(1320,14,26,185,1809,1,1814,1,NULL),(1321,73,29,185,1812,1,1816,0,NULL),(1322,74,29,185,1812,1,1816,0,NULL),(1323,72,33,185,1813,1,1813,0,NULL),(1324,75,41,185,1813,1,1814,1,NULL),(1325,72,11,185,1814,1,1817,1,NULL),(1326,76,39,185,1816,1,1816,0,NULL),(1327,77,29,185,1816,1,1818,1,NULL),(1328,11,25,185,1816,1,1818,1,NULL),(1329,78,18,185,1816,1,1819,0,NULL),(1330,79,25,185,1818,1,1820,1,NULL),(1331,80,29,185,1818,1,1820,1,NULL),(1332,81,18,185,1819,1,1850,1,NULL),(1333,18,25,185,1820,1,1830,1,NULL),(1334,82,21,186,1797,1,1807,0,NULL),(1335,83,21,186,1807,1,1807,0,NULL),(1336,84,21,187,1778,1,1790,1,NULL),(1337,85,18,187,1790,1,1797,1,NULL),(1338,86,2,187,1793,1,1793,0,NULL),(1339,87,18,187,1797,1,1799,0,NULL),(1340,88,18,187,1799,1,1801,1,NULL),(1341,89,43,187,1801,1,1804,0,NULL),(1342,90,14,187,1801,1,1816,1,NULL),(1343,91,5,187,1810,1,1811,1,NULL),(1344,92,2,187,1813,1,1813,0,NULL),(1345,93,18,187,1816,1,1824,1,NULL),(1346,94,18,187,1824,1,1841,1,NULL),(1347,88,18,188,1797,1,1799,1,NULL),(1348,95,2,188,1799,1,1802,1,NULL),(1349,96,14,189,1802,1,1807,1,NULL),(1350,97,1,189,1806,1,1806,0,NULL),(1351,98,18,189,1817,1,1827,1,NULL),(1352,99,14,190,1802,1,1806,0,NULL),(1353,100,18,190,1806,1,1822,0,NULL),(1354,101,18,190,1822,1,1829,1,NULL),(1355,102,18,191,1794,1,1801,0,NULL),(1356,103,14,191,1801,1,1803,1,NULL),(1357,102,14,191,1803,1,1806,0,NULL),(1358,104,44,192,1790,1,1803,0,NULL),(1359,105,18,192,1793,1,1794,0,NULL),(1360,106,18,192,1794,1,1797,0,NULL),(1361,104,43,192,1801,1,1803,1,NULL),(1362,107,14,192,1801,1,1803,1,NULL),(1363,108,43,192,1803,1,1807,0,NULL),(1364,88,14,192,1803,1,1808,0,NULL),(1365,25,18,192,1817,1,1847,1,NULL),(1366,109,21,193,1817,1,1820,0,NULL),(1367,110,14,194,1801,1,1803,1,NULL),(1368,111,14,194,1803,1,1815,0,NULL),(1369,112,18,194,1815,1,1816,1,NULL),(1370,113,18,194,1816,1,1817,1,NULL),(1371,114,18,194,1817,1,1833,0,NULL),(1372,115,21,195,1791,1,1817,1,NULL),(1373,116,14,195,1803,1,1815,0,NULL),(1374,117,18,195,1815,1,1819,1,NULL),(1375,118,21,195,1816,1,1822,0,NULL),(1376,119,10,195,1818,1,1822,0,NULL),(1377,120,18,195,1820,1,1821,1,NULL),(1378,121,18,195,1825,1,1826,1,NULL),(1379,122,18,196,1790,1,1801,0,NULL),(1380,122,14,196,1805,1,1819,0,NULL),(1381,123,18,196,1819,1,1829,1,NULL),(1382,124,18,197,1794,1,1802,0,NULL),(1383,125,14,197,1802,1,1805,0,NULL),(1384,126,18,198,1790,1,1793,1,NULL),(1385,127,18,198,1794,1,1799,1,NULL),(1386,128,14,198,1802,1,1803,1,NULL),(1387,110,14,198,1803,1,1815,0,NULL),(1388,93,18,198,1815,1,1816,1,NULL),(1389,113,18,198,1817,1,1821,0,NULL),(1390,129,18,198,1821,1,1838,1,NULL),(1391,130,40,199,1776,1,1777,1,NULL),(1392,3,40,199,1776,1,1778,1,NULL),(1393,131,40,199,1776,1,1778,1,NULL),(1394,1,16,199,1777,1,1778,1,NULL),(1395,130,16,199,1778,1,1778,0,NULL),(1396,3,26,199,1779,1,1785,1,NULL),(1397,132,40,199,1780,1,1780,0,NULL),(1398,133,18,199,1781,1,1783,1,NULL),(1399,133,16,199,1782,1,1785,1,NULL),(1400,133,19,199,1783,1,1791,1,NULL),(1401,134,26,199,1785,1,1789,1,NULL),(1402,135,29,199,1785,1,1790,1,NULL),(1403,135,11,199,1790,1,1792,1,NULL),(1404,5,26,199,1792,1,1794,1,NULL),(1405,136,18,199,1794,1,1794,0,NULL),(1406,10,26,199,1794,1,1796,1,NULL),(1407,137,44,199,1794,1,1797,1,NULL),(1408,138,19,199,1795,1,1796,1,NULL),(1409,139,40,199,1797,1,1798,1,NULL),(1410,140,40,199,1798,1,1798,0,NULL),(1411,206,40,199,1798,1,1798,0,NULL),(1412,142,40,199,1799,1,1800,1,NULL),(1413,143,40,199,1799,1,1800,1,NULL),(1414,144,40,199,1799,1,1800,1,NULL),(1415,145,26,199,1801,1,1804,1,NULL),(1416,138,14,199,1801,1,1808,1,NULL),(1417,146,39,199,1802,1,1802,0,NULL),(1418,10,40,199,1803,1,1803,0,NULL),(1419,147,26,199,1804,1,1810,1,NULL),(1420,148,18,199,1809,1,1814,1,NULL),(1421,90,29,199,1810,1,1811,1,NULL),(1422,13,11,199,1810,1,1811,1,NULL),(1423,149,26,199,1811,1,1812,1,NULL),(1424,150,26,199,1813,1,1815,1,NULL),(1425,151,29,199,1813,1,1816,1,NULL),(1426,138,18,199,1814,1,1815,1,NULL),(1427,88,20,199,1814,1,1833,1,NULL),(1428,17,25,199,1815,1,1823,1,NULL),(1429,152,29,199,1816,1,1824,1,NULL),(1430,153,25,199,1823,1,1829,1,NULL),(1431,154,21,200,1800,1,1800,0,NULL),(1432,155,18,201,1790,1,1793,1,NULL),(1433,156,14,202,1801,1,1804,0,NULL),(1434,88,18,202,1802,1,1803,1,NULL),(1435,157,14,202,1803,1,1810,1,NULL),(1436,14,41,203,1814,1,1814,0,NULL),(1437,158,41,203,1814,1,1814,0,NULL),(1438,17,41,203,1814,1,1814,0,NULL),(1439,159,30,203,1814,1,1814,0,NULL),(1440,13,41,203,1814,1,1814,0,NULL),(1441,160,41,203,1814,1,1814,0,NULL),(1442,161,18,204,1801,1,1803,0,NULL),(1443,113,18,204,1803,1,1816,1,NULL),(1444,162,14,205,1808,1,1818,0,NULL),(1445,163,21,206,1797,1,1802,1,NULL),(1446,164,21,206,1802,1,1805,0,NULL),(1447,165,18,207,1793,1,1823,1,NULL),(1448,166,18,207,1823,1,1826,1,NULL),(1449,167,21,208,1795,1,1800,0,NULL),(1450,168,21,208,1800,1,1804,0,NULL),(1451,169,21,208,1804,0,1806,1,NULL),(1452,170,21,208,1806,1,1806,0,NULL),(1453,171,42,209,1793,1,1797,0,NULL),(1454,172,18,209,1797,1,1803,1,NULL),(1455,173,2,209,1800,1,1802,1,NULL),(1456,174,2,209,1803,1,1803,0,NULL),(1457,175,44,209,1803,1,1803,0,NULL),(1458,175,18,209,1803,1,1816,1,NULL),(1459,176,2,209,1811,1,1811,0,NULL),(1460,177,18,209,1815,1,1817,1,NULL),(1461,178,18,209,1817,1,1835,1,NULL),(1462,179,18,210,1823,1,1832,1,NULL),(1463,180,2,210,1825,1,1826,1,NULL),(1464,181,21,211,1791,1,1792,1,NULL),(1465,149,18,211,1792,1,1793,1,NULL),(1466,182,18,211,1793,1,1797,1,NULL),(1467,183,2,211,1794,1,1795,1,NULL),(1468,183,2,211,1797,1,1799,1,NULL),(1469,184,44,211,1799,1,1806,1,NULL),(1470,183,18,211,1801,1,1815,1,NULL),(1471,185,44,211,1806,1,1809,1,NULL),(1472,186,42,211,1807,1,1815,0,NULL),(1473,187,18,211,1815,1,1818,1,NULL),(1474,188,2,211,1816,1,1816,0,NULL),(1475,189,2,211,1817,1,1818,1,NULL),(1476,190,18,211,1819,1,1823,1,NULL),(1477,191,2,211,1823,1,1824,1,NULL),(1478,192,18,211,1824,1,1855,1,NULL),(1479,193,44,212,1793,1,1793,0,NULL),(1480,194,44,212,1810,0,1813,1,NULL),(1481,195,44,212,1813,1,1813,0,NULL),(1482,196,21,213,1795,1,1802,0,NULL),(1483,197,18,213,1802,1,1806,0,NULL),(1484,198,18,214,1794,1,1797,1,NULL),(1485,199,18,214,1797,1,1815,0,NULL),(1486,25,18,214,1815,1,1817,1,NULL),(1487,200,18,214,1816,1,1831,0,NULL),(1488,202,29,215,1779,1,1790,1,NULL),(1489,7,40,215,1780,1,1782,1,NULL),(1490,202,12,215,1782,1,1790,1,NULL),(1491,202,11,215,1790,1,1794,1,NULL),(1492,135,17,215,1792,1,1794,1,NULL),(1493,135,27,215,1794,1,1795,1,NULL),(1494,6,40,215,1795,1,1795,0,NULL),(1495,203,26,215,1797,1,1801,1,NULL),(1496,204,18,215,1798,1,1803,0,NULL),(1497,205,29,215,1801,1,1804,1,NULL),(1498,206,26,215,1801,1,1805,1,NULL),(1499,207,41,215,1804,1,1806,1,NULL),(1500,23,29,215,1804,1,1810,1,NULL),(1501,147,41,215,1806,1,1806,0,NULL),(1502,208,39,215,1813,1,1816,1,NULL),(1503,23,26,215,1814,1,1819,1,NULL),(1504,209,29,215,1814,1,1822,1,NULL),(1505,209,7,215,1817,1,1818,0,NULL),(1506,210,26,215,1819,1,1823,1,NULL),(1507,96,29,215,1822,1,1824,1,NULL),(1508,23,39,215,1823,1,1823,0,NULL),(1509,211,26,215,1823,1,1825,1,NULL),(1510,15,29,215,1825,1,1828,1,NULL),(1511,212,25,215,1825,1,1829,1,NULL),(1512,213,18,216,1793,1,1800,0,NULL),(1513,214,18,216,1800,1,1818,0,NULL),(1514,215,18,216,1817,1,1838,1,NULL),(1515,216,18,217,1794,1,1802,0,NULL),(1516,217,18,218,1803,1,1807,0,NULL),(1517,218,44,218,1808,1,1820,1,NULL),(1518,218,18,218,1820,1,1834,1,NULL),(1519,219,21,219,1800,1,1858,0,NULL),(1520,220,21,220,1800,1,1803,1,NULL),(1521,221,21,220,1803,1,1807,0,NULL),(1522,186,18,220,1807,1,1814,0,NULL),(1523,222,18,221,1803,1,1806,1,NULL),(1524,186,18,221,1806,1,1807,1,NULL),(1525,223,44,221,1820,0,1828,1,NULL),(1526,217,18,222,1807,1,1815,0,NULL),(1527,224,5,222,1809,1,1809,0,NULL),(1528,225,44,222,1809,1,1809,0,NULL),(1529,226,6,222,1815,1,1864,1,NULL),(1530,227,18,223,1805,1,1816,0,NULL),(1531,228,18,223,1816,1,1820,1,NULL),(1532,229,18,223,1820,1,1825,0,NULL),(1533,230,18,223,1825,1,1835,0,NULL),(1534,231,44,224,1790,1,1807,1,NULL),(1535,232,18,224,1806,1,1826,1,NULL),(1536,233,18,225,1790,1,1803,0,NULL),(1537,234,18,225,1803,1,1806,0,NULL),(1538,187,18,225,1806,1,1815,1,NULL),(1539,235,18,225,1815,1,1816,1,NULL),(1540,236,18,225,1816,1,1861,1,NULL),(1541,203,39,226,1790,1,1790,0,NULL),(1542,203,27,226,1791,1,1797,1,NULL),(1543,237,18,226,1792,1,1797,1,NULL),(1544,238,18,226,1797,1,1802,1,NULL),(1545,239,18,226,1802,1,1811,0,NULL),(1546,240,26,325,1809,1,1819,1,NULL),(1547,241,18,226,1811,1,1812,1,NULL),(1548,242,18,226,1813,1,1843,0,NULL),(1549,96,29,226,1819,1,1821,1,NULL),(1550,243,25,226,1822,1,1824,1,NULL),(1551,209,29,226,1822,1,1825,1,NULL),(1552,209,11,226,1825,1,1834,1,NULL),(1553,192,18,227,1821,1,1823,1,NULL),(1554,244,18,228,1816,1,1818,1,NULL),(1555,245,18,228,1818,1,1828,0,NULL),(1556,246,18,229,1793,1,1815,0,NULL),(1557,247,44,229,1794,1,1797,1,NULL),(1558,247,19,229,1797,1,1816,1,NULL),(1559,248,2,229,1802,1,1803,1,NULL),(1560,249,18,229,1817,1,1839,1,NULL),(1561,250,21,230,1804,1,1817,1,NULL),(1562,251,21,230,1822,1,1840,1,NULL),(1563,252,18,231,1797,1,1800,1,NULL),(1564,253,4,231,1800,1,1803,0,NULL),(1565,254,18,231,1800,1,1803,0,NULL),(1566,72,18,231,1803,1,1803,0,NULL),(1567,255,4,231,1803,1,1806,1,NULL),(1568,256,4,231,1806,1,1807,1,NULL),(1569,257,18,231,1807,1,1820,0,NULL),(1570,258,18,231,1816,1,1819,1,NULL),(1571,259,18,231,1819,1,1829,1,NULL),(1572,260,21,232,1804,1,1810,0,NULL),(1573,261,41,233,1779,1,1779,0,NULL),(1574,262,29,233,1779,1,1789,1,NULL),(1575,1,26,233,1781,1,1788,1,NULL),(1576,262,24,233,1785,1,1789,1,NULL),(1577,135,27,233,1792,1,1792,0,NULL),(1578,14,27,233,1794,1,1797,1,NULL),(1579,264,12,233,1795,1,1796,1,NULL),(1580,144,27,233,1797,1,1801,1,NULL),(1581,265,25,233,1814,1,1818,1,NULL),(1582,212,29,233,1815,1,1818,1,NULL),(1583,247,8,233,1817,1,1817,0,NULL),(1584,17,40,233,1817,1,1817,0,NULL),(1585,96,29,233,1817,1,1819,1,NULL),(1586,212,11,233,1818,1,1824,1,NULL),(1587,159,11,233,1825,1,1830,1,NULL),(1588,67,18,202,1814,1,1817,1,NULL),(1589,266,18,202,1817,1,1818,1,NULL),(1590,267,18,202,1818,1,1819,1,NULL),(1591,268,18,202,1823,1,1829,1,NULL),(1592,269,18,202,1829,1,1836,1,NULL),(1593,259,18,204,1816,1,1819,1,NULL),(1594,270,18,204,1822,1,1843,0,NULL),(1595,271,18,234,1792,1,1817,1,NULL),(1596,272,40,234,1811,1,1811,0,NULL),(1597,23,40,234,1811,1,1812,1,NULL),(1598,272,18,234,1816,1,1819,1,NULL),(1599,79,40,234,1818,1,1818,0,NULL),(1600,274,18,234,1820,1,1833,0,NULL),(1601,159,40,234,1825,1,1825,0,NULL),(1602,275,18,235,1809,1,1809,0,NULL),(1603,276,21,235,1821,1,1831,0,NULL),(1604,277,18,236,1797,1,1802,0,NULL),(1605,278,18,236,1802,1,1811,0,NULL),(1606,99,18,236,1811,1,1814,0,NULL),(1607,279,18,236,1814,1,1818,0,NULL),(1608,280,18,236,1818,1,1846,0,NULL),(1609,14,41,237,1798,1,1798,0,NULL),(1610,281,29,237,1814,1,1816,1,NULL),(1611,13,26,237,1814,1,1818,1,NULL),(1612,159,29,237,1816,1,1819,1,NULL),(1613,282,18,237,1818,1,1836,1,NULL),(1614,159,11,237,1819,1,1825,1,NULL),(1615,131,40,238,1777,1,1777,0,NULL),(1616,283,15,238,1777,1,1779,1,NULL),(1617,284,39,238,1794,1,1794,0,NULL),(1618,14,26,238,1797,1,1801,1,NULL),(1619,285,18,239,1821,1,1829,1,NULL),(1620,286,18,240,1798,1,1816,1,NULL),(1621,272,19,240,1816,1,1819,1,NULL),(1622,287,18,241,1797,1,1799,1,NULL),(1623,288,18,241,1799,1,1802,0,NULL),(1624,289,18,241,1802,1,1815,0,NULL),(1625,290,18,241,1815,1,1819,0,NULL),(1626,291,18,241,1819,1,1821,0,NULL),(1627,292,18,241,1821,1,1845,1,NULL),(1628,293,18,242,1807,1,1807,0,NULL),(1629,294,18,243,1794,1,1794,0,NULL),(1630,295,18,244,1803,1,1806,0,NULL),(1631,272,18,245,1816,1,1819,1,NULL),(1632,296,18,246,1794,1,1794,0,NULL),(1633,297,18,246,1796,1,1833,1,NULL),(1634,137,44,247,1790,1,1793,1,NULL),(1635,272,18,247,1793,1,1796,1,NULL),(1636,69,18,247,1796,1,1797,1,NULL),(1637,298,18,247,1797,1,1802,1,NULL),(1638,299,18,247,1802,1,1811,0,NULL),(1639,298,18,247,1817,1,1821,0,NULL),(1640,300,18,205,1797,1,1797,0,NULL),(1641,301,18,205,1797,1,1803,0,NULL),(1642,302,18,205,1803,1,1804,1,NULL),(1643,303,18,205,1804,1,1808,0,NULL),(1644,304,21,248,1802,1,1810,1,NULL),(1645,305,18,248,1809,1,1812,0,NULL),(1646,304,18,248,1812,1,1815,1,NULL),(1647,306,44,248,1820,0,1825,1,NULL),(1648,307,18,205,1818,1,1822,0,NULL),(1649,308,18,205,1822,1,1834,0,NULL),(1650,11,40,249,1816,1,1816,0,NULL),(1651,309,40,250,1777,1,1777,0,NULL),(1652,310,18,251,1794,1,1798,0,NULL),(1653,311,18,251,1798,1,1840,1,NULL),(1654,312,18,252,1797,1,1806,0,NULL),(1655,313,18,252,1806,1,1823,0,NULL),(1656,314,18,252,1823,1,1837,0,NULL),(1657,315,18,253,1805,1,1827,0,NULL),(1658,316,18,253,1827,1,1845,1,NULL),(1659,317,18,254,1796,1,1805,0,NULL),(1660,318,39,254,1800,1,1800,0,NULL),(1661,319,18,254,1805,1,1809,0,NULL),(1662,320,18,254,1809,1,1861,1,NULL),(1663,11,40,254,1816,1,1816,0,NULL),(1664,321,18,255,1802,1,1806,1,NULL),(1665,322,18,255,1805,1,1816,0,NULL),(1666,323,18,255,1816,1,1818,0,NULL),(1667,324,18,255,1818,1,1824,1,NULL),(1668,325,18,255,1825,1,1837,1,NULL),(1669,326,18,256,1801,1,1815,0,NULL),(1670,318,39,257,1799,1,1799,0,NULL),(1671,327,39,257,1820,1,1820,0,NULL),(1672,328,39,257,1820,1,1828,1,NULL),(1673,329,39,257,1823,1,1824,1,NULL),(1674,330,39,257,1824,1,1824,0,NULL),(1675,331,18,258,1802,1,1823,0,NULL),(1676,332,22,258,1823,1,1832,1,NULL),(1677,333,39,259,1825,1,1826,1,NULL),(1678,181,21,260,1786,1,1790,0,NULL),(1679,334,21,261,1786,1,1790,0,NULL),(1680,229,18,261,1817,1,1818,1,NULL),(1681,133,40,262,1785,1,1786,1,NULL),(1682,335,21,262,1786,1,1790,0,NULL),(1683,133,18,262,1791,1,1792,1,NULL),(1684,133,39,262,1791,1,1792,1,NULL),(1685,336,18,262,1794,1,1794,0,NULL),(1686,203,40,262,1795,1,1795,0,NULL),(1687,198,39,262,1795,1,1795,0,NULL),(1688,198,18,262,1796,1,1820,1,NULL),(1689,337,2,262,1820,1,1821,1,NULL),(1690,228,18,262,1820,1,1830,1,NULL),(1691,338,44,262,1821,0,1830,1,NULL),(1692,339,41,263,1785,1,1785,0,NULL),(1693,340,39,263,1792,1,1792,0,NULL),(1694,149,41,263,1793,1,1793,0,NULL),(1695,203,40,263,1793,1,1794,1,NULL),(1696,341,2,263,1793,1,1794,1,NULL),(1697,342,41,263,1795,1,1797,1,NULL),(1698,149,19,263,1796,1,1797,1,NULL),(1699,343,39,263,1797,1,1797,0,NULL),(1700,344,3,263,1797,1,1798,1,NULL),(1701,305,19,263,1797,1,1803,1,NULL),(1702,345,31,263,1798,1,1798,0,NULL),(1703,346,39,263,1798,1,1798,0,NULL),(1704,347,39,263,1798,1,1798,0,NULL),(1705,348,31,263,1799,1,1799,0,NULL),(1706,187,19,263,1802,1,1803,1,NULL),(1707,349,19,263,1803,1,1812,1,NULL),(1708,350,3,263,1804,1,1805,1,NULL),(1709,351,13,263,1805,1,1807,1,NULL),(1710,352,3,263,1806,1,1807,1,NULL),(1711,353,31,263,1806,1,1809,1,NULL),(1712,354,3,263,1812,1,1815,1,NULL),(1713,327,41,263,1815,1,1815,0,NULL),(1714,355,40,263,1815,1,1815,0,NULL),(1715,160,41,263,1815,1,1816,1,NULL),(1716,160,19,263,1815,1,1828,1,NULL),(1717,356,32,263,1816,1,1816,0,NULL),(1718,357,39,263,1816,1,1817,1,NULL),(1719,358,3,263,1817,1,1819,1,NULL),(1720,359,3,263,1821,1,1822,1,NULL),(1721,360,31,263,1824,1,1826,0,NULL),(1722,361,3,263,1825,1,1825,0,NULL),(1723,342,18,264,1795,1,1797,1,NULL),(1724,362,2,264,1795,1,1797,1,NULL),(1725,363,39,264,1796,1,1797,1,NULL),(1726,364,41,264,1797,1,1797,0,NULL),(1727,362,41,264,1797,1,1797,0,NULL),(1728,364,18,264,1797,1,1803,0,NULL),(1729,187,41,264,1798,1,1798,0,NULL),(1730,305,40,264,1798,1,1798,0,NULL),(1731,187,18,264,1803,1,1803,0,NULL),(1732,68,18,264,1813,1,1815,0,NULL),(1733,365,18,264,1815,1,1819,1,NULL),(1734,366,18,264,1819,1,1824,0,NULL),(1735,367,18,264,1824,1,1825,1,NULL),(1736,362,18,264,1825,1,1841,1,NULL),(1737,149,41,265,1796,1,1796,0,NULL),(1738,305,41,265,1796,1,1796,0,NULL),(1739,368,2,265,1796,1,1799,1,NULL),(1740,187,18,265,1797,1,1801,1,NULL),(1741,369,2,265,1799,1,1799,0,NULL),(1742,349,41,265,1803,1,1805,1,NULL),(1743,370,2,265,1805,1,1807,1,NULL),(1744,371,18,265,1806,1,1810,0,NULL),(1745,372,2,265,1810,1,1811,1,NULL),(1746,373,2,265,1811,1,1813,1,NULL),(1747,374,18,265,1812,1,1819,1,NULL),(1748,375,2,265,1816,1,1816,0,NULL),(1749,376,2,265,1817,1,1817,0,NULL),(1750,365,18,265,1819,1,1825,0,NULL),(1751,377,18,265,1825,1,1830,1,NULL),(1752,378,18,266,1799,1,1809,0,NULL),(1753,379,18,267,1792,1,1796,1,NULL),(1754,380,18,267,1796,1,1801,0,NULL),(1755,381,18,267,1801,1,1804,0,NULL),(1756,382,21,268,1794,1,1810,0,NULL),(1757,383,18,269,1794,1,1797,0,NULL),(1758,381,18,269,1797,1,1801,0,NULL),(1759,384,39,269,1799,1,1800,1,NULL),(1760,385,14,269,1801,1,1805,1,NULL),(1761,385,18,269,1805,1,1816,0,NULL),(1762,386,18,269,1816,1,1826,0,NULL),(1763,387,18,270,1810,1,1820,0,NULL),(1764,388,18,271,1801,1,1807,0,NULL),(1765,389,18,271,1807,1,1818,0,NULL),(1766,390,8,271,1818,1,1823,1,NULL),(1767,391,44,271,1820,1,1824,1,NULL),(1768,392,18,271,1825,1,1835,1,NULL),(1769,393,18,272,1801,1,1815,0,NULL),(1770,394,18,272,1815,1,1822,0,NULL),(1771,395,18,272,1822,1,1832,0,NULL),(1772,396,44,273,1786,1,1789,1,NULL),(1773,397,18,273,1786,1,1789,1,NULL),(1774,397,18,273,1790,1,1798,0,NULL),(1775,398,18,273,1798,1,1805,0,NULL),(1776,399,44,273,1799,1,1805,0,NULL),(1777,400,44,273,1805,1,1806,1,NULL),(1778,400,18,273,1806,1,1812,0,NULL),(1779,401,18,273,1813,1,1822,0,NULL),(1780,402,18,273,1822,1,1824,1,NULL),(1781,403,18,273,1824,1,1826,1,NULL),(1782,404,8,274,1820,1,1828,1,NULL),(1783,405,1,275,1823,1,1823,0,NULL),(1784,406,1,275,1824,1,1824,0,NULL),(1785,407,39,276,1815,1,1815,0,NULL),(1786,408,8,276,1818,1,1827,0,NULL),(1787,409,1,276,1824,1,1824,0,NULL),(1788,410,39,277,1791,1,1791,0,NULL),(1789,411,39,277,1808,1,1808,0,NULL),(1790,412,39,277,1811,1,1811,0,NULL),(1791,413,39,277,1811,1,1812,1,NULL),(1792,414,39,277,1812,1,1812,0,NULL),(1793,407,39,277,1812,1,1814,1,NULL),(1794,415,18,278,1797,1,1798,1,NULL),(1795,416,18,278,1798,1,1799,1,NULL),(1796,417,18,278,1799,1,1801,1,NULL),(1797,418,18,278,1801,1,1802,1,NULL),(1798,419,37,278,1803,1,1803,0,NULL),(1799,411,38,278,1803,1,1803,0,NULL),(1800,420,39,279,1817,1,1817,0,NULL),(1801,421,39,279,1817,1,1822,1,NULL),(1802,422,2,280,1797,1,1798,0,NULL),(1803,423,18,280,1797,1,1799,1,NULL),(1804,424,18,280,1799,1,1802,1,NULL),(1805,425,18,280,1802,1,1805,0,NULL),(1806,426,18,280,1805,1,1807,0,NULL),(1807,427,18,280,1812,1,1817,0,NULL),(1808,428,8,280,1817,1,1819,1,NULL),(1809,62,8,280,1819,1,1820,1,NULL),(1810,429,39,280,1821,1,1821,0,NULL),(1811,430,39,280,1821,1,1821,0,NULL),(1812,431,8,280,1821,1,1825,0,NULL),(1813,421,39,280,1822,1,1822,0,NULL),(1814,396,39,280,1823,1,1824,1,NULL),(1815,432,22,280,1825,1,1829,1,NULL),(1816,217,8,281,1820,1,1821,1,NULL),(1817,433,8,281,1821,1,1823,1,NULL),(1818,434,8,281,1821,1,1825,0,NULL),(1819,432,18,281,1822,0,1825,1,NULL),(1820,291,22,281,1823,1,1825,1,NULL),(1821,435,22,281,1825,1,1831,1,NULL),(1822,436,18,330,1798,1,1806,0,NULL),(1823,437,18,330,1806,1,1811,1,NULL),(1824,108,18,330,1811,1,1815,0,NULL),(1825,438,8,330,1817,1,1818,1,NULL),(1826,439,8,330,1818,1,1820,1,NULL),(1827,440,8,330,1820,1,1823,0,NULL),(1828,441,22,330,1823,1,1827,0,NULL),(1829,442,8,282,1820,1,1824,0,NULL),(1830,443,22,282,1824,1,1826,0,NULL),(1831,444,18,283,1796,1,1797,1,NULL),(1832,247,18,284,1790,1,1791,1,NULL),(1833,445,18,284,1796,1,1800,0,NULL),(1834,156,18,284,1797,1,1799,1,NULL),(1835,446,19,284,1799,1,1801,1,NULL),(1836,447,18,285,1800,1,1801,1,NULL),(1837,448,18,283,1797,1,1820,1,NULL),(1838,449,8,283,1820,1,1822,1,NULL),(1839,450,1,283,1822,1,1822,0,NULL),(1840,451,22,283,1825,1,1827,1,NULL),(1841,452,18,284,1800,1,1805,0,NULL),(1842,349,14,284,1801,1,1803,1,NULL),(1843,453,14,284,1801,1,1808,0,NULL),(1844,454,18,284,1815,1,1817,1,NULL),(1845,455,8,284,1821,1,1822,1,NULL),(1846,456,22,284,1822,1,1827,1,NULL),(1847,447,14,285,1801,1,1805,0,NULL),(1848,457,39,285,1812,1,1813,1,NULL),(1849,454,39,285,1813,1,1814,1,NULL),(1850,458,39,285,1816,1,1816,0,NULL),(1851,381,39,285,1818,1,1818,0,NULL),(1852,454,39,285,1818,1,1818,0,NULL),(1853,459,8,285,1820,1,1828,0,NULL),(1854,69,35,285,1821,1,1821,0,NULL),(1855,460,39,285,1824,1,1824,0,NULL),(1856,461,39,286,1797,1,1797,0,NULL),(1857,426,8,286,1807,1,1807,0,NULL),(1858,462,39,286,1815,1,1815,0,NULL),(1859,463,18,286,1824,1,1831,0,NULL),(1860,464,44,287,1822,1,1831,1,NULL),(1861,431,8,288,1815,1,1818,0,NULL),(1862,217,8,288,1818,1,1820,0,NULL),(1863,465,8,288,1820,1,1826,1,NULL),(1864,466,18,289,1823,1,1827,1,NULL),(1865,466,18,290,1823,1,1827,1,NULL),(1866,467,1,289,1794,1,1794,0,NULL),(1867,468,14,289,1805,1,1810,1,NULL),(1868,469,14,291,1802,1,1815,0,NULL),(1869,470,18,291,1815,1,1821,0,NULL),(1870,471,8,291,1821,1,1830,1,NULL),(1871,472,39,292,1794,1,1794,0,NULL),(1872,473,39,292,1794,1,1794,0,NULL),(1873,474,39,292,1794,1,1794,0,NULL),(1874,475,22,292,1823,1,1831,1,NULL),(1875,476,18,293,1793,1,1805,0,NULL),(1876,470,18,293,1806,1,1815,0,NULL),(1877,477,18,293,1816,1,1817,1,NULL),(1878,478,18,293,1817,1,1819,0,NULL),(1879,479,18,293,1819,1,1827,0,NULL),(1880,480,8,294,1821,1,1833,1,NULL),(1881,481,18,295,1817,1,1835,0,NULL),(1882,482,18,296,1797,1,1803,1,NULL),(1883,483,18,296,1803,1,1809,0,NULL),(1884,484,18,296,1809,1,1813,0,NULL),(1885,279,18,296,1813,1,1813,0,NULL),(1886,485,18,296,1816,1,1820,0,NULL),(1887,486,18,296,1820,1,1821,1,NULL),(1888,466,18,296,1821,1,1823,0,NULL),(1889,487,18,296,1823,1,1827,0,NULL),(1890,488,18,297,1791,1,1793,1,NULL),(1891,489,18,297,1807,1,1858,0,NULL),(1892,490,18,297,1815,1,1816,1,NULL),(1893,491,18,297,1816,1,1824,0,NULL),(1894,492,18,297,1824,1,1837,0,NULL),(1895,493,18,298,1803,1,1807,0,NULL),(1896,494,18,298,1807,1,1816,0,NULL),(1897,466,18,298,1816,1,1821,1,NULL),(1898,495,8,298,1818,1,1826,1,NULL),(1899,496,18,299,1793,1,1796,0,NULL),(1900,497,18,299,1816,1,1822,0,NULL),(1901,498,45,290,1823,1,1824,1,NULL),(1902,499,45,290,1824,1,1831,1,NULL),(1903,138,18,300,1790,1,1795,0,NULL),(1904,500,14,300,1802,1,1815,0,NULL),(1905,108,18,300,1815,1,1818,0,NULL),(1906,501,18,300,1818,1,1829,1,NULL),(1907,502,22,301,1824,1,1840,0,NULL),(1908,503,18,302,1825,1,1838,0,NULL),(1909,504,18,303,1823,1,1834,0,NULL),(1910,505,8,304,1820,1,1821,1,NULL),(1911,506,18,304,1827,1,1835,0,NULL),(1912,507,18,305,1825,1,1827,0,NULL),(1913,160,39,306,1810,1,1812,1,NULL),(1914,508,39,306,1812,1,1814,1,NULL),(1915,509,14,306,1822,1,1823,1,NULL),(1916,509,18,306,1823,1,1833,0,NULL),(1917,510,25,306,1825,1,1829,1,NULL),(1918,511,18,307,1823,1,1824,1,NULL),(1919,512,18,307,1824,1,1834,0,NULL),(1920,454,18,308,1823,1,1831,1,NULL),(1921,513,18,309,1824,1,1838,0,NULL),(1922,514,11,309,1825,1,1826,1,NULL),(1923,515,2,309,1825,0,1827,1,NULL),(1924,516,18,310,1824,1,1830,1,NULL),(1925,159,39,311,1816,1,1816,0,NULL),(1926,517,39,311,1817,1,1817,0,NULL),(1927,518,39,311,1820,1,1821,1,NULL),(1928,519,39,311,1820,1,1823,1,NULL),(1929,519,8,311,1820,1,1824,1,NULL),(1930,520,26,311,1823,1,1826,1,NULL),(1931,521,29,311,1824,1,1827,1,NULL),(1932,454,14,332,1821,1,1822,1,NULL),(1933,522,22,332,1822,1,1823,1,NULL),(1934,522,18,332,1823,1,1839,0,''),(1935,523,2,332,1825,1,1825,0,NULL),(1936,524,22,312,1823,1,1826,0,NULL),(1937,525,18,312,1826,1,1827,1,NULL),(1938,526,18,313,1823,1,1826,1,NULL),(1939,527,18,313,1826,1,1832,1,NULL),(1940,528,39,314,1812,1,1813,1,NULL),(1941,529,39,314,1818,1,1819,1,NULL),(1942,530,18,315,1800,1,1812,0,NULL),(1943,531,18,315,1812,1,1821,1,NULL),(1944,531,8,315,1821,1,1823,1,NULL),(1945,531,18,315,1823,1,1826,0,NULL),(1946,532,18,316,1824,1,1832,1,NULL),(1947,533,18,317,1823,1,1845,0,NULL),(1948,534,18,318,1793,1,1796,0,NULL),(1949,535,18,318,1796,1,1802,1,NULL),(1950,536,18,318,1802,1,1805,0,NULL),(1951,537,18,318,1823,1,1832,1,NULL),(1952,538,14,319,1801,1,1806,0,NULL),(1953,539,18,320,1790,1,1793,1,NULL),(1954,540,18,320,1799,1,1820,0,NULL),(1955,541,18,320,1820,1,1842,1,NULL),(1956,542,18,321,1824,1,1830,1,NULL),(1957,543,8,322,1817,1,1817,0,NULL),(1958,420,8,322,1817,1,1821,0,NULL),(1959,544,8,322,1821,1,1823,1,NULL),(1960,544,18,322,1823,1,1827,1,NULL),(1961,545,18,323,1816,1,1825,1,NULL),(1962,546,18,323,1825,1,1830,1,NULL),(1963,547,18,324,1815,1,1815,0,NULL),(1964,548,18,324,1816,1,1820,1,NULL),(1965,549,18,324,1820,1,1825,0,NULL),(1966,550,18,324,1825,1,1836,1,NULL),(1967,318,26,325,1797,1,1801,1,NULL),(1968,426,36,325,1808,1,1808,0,NULL),(1969,426,18,325,1818,1,1822,0,NULL),(1970,205,26,325,1819,1,1820,1,NULL),(1971,551,18,325,1822,1,1823,1,NULL),(1972,551,8,325,1823,1,1825,1,NULL),(1973,551,11,325,1825,1,1827,1,NULL),(1974,552,18,325,1825,1,1831,1,NULL),(1975,426,18,326,1808,1,1818,0,NULL),(1976,553,18,326,1819,1,1836,0,NULL),(1977,510,39,331,1811,1,1811,0,NULL),(1978,554,39,331,1817,1,1817,0,NULL),(1979,555,29,331,1823,1,1828,1,NULL),(1980,556,26,331,1823,1,1827,1,NULL),(1981,557,18,331,1825,1,1834,0,''),(1982,62,8,327,1821,1,1823,1,NULL),(1983,62,18,327,1823,1,1834,0,NULL),(1984,558,18,328,1811,1,1825,0,NULL),(1985,559,18,328,1825,1,1834,0,NULL),(1986,510,19,329,1811,1,1814,1,NULL),(1987,560,18,329,1812,1,1819,1,NULL),(1988,558,5,329,1812,0,1816,1,NULL),(1989,561,39,329,1816,1,1816,0,NULL),(1990,562,39,329,1817,1,1817,0,NULL),(1991,563,34,329,1817,1,1817,0,NULL),(1992,205,39,329,1817,1,1817,0,NULL),(1993,564,39,329,1817,1,1817,0,NULL),(1994,554,18,329,1818,1,1819,1,NULL),(1995,517,39,329,1819,1,1819,0,NULL),(1996,565,39,329,1819,1,1819,0,NULL),(1997,279,2,329,1819,1,1819,0,NULL),(1998,566,5,329,1819,1,1821,1,NULL),(1999,272,8,329,1820,1,1823,1,NULL),(2000,567,2,329,1821,1,1821,0,NULL),(2001,564,26,329,1823,1,1824,1,NULL),(2002,568,2,329,1823,1,1825,1,NULL),(2003,272,29,329,1823,1,1825,1,NULL),(2004,569,18,329,1824,1,1832,1,NULL),(2005,272,11,329,1825,1,1831,1,NULL);

--
-- Table structure for table `auth_group`
--

CREATE TABLE `auth_group` (
  `id` int(11) NOT NULL AUTO_INCREMENT,
  `name` varchar(80) NOT NULL,
  PRIMARY KEY (`id`),
  UNIQUE KEY `name` (`name`)
) ENGINE=InnoDB DEFAULT CHARSET=latin1;

--
-- Dumping data for table `auth_group`
--


--
-- Table structure for table `auth_group_permissions`
--

CREATE TABLE `auth_group_permissions` (
  `id` int(11) NOT NULL AUTO_INCREMENT,
  `group_id` int(11) NOT NULL,
  `permission_id` int(11) NOT NULL,
  PRIMARY KEY (`id`),
  UNIQUE KEY `group_id` (`group_id`,`permission_id`),
  KEY `auth_group_permissions_bda51c3c` (`group_id`),
  KEY `auth_group_permissions_1e014c8f` (`permission_id`)
) ENGINE=InnoDB DEFAULT CHARSET=latin1;

--
-- Dumping data for table `auth_group_permissions`
--


--
-- Table structure for table `auth_permission`
--

CREATE TABLE `auth_permission` (
  `id` int(11) NOT NULL AUTO_INCREMENT,
  `name` varchar(255) DEFAULT NULL,
  `content_type_id` int(11) NOT NULL,
  `codename` varchar(100) NOT NULL,
  PRIMARY KEY (`id`),
  UNIQUE KEY `content_type_id` (`content_type_id`,`codename`),
  KEY `auth_permission_e4470c6e` (`content_type_id`)
) ENGINE=InnoDB AUTO_INCREMENT=214 DEFAULT CHARSET=latin1;

--
-- Dumping data for table `auth_permission`
--

INSERT INTO `auth_permission` VALUES (1,'Can add permission',1,'add_permission'),(2,'Can change permission',1,'change_permission'),(3,'Can delete permission',1,'delete_permission'),(4,'Can add group',2,'add_group'),(5,'Can change group',2,'change_group'),(6,'Can delete group',2,'delete_group'),(7,'Can add user',3,'add_user'),(8,'Can change user',3,'change_user'),(9,'Can delete user',3,'delete_user'),(10,'Can add content type',4,'add_contenttype'),(11,'Can change content type',4,'change_contenttype'),(12,'Can delete content type',4,'delete_contenttype'),(13,'Can add session',5,'add_session'),(14,'Can change session',5,'change_session'),(15,'Can delete session',5,'delete_session'),(16,'Can add site',6,'add_site'),(17,'Can change site',6,'change_site'),(18,'Can delete site',6,'delete_site'),(19,'Can add log entry',7,'add_logentry'),(20,'Can change log entry',7,'change_logentry'),(21,'Can delete log entry',7,'delete_logentry'),(118,'Can add assignment type',45,'add_assignmenttype'),(119,'Can change assignment type',45,'change_assignmenttype'),(120,'Can delete assignment type',45,'delete_assignmenttype'),(121,'Can add assignment title',46,'add_assignmenttitle'),(122,'Can change assignment title',46,'change_assignmenttitle'),(123,'Can delete assignment title',46,'delete_assignmenttitle'),(124,'Can add assignment',44,'add_assignment'),(125,'Can change assignment',44,'change_assignment'),(126,'Can delete assignment',44,'delete_assignment'),(127,'Can add organization type',47,'add_organizationtype'),(128,'Can change organization type',47,'change_organizationtype'),(129,'Can delete organization type',47,'delete_organizationtype'),(130,'Can add organization',48,'add_organization'),(131,'Can change organization',48,'change_organization'),(132,'Can delete organization',48,'delete_organization'),(133,'Can add org evolution type',49,'add_orgevolutiontype'),(134,'Can change org evolution type',49,'change_orgevolutiontype'),(135,'Can delete org evolution type',49,'delete_orgevolutiontype'),(136,'Can add org evolution',50,'add_orgevolution'),(137,'Can change org evolution',50,'change_orgevolution'),(138,'Can delete org evolution',50,'delete_orgevolution'),(139,'Can add role type',51,'add_roletype'),(140,'Can change role type',51,'change_roletype'),(141,'Can delete role type',51,'delete_roletype'),(142,'Can add role title',52,'add_roletitle'),(143,'Can change role title',52,'change_roletitle'),(144,'Can delete role title',52,'delete_roletitle'),(145,'Can add member',53,'add_member'),(146,'Can change member',53,'change_member'),(147,'Can delete member',53,'delete_member'),(148,'Can add bibliography',54,'add_bibliography'),(149,'Can change bibliography',54,'change_bibliography'),(150,'Can delete bibliography',54,'delete_bibliography'),(151,'Can add citation',55,'add_citation'),(152,'Can change citation',55,'change_citation'),(153,'Can delete citation',55,'delete_citation'),(154,'Can add validation',40,'add_validation'),(155,'Can change validation',40,'change_validation'),(156,'Can delete validation',40,'delete_validation'),(157,'Can add letter',43,'add_letter'),(158,'Can change letter',43,'change_letter'),(159,'Can delete letter',43,'delete_letter'),(160,'Can add enclosure',56,'add_enclosure'),(161,'Can change enclosure',56,'change_enclosure'),(162,'Can delete enclosure',56,'delete_enclosure'),(163,'Can add individual',42,'add_individual'),(164,'Can change individual',42,'change_individual'),(165,'Can delete individual',42,'delete_individual'),(166,'Can add residence type',57,'add_residencetype'),(167,'Can change residence type',57,'change_residencetype'),(168,'Can delete residence type',57,'delete_residencetype'),(169,'Can add residence',58,'add_residence'),(170,'Can change residence',58,'change_residence'),(171,'Can delete residence',58,'delete_residence'),(172,'Can add occupation type',59,'add_occupationtype'),(173,'Can change occupation type',59,'change_occupationtype'),(174,'Can delete occupation type',59,'delete_occupationtype'),(175,'Can add occupation title',60,'add_occupationtitle'),(176,'Can change occupation title',60,'change_occupationtitle'),(177,'Can delete occupation title',60,'delete_occupationtitle'),(178,'Can add relationship type',61,'add_relationshiptype'),(179,'Can change relationship type',61,'change_relationshiptype'),(180,'Can delete relationship type',61,'delete_relationshiptype'),(181,'Can add relationship',62,'add_relationship'),(182,'Can change relationship',62,'change_relationship'),(183,'Can delete relationship',62,'delete_relationship'),(184,'Can add coordinate system',63,'add_coordinatesystem'),(185,'Can change coordinate system',63,'change_coordinatesystem'),(186,'Can delete coordinate system',63,'delete_coordinatesystem'),(187,'Can add location',64,'add_location'),(188,'Can change location',64,'change_location'),(189,'Can delete location',64,'delete_location'),(190,'Can add region',65,'add_region'),(191,'Can change region',65,'change_region'),(192,'Can delete region',65,'delete_region'),(193,'Can add in region',66,'add_inregion'),(194,'Can change in region',66,'change_inregion'),(195,'Can delete in region',66,'delete_inregion'),(196,'Can add continent',67,'add_continent'),(197,'Can change continent',67,'change_continent'),(198,'Can delete continent',67,'delete_continent'),(199,'Can add state',68,'add_state'),(200,'Can change state',68,'change_state'),(201,'Can delete state',68,'delete_state'),(202,'Can add in state',69,'add_instate'),(203,'Can change in state',69,'change_instate'),(204,'Can delete in state',69,'delete_instate'),(205,'Can add empire',41,'add_empire'),(206,'Can change empire',41,'change_empire'),(207,'Can delete empire',41,'delete_empire'),(208,'Can add in empire',70,'add_inempire'),(209,'Can change in empire',70,'change_inempire'),(210,'Can delete in empire',70,'delete_inempire'),(211,'Can add occupation',71,'add_occupation'),(212,'Can change occupation',71,'change_occupation'),(213,'Can delete occupation',71,'delete_occupation');

--
-- Table structure for table `auth_user_groups`
--

CREATE TABLE `auth_user_groups` (
  `id` int(11) NOT NULL AUTO_INCREMENT,
  `user_id` int(11) NOT NULL,
  `group_id` int(11) NOT NULL,
  PRIMARY KEY (`id`),
  UNIQUE KEY `user_id` (`user_id`,`group_id`),
  KEY `auth_user_groups_fbfc09f1` (`user_id`),
  KEY `auth_user_groups_bda51c3c` (`group_id`)
) ENGINE=InnoDB DEFAULT CHARSET=latin1;

--
-- Dumping data for table `auth_user_groups`
--


--
-- Table structure for table `auth_user_user_permissions`
--

CREATE TABLE `auth_user_user_permissions` (
  `id` int(11) NOT NULL AUTO_INCREMENT,
  `user_id` int(11) NOT NULL,
  `permission_id` int(11) NOT NULL,
  PRIMARY KEY (`id`),
  UNIQUE KEY `user_id` (`user_id`,`permission_id`),
  KEY `auth_user_user_permissions_fbfc09f1` (`user_id`),
  KEY `auth_user_user_permissions_1e014c8f` (`permission_id`)
) ENGINE=InnoDB DEFAULT CHARSET=latin1;

--
-- Dumping data for table `auth_user_user_permissions`
--


--
-- Table structure for table `bibliographies`
--

CREATE TABLE `bibliographies` (
  `id` int(11) NOT NULL AUTO_INCREMENT,
  `entry` text,
  `notes` text,
  `created_at` datetime DEFAULT NULL,
  `updated_at` datetime DEFAULT NULL,
  PRIMARY KEY (`id`)
) ENGINE=InnoDB AUTO_INCREMENT=4 DEFAULT CHARSET=latin1;

--
-- Dumping data for table `bibliographies`
--

INSERT INTO `bibliographies` VALUES (1,'Smith, Walter Burges. <i>America\'s diplomats and consuls of 1776-1865 : a geographic and biographic directory of the Foreign Service from the Declaration of Independence to the end of the Civil War.</i> Washington, D.C. : Center for the Study of Foreign Affairs, Foreign Service Institute, U.S. Dept. of State, 1987.',NULL,'2009-10-28 18:26:49','2009-10-28 18:26:49'),(2,'U.S. Army Center for Military History.  http://www.history.army.mil/',NULL,'2011-12-27 21:30:24','2011-12-27 21:30:24'),(3,'<i>The Papers of John Jay</i>. ed. James Baird. New York: Columbia University Libraries, 2002. http://www.columbia.edu/cu/lweb/digital/jay/',NULL,'2012-01-03 02:10:48','2012-01-03 02:10:48');

--
-- Table structure for table `citations`
--

CREATE TABLE `citations` (
  `id` int(11) NOT NULL AUTO_INCREMENT,
  `title` varchar(255) DEFAULT NULL,
  `bibliography_id` int(11) DEFAULT NULL,
  `pages` varchar(255) DEFAULT NULL,
  `canonic_url` varchar(255) DEFAULT NULL,
  `notes` text,
  `created_at` datetime DEFAULT NULL,
  `updated_at` datetime DEFAULT NULL,
  PRIMARY KEY (`id`),
  KEY `bibliography_id` (`bibliography_id`),
  CONSTRAINT `citations_bibliography_id_cc0a9ca4_fk_bibliographies_id` FOREIGN KEY (`bibliography_id`) REFERENCES `bibliographies` (`id`)
) ENGINE=InnoDB AUTO_INCREMENT=299 DEFAULT CHARSET=latin1;

--
-- Dumping data for table `citations`
--

INSERT INTO `citations` VALUES (1,'America\'s diplomats and consuls of 1776-1865',1,NULL,NULL,'The data in this study was bulk loaded from a spreadsheet (created after the pages were scanned and run through OCR).  Page numbers were not retained in the digitization process.','2009-10-28 18:26:49','2009-10-28 18:26:49'),(2,'Thomas Fitzsimons',2,NULL,'http://www.history.army.mil/books/RevWar/ss/fitzsimons.htm',NULL,'2011-12-27 21:30:24','2011-12-27 21:30:24'),(3,'Rodney Homes to George Murray, Vice Admiral. Sandy Hook, August  3, 1794',3,NULL,'http://wwwapp.cc.columbia.edu/ldpd/jay/image?key=columbia.jay.00888&p=29',NULL,'2012-02-07 13:10:54','2012-02-07 13:10:54'),(4,'Nathaniel Cabot Higginson to Edmund Jennings Randolph. St. Pierre, ',3,NULL,'http://wwwapp.cc.columbia.edu/ldpd/jay/image?key=columbia.jay.00888&p=34',NULL,'2012-02-07 13:10:54','2012-02-07 13:10:54'),(5,'Nathaniel Cabot Higginson to Josiah Blakely. St. Pierre, July  1, 1794',3,NULL,'http://wwwapp.cc.columbia.edu/ldpd/jay/image?key=columbia.jay.00888&p=38',NULL,'2012-02-07 13:10:54','2012-02-07 13:10:54'),(6,'Josiah Blakely to Nathaniel Cabot Higginson. St. Pierre, July  1, 1794',3,NULL,'http://wwwapp.cc.columbia.edu/ldpd/jay/image?key=columbia.jay.00888&p=38',NULL,'2012-02-07 13:10:54','2012-02-07 13:10:54'),(7,'Nathaniel Cabot Higginson to Edmund Jennings Randolph. St. Pierre, July  2, 1794',3,NULL,'http://wwwapp.cc.columbia.edu/ldpd/jay/image?key=columbia.jay.00888&p=40',NULL,'2012-02-07 13:10:54','2012-02-07 13:10:54'),(8,'Nathaniel Cabot Higginson to Edmund Jennings Randolph. St. Pierre, June 24, 1794',3,NULL,'http://wwwapp.cc.columbia.edu/ldpd/jay/image?key=columbia.jay.00888&p=480',NULL,'2012-02-07 13:10:54','2012-02-07 13:10:54'),(9,'George Hammond to Edmund Jennings Randolph. Philadelphia, July 30, 1794',3,NULL,'http://wwwapp.cc.columbia.edu/ldpd/jay/item?mode=item&key=columbia.jay.00888',NULL,'2012-02-07 13:10:54','2012-02-07 13:10:54'),(10,'Edmund Jennings Randolph to George Hammond. Philadelphia, October 23, 1794',3,NULL,'http://wwwapp.cc.columbia.edu/ldpd/jay/item?mode=item&key=columbia.jay.00888',NULL,'2012-02-07 13:10:54','2012-02-07 13:10:54'),(11,'George Hammond to Edmund Jennings Randolph. Philadelphia, September  3, 1794',3,NULL,'http://wwwapp.cc.columbia.edu/ldpd/jay/item?mode=item&key=columbia.jay.00888',NULL,'2012-02-07 13:10:54','2012-02-07 13:10:54'),(12,'David Gelston to George Clinton. New York, September  8, 1794',3,NULL,'http://wwwapp.cc.columbia.edu/ldpd/jay/image?key=columbia.jay.00888&p=51',NULL,'2012-02-07 13:10:54','2012-02-07 13:10:54'),(13,'Edmund Jennings Randolph to George Hammond. Philadelphia, August 22, 1794',3,NULL,'http://wwwapp.cc.columbia.edu/ldpd/jay/image?key=columbia.jay.00888&p=54',NULL,'2012-02-07 13:10:54','2012-02-07 13:10:54'),(14,'George Hammond to Edmund Jennings Randolph. Philadelphia, August 14, 1794',3,NULL,'http://wwwapp.cc.columbia.edu/ldpd/jay/item?mode=item&key=columbia.jay.00888',NULL,'2012-02-07 13:10:54','2012-02-07 13:10:54'),(15,'Edmund Jennings Randolph to George Hammond. Philadelphia, August 27, 1794',3,NULL,'http://wwwapp.cc.columbia.edu/ldpd/jay/item?mode=item&key=columbia.jay.00888',NULL,'2012-02-07 13:10:54','2012-02-07 13:10:54'),(16,'George Clinton to Cochrane. New York, July 17, 1794',3,NULL,'http://wwwapp.cc.columbia.edu/ldpd/jay/item?mode=item&key=columbia.jay.00888',NULL,'2012-02-07 13:10:54','2012-02-07 13:10:54'),(17,'Edmund Jennings Randolph to Thomas Fitzsimmons. Philadelphia, November  4, 1794',3,NULL,'http://wwwapp.cc.columbia.edu/ldpd/jay/image?key=columbia.jay.00888&p=56',NULL,'2012-02-07 13:10:54','2012-02-07 13:10:54'),(18,'John Hollins to Edmund Jennings Randolph. Baltimore, October 26, 1794',3,NULL,'http://wwwapp.cc.columbia.edu/ldpd/jay/image?key=columbia.jay.00888&p=66',NULL,'2012-02-07 13:10:54','2012-02-07 13:10:54'),(19,'Thomas Fitzsimmons to Edmund Jennings Randolph. Philadelphia, October 22, 1794',3,NULL,'http://wwwapp.cc.columbia.edu/ldpd/jay/image?key=columbia.jay.00888&p=70',NULL,'2012-02-07 13:10:54','2012-02-07 13:10:54'),(20,'George Clinton to George Washington. New York, September  9, 1794',3,NULL,'http://wwwapp.cc.columbia.edu/ldpd/jay/image?key=columbia.jay.00888&p=75',NULL,'2012-02-07 13:10:54','2012-02-07 13:10:54'),(21,'David Gelston to George Clinton. New York, September  8, 1794',3,NULL,'http://wwwapp.cc.columbia.edu/ldpd/jay/image?key=columbia.jay.00888&p=79',NULL,'2012-02-07 13:10:54','2012-02-07 13:10:54'),(22,'George Hammond to Edmund Jennings Randolph. Philadelphia, September  3, 1794',3,NULL,'http://wwwapp.cc.columbia.edu/ldpd/jay/item?mode=item&key=columbia.jay.00888',NULL,'2012-02-07 13:10:54','2012-02-07 13:10:54'),(23,'Edmund Jennings Randolph to George Hammond. Philadelphia, September  3, 1794',3,NULL,'http://wwwapp.cc.columbia.edu/ldpd/jay/item?mode=item&key=columbia.jay.00888',NULL,'2012-02-07 13:10:54','2012-02-07 13:10:54'),(24,'George Clinton to George Washington. New York, September  9, 1794',3,NULL,'http://wwwapp.cc.columbia.edu/ldpd/jay/image?key=columbia.jay.00888&p=101',NULL,'2012-02-07 13:10:54','2012-02-07 13:10:54'),(25,'Edward Cook to Commissioners. Pittsburgh, August 22, 1794',3,NULL,'http://wwwapp.cc.columbia.edu/ldpd/jay/image?key=columbia.jay.00888&p=106',NULL,'2012-02-07 13:10:54','2012-02-07 13:10:54'),(26,'Commissioners to Edmund Jennings Randolph. Pittsburgh, August 21, 1794',3,NULL,'http://wwwapp.cc.columbia.edu/ldpd/jay/image?key=columbia.jay.00888&p=110',NULL,'2012-02-07 13:10:54','2012-02-07 13:10:54'),(27,'Commissioners to Commissioners at Pittsburg. Pittsburgh, August 22, 1794',3,NULL,'http://wwwapp.cc.columbia.edu/ldpd/jay/image?key=columbia.jay.00888&p=112',NULL,'2012-02-07 13:10:54','2012-02-07 13:10:54'),(28,'Charles Williamson to Edmund Jennings Randolph. Bath, September  1, 1794',3,NULL,'http://wwwapp.cc.columbia.edu/ldpd/jay/item?mode=item&key=columbia.jay.00888',NULL,'2012-02-07 13:10:54','2012-02-07 13:10:54'),(29,'Commissioners to ?. Pittsburgh, August 21, 1794',3,NULL,'http://wwwapp.cc.columbia.edu/ldpd/jay/image?key=columbia.jay.00888&p=18',NULL,'2012-02-07 13:10:54','2012-02-07 13:10:54'),(30,'R.H. Sheaffe to Mr. Little. Sodus, August 16, 1794',3,NULL,'http://wwwapp.cc.columbia.edu/ldpd/jay/item?mode=item&key=columbia.jay.00888',NULL,'2012-02-07 13:10:54','2012-02-07 13:10:54'),(31,'R.H. Sheaffe to Charles Williamson. Sodus, August 16, 1794',3,NULL,'http://wwwapp.cc.columbia.edu/ldpd/jay/item?mode=item&key=columbia.jay.00888',NULL,'2012-02-07 13:10:54','2012-02-07 13:10:54'),(32,'Charles Williamson to Edmund Jennings Randolph. Bath, August 19, 1794',3,NULL,'http://wwwapp.cc.columbia.edu/ldpd/jay/image?key=columbia.jay.00888&p=477',NULL,'2012-02-07 13:10:54','2012-02-07 13:10:54'),(33,'Nathaniel Cabot Higginson to Edmund Jennings Randolph. Philadelphia, April 12, 1794',3,NULL,'http://wwwapp.cc.columbia.edu/ldpd/jay/item?mode=item&key=columbia.jay.00888',NULL,'2012-02-07 13:10:54','2012-02-07 13:10:54'),(34,'Nathaniel Cabot Higginson to John Prettijohn. Bridgetown, June  5, 1794',3,NULL,'http://wwwapp.cc.columbia.edu/ldpd/jay/image?key=columbia.jay.00888&p=493',NULL,'2012-02-07 13:10:54','2012-02-07 13:10:54'),(35,'John Prettijohn to Nathaniel Cabot Higginson. Bridgetown, June  6, 1794',3,NULL,'http://wwwapp.cc.columbia.edu/ldpd/jay/image?key=columbia.jay.00888&p=494',NULL,'2012-02-07 13:10:54','2012-02-07 13:10:54'),(36,'Nathaniel Cabot Higginson to Edmund Jennings Randolph. St. Pierre, July  1, 1794',3,NULL,'http://wwwapp.cc.columbia.edu/ldpd/jay/item?mode=item&key=columbia.jay.00888',NULL,'2012-02-07 13:10:54','2012-02-07 13:10:54'),(37,'Josiah Blakely to Nathaniel Cabot Higginson. St. Pierre, July  1, 1794',3,NULL,'http://wwwapp.cc.columbia.edu/ldpd/jay/item?mode=item&key=columbia.jay.00888',NULL,'2012-02-07 13:10:54','2012-02-07 13:10:54'),(38,'Nathaniel Cabot Higginson to Edmund Jennings Randolph. St. Pierre, July  2, 1794',3,NULL,'http://wwwapp.cc.columbia.edu/ldpd/jay/item?mode=item&key=columbia.jay.00888',NULL,'2012-02-07 13:10:54','2012-02-07 13:10:54'),(39,'Nathaniel Cabot Higginson to Edmund Jennings Randolph. St. Pierre, June 24, 1794',3,NULL,'http://wwwapp.cc.columbia.edu/ldpd/jay/image?key=columbia.jay.00888&p=42',NULL,'2012-02-07 13:10:54','2012-02-07 13:10:54'),(40,'Edmund Jennings Randolph to Jean Antoine Joseph Fauchet. Philadelphia, June 30, 1794',3,NULL,'http://wwwapp.cc.columbia.edu/ldpd/jay/image?key=columbia.jay.00888&p=389',NULL,'2012-02-07 13:10:54','2012-04-30 20:24:59'),(41,'George Hammond to Edmund Jennings Randolph. Philadelphia, June 30, 1794',3,NULL,'http://wwwapp.cc.columbia.edu/ldpd/jay/item?mode=item&key=columbia.jay.00888',NULL,'2012-02-07 13:10:54','2012-02-07 13:10:54'),(42,'Edmund Jennings Randolph to George Hammond. Philadelphia, July  1, 1794',3,NULL,'http://wwwapp.cc.columbia.edu/ldpd/jay/item?mode=item&key=columbia.jay.00888',NULL,'2012-02-07 13:10:54','2012-02-07 13:10:54'),(43,'Edmund Jennings Randolph to Jean Antoine Joseph Fauchet. Philadelphia, July  2, 1794',3,NULL,'http://wwwapp.cc.columbia.edu/ldpd/jay/image?key=columbia.jay.00888&p=394',NULL,'2012-02-07 13:10:54','2012-04-30 20:25:11'),(44,'Jean Antoine Joseph Fauchet to Edmund Jennings Randolph. Philadelphia, July  3, 1794',3,NULL,'http://wwwapp.cc.columbia.edu/ldpd/jay/image?key=columbia.jay.00888&p=391',NULL,'2012-02-07 13:10:54','2012-04-30 20:25:20'),(45,'Edmund Jennings Randolph to Jean Antoine Joseph Fauchet. Philadelphia, July  5, 1794',3,NULL,'http://wwwapp.cc.columbia.edu/ldpd/jay/image?key=columbia.jay.00888&p=393',NULL,'2012-02-07 13:10:54','2012-04-30 20:25:27'),(46,'Edmund Jennings Randolph to S. Girard. Philadelphia, July  4, 1794',3,NULL,'http://wwwapp.cc.columbia.edu/ldpd/jay/image?key=columbia.jay.00888&p=397',NULL,'2012-02-07 13:10:54','2012-02-07 13:10:54'),(47,'S. Girard to Edmund Jennings Randolph. Philadelphia, July  5, 1794',3,NULL,'http://wwwapp.cc.columbia.edu/ldpd/jay/image?key=columbia.jay.00888&p=398',NULL,'2012-02-07 13:10:54','2012-02-07 13:10:54'),(48,'Edmund Jennings Randolph to George Hammond. Philadelphia, July  4, 1794',3,NULL,'http://wwwapp.cc.columbia.edu/ldpd/jay/image?key=columbia.jay.00888&p=399',NULL,'2012-02-07 13:10:54','2012-02-07 13:10:54'),(49,'George Hammond to Edmund Jennings Randolph. Philadelphia, July  4, 1794',3,NULL,'http://wwwapp.cc.columbia.edu/ldpd/jay/image?key=columbia.jay.00888&p=400',NULL,'2012-02-07 13:10:54','2012-02-07 13:10:54'),(50,'Edmund Jennings Randolph to Thomas Fitzsimmons. Philadelphia, July  5, 1794',3,NULL,'http://wwwapp.cc.columbia.edu/ldpd/jay/image?key=columbia.jay.00888&p=401',NULL,'2012-02-07 13:10:54','2012-02-07 13:10:54'),(51,'Edmund Jennings Randolph to Nathaniel Falconer. Philadelphia, July  5, 1794',3,NULL,'http://wwwapp.cc.columbia.edu/ldpd/jay/image?key=columbia.jay.00888&p=402',NULL,'2012-02-07 13:10:54','2012-02-07 13:10:54'),(52,'Edmund Jennings Randolph to William Rawle. Philadelphia, July  7, 1794',3,NULL,'http://wwwapp.cc.columbia.edu/ldpd/jay/image?key=columbia.jay.00888&p=403',NULL,'2012-02-07 13:10:54','2012-02-07 13:10:54'),(53,'William Rawle to Edmund Jennings Randolph. Philadelphia, July  7, 1794',3,NULL,'http://wwwapp.cc.columbia.edu/ldpd/jay/image?key=columbia.jay.00888&p=404',NULL,'2012-02-07 13:10:54','2012-02-07 13:10:54'),(54,'Anthony Wayne to Henry Knox. Greenville, July  7, 1794',3,NULL,'http://wwwapp.cc.columbia.edu/ldpd/jay/image?key=columbia.jay.00888&p=449',NULL,'2012-02-07 13:10:54','2012-02-07 13:10:54'),(55,'Collins to Anthony Wayne. ?, February  2, 1793',3,NULL,'http://wwwapp.cc.columbia.edu/ldpd/jay/item?mode=item&key=columbia.jay.00888',NULL,'2012-02-07 13:10:54','2012-02-07 13:10:54'),(56,'Edmund Jennings Randolph to George Hammond. Philadelphia, June 18, 1794',3,NULL,'http://wwwapp.cc.columbia.edu/ldpd/jay/item?mode=item&key=columbia.jay.00888',NULL,'2012-02-07 13:10:54','2012-02-07 13:10:54'),(57,'Edmund Jennings Randolph to George Hammond. Philadelphia, June 18, 1794',3,NULL,'http://wwwapp.cc.columbia.edu/ldpd/jay/item?mode=item&key=columbia.jay.00888',NULL,'2012-02-07 13:10:54','2012-02-07 13:10:54'),(58,'Coxe to ?. ?, March 20, 1794',3,NULL,'http://wwwapp.cc.columbia.edu/ldpd/jay/item?mode=item&key=columbia.jay.00888',NULL,'2012-02-07 13:10:54','2012-02-07 13:10:54'),(59,'Edmund Jennings Randolph to Nathaniel Cabot Higginson. Philadelphia, April 11, 1794',3,NULL,'http://wwwapp.cc.columbia.edu/ldpd/jay/image?key=columbia.jay.00888&p=353',NULL,'2012-02-07 13:10:54','2012-02-07 13:10:54'),(60,'Thomas Pinckney to Edmund Jennings Randolph. London, January 28, 1794',3,NULL,'http://wwwapp.cc.columbia.edu/ldpd/jay/image?key=columbia.jay.00888&p=360',NULL,'2012-02-07 13:10:54','2012-02-07 13:10:54'),(61,'Edmund Jennings Randolph to George Hammond. Philadelphia, May  8, 1794',3,NULL,'http://wwwapp.cc.columbia.edu/ldpd/jay/image?key=columbia.jay.00888&p=369',NULL,'2012-02-07 13:10:54','2012-02-07 13:10:54'),(62,'Anthony Wayne to Henry Knox. Greenville, March 20, 1794',3,NULL,'http://wwwapp.cc.columbia.edu/ldpd/jay/image?key=columbia.jay.00888&p=154',NULL,'2012-02-07 13:10:54','2012-02-07 13:10:54'),(63,'Knox to Edmund Jennings Randolph. ?, May  8, 1794',3,NULL,'http://wwwapp.cc.columbia.edu/ldpd/jay/item?mode=item&key=columbia.jay.00888',NULL,'2012-02-07 13:10:54','2012-02-07 13:10:54'),(64,'Edmund Jennings Randolph to George Hammond. Philadelphia, September  3, 1794',3,NULL,'http://wwwapp.cc.columbia.edu/ldpd/jay/item?mode=item&key=columbia.jay.00888',NULL,'2012-02-07 13:10:54','2012-02-07 13:10:54'),(65,'George Hammond to Edmund Jennings Randolph. Philadelphia, October 26, 1794',3,NULL,'http://wwwapp.cc.columbia.edu/ldpd/jay/item?mode=item&key=columbia.jay.00888',NULL,'2012-02-07 13:10:54','2012-02-07 13:10:54'),(66,'George Hammond to Edmund Jennings Randolph. Philadelphia, April  2, 1794',3,NULL,'http://wwwapp.cc.columbia.edu/ldpd/jay/image?key=columbia.jay.00888&p=271',NULL,'2012-02-07 13:10:54','2012-02-07 13:10:54'),(67,'George Hammond to Edmund Jennings Randolph. Philadelphia, April  2, 1794',3,NULL,'http://wwwapp.cc.columbia.edu/ldpd/jay/image?key=columbia.jay.00888&p=272',NULL,'2012-02-07 13:10:54','2012-02-07 13:10:54'),(68,'George Hammond to Edmund Jennings Randolph. Philadelphia, April  2, 1794',3,NULL,'http://wwwapp.cc.columbia.edu/ldpd/jay/image?key=columbia.jay.00888&p=274',NULL,'2012-02-07 13:10:54','2012-02-07 13:10:54'),(69,'Edmund Jennings Randolph to George Hammond. Philadelphia, April  2, 1794',3,NULL,'http://wwwapp.cc.columbia.edu/ldpd/jay/image?key=columbia.jay.00888&p=280',NULL,'2012-02-07 13:10:54','2012-02-07 13:10:54'),(70,'Edmund Jennings Randolph to Zebulon Hollingsworth. Philadelphia, April  3, 1794',3,NULL,'http://wwwapp.cc.columbia.edu/ldpd/jay/image?key=columbia.jay.00888&p=284',NULL,'2012-02-07 13:10:54','2012-02-07 13:10:54'),(71,'Edmund Jennings Randolph to Alexander Campbell. Philadelphia, April  3, 1794',3,NULL,'http://wwwapp.cc.columbia.edu/ldpd/jay/image?key=columbia.jay.00888&p=286',NULL,'2012-02-07 13:10:54','2012-02-07 13:10:54'),(72,'Edmund Jennings Randolph to William Moultrie. Philadelphia, April  3, 1794',3,NULL,'http://wwwapp.cc.columbia.edu/ldpd/jay/image?key=columbia.jay.00888&p=287',NULL,'2012-02-07 13:10:54','2012-02-07 13:10:54'),(73,'Zebulon Hollingsworth to Edmund Jennings Randolph. Baltimore, April  6, 1794',3,NULL,'http://wwwapp.cc.columbia.edu/ldpd/jay/image?key=columbia.jay.00888&p=288',NULL,'2012-02-07 13:10:54','2012-06-08 01:45:12'),(74,'John C. Wederstrandt to Zebulon Hollingsworth. Baltimore, April  6, 1794',3,NULL,'http://wwwapp.cc.columbia.edu/ldpd/jay/image?key=columbia.jay.00888&p=290',NULL,'2012-02-07 13:10:54','2012-02-07 13:10:54'),(75,'Alexander Campbell to Edmund Jennings Randolph. Richmond, April 11, 1794',3,NULL,'http://wwwapp.cc.columbia.edu/ldpd/jay/image?key=columbia.jay.00888&p=291',NULL,'2012-02-07 13:10:54','2012-02-07 13:10:54'),(76,'Alexander Campbell to Robert Taylor. Richmond, April 10, 1794',3,NULL,'http://wwwapp.cc.columbia.edu/ldpd/jay/image?key=columbia.jay.00888&p=292',NULL,'2012-02-07 13:10:54','2012-02-07 13:10:54'),(77,'Alexander Campbell to Sir Charles Henry Knowles. Richmond, April 10, 1794',3,NULL,'http://wwwapp.cc.columbia.edu/ldpd/jay/image?key=columbia.jay.00888&p=296',NULL,'2012-02-07 13:10:54','2012-02-07 13:10:54'),(78,'Robert Taylor to Alexander Campbell. Norfolk, April 16, 1794',3,NULL,'http://wwwapp.cc.columbia.edu/ldpd/jay/image?key=columbia.jay.00888&p=297',NULL,'2012-02-07 13:10:54','2012-02-07 13:10:54'),(79,'Robert Taylor to John Hamilton. Norfolk, April 14, 1794',3,NULL,'http://wwwapp.cc.columbia.edu/ldpd/jay/image?key=columbia.jay.00888&p=299',NULL,'2012-02-07 13:10:54','2012-02-07 13:10:54'),(80,'John Hamilton to Robert Taylor. Norfolk, April 16, 1794',3,NULL,'http://wwwapp.cc.columbia.edu/ldpd/jay/image?key=columbia.jay.00888&p=301',NULL,'2012-02-07 13:10:54','2012-02-07 13:10:54'),(81,'Sir Charles Henry Knowles to Robert Taylor. Norfolk, April 15, 1794',3,NULL,'http://wwwapp.cc.columbia.edu/ldpd/jay/image?key=columbia.jay.00888&p=302',NULL,'2012-02-07 13:10:54','2012-02-07 13:10:54'),(82,'Sir Charles Henry Knowles to Alexander Campbell. Norfolk, April 15, 1794',3,NULL,'http://wwwapp.cc.columbia.edu/ldpd/jay/image?key=columbia.jay.00888&p=302',NULL,'2012-02-07 13:10:54','2012-02-07 13:10:54'),(83,'John Hamilton to Alexander Campbell. Norfolk, April 14, 1794',3,NULL,'http://wwwapp.cc.columbia.edu/ldpd/jay/image?key=columbia.jay.00888&p=305',NULL,'2012-02-07 13:10:54','2012-02-07 13:10:54'),(84,'Alexander Campbell to Edmund Jennings Randolph. Richmond, April 19, 1794',3,NULL,'http://wwwapp.cc.columbia.edu/ldpd/jay/image?key=columbia.jay.00888&p=308',NULL,'2012-02-07 13:10:54','2012-02-07 13:10:54'),(85,'William Moultrie to Edmund Jennings Randolph. Charleston, April 19, 1794',3,NULL,'http://wwwapp.cc.columbia.edu/ldpd/jay/image?key=columbia.jay.00888&p=309',NULL,'2012-02-07 13:10:54','2012-02-07 13:10:54'),(86,'William Moultrie to Edmund Jennings Randolph. Charleston, April 19, 1794',3,NULL,'http://wwwapp.cc.columbia.edu/ldpd/jay/image?key=columbia.jay.00888&p=311',NULL,'2012-02-07 13:10:54','2012-02-07 13:10:54'),(87,'George Hammond to Edmund Jennings Randolph. Philadelphia, May  1, 1794',3,NULL,'http://wwwapp.cc.columbia.edu/ldpd/jay/image?key=columbia.jay.00888&p=312',NULL,'2012-02-07 13:10:54','2012-02-07 13:10:54'),(88,'Edmund Jennings Randolph to George Hammond. Philadelphia, May 12, 1794',3,NULL,'http://wwwapp.cc.columbia.edu/ldpd/jay/image?key=columbia.jay.00888&p=313',NULL,'2012-02-07 13:10:54','2012-02-07 13:10:54'),(89,'George Hammond to Edmund Jennings Randolph. Philadelphia, May 12, 1794',3,NULL,'http://wwwapp.cc.columbia.edu/ldpd/jay/image?key=columbia.jay.00888&p=314',NULL,'2012-02-07 13:10:54','2012-02-07 13:10:54'),(90,'George Hammond to Edmund Jennings Randolph. Philadelphia, May  5, 1794',3,NULL,'http://wwwapp.cc.columbia.edu/ldpd/jay/image?key=columbia.jay.00888&p=316',NULL,'2012-02-07 13:10:54','2012-02-07 13:10:54'),(91,'Edmund Jennings Randolph to George Hammond. Philadelphia, May  6, 1794',3,NULL,'http://wwwapp.cc.columbia.edu/ldpd/jay/image?key=columbia.jay.00888&p=317',NULL,'2012-02-07 13:10:54','2012-02-07 13:10:54'),(92,'Edmund Jennings Randolph to William Rawle. Philadelphia, May  6, 1794',3,NULL,'http://wwwapp.cc.columbia.edu/ldpd/jay/image?key=columbia.jay.00888&p=320',NULL,'2012-02-07 13:10:54','2012-02-07 13:10:54'),(93,'George Hammond to Edmund Jennings Randolph. Philadelphia, May  6, 1794',3,NULL,'http://wwwapp.cc.columbia.edu/ldpd/jay/image?key=columbia.jay.00888&p=321',NULL,'2012-02-07 13:10:54','2012-02-07 13:10:54'),(94,'Alexander Hamilton to George Hammond. Philadelphia, May  9, 1794',3,NULL,'http://wwwapp.cc.columbia.edu/ldpd/jay/image?key=columbia.jay.00888&p=323',NULL,'2012-02-07 13:10:54','2012-02-07 13:10:54'),(95,'William Rawle to Alexander Hamilton. Philadelphia, May  8, 1794',3,NULL,'http://wwwapp.cc.columbia.edu/ldpd/jay/image?key=columbia.jay.00888&p=325',NULL,'2012-02-07 13:10:54','2012-02-07 13:10:54'),(96,'George Hammond to Alexander Hamilton. Philadelphia, May 12, 1794',3,NULL,'http://wwwapp.cc.columbia.edu/ldpd/jay/image?key=columbia.jay.00888&p=333',NULL,'2012-02-07 13:10:54','2012-02-07 13:10:54'),(97,'Alexander Hamilton to George Hammond. Philadelphia, May 14, 1794',3,NULL,'http://wwwapp.cc.columbia.edu/ldpd/jay/image?key=columbia.jay.00888&p=335',NULL,'2012-02-07 13:10:54','2012-02-07 13:10:54'),(98,'Thomas Mathews to Vaughan. Norfolk, April  7, 1794',3,NULL,'http://wwwapp.cc.columbia.edu/ldpd/jay/image?key=columbia.jay.00888&p=336',NULL,'2012-02-07 13:10:54','2012-02-07 13:10:54'),(99,'George Hammond to Edmund Jennings Randolph. Philadelphia, May 15, 1794',3,NULL,'http://wwwapp.cc.columbia.edu/ldpd/jay/image?key=columbia.jay.00888&p=337',NULL,'2012-02-07 13:10:54','2012-02-07 13:10:54'),(100,'Alexander Hamilton to Edmund Jennings Randolph. Philadelphia, May 14, 1794',3,NULL,'http://wwwapp.cc.columbia.edu/ldpd/jay/image?key=columbia.jay.00888&p=339',NULL,'2012-02-07 13:10:54','2012-02-07 13:10:54'),(101,'Arthur Fenner to Edmund Jennings Randolph. Providence, May 16, 1794',3,NULL,'http://wwwapp.cc.columbia.edu/ldpd/jay/image?key=columbia.jay.00888&p=340',NULL,'2012-02-07 13:10:54','2012-02-07 13:10:54'),(102,'Edmund Jennings Randolph to John Jay. Philadelphia, May 27, 1794',3,NULL,'http://wwwapp.cc.columbia.edu/ldpd/jay/item?mode=item&key=columbia.jay.04263',NULL,'2012-02-07 13:10:54','2012-02-07 13:10:54'),(103,'Edmund Jennings Randolph to John Jay. Philadelphia, May 27, 1794',3,NULL,'http://wwwapp.cc.columbia.edu/ldpd/jay/item?mode=item&key=columbia.jay.04408',NULL,'2012-02-07 13:10:54','2012-02-07 13:10:54'),(104,'Edmund Jennings Randolph to John Jay. Philadelphia, May 27, 1794',3,NULL,'http://wwwapp.cc.columbia.edu/ldpd/jay/item?mode=item&key=columbia.jay.07069',NULL,'2012-02-07 13:10:54','2012-02-07 13:10:54'),(105,'Edmund Jennings Randolph to John Jay. Philadelphia, May 27, 1794',3,NULL,'http://wwwapp.cc.columbia.edu/ldpd/jay/item?mode=item&key=columbia.jay.08632',NULL,'2012-02-07 13:10:54','2012-02-07 13:10:54'),(106,'Edmund Jennings Randolph to John Jay. Philadelphia, May 28, 1794',3,NULL,'http://wwwapp.cc.columbia.edu/ldpd/jay/item?mode=item&key=columbia.jay.00622',NULL,'2012-02-07 13:10:54','2012-02-07 13:10:54'),(107,'Edmund Jennings Randolph to John Jay. Philadelphia, May 28, 1794',3,NULL,'http://wwwapp.cc.columbia.edu/ldpd/jay/item?mode=item&key=columbia.jay.04264',NULL,'2012-02-07 13:10:54','2012-02-07 13:10:54'),(108,'Edmund Jennings Randolph to John Jay. Philadelphia, May 28, 1794',3,NULL,'http://wwwapp.cc.columbia.edu/ldpd/jay/item?mode=item&key=columbia.jay.04409',NULL,'2012-02-07 13:10:54','2012-02-07 13:10:54'),(109,'Edmund Jennings Randolph to John Jay. Philadelphia, May 29, 1794',3,NULL,'http://wwwapp.cc.columbia.edu/ldpd/jay/item?mode=item&key=columbia.jay.00629',NULL,'2012-02-07 13:10:54','2012-02-07 13:10:54'),(110,'Edmund Jennings Randolph to John Jay. Philadelphia, May 29, 1794',3,NULL,'http://wwwapp.cc.columbia.edu/ldpd/jay/item?mode=item&key=columbia.jay.04265',NULL,'2012-02-07 13:10:54','2012-02-07 13:10:54'),(111,'Edmund Jennings Randolph to John Jay. Philadelphia, May 29, 1794',3,NULL,'http://wwwapp.cc.columbia.edu/ldpd/jay/item?mode=item&key=columbia.jay.04410',NULL,'2012-02-07 13:10:54','2012-02-07 13:10:54'),(112,'Sarah Livingston Jay to John Jay. New York, May 29, 1794',3,NULL,'http://wwwapp.cc.columbia.edu/ldpd/jay/item?mode=item&key=columbia.jay.06556',NULL,'2012-02-07 13:10:54','2012-02-07 13:10:54'),(113,'Alexander Hamilton to John Jay. Philadelphia, June  4, 1794',3,NULL,'http://wwwapp.cc.columbia.edu/ldpd/jay/item?mode=item&key=columbia.jay.05628',NULL,'2012-02-07 13:10:54','2012-02-07 13:10:54'),(114,'Christopher Gore to John Jay. Boston, June  7, 1794',3,NULL,'http://wwwapp.cc.columbia.edu/ldpd/jay/item?mode=item&key=columbia.jay.08472',NULL,'2012-02-07 13:10:54','2012-02-07 13:10:54'),(115,'Edmund Jennings Randolph to John Jay. Philadelphia, June  8, 1794',3,NULL,'http://wwwapp.cc.columbia.edu/ldpd/jay/item?mode=item&key=columbia.jay.00603',NULL,'2012-02-07 13:10:54','2012-02-07 13:10:54'),(116,'Edmund Jennings Randolph to John Jay. Philadelphia, June  8, 1794',3,NULL,'http://wwwapp.cc.columbia.edu/ldpd/jay/item?mode=item&key=columbia.jay.04266',NULL,'2012-02-07 13:10:54','2012-02-07 13:10:54'),(117,'Edmund Jennings Randolph to John Jay. Philadelphia, June  8, 1794',3,NULL,'http://wwwapp.cc.columbia.edu/ldpd/jay/item?mode=item&key=columbia.jay.04411',NULL,'2012-02-07 13:10:54','2012-02-07 13:10:54'),(118,'Edmund Jennings Randolph to John Jay. Philadelphia, June  9, 1794',3,NULL,'http://wwwapp.cc.columbia.edu/ldpd/jay/item?mode=item&key=columbia.jay.04267',NULL,'2012-02-07 13:10:54','2012-02-07 13:10:54'),(119,'Edmund Jennings Randolph to John Jay. Philadelphia, June  9, 1794',3,NULL,'http://wwwapp.cc.columbia.edu/ldpd/jay/item?mode=item&key=columbia.jay.04412',NULL,'2012-02-07 13:10:54','2012-02-07 13:10:54'),(120,'Tench Coxe to John Jay. Philadelphia, June  9, 1794',3,NULL,'http://wwwapp.cc.columbia.edu/ldpd/jay/item?mode=item&key=columbia.jay.09822',NULL,'2012-02-07 13:10:54','2012-02-07 13:10:54'),(121,'William Bayard to John Jay. Southampton, June  9, 1794',3,NULL,'http://wwwapp.cc.columbia.edu/ldpd/jay/item?mode=item&key=columbia.jay.12527',NULL,'2012-02-07 13:10:54','2012-02-07 13:10:54'),(122,'William Vans Murray to John Jay. Philadelphia, June  9, 1794',3,NULL,'http://wwwapp.cc.columbia.edu/ldpd/jay/item?mode=item&key=columbia.jay.13208',NULL,'2012-02-07 13:10:54','2012-02-07 13:10:54'),(123,'Maria Jay to John Jay. New York, June 13, 1794',3,NULL,'http://wwwapp.cc.columbia.edu/ldpd/jay/item?mode=item&key=columbia.jay.09693',NULL,'2012-02-07 13:10:54','2012-02-07 13:10:54'),(124,'Peter Jay Munro to John Jay. New York, June 14, 1794',3,NULL,'http://wwwapp.cc.columbia.edu/ldpd/jay/item?mode=item&key=columbia.jay.00423',NULL,'2012-02-07 13:10:54','2012-02-07 13:10:54'),(125,'Peter Jay Munro to John Jay. New York, June 15, 1794',3,NULL,'http://wwwapp.cc.columbia.edu/ldpd/jay/item?mode=item&key=columbia.jay.09371',NULL,'2012-02-07 13:10:54','2012-02-07 13:10:54'),(126,'Sir Edward Newenham to John Jay. Dublin, June 15, 1794',3,NULL,'http://wwwapp.cc.columbia.edu/ldpd/jay/item?mode=item&key=columbia.jay.09589',NULL,'2012-02-07 13:10:54','2012-02-07 13:10:54'),(127,'William Grenville to John Jay. London, June 16, 1794',3,NULL,'http://wwwapp.cc.columbia.edu/ldpd/jay/item?mode=item&key=columbia.jay.08517',NULL,'2012-02-07 13:10:54','2012-02-07 13:10:54'),(128,'Mr. Braithwaite to John Jay. London, June 17, 1794',3,NULL,'http://wwwapp.cc.columbia.edu/ldpd/jay/item?mode=item&key=columbia.jay.05507',NULL,'2012-02-07 13:10:54','2012-02-07 13:10:54'),(129,'Thomas Pinckney to John Jay. London, June 17, 1794',3,NULL,'http://wwwapp.cc.columbia.edu/ldpd/jay/item?mode=item&key=columbia.jay.09458',NULL,'2012-02-07 13:10:54','2012-02-07 13:10:54'),(130,'Jacob Read to John Jay. Charleston, June 19, 1794',3,NULL,'http://wwwapp.cc.columbia.edu/ldpd/jay/item?mode=item&key=columbia.jay.07071',NULL,'2012-02-07 13:10:54','2012-02-07 13:10:54'),(131,'Prince de Poix to John Jay. Twickenham, June 19, 1794',3,NULL,'http://wwwapp.cc.columbia.edu/ldpd/jay/item?mode=item&key=columbia.jay.90387',NULL,'2012-02-07 13:10:54','2012-04-20 14:18:13'),(132,'William Grenville to John Jay. London, June 19, 1794',3,NULL,'http://wwwapp.cc.columbia.edu/ldpd/jay/item?mode=item&key=columbia.jay.08518',NULL,'2012-02-07 13:10:54','2012-02-07 13:10:54'),(133,'Del Campo to John Jay. London, June 23, 1794',3,NULL,'http://wwwapp.cc.columbia.edu/ldpd/jay/item?mode=item&key=columbia.jay.08255',NULL,'2012-02-07 13:10:54','2012-02-07 13:10:54'),(134,'William Grenville to John Jay. London, June 24, 1794',3,NULL,'http://wwwapp.cc.columbia.edu/ldpd/jay/item?mode=item&key=columbia.jay.08519',NULL,'2012-02-07 13:10:54','2012-02-07 13:10:54'),(135,'William Augustus Miles to John Jay. London, June 25, 1794',3,NULL,'http://wwwapp.cc.columbia.edu/ldpd/jay/item?mode=item&key=columbia.jay.06947',NULL,'2012-02-07 13:10:54','2012-02-07 13:10:54'),(136,'William Augustus Miles to John Jay. London, June 26, 1794',3,NULL,'http://wwwapp.cc.columbia.edu/ldpd/jay/item?mode=item&key=columbia.jay.06948',NULL,'2012-02-07 13:10:54','2012-02-07 13:10:54'),(137,'Sylvanus Bourne to John Jay. Amsterdam, June 27, 1794',3,NULL,'http://wwwapp.cc.columbia.edu/ldpd/jay/item?mode=item&key=columbia.jay.04362',NULL,'2012-02-07 13:10:54','2012-02-07 13:10:54'),(138,'Sylvanus Bourne to John Jay. Amsterdam, June 27, 1794',3,NULL,'http://wwwapp.cc.columbia.edu/ldpd/jay/item?mode=item&key=columbia.jay.04420',NULL,'2012-02-07 13:10:54','2012-02-07 13:10:54'),(139,'William Bayard to John Jay. Southampton, June 29, 1794',3,NULL,'http://wwwapp.cc.columbia.edu/ldpd/jay/item?mode=item&key=columbia.jay.08361',NULL,'2012-02-07 13:10:54','2012-02-07 13:10:54'),(140,'Lally-Colendal to John Jay. London, June 30, 1794',3,NULL,'http://wwwapp.cc.columbia.edu/ldpd/jay/item?mode=item&key=columbia.jay.08559',NULL,'2012-02-07 13:10:54','2012-02-07 13:10:54'),(141,'Mary Ann Lowden to John Jay. Dumfries, July  1, 1794',3,NULL,'http://wwwapp.cc.columbia.edu/ldpd/jay/item?mode=item&key=columbia.jay.06914',NULL,'2012-02-07 13:10:54','2012-02-07 13:10:54'),(142,'Dell\'Acqua to John Jay. London, July  4, 1794',3,NULL,'http://wwwapp.cc.columbia.edu/ldpd/jay/item?mode=item&key=columbia.jay.08566',NULL,'2012-02-07 13:10:54','2012-02-07 13:10:54'),(143,'Thomas Coombe to John Jay. London, July  4, 1794',3,NULL,'http://wwwapp.cc.columbia.edu/ldpd/jay/item?mode=item&key=columbia.jay.05531',NULL,'2012-02-07 13:10:54','2012-02-07 13:10:54'),(144,'Henry Waddell to John Jay. London, July  5, 1794',3,NULL,'http://wwwapp.cc.columbia.edu/ldpd/jay/item?mode=item&key=columbia.jay.04360',NULL,'2012-02-07 13:10:54','2012-02-07 13:10:54'),(145,'Henry Waddell to John Jay. London, July  5, 1794',3,NULL,'http://wwwapp.cc.columbia.edu/ldpd/jay/item?mode=item&key=columbia.jay.04418',NULL,'2012-02-07 13:10:54','2012-02-07 13:10:54'),(146,'Richard Henry Lee to John Jay. Richmond, July  6, 1794',3,NULL,'http://wwwapp.cc.columbia.edu/ldpd/jay/item?mode=item&key=columbia.jay.12815',NULL,'2012-02-07 13:10:54','2012-02-07 13:10:54'),(147,'Sir John Sinclair to John Jay. London, July  6, 1794',3,NULL,'http://wwwapp.cc.columbia.edu/ldpd/jay/item?mode=item&key=columbia.jay.07139',NULL,'2012-02-07 13:10:54','2012-02-07 13:10:54'),(148,'Sarah Livingston Jay to John Jay. New York, July  7, 1794',3,NULL,'http://wwwapp.cc.columbia.edu/ldpd/jay/item?mode=item&key=columbia.jay.06557',NULL,'2012-02-07 13:10:54','2012-02-07 13:10:54'),(149,'W. Jackson to John Jay. Amsterdam, July  8, 1794',3,NULL,'http://wwwapp.cc.columbia.edu/ldpd/jay/item?mode=item&key=columbia.jay.08636',NULL,'2012-02-07 13:10:54','2012-02-07 13:10:54'),(150,'Edmund Jennings Randolph to John Jay. Philadelphia, July  9, 1794',3,NULL,'http://wwwapp.cc.columbia.edu/ldpd/jay/item?mode=item&key=columbia.jay.04276',NULL,'2012-02-07 13:10:54','2012-02-07 13:10:54'),(151,'Edmund Jennings Randolph to John Jay. Philadelphia, July  9, 1794',3,NULL,'http://wwwapp.cc.columbia.edu/ldpd/jay/item?mode=item&key=columbia.jay.04422',NULL,'2012-02-07 13:10:55','2012-02-07 13:10:55'),(152,'Edward Gardiner to John Jay. Herefordshire, July  9, 1794',3,NULL,'http://wwwapp.cc.columbia.edu/ldpd/jay/item?mode=item&key=columbia.jay.90018',NULL,'2012-02-07 13:10:55','2012-02-07 13:10:55'),(153,'Edmund Jennings Randolph to John Jay. Philadelphia, July 10, 1794',3,NULL,'http://wwwapp.cc.columbia.edu/ldpd/jay/item?mode=item&key=columbia.jay.00604',NULL,'2012-02-07 13:10:55','2012-02-07 13:10:55'),(154,'Edmund Jennings Randolph to John Jay. Philadelphia, July 10, 1794',3,NULL,'http://wwwapp.cc.columbia.edu/ldpd/jay/item?mode=item&key=columbia.jay.04277',NULL,'2012-02-07 13:10:55','2012-02-07 13:10:55'),(155,'Edmund Jennings Randolph to John Jay. Philadelphia, July 10, 1794',3,NULL,'http://wwwapp.cc.columbia.edu/ldpd/jay/item?mode=item&key=columbia.jay.04424',NULL,'2012-02-07 13:10:55','2012-02-07 13:10:55'),(156,'Edmund Jennings Randolph to John Jay. Philadelphia, July 10, 1794',3,NULL,'http://wwwapp.cc.columbia.edu/ldpd/jay/item?mode=item&key=columbia.jay.10076',NULL,'2012-02-07 13:10:55','2012-02-07 13:10:55'),(157,'Sarah Vaughan to John Jay. Rottingdean, July 11, 1794',3,NULL,'http://wwwapp.cc.columbia.edu/ldpd/jay/item?mode=item&key=columbia.jay.08147',NULL,'2012-02-07 13:10:55','2012-02-07 13:10:55'),(158,'Sir Edward Newenham to John Jay. Dublin, July 12, 1794',3,NULL,'http://wwwapp.cc.columbia.edu/ldpd/jay/item?mode=item&key=columbia.jay.09590',NULL,'2012-02-07 13:10:55','2012-02-07 13:10:55'),(159,'John Anstey to John Jay. Bath, July 14, 1794',3,NULL,'http://wwwapp.cc.columbia.edu/ldpd/jay/item?mode=item&key=columbia.jay.05484',NULL,'2012-02-07 13:10:55','2012-02-07 13:10:55'),(160,'Lindley Murray to John Jay. York, July 15, 1794',3,NULL,'http://wwwapp.cc.columbia.edu/ldpd/jay/item?mode=item&key=columbia.jay.09606',NULL,'2012-02-07 13:10:55','2012-02-07 13:10:55'),(161,'Edmund Jennings Randolph to John Jay. Philadelphia, July 18, 1794',3,NULL,'http://wwwapp.cc.columbia.edu/ldpd/jay/item?mode=item&key=columbia.jay.00605',NULL,'2012-02-07 13:10:55','2012-02-07 13:10:55'),(162,'Edmund Jennings Randolph to John Jay. Philadelphia, July 18, 1794',3,NULL,'http://wwwapp.cc.columbia.edu/ldpd/jay/item?mode=item&key=columbia.jay.04280',NULL,'2012-02-07 13:10:55','2012-02-07 13:10:55'),(163,'Edmund Jennings Randolph to John Jay. Philadelphia, July 18, 1794',3,NULL,'http://wwwapp.cc.columbia.edu/ldpd/jay/item?mode=item&key=columbia.jay.04427',NULL,'2012-02-07 13:10:55','2012-02-07 13:10:55'),(164,'John Mitchell to John Jay. Edinburgh, July 18, 1794',3,NULL,'http://wwwapp.cc.columbia.edu/ldpd/jay/item?mode=item&key=columbia.jay.06949',NULL,'2012-02-07 13:10:55','2012-02-07 13:10:55'),(165,'Thomas Pinckney to John Jay. London, July 19, 1794',3,NULL,'http://wwwapp.cc.columbia.edu/ldpd/jay/item?mode=item&key=columbia.jay.02600',NULL,'2012-02-07 13:10:55','2012-02-07 13:10:55'),(166,'Thomas Pinckney to John Jay. London, July 20, 1794',3,NULL,'http://wwwapp.cc.columbia.edu/ldpd/jay/item?mode=item&key=columbia.jay.09459',NULL,'2012-02-07 13:10:55','2012-02-07 13:10:55'),(167,'William Petty, Marquis of Lansdowne to John Jay. London, July 27, 1794',3,NULL,'http://wwwapp.cc.columbia.edu/ldpd/jay/item?mode=item&key=columbia.jay.08183',NULL,'2012-02-07 13:10:55','2012-02-07 13:10:55'),(168,'Thomas Pinckney to John Jay. London, July 28, 1794',3,NULL,'http://wwwapp.cc.columbia.edu/ldpd/jay/item?mode=item&key=columbia.jay.09460',NULL,'2012-02-07 13:10:55','2012-02-07 13:10:55'),(169,'William Grenville to John Jay. London, July 28, 1794',3,NULL,'http://wwwapp.cc.columbia.edu/ldpd/jay/item?mode=item&key=columbia.jay.08520',NULL,'2012-02-07 13:10:55','2012-02-07 13:10:55'),(170,'William Grenville to John Jay. London, July 29, 1794',3,NULL,'http://wwwapp.cc.columbia.edu/ldpd/jay/item?mode=item&key=columbia.jay.08521',NULL,'2012-02-07 13:10:55','2012-02-07 13:10:55'),(171,'Edmund Jennings Randolph to John Jay. Philadelphia, July 30, 1794',3,NULL,'http://wwwapp.cc.columbia.edu/ldpd/jay/item?mode=item&key=columbia.jay.04283',NULL,'2012-02-07 13:10:55','2012-02-07 13:10:55'),(172,'Edmund Jennings Randolph to John Jay. Philadelphia, July 30, 1794',3,NULL,'http://wwwapp.cc.columbia.edu/ldpd/jay/item?mode=item&key=columbia.jay.04429',NULL,'2012-02-07 13:10:55','2012-02-07 13:10:55'),(173,'Harvey Reuben to John Jay. Cork, July 30, 1794',3,NULL,'http://wwwapp.cc.columbia.edu/ldpd/jay/item?mode=item&key=columbia.jay.90281',NULL,'2012-02-07 13:10:55','2012-02-07 13:10:55'),(174,'William Grenville to John Jay. London, July 30, 1794',3,NULL,'http://wwwapp.cc.columbia.edu/ldpd/jay/item?mode=item&key=columbia.jay.04985',NULL,'2012-02-07 13:10:55','2012-02-07 13:10:55'),(175,'Mrs. Chalmers to John Jay. London, August 1794',3,NULL,'http://wwwapp.cc.columbia.edu/ldpd/jay/item?mode=item&key=columbia.jay.90267',NULL,'2012-02-07 13:10:55','2012-02-07 13:10:55'),(176,'William Temple Franklin to John Jay. London, August 1794',3,NULL,'http://wwwapp.cc.columbia.edu/ldpd/jay/item?mode=item&key=columbia.jay.90276',NULL,'2012-02-07 13:10:55','2012-02-07 13:10:55'),(177,'Mathew Clarkson to John Jay. New York, August  1, 1794',3,NULL,'http://wwwapp.cc.columbia.edu/ldpd/jay/item?mode=item&key=columbia.jay.09797',NULL,'2012-02-07 13:10:55','2012-02-07 13:10:55'),(178,'R. Bowen to John Jay. Providence, August  1, 1794',3,NULL,'http://wwwapp.cc.columbia.edu/ldpd/jay/item?mode=item&key=columbia.jay.08638',NULL,'2012-02-07 13:10:55','2012-02-07 13:10:55'),(179,'William Grenville to John Jay. London, August  1, 1794',3,NULL,'http://wwwapp.cc.columbia.edu/ldpd/jay/item?mode=item&key=columbia.jay.04466',NULL,'2012-02-07 13:10:55','2012-02-07 13:10:55'),(180,'Sarah Livingston Jay to John Jay. New York, August  2, 1794',3,NULL,'http://wwwapp.cc.columbia.edu/ldpd/jay/item?mode=item&key=columbia.jay.06558',NULL,'2012-02-07 13:10:55','2012-02-07 13:10:55'),(181,'William Scott, Baron Stowell to John Jay. London, August  2, 1794',3,NULL,'http://wwwapp.cc.columbia.edu/ldpd/jay/item?mode=item&key=columbia.jay.07133',NULL,'2012-02-07 13:10:55','2012-02-07 13:10:55'),(182,'William Grenville to John Jay. London, August  4, 1794',3,NULL,'http://wwwapp.cc.columbia.edu/ldpd/jay/item?mode=item&key=columbia.jay.08522',NULL,'2012-02-07 13:10:55','2012-02-07 13:10:55'),(183,'William Grenville to John Jay. London, August  5, 1794',3,NULL,'http://wwwapp.cc.columbia.edu/ldpd/jay/item?mode=item&key=columbia.jay.08523',NULL,'2012-02-07 13:10:55','2012-02-07 13:10:55'),(184,'William Grenville to John Jay. London, August  8, 1794',3,NULL,'http://wwwapp.cc.columbia.edu/ldpd/jay/item?mode=item&key=columbia.jay.08529',NULL,'2012-02-07 13:10:55','2012-02-07 13:10:55'),(185,'Edmund Jennings Randolph to John Jay. Philadelphia, August 11, 1794',3,NULL,'http://wwwapp.cc.columbia.edu/ldpd/jay/item?mode=item&key=columbia.jay.00606',NULL,'2012-02-07 13:10:55','2012-02-07 13:10:55'),(186,'Edmund Jennings Randolph to John Jay. Philadelphia, August 11, 1794',3,NULL,'http://wwwapp.cc.columbia.edu/ldpd/jay/item?mode=item&key=columbia.jay.04304',NULL,'2012-02-07 13:10:55','2012-02-07 13:10:55'),(187,'Edmund Jennings Randolph to John Jay. Philadelphia, August 11, 1794',3,NULL,'http://wwwapp.cc.columbia.edu/ldpd/jay/item?mode=item&key=columbia.jay.04436',NULL,'2012-02-07 13:10:55','2012-02-07 13:10:55'),(188,'Mrs. Chalmers to John Jay. London, August 11, 1794',3,NULL,'http://wwwapp.cc.columbia.edu/ldpd/jay/item?mode=item&key=columbia.jay.05509',NULL,'2012-02-07 13:10:55','2012-02-07 13:10:55'),(189,'Mrs. Chalmers to John Jay. London, August 12, 1794',3,NULL,'http://wwwapp.cc.columbia.edu/ldpd/jay/item?mode=item&key=columbia.jay.13592',NULL,'2012-02-07 13:10:55','2012-02-07 13:10:55'),(190,'Edmund Jennings Randolph to John Jay. Philadelphia, August 15, 1794',3,NULL,'http://wwwapp.cc.columbia.edu/ldpd/jay/item?mode=item&key=columbia.jay.00607',NULL,'2012-02-07 13:10:55','2012-02-07 13:10:55'),(191,'Edmund Jennings Randolph to John Jay. Philadelphia, August 15, 1794',3,NULL,'http://wwwapp.cc.columbia.edu/ldpd/jay/item?mode=item&key=columbia.jay.04305',NULL,'2012-02-07 13:10:55','2012-02-07 13:10:55'),(192,'Edmund Jennings Randolph to John Jay. Philadelphia, August 15, 1794',3,NULL,'http://wwwapp.cc.columbia.edu/ldpd/jay/item?mode=item&key=columbia.jay.04437',NULL,'2012-02-07 13:10:55','2012-02-07 13:10:55'),(193,'William Bayard to John Jay. Southampton, August 16, 1794',3,NULL,'http://wwwapp.cc.columbia.edu/ldpd/jay/item?mode=item&key=columbia.jay.08362',NULL,'2012-02-07 13:10:55','2012-02-07 13:10:55'),(194,'William Grenville to John Jay. London, August 17, 1794',3,NULL,'http://wwwapp.cc.columbia.edu/ldpd/jay/item?mode=item&key=columbia.jay.08530',NULL,'2012-02-07 13:10:55','2012-02-07 13:10:55'),(195,'Edmund Jennings Randolph to John Jay. Philadelphia, August 18, 1794',3,NULL,'http://wwwapp.cc.columbia.edu/ldpd/jay/item?mode=item&key=columbia.jay.04306',NULL,'2012-02-07 13:10:55','2012-02-07 13:10:55'),(196,'Edmund Jennings Randolph to John Jay. Philadelphia, August 18, 1794',3,NULL,'http://wwwapp.cc.columbia.edu/ldpd/jay/item?mode=item&key=columbia.jay.04438',NULL,'2012-02-07 13:10:55','2012-02-07 13:10:55'),(197,'Sarah Livingston Jay to John Jay. New York, August 27, 1794',3,NULL,'http://wwwapp.cc.columbia.edu/ldpd/jay/item?mode=item&key=columbia.jay.06559',NULL,'2012-02-07 13:10:55','2012-02-07 13:10:55'),(198,'Edmund Jennings Randolph to John Jay. Philadelphia, August 30, 1794',3,NULL,'http://wwwapp.cc.columbia.edu/ldpd/jay/item?mode=item&key=columbia.jay.00066',NULL,'2012-02-07 13:10:55','2012-02-07 13:10:55'),(199,'Edmund Jennings Randolph to John Jay. Philadelphia, August 30, 1794',3,NULL,'http://wwwapp.cc.columbia.edu/ldpd/jay/item?mode=item&key=columbia.jay.00611',NULL,'2012-02-07 13:10:55','2012-02-07 13:10:55'),(200,'Edmund Jennings Randolph to John Jay. Philadelphia, August 30, 1794',3,NULL,'http://wwwapp.cc.columbia.edu/ldpd/jay/item?mode=item&key=columbia.jay.04309',NULL,'2012-02-07 13:10:55','2012-02-07 13:10:55'),(201,'Edmund Jennings Randolph to John Jay. Philadelphia, August 30, 1794',3,NULL,'http://wwwapp.cc.columbia.edu/ldpd/jay/item?mode=item&key=columbia.jay.04441',NULL,'2012-02-07 13:10:55','2012-02-07 13:10:55'),(202,'George Washington to John Jay. Philadelphia, August 30, 1794',3,NULL,'http://wwwapp.cc.columbia.edu/ldpd/jay/item?mode=item&key=columbia.jay.00690',NULL,'2012-02-07 13:10:55','2012-02-07 13:10:55'),(203,'George Washington to John Jay. Philadelphia, August 30, 1794',3,NULL,'http://wwwapp.cc.columbia.edu/ldpd/jay/item?mode=item&key=columbia.jay.07255',NULL,'2012-02-07 13:10:55','2012-02-07 13:10:55'),(204,'George Washington to John Jay. Philadelphia, August 30, 1794',3,NULL,'http://wwwapp.cc.columbia.edu/ldpd/jay/item?mode=item&key=columbia.jay.10632',NULL,'2012-02-07 13:10:55','2012-02-07 13:10:55'),(205,'Peter Jay Munro to John Jay. New York, August 30, 1794',3,NULL,'http://wwwapp.cc.columbia.edu/ldpd/jay/item?mode=item&key=columbia.jay.00426',NULL,'2012-02-07 13:10:55','2012-02-07 13:10:55'),(206,'William Grenville to John Jay. London, August 30, 1794',3,NULL,'http://wwwapp.cc.columbia.edu/ldpd/jay/item?mode=item&key=columbia.jay.04446',NULL,'2012-02-07 13:10:55','2012-02-07 13:10:55'),(207,'Lady Payne to John Jay. London, September 1794',3,NULL,'http://wwwapp.cc.columbia.edu/ldpd/jay/item?mode=item&key=columbia.jay.07039',NULL,'2012-02-07 13:10:55','2012-02-07 13:10:55'),(208,'Edmund Jennings Randolph to John Jay. Philadelphia, September  5, 1794',3,NULL,'http://wwwapp.cc.columbia.edu/ldpd/jay/item?mode=item&key=columbia.jay.04442',NULL,'2012-02-07 13:10:55','2012-02-07 13:10:55'),(209,'George Washington to John Jay. Philadelphia, September  5, 1794',3,NULL,'http://wwwapp.cc.columbia.edu/ldpd/jay/item?mode=item&key=columbia.jay.10633',NULL,'2012-02-07 13:10:55','2012-02-07 13:10:55'),(210,'William Grenville to John Jay. London, September  5, 1794',3,NULL,'http://wwwapp.cc.columbia.edu/ldpd/jay/item?mode=item&key=columbia.jay.04317',NULL,'2012-02-07 13:10:55','2012-02-07 13:10:55'),(211,'William Grenville to John Jay. London, September  7, 1794',3,NULL,'http://wwwapp.cc.columbia.edu/ldpd/jay/item?mode=item&key=columbia.jay.04450',NULL,'2012-02-07 13:10:55','2012-02-07 13:10:55'),(212,'William Grenville to John Jay. London, September  7, 1794',3,NULL,'http://wwwapp.cc.columbia.edu/ldpd/jay/item?mode=item&key=columbia.jay.12780',NULL,'2012-02-07 13:10:55','2012-02-07 13:10:55'),(213,'William Grenville to John Jay. London, September  7, 1794',3,NULL,'http://wwwapp.cc.columbia.edu/ldpd/jay/item?mode=item&key=columbia.jay.05003',NULL,'2012-02-07 13:10:55','2012-02-07 13:10:55'),(214,'Henry Dundas, Viscount Melville to John Jay. London, September  9, 1794',3,NULL,'http://wwwapp.cc.columbia.edu/ldpd/jay/item?mode=item&key=columbia.jay.05436',NULL,'2012-02-07 13:10:55','2012-02-07 13:10:55'),(215,'Henry Dundas, Viscount Melville to John Jay. London, September 10, 1794',3,NULL,'http://wwwapp.cc.columbia.edu/ldpd/jay/item?mode=item&key=columbia.jay.05573',NULL,'2012-02-07 13:10:55','2012-02-07 13:10:55'),(216,'William Scott, Baron Stowell to John Jay. London, September 10, 1794',3,NULL,'http://wwwapp.cc.columbia.edu/ldpd/jay/item?mode=item&key=columbia.jay.04319',NULL,'2012-02-07 13:10:55','2012-02-07 13:10:55'),(217,'Edmund Jennings Randolph to John Jay. Philadelphia, September 12, 1794',3,NULL,'http://wwwapp.cc.columbia.edu/ldpd/jay/item?mode=item&key=columbia.jay.00608',NULL,'2012-02-07 13:10:55','2012-02-07 13:10:55'),(218,'Edmund Jennings Randolph to John Jay. Philadelphia, September 12, 1794',3,NULL,'http://wwwapp.cc.columbia.edu/ldpd/jay/item?mode=item&key=columbia.jay.04310',NULL,'2012-02-07 13:10:55','2012-02-07 13:10:55'),(219,'Edmund Jennings Randolph to John Jay. Philadelphia, September 12, 1794',3,NULL,'http://wwwapp.cc.columbia.edu/ldpd/jay/item?mode=item&key=columbia.jay.04443',NULL,'2012-02-07 13:10:55','2012-02-07 13:10:55'),(220,'Edmund Jennings Randolph to John Jay. Philadelphia, September 15, 1794',3,NULL,'http://wwwapp.cc.columbia.edu/ldpd/jay/item?mode=item&key=columbia.jay.04321',NULL,'2012-02-07 13:10:55','2012-02-07 13:10:55'),(221,'La Rouchefoucauld to John Jay. London, September 16, 1794',3,NULL,'http://wwwapp.cc.columbia.edu/ldpd/jay/item?mode=item&key=columbia.jay.90371',NULL,'2012-02-07 13:10:55','2012-02-07 13:10:55'),(222,'Sir Robert Herries to John Jay. London, September 16, 1794',3,NULL,'http://wwwapp.cc.columbia.edu/ldpd/jay/item?mode=item&key=columbia.jay.05673',NULL,'2012-02-07 13:10:55','2012-02-07 13:10:55'),(223,'Alexander Hamilton to John Jay. Philadelphia, September 17, 1794',3,NULL,'http://wwwapp.cc.columbia.edu/ldpd/jay/item?mode=item&key=columbia.jay.10769',NULL,'2012-02-07 13:10:55','2012-02-07 13:10:55'),(224,'Edmund Jennings Randolph to John Jay. Philadelphia, September 17, 1794',3,NULL,'http://wwwapp.cc.columbia.edu/ldpd/jay/item?mode=item&key=columbia.jay.00609',NULL,'2012-02-07 13:10:55','2012-02-07 13:10:55'),(225,'Edmund Jennings Randolph to John Jay. Philadelphia, September 17, 1794',3,NULL,'http://wwwapp.cc.columbia.edu/ldpd/jay/item?mode=item&key=columbia.jay.04323',NULL,'2012-02-07 13:10:55','2012-02-07 13:10:55'),(226,'Edmund Jennings Randolph to John Jay. Philadelphia, September 17, 1794',3,NULL,'http://wwwapp.cc.columbia.edu/ldpd/jay/item?mode=item&key=columbia.jay.04453',NULL,'2012-02-07 13:10:55','2012-02-07 13:10:55'),(227,'Peter Jay Munro to John Jay. New York, September 18, 1794',3,NULL,'http://wwwapp.cc.columbia.edu/ldpd/jay/item?mode=item&key=columbia.jay.00428',NULL,'2012-02-07 13:10:55','2012-02-07 13:10:55'),(228,'Edmund Jennings Randolph to John Jay. Philadelphia, September 20, 1794',3,NULL,'http://wwwapp.cc.columbia.edu/ldpd/jay/item?mode=item&key=columbia.jay.04324',NULL,'2012-02-07 13:10:55','2012-02-07 13:10:55'),(229,'Edmund Jennings Randolph to John Jay. Philadelphia, September 20, 1794',3,NULL,'http://wwwapp.cc.columbia.edu/ldpd/jay/item?mode=item&key=columbia.jay.04455',NULL,'2012-02-07 13:10:55','2012-02-07 13:10:55'),(230,'Richard Colley Wesley, Lord Mornington to John Jay. London, September 25, 1794',3,NULL,'http://wwwapp.cc.columbia.edu/ldpd/jay/item?mode=item&key=columbia.jay.00044',NULL,'2012-02-07 13:10:55','2012-02-07 13:10:55'),(231,'Sarah Livingston Jay to John Jay. New York, September 27, 1794',3,NULL,'http://wwwapp.cc.columbia.edu/ldpd/jay/item?mode=item&key=columbia.jay.06560',NULL,'2012-02-07 13:10:55','2012-02-07 13:10:55'),(232,'Richard Colley Wesley, Lord Mornington to John Jay. London, September 30, 1794',3,NULL,'http://wwwapp.cc.columbia.edu/ldpd/jay/item?mode=item&key=columbia.jay.06954',NULL,'2012-02-07 13:10:55','2012-02-07 13:10:55'),(233,'Hyacinthe Gabrielle Roland, Lady Mornington to John Jay. London, October  2, 1794',3,NULL,'http://wwwapp.cc.columbia.edu/ldpd/jay/item?mode=item&key=columbia.jay.06955',NULL,'2012-02-07 13:10:55','2012-02-07 13:10:55'),(234,'William Grenville to John Jay. London, October  7, 1794',3,NULL,'http://wwwapp.cc.columbia.edu/ldpd/jay/item?mode=item&key=columbia.jay.08534',NULL,'2012-02-07 13:10:55','2012-02-07 13:10:55'),(235,'Alexander Wedderburn, Baron Loughborough to John Jay. London, October 10, 1794',3,NULL,'http://wwwapp.cc.columbia.edu/ldpd/jay/item?mode=item&key=columbia.jay.06913',NULL,'2012-02-07 13:10:55','2012-02-07 13:10:55'),(236,'Edmund Jennings Randolph to John Jay. Philadelphia, October 11, 1794',3,NULL,'http://wwwapp.cc.columbia.edu/ldpd/jay/item?mode=item&key=columbia.jay.04326',NULL,'2012-02-07 13:10:55','2012-02-07 13:10:55'),(237,'Edmund Jennings Randolph to John Jay. Philadelphia, October 11, 1794',3,NULL,'http://wwwapp.cc.columbia.edu/ldpd/jay/item?mode=item&key=columbia.jay.04457',NULL,'2012-02-07 13:10:55','2012-02-07 13:10:55'),(238,'Peter Jay Munro to John Jay. New York, October 11, 1794',3,NULL,'http://wwwapp.cc.columbia.edu/ldpd/jay/item?mode=item&key=columbia.jay.00429',NULL,'2012-02-07 13:10:55','2012-02-07 13:10:55'),(239,'Sarah Livingston Jay to John Jay. New York, October 11, 1794',3,NULL,'http://wwwapp.cc.columbia.edu/ldpd/jay/item?mode=item&key=columbia.jay.06561',NULL,'2012-02-07 13:10:55','2012-02-07 13:10:55'),(240,'John Sloss Hobart to John Jay. Throggs Neck, October 16, 1794',3,NULL,'http://wwwapp.cc.columbia.edu/ldpd/jay/item?mode=item&key=columbia.jay.05676',NULL,'2012-02-07 13:10:55','2012-02-07 13:10:55'),(241,'Peter Jay Munro to John Jay. New York, October 16, 1794',3,NULL,'http://wwwapp.cc.columbia.edu/ldpd/jay/item?mode=item&key=columbia.jay.00430',NULL,'2012-02-07 13:10:55','2012-02-07 13:10:55'),(242,'Peter Jay Munro to John Jay. New York, October 16, 1794',3,NULL,'http://wwwapp.cc.columbia.edu/ldpd/jay/item?mode=item&key=columbia.jay.09375',NULL,'2012-02-07 13:10:55','2012-02-07 13:10:55'),(243,'William Petty, Marquis of Lansdowne to John Jay. London, October 19, 1794',3,NULL,'http://wwwapp.cc.columbia.edu/ldpd/jay/item?mode=item&key=columbia.jay.08180',NULL,'2012-02-07 13:10:55','2012-02-07 13:10:55'),(244,'Edmund Jennings Randolph to John Jay. Philadelphia, October 20, 1794',3,NULL,'http://wwwapp.cc.columbia.edu/ldpd/jay/item?mode=item&key=columbia.jay.00610',NULL,'2012-02-07 13:10:55','2012-02-07 13:10:55'),(245,'Edmund Jennings Randolph to John Jay. Philadelphia, October 20, 1794',3,NULL,'http://wwwapp.cc.columbia.edu/ldpd/jay/item?mode=item&key=columbia.jay.04327',NULL,'2012-02-07 13:10:55','2012-02-07 13:10:55'),(246,'Edmund Jennings Randolph to John Jay. Philadelphia, October 20, 1794',3,NULL,'http://wwwapp.cc.columbia.edu/ldpd/jay/item?mode=item&key=columbia.jay.04458',NULL,'2012-02-07 13:10:55','2012-02-07 13:10:55'),(247,'Sir Clement Cottrell Dormer to John Jay. Rousham House, October 23, 1794',3,NULL,'http://wwwapp.cc.columbia.edu/ldpd/jay/item?mode=item&key=columbia.jay.05553',NULL,'2012-02-07 13:10:55','2012-02-07 13:10:55'),(248,'Sarah Livingston Jay to John Jay. New York, October 25, 1794',3,NULL,'http://wwwapp.cc.columbia.edu/ldpd/jay/item?mode=item&key=columbia.jay.06538',NULL,'2012-02-07 13:10:55','2012-02-07 13:10:55'),(249,'Rodolf Vall-Travers to John Jay. The Hague, October 28, 1794',3,NULL,'http://wwwapp.cc.columbia.edu/ldpd/jay/item?mode=item&key=columbia.jay.07214',NULL,'2012-02-07 13:10:55','2012-02-07 13:10:55'),(250,'Chevalier Du Jay to John Jay. Nijmegen, October 29, 1794',3,NULL,'http://wwwapp.cc.columbia.edu/ldpd/jay/item?mode=item&key=columbia.jay.08560',NULL,'2012-02-07 13:10:55','2012-02-07 13:10:55'),(251,'Edmund Jennings Randolph to John Jay. Philadelphia, October 29, 1794',3,NULL,'http://wwwapp.cc.columbia.edu/ldpd/jay/item?mode=item&key=columbia.jay.00612',NULL,'2012-02-07 13:10:55','2012-02-07 13:10:55'),(252,'Edmund Jennings Randolph to John Jay. Philadelphia, October 29, 1794',3,NULL,'http://wwwapp.cc.columbia.edu/ldpd/jay/item?mode=item&key=columbia.jay.04328',NULL,'2012-02-07 13:10:55','2012-02-07 13:10:55'),(253,'Edmund Jennings Randolph to John Jay. Philadelphia, October 29, 1794',3,NULL,'http://wwwapp.cc.columbia.edu/ldpd/jay/item?mode=item&key=columbia.jay.04459',NULL,'2012-02-07 13:10:55','2012-02-07 13:10:55'),(254,'John Drayton to John Jay. Charleston, October 30, 1794',3,NULL,'http://wwwapp.cc.columbia.edu/ldpd/jay/item?mode=item&key=columbia.jay.09826',NULL,'2012-02-07 13:10:55','2012-02-07 13:10:55'),(255,'William Grenville to John Jay. London, October 30, 1794',3,NULL,'http://wwwapp.cc.columbia.edu/ldpd/jay/item?mode=item&key=columbia.jay.08535',NULL,'2012-02-07 13:10:55','2012-02-07 13:10:55'),(256,'William Grenville to John Jay. London, October 31, 1794',3,NULL,'http://wwwapp.cc.columbia.edu/ldpd/jay/item?mode=item&key=columbia.jay.08536',NULL,'2012-02-07 13:10:55','2012-02-07 13:10:55'),(257,'William Grenville to John Jay. London, November 1794',3,NULL,'http://wwwapp.cc.columbia.edu/ldpd/jay/item?mode=item&key=columbia.jay.10693',NULL,'2012-02-07 13:10:55','2012-02-07 13:10:55'),(258,'George Washington to John Jay. Philadelphia, November  1, 1794',3,NULL,'http://wwwapp.cc.columbia.edu/ldpd/jay/item?mode=item&key=columbia.jay.00688',NULL,'2012-02-07 13:10:55','2012-02-07 13:10:55'),(259,'George Washington to John Jay. Philadelphia, November  1, 1794',3,NULL,'http://wwwapp.cc.columbia.edu/ldpd/jay/item?mode=item&key=columbia.jay.07256',NULL,'2012-02-07 13:10:55','2012-02-07 13:10:55'),(260,'George Washington to John Jay. Philadelphia, November  1, 1794',3,NULL,'http://wwwapp.cc.columbia.edu/ldpd/jay/item?mode=item&key=columbia.jay.10637',NULL,'2012-02-07 13:10:55','2012-02-07 13:10:55'),(261,'Sarah Livingston Jay to John Jay. New York, November  1, 1794',3,NULL,'http://wwwapp.cc.columbia.edu/ldpd/jay/item?mode=item&key=columbia.jay.06562',NULL,'2012-02-07 13:10:55','2012-02-07 13:10:55'),(262,'William Grenville to John Jay. London, November  1, 1794',3,NULL,'http://wwwapp.cc.columbia.edu/ldpd/jay/item?mode=item&key=columbia.jay.05012',NULL,'2012-02-07 13:10:55','2012-02-07 13:10:55'),(263,'Alexander Wedderburn, Baron Loughborough to John Jay. London, November  3, 1794',3,NULL,'http://wwwapp.cc.columbia.edu/ldpd/jay/item?mode=item&key=columbia.jay.05511',NULL,'2012-02-07 13:10:55','2012-02-07 13:10:55'),(264,'Edmund Jennings Randolph to John Jay. Philadelphia, November  3, 1794',3,NULL,'http://wwwapp.cc.columbia.edu/ldpd/jay/item?mode=item&key=columbia.jay.00615',NULL,'2012-02-07 13:10:55','2012-02-07 13:10:55'),(265,'Edmund Jennings Randolph to John Jay. Philadelphia, November  3, 1794',3,NULL,'http://wwwapp.cc.columbia.edu/ldpd/jay/item?mode=item&key=columbia.jay.04334',NULL,'2012-02-07 13:10:55','2012-02-07 13:10:55'),(266,'Edmund Jennings Randolph to John Jay. Philadelphia, November  3, 1794',3,NULL,'http://wwwapp.cc.columbia.edu/ldpd/jay/item?mode=item&key=columbia.jay.04462',NULL,'2012-02-07 13:10:55','2012-02-07 13:10:55'),(267,'Lanberdiere to John Jay. Midleton, November  6, 1794',3,NULL,'http://wwwapp.cc.columbia.edu/ldpd/jay/item?mode=item&key=columbia.jay.08562',NULL,'2012-02-07 13:10:55','2012-02-07 13:10:55'),(268,'Edmund Jennings Randolph to John Jay. Philadelphia, November  7, 1794',3,NULL,'http://wwwapp.cc.columbia.edu/ldpd/jay/item?mode=item&key=columbia.jay.00617',NULL,'2012-02-07 13:10:55','2012-02-07 13:10:55'),(269,'Edmund Jennings Randolph to John Jay. Philadelphia, November  7, 1794',3,NULL,'http://wwwapp.cc.columbia.edu/ldpd/jay/item?mode=item&key=columbia.jay.04333',NULL,'2012-02-07 13:10:55','2012-02-07 13:10:55'),(270,'Edmund Jennings Randolph to John Jay. Philadelphia, November  7, 1794',3,NULL,'http://wwwapp.cc.columbia.edu/ldpd/jay/item?mode=item&key=columbia.jay.04463',NULL,'2012-02-07 13:10:55','2012-02-07 13:10:55'),(271,'Edmund Jennings Randolph to John Jay. Philadelphia, November  8, 1794',3,NULL,'http://wwwapp.cc.columbia.edu/ldpd/jay/item?mode=item&key=columbia.jay.04332',NULL,'2012-02-07 13:10:55','2012-02-07 13:10:55'),(272,'Edmund Jennings Randolph to John Jay. Philadelphia, November  8, 1794',3,NULL,'http://wwwapp.cc.columbia.edu/ldpd/jay/item?mode=item&key=columbia.jay.04464',NULL,'2012-02-07 13:10:55','2012-02-07 13:10:55'),(273,'Edmund Jennings Randolph to John Jay. Philadelphia, November  8, 1794',3,NULL,'http://wwwapp.cc.columbia.edu/ldpd/jay/item?mode=item&key=columbia.jay.11937',NULL,'2012-02-07 13:10:55','2012-02-07 13:10:55'),(274,'John Kean to John Jay. Philadelphia, November  8, 1794',3,NULL,'http://wwwapp.cc.columbia.edu/ldpd/jay/item?mode=item&key=columbia.jay.08639',NULL,'2012-02-07 13:10:55','2012-02-07 13:10:55'),(275,'Tench Coxe to John Jay. Philadelphia, November  8, 1794',3,NULL,'http://wwwapp.cc.columbia.edu/ldpd/jay/item?mode=item&key=columbia.jay.09823',NULL,'2012-02-07 13:10:55','2012-02-07 13:10:55'),(276,'William Grenville to John Jay. London, November 10, 1794',3,NULL,'http://wwwapp.cc.columbia.edu/ldpd/jay/item?mode=item&key=columbia.jay.08537',NULL,'2012-02-07 13:10:55','2012-02-07 13:10:55'),(277,'William Grenville to John Jay. London, November 10, 1794',3,NULL,'http://wwwapp.cc.columbia.edu/ldpd/jay/item?mode=item&key=columbia.jay.08538',NULL,'2012-02-07 13:10:55','2012-02-07 13:10:55'),(278,'Sarah Livingston Jay to John Jay. New York, November 11, 1794',3,NULL,'http://wwwapp.cc.columbia.edu/ldpd/jay/item?mode=item&key=columbia.jay.06563',NULL,'2012-02-07 13:10:55','2012-02-07 13:10:55'),(279,'Edmund Jennings Randolph to John Jay. Philadelphia, November 12, 1794',3,NULL,'http://wwwapp.cc.columbia.edu/ldpd/jay/item?mode=item&key=columbia.jay.00618',NULL,'2012-02-07 13:10:55','2012-02-07 13:10:55'),(280,'Sarah Livingston Jay to John Jay. New York, November 12, 1794',3,NULL,'http://wwwapp.cc.columbia.edu/ldpd/jay/item?mode=item&key=columbia.jay.06564',NULL,'2012-02-07 13:10:55','2012-02-07 13:10:55'),(281,'John Quincy Adams to John Jay. The Hague, November 14, 1794',3,NULL,'http://wwwapp.cc.columbia.edu/ldpd/jay/item?mode=item&key=columbia.jay.00047',NULL,'2012-02-07 13:10:55','2012-02-07 13:10:55'),(282,'William Grenville to John Jay. London, November 14, 1794',3,NULL,'http://wwwapp.cc.columbia.edu/ldpd/jay/item?mode=item&key=columbia.jay.08540',NULL,'2012-02-07 13:10:55','2012-02-07 13:10:55'),(283,'John Quincy Adams to John Jay. The Hague, November 16, 1794',3,NULL,'http://wwwapp.cc.columbia.edu/ldpd/jay/item?mode=item&key=columbia.jay.09689',NULL,'2012-02-07 13:10:55','2012-02-07 13:10:55'),(284,'Peter Jay Munro to John Jay. New York, November 18, 1794',3,NULL,'http://wwwapp.cc.columbia.edu/ldpd/jay/item?mode=item&key=columbia.jay.00433',NULL,'2012-02-07 13:10:55','2012-02-07 13:10:55'),(285,'Sarah Livingston Jay to John Jay. New York, November 18, 1794',3,NULL,'http://wwwapp.cc.columbia.edu/ldpd/jay/item?mode=item&key=columbia.jay.06565',NULL,'2012-02-07 13:10:55','2012-02-07 13:10:55'),(286,'James Monroe to John Jay. Paris, November 19, 1794',3,NULL,'http://wwwapp.cc.columbia.edu/ldpd/jay/item?mode=item&key=columbia.jay.13602',NULL,'2012-02-07 13:10:55','2012-02-07 13:10:55'),(287,'Peter Jay Munro to John Jay. New York, November 19, 1794',3,NULL,'http://wwwapp.cc.columbia.edu/ldpd/jay/item?mode=item&key=columbia.jay.00434',NULL,'2012-02-07 13:10:55','2012-02-07 13:10:55'),(288,'Peter Jay Munro to John Jay. New York, November 19, 1794',3,NULL,'http://wwwapp.cc.columbia.edu/ldpd/jay/item?mode=item&key=columbia.jay.09372',NULL,'2012-02-07 13:10:55','2012-02-07 13:10:55'),(289,'William Grenville to John Jay. London, November 19, 1794',3,NULL,'http://wwwapp.cc.columbia.edu/ldpd/jay/item?mode=item&key=columbia.jay.00045',NULL,'2012-02-07 13:10:55','2012-02-07 13:10:55'),(290,'William Grenville to John Jay. London, November 19, 1794',3,NULL,'http://wwwapp.cc.columbia.edu/ldpd/jay/item?mode=item&key=columbia.jay.04340',NULL,'2012-02-07 13:10:55','2012-02-07 13:10:55'),(291,'Liancour to John Jay. London, September 16, 1794',3,NULL,'http://wwwapp.cc.columbia.edu/ldpd/jay/item?mode=item&key=columbia.jay.06781',NULL,'2012-02-07 13:10:55','2012-02-07 13:10:55'),(292,'John de Neufville & Son to John Jay. ?, November 13, 1794',3,NULL,'http://wwwapp.cc.columbia.edu/ldpd/jay/item?mode=item&key=columbia.jay.12565',NULL,'2012-02-07 13:10:55','2012-02-07 13:10:55'),(293,'John Stagg to Henry Knox. Philadelphia, May 17, 1794',3,NULL,'http://wwwapp.cc.columbia.edu/ldpd/jay/image?key=columbia.jay.00888',NULL,'2012-02-07 13:10:55','2012-02-07 13:10:55'),(294,'Alexander Campbell to John Hamilton. Richmond, April 10, 1794',3,NULL,'http://wwwapp.cc.columbia.edu/ldpd/jay/image?key=columbia.jay.00888&p=296',NULL,'2012-02-07 13:10:55','2012-02-07 13:10:55'),(295,'Robert Taylor to Sir Charles Henry Knowles. Norfolk, April 14, 1794',3,NULL,'http://wwwapp.cc.columbia.edu/ldpd/jay/image?key=columbia.jay.00888&p=299',NULL,'2012-02-07 13:10:55','2012-02-07 13:10:55'),(296,'George Hammond to Edmund Jennings Randolph. Philadelphia, April 11, 1794',3,NULL,'http://wwwapp.cc.columbia.edu/ldpd/jay/image?key=columbia.jay.00888&p=365',NULL,'2012-02-07 13:10:55','2012-02-07 13:10:55'),(297,'Edmund Jennings Randolph to Thomas Fitzsimmons. Philadelphia, June 30, 1794',3,NULL,'http://wwwapp.cc.columbia.edu/ldpd/jay/image?key=columbia.jay.00888&p=390',NULL,'2012-02-07 13:10:55','2012-02-07 13:10:55'),(298,'Nathaniel Cabot Higginson to Edmund Jennings Randolph. Bridgetown, June 12, 1794',3,NULL,'http://wwwapp.cc.columbia.edu/ldpd/jay/image?key=columbia.jay.00888&p=487',NULL,'2012-02-07 13:10:55','2012-02-07 13:10:55');

--
-- Table structure for table `continents`
--

CREATE TABLE `continents` (
  `id` int(11) NOT NULL AUTO_INCREMENT,
  `name` varchar(255) DEFAULT NULL,
  `created_at` datetime DEFAULT NULL,
  `updated_at` datetime DEFAULT NULL,
  PRIMARY KEY (`id`)
) ENGINE=InnoDB AUTO_INCREMENT=930672605 DEFAULT CHARSET=latin1;

--
-- Dumping data for table `continents`
--

INSERT INTO `continents` VALUES (74295373,'North America','2009-03-13 14:03:25','2009-03-13 14:03:25'),(432531999,'Africa','2009-03-13 14:03:25','2009-03-13 14:03:25'),(619340803,'South America','2009-03-13 14:03:25','2009-03-13 14:03:25'),(655351082,'Asia','2009-03-13 14:03:25','2009-03-13 14:03:25'),(930672604,'Europe','2009-03-13 14:03:25','2009-03-13 14:03:25');

--
-- Table structure for table `coordinate_systems`
--

CREATE TABLE `coordinate_systems` (
  `id` int(11) NOT NULL AUTO_INCREMENT,
  `short_name` varchar(50) DEFAULT NULL,
  `long_name` varchar(255) DEFAULT NULL,
  `notes` text,
  `created_at` datetime DEFAULT NULL,
  `updated_at` datetime DEFAULT NULL,
  `reference` varchar(255) DEFAULT NULL,
  PRIMARY KEY (`id`)
) ENGINE=InnoDB AUTO_INCREMENT=2 DEFAULT CHARSET=latin1;

--
-- Dumping data for table `coordinate_systems`
--

INSERT INTO `coordinate_systems` VALUES (1,'WGS 84',NULL,NULL,NULL,NULL,NULL);

--
-- Table structure for table `django_admin_log`
--

CREATE TABLE `django_admin_log` (
  `id` int(11) NOT NULL AUTO_INCREMENT,
  `action_time` datetime NOT NULL,
  `user_id` int(11) NOT NULL,
  `content_type_id` int(11) DEFAULT NULL,
  `object_id` longtext,
  `object_repr` varchar(200) NOT NULL,
  `action_flag` smallint(5) unsigned NOT NULL,
  `change_message` longtext NOT NULL,
  PRIMARY KEY (`id`),
  KEY `django_admin_log_fbfc09f1` (`user_id`),
  KEY `django_admin_log_e4470c6e` (`content_type_id`)
) ENGINE=InnoDB AUTO_INCREMENT=104 DEFAULT CHARSET=latin1;

--
-- Dumping data for table `django_admin_log`
--

INSERT INTO `django_admin_log` VALUES (1,'2012-10-02 21:02:46',1,3,'1','jabauer',2,'Changed password, first_name and last_name.'),(2,'2012-10-07 00:40:44',1,42,'654','Nathaniel Falconer',2,'Changed sort_name.'),(3,'2012-10-07 00:40:59',1,42,'653','J. Yeates',2,'Changed sort_name.'),(4,'2012-10-09 20:20:44',1,46,'12','Charge d\'Affaires a.i.',2,'Changed name.'),(5,'2012-10-30 21:09:33',1,42,'652','William Bradford',2,'Changed sort_name.'),(6,'2012-10-30 21:09:42',1,42,'651','James Ross',2,'Changed sort_name.'),(7,'2012-10-30 21:09:52',1,42,'650','John Stagg',2,'Changed sort_name.'),(8,'2012-10-30 21:35:54',1,60,'18','United States Attorney',2,'No fields changed.'),(9,'2012-10-30 21:52:51',1,42,'654','Nathaniel Falconer',2,'No fields changed.'),(10,'2012-11-01 20:16:24',1,6,'1','localhost:8000',2,'Changed domain and name.'),(11,'2012-11-01 21:24:51',1,42,'649','Henry Knox',2,'Changed sort_name.'),(12,'2012-11-01 21:27:20',1,42,'648','Liancour',2,'Changed sort_name.'),(13,'2012-11-01 21:27:35',1,42,'647','John Kean',2,'Changed sort_name.'),(14,'2012-11-01 21:27:47',1,42,'646','Lanberdiere',2,'Changed sort_name.'),(15,'2012-11-01 21:28:17',1,42,'645','John Drayton',2,'Changed sort_name and sex.'),(16,'2012-11-01 21:28:54',1,42,'648','Liancour',2,'Changed sex.'),(17,'2012-11-01 21:28:58',1,42,'647','John Kean',2,'Changed sex.'),(18,'2012-11-01 21:29:25',1,42,'644','Chevalier Du Jay',2,'Changed sort_name and sex.'),(19,'2012-11-01 21:29:39',1,42,'643','Rodolf Vall-Travers',2,'Changed sort_name and sex.'),(20,'2012-11-01 21:30:01',1,42,'642','Sir Clement Cottrell Dormer',2,'Changed sort_name and sex.'),(21,'2012-11-01 21:30:11',1,42,'641','John Sloss Hobart',2,'Changed sort_name and sex.'),(22,'2012-11-01 21:37:29',1,42,'640','Alexander Wedderburn, Baron Loughborough',2,'Changed sort_name.'),(23,'2012-11-01 21:38:31',1,42,'649','Henry Knox',2,'Changed sort_name.'),(24,'2012-11-01 21:38:37',1,42,'649','Henry Knox',2,'Changed sort_name.'),(25,'2012-11-01 21:39:24',1,42,'639','Hyacinthe Gabrielle Roland, Lady Mornington',2,'Changed sort_name and sex.'),(26,'2012-11-01 21:40:04',1,42,'638','Richard Colley Wesley, Lord Mornington',2,'Changed sort_name and sex.'),(27,'2012-11-01 21:40:23',1,42,'637','Sir Robert Herries',2,'Changed sort_name and sex.'),(28,'2012-11-01 21:40:45',1,42,'636','La Rouchefoucauld',2,'Changed sort_name.'),(29,'2012-11-01 21:49:10',1,60,'19','Secretary of State for War',1,''),(30,'2012-11-01 21:50:18',1,42,'635','Henry Dundas, Viscount Melville',2,'Changed sort_name, sex, birth_date, birth_year_known, birth_month_known, birth_day_known, death_date, death_year_known, death_month_known, death_day_known and state. Added occupation \"Henry Dundas, Viscount Melville, lawyer\". Added occupation \"Henry Dundas, Viscount Melville, Secretary of State for War\".'),(31,'2012-11-01 21:50:34',1,42,'634','Lady Payne',2,'Changed sort_name and sex.'),(32,'2012-11-01 21:51:04',1,42,'633','William Scott, Baron Stowell',2,'Changed sort_name and sex.'),(33,'2012-11-01 21:51:33',1,42,'632','Mathew Clarkson',2,'Changed sort_name and sex.'),(34,'2012-11-01 21:55:45',1,42,'631','William Temple Franklin',2,'Changed sort_name, sex, birth_date, birth_year_known, birth_month_known, birth_day_known, death_date, death_year_known, death_month_known and death_day_known.'),(35,'2012-11-01 22:03:01',1,42,'631','William Temple Franklin',2,'Changed notes.'),(36,'2012-11-01 22:03:12',1,42,'630','Mrs. Chalmers',2,'Changed sort_name and sex.'),(37,'2012-11-03 18:58:40',1,42,'629','Harvey Reuben',2,'Changed sort_name and sex.'),(38,'2012-11-03 18:59:53',1,42,'628','William Petty, Marquis of Lansdowne',2,'Changed sort_name and sex.'),(39,'2012-11-03 19:00:07',1,42,'627','Lindley Murray',2,'Changed sort_name.'),(40,'2012-11-03 19:00:23',1,42,'626','Sarah Vaughan',2,'Changed sort_name and sex.'),(41,'2012-11-03 19:00:37',1,42,'625','Edward Gardiner',2,'Changed sort_name and sex.'),(42,'2012-11-03 19:01:07',1,42,'624','W. Jackson',2,'Changed sort_name.'),(43,'2012-11-03 19:01:20',1,42,'623','Sir John Sinclair',2,'Changed sort_name and sex.'),(44,'2012-11-03 19:01:41',1,42,'622','Richard Henry Lee',2,'Changed sort_name and sex.'),(45,'2012-11-03 19:01:55',1,42,'621','Henry Waddell',2,'Changed sort_name.'),(46,'2012-11-03 19:02:10',1,42,'620','Thomas Coombe',2,'Changed sort_name and sex.'),(47,'2012-11-03 19:02:20',1,42,'619','Dell\'Acqua',2,'Changed sort_name.'),(48,'2012-11-03 19:02:44',1,42,'618','Mary Ann Lowden',2,'Changed sort_name and sex.'),(49,'2012-11-03 19:02:54',1,42,'617','Lally-Colendal',2,'Changed sort_name.'),(50,'2012-11-03 19:03:15',1,42,'616','William Augustus Miles',2,'Changed sort_name and sex.'),(51,'2012-11-03 19:03:29',1,42,'615','Del Campo',2,'Changed sort_name.'),(52,'2012-11-03 19:03:49',1,42,'614','Prince de Poix',2,'Changed sort_name and sex.'),(53,'2012-11-03 19:04:04',1,42,'613','Jacob Read',2,'Changed sort_name and sex.'),(54,'2012-11-03 19:04:13',1,42,'612','Mr. Braithwaite',2,'Changed sort_name and sex.'),(55,'2012-11-03 19:04:27',1,42,'611','William Grenville',2,'Changed sort_name and sex.'),(56,'2012-11-03 19:04:44',1,42,'609','Peter Jay Munro',2,'Changed sort_name and sex.'),(57,'2012-11-03 19:05:01',1,42,'608','Maria Jay',2,'Changed sort_name and sex.'),(58,'2012-11-03 19:05:21',1,42,'607','Tench Coxe',2,'Changed sort_name and sex.'),(59,'2012-11-03 23:34:56',1,42,'606','Alexander Hamilton',2,'Changed sort_name and sex.'),(60,'2012-11-03 23:44:16',1,68,'88','New Jersey',1,''),(61,'2012-11-03 23:44:24',1,42,'605','Sarah Livingston Jay',2,'Changed sort_name, sex, birth_date, birth_year_known, birth_month_known, birth_day_known, death_date, death_year_known, death_month_known, death_day_known and state.'),(62,'2012-11-03 23:47:27',1,60,'20','Secretary of the Treasury',1,''),(63,'2012-11-03 23:47:32',1,42,'606','Alexander Hamilton',2,'Changed birth_date, birth_year_known, birth_month_known, birth_day_known, death_date, death_year_known, death_month_known, death_day_known, state and notes. Added occupation \"Alexander Hamilton, lawyer\". Added occupation \"Alexander Hamilton, Army Officer\". Added occupation \"Alexander Hamilton, Secretary of the Treasury\".'),(64,'2012-11-04 00:03:01',1,42,'604','R. Bowen',2,'Changed sort_name.'),(65,'2012-11-04 00:03:15',1,42,'603','William Bayard',2,'Changed sort_name.'),(66,'2012-11-04 00:03:34',1,42,'602','John Anstey',2,'Changed sort_name.'),(67,'2012-11-04 00:03:48',1,42,'601','Arthur Fenner',2,'Changed sort_name.'),(68,'2012-11-04 00:04:00',1,42,'600','Vaughan',2,'Changed sort_name.'),(69,'2012-11-04 00:04:22',1,42,'598','Sir Charles Henry Knowles',2,'Changed sort_name.'),(70,'2012-11-04 00:04:38',1,42,'597','John Hamilton',2,'Changed sort_name.'),(71,'2012-11-04 00:05:02',1,42,'610','Sir Edward Newenham',2,'Changed sort_name and sex.'),(72,'2012-11-04 00:05:21',1,42,'599','Thomas Mathews',2,'Changed sort_name.'),(73,'2012-11-04 00:05:48',1,42,'596','William Moultrie',2,'Changed sort_name.'),(74,'2012-11-04 00:06:00',1,42,'595','Robert Taylor',2,'Changed sort_name.'),(75,'2012-11-04 00:06:19',1,42,'594','John C. Wederstrandt',2,'Changed sort_name.'),(76,'2012-11-04 00:06:31',1,42,'593','Alexander Campbell',2,'Changed sort_name.'),(77,'2012-11-04 00:06:43',1,42,'592','Zebulon Hollingsworth',2,'Changed sort_name.'),(78,'2012-11-04 00:06:53',1,42,'591','Coxe',2,'Changed sort_name.'),(79,'2012-11-04 00:07:02',1,42,'590','Collins',2,'Changed sort_name.'),(80,'2012-11-04 00:07:12',1,42,'589','Knox',2,'Changed sort_name.'),(81,'2012-11-04 00:08:32',1,42,'588','Anthony Wayne',2,'Changed sort_name, birth_date, birth_year_known, birth_month_known, birth_day_known, death_date, death_year_known, death_month_known and death_day_known. Added occupation \"Anthony Wayne, Army Officer\".'),(82,'2012-11-04 00:08:46',1,42,'587','William Rawle',2,'Changed sort_name.'),(83,'2012-11-04 00:09:02',1,42,'586','S. Girard',2,'Changed sort_name.'),(84,'2012-11-04 00:09:24',1,42,'585','Jean Antoine Joseph Fauchet',2,'Changed sort_name.'),(85,'2012-11-04 00:09:38',1,42,'584','John Prettijohn',2,'Changed sort_name.'),(86,'2012-11-04 00:09:47',1,42,'583','Mr. Little',2,'Changed sort_name and sex.'),(87,'2012-11-04 00:09:56',1,42,'582','R.H. Sheaffe',2,'Changed sort_name.'),(88,'2012-11-04 00:10:20',1,42,'581','Charles Williamson',2,'Changed sort_name and notes.'),(89,'2012-11-04 00:10:39',1,42,'580','Edward Cook',2,'Changed sort_name and sex.'),(90,'2012-11-04 00:10:50',1,42,'579','George Washington',2,'Changed sort_name.'),(91,'2012-11-04 00:11:03',1,42,'577','Thomas Fitzsimmons',2,'Changed sort_name.'),(92,'2012-11-04 00:11:12',1,42,'576','Cochrane',2,'Changed sort_name.'),(93,'2012-11-04 00:11:27',1,42,'575','George Clinton',2,'Changed sort_name and notes.'),(94,'2012-11-04 00:11:40',1,42,'574','David Gelston',2,'Changed sort_name and notes.'),(95,'2012-11-04 00:11:52',1,42,'573','George Hammond',2,'Changed sort_name.'),(96,'2012-11-04 00:12:09',1,42,'572','Edmund Jennings Randolph',2,'Changed sort_name.'),(97,'2012-11-04 00:12:22',1,42,'571','George Murray, Vice Admiral',2,'Changed sort_name.'),(98,'2012-11-04 00:12:34',1,42,'570','Rodney Homes',2,'Changed sort_name.'),(99,'2012-11-04 00:12:48',1,42,'578','John Hollins',2,'Changed sort_name.'),(100,'2012-12-05 00:30:21',1,42,'318','William Smith',2,'Changed notes.'),(101,'2012-12-07 17:46:21',1,64,'290','St. Kitts Island',2,'Deleted in state \"St. Kitts Island in St. Kitts Island\".'),(102,'2012-12-07 17:46:30',1,64,'290','St. Kitts Island',2,'No fields changed.'),(103,'2013-04-19 02:38:17',1,46,'14','Commercial Agent',2,'Changed commissioned and notes.');

--
-- Table structure for table `django_content_type`
--

CREATE TABLE `django_content_type` (
  `id` int(11) NOT NULL AUTO_INCREMENT,
  `app_label` varchar(100) NOT NULL,
  `model` varchar(100) NOT NULL,
  PRIMARY KEY (`id`),
  UNIQUE KEY `app_label` (`app_label`,`model`)
) ENGINE=InnoDB AUTO_INCREMENT=72 DEFAULT CHARSET=latin1;

--
-- Dumping data for table `django_content_type`
--

INSERT INTO `django_content_type` VALUES (44,'activities','assignment'),(46,'activities','assignmenttitle'),(45,'activities','assignmenttype'),(53,'activities','member'),(48,'activities','organization'),(47,'activities','organizationtype'),(50,'activities','orgevolution'),(49,'activities','orgevolutiontype'),(52,'activities','roletitle'),(51,'activities','roletype'),(7,'admin','logentry'),(2,'auth','group'),(1,'auth','permission'),(3,'auth','user'),(54,'citations','bibliography'),(55,'citations','citation'),(40,'citations','validation'),(56,'communication','enclosure'),(43,'communication','letter'),(4,'contenttypes','contenttype'),(42,'people','individual'),(71,'people','occupation'),(60,'people','occupationtitle'),(59,'people','occupationtype'),(62,'people','relationship'),(61,'people','relationshiptype'),(58,'people','residence'),(57,'people','residencetype'),(67,'places','continent'),(63,'places','coordinatesystem'),(41,'places','empire'),(70,'places','inempire'),(66,'places','inregion'),(69,'places','instate'),(64,'places','location'),(65,'places','region'),(68,'places','state'),(5,'sessions','session'),(6,'sites','site');

--
-- Table structure for table `django_migrations`
--

CREATE TABLE `django_migrations` (
  `id` int(11) NOT NULL AUTO_INCREMENT,
  `app` varchar(255) NOT NULL,
  `name` varchar(255) NOT NULL,
  `applied` datetime NOT NULL,
  PRIMARY KEY (`id`)
) ENGINE=InnoDB AUTO_INCREMENT=26 DEFAULT CHARSET=utf8;

--
-- Dumping data for table `django_migrations`
--

INSERT INTO `django_migrations` VALUES (1,'contenttypes','0001_initial','2017-05-26 20:26:51'),(2,'auth','0001_initial','2017-05-26 20:26:51'),(3,'admin','0001_initial','2017-05-26 20:26:51'),(4,'contenttypes','0002_remove_content_type_name','2017-05-26 20:26:51'),(5,'auth','0002_alter_permission_name_max_length','2017-05-26 20:26:51'),(6,'auth','0003_alter_user_email_max_length','2017-05-26 20:26:51'),(7,'auth','0004_alter_user_username_opts','2017-05-26 20:26:51'),(8,'auth','0005_alter_user_last_login_null','2017-05-26 20:26:51'),(9,'auth','0006_require_contenttypes_0002','2017-05-26 20:26:51'),(10,'sessions','0001_initial','2017-05-26 20:26:51'),(11,'sites','0001_initial','2017-05-26 20:26:51'),(12,'places','0001_initial','2018-01-26 19:19:21'),(13,'people','0001_initial','2018-01-26 19:19:21'),(14,'activities','0001_initial','2018-01-26 19:19:21'),(15,'admin','0002_logentry_remove_auto_add','2018-01-26 19:19:21'),(16,'auth','0007_alter_validators_add_error_messages','2018-01-26 19:19:22'),(17,'auth','0008_alter_user_username_max_length','2018-01-26 19:19:22'),(18,'citations','0001_initial','2018-01-26 19:19:22'),(19,'communication','0001_initial','2018-01-26 19:19:22'),(20,'sites','0002_alter_domain_unique','2018-01-26 19:19:22'),(21,'activities','0002_made_fields_required','2018-02-02 17:40:15'),(22,'citations','0002_made_fields_required','2018-02-02 17:40:15'),(23,'communication','0002_made_fields_required','2018-02-02 17:40:15'),(24,'people','0002_made_fields_required','2018-02-02 17:40:16'),(25,'places','0002_made_fields_required','2018-02-02 17:40:16');

--
-- Table structure for table `django_site`
--

CREATE TABLE `django_site` (
  `id` int(11) NOT NULL AUTO_INCREMENT,
  `domain` varchar(100) NOT NULL,
  `name` varchar(50) NOT NULL,
  PRIMARY KEY (`id`),
  UNIQUE KEY `django_site_domain_a2e37b91_uniq` (`domain`)
) ENGINE=InnoDB AUTO_INCREMENT=2 DEFAULT CHARSET=latin1;

--
-- Dumping data for table `django_site`
--

INSERT INTO `django_site` VALUES (1,'localhost:8000','localhost:8000');

--
-- Table structure for table `empires`
--

CREATE TABLE `empires` (
  `id` int(11) NOT NULL AUTO_INCREMENT,
  `name` varchar(255) DEFAULT NULL,
  `notes` text,
  `created_at` datetime DEFAULT NULL,
  `updated_at` datetime DEFAULT NULL,
  PRIMARY KEY (`id`)
) ENGINE=InnoDB AUTO_INCREMENT=2 DEFAULT CHARSET=latin1;

--
-- Dumping data for table `empires`
--

INSERT INTO `empires` VALUES (1,'British',NULL,'2011-08-10 15:33:28','2011-08-10 15:33:28');

--
-- Table structure for table `enclosures`
--

CREATE TABLE `enclosures` (
  `id` int(11) NOT NULL AUTO_INCREMENT,
  `main_letter_id` int(11) DEFAULT NULL,
  `enclosed_letter_id` int(11) DEFAULT NULL,
  `notes` text,
  `created_at` datetime DEFAULT NULL,
  `updated_at` datetime DEFAULT NULL,
  PRIMARY KEY (`id`),
  KEY `main_letter_id` (`main_letter_id`),
  KEY `enclosed_letter_id` (`enclosed_letter_id`),
  CONSTRAINT `enclosures_enclosed_letter_id_5a86f501_fk_letters_id` FOREIGN KEY (`enclosed_letter_id`) REFERENCES `letters` (`id`),
  CONSTRAINT `enclosures_ibfk_1` FOREIGN KEY (`main_letter_id`) REFERENCES `letters` (`id`)
) ENGINE=InnoDB AUTO_INCREMENT=56 DEFAULT CHARSET=latin1;

--
-- Dumping data for table `enclosures`
--

INSERT INTO `enclosures` VALUES (2,31,33,NULL,'2012-01-16 03:12:09','2012-01-16 03:12:09'),(3,31,34,NULL,'2012-01-16 03:12:09','2012-01-16 03:12:09'),(4,12,1,NULL,'2012-01-16 04:41:30','2012-01-16 04:41:30'),(5,2,3,NULL,'2012-01-16 18:45:28','2012-01-16 18:45:28'),(6,2,4,NULL,'2012-01-16 18:45:28','2012-01-16 18:45:28'),(7,23,10,NULL,'2012-01-16 19:21:24','2012-01-16 19:21:24'),(8,27,24,NULL,'2012-01-16 20:40:35','2012-01-16 20:40:35'),(9,87,81,NULL,'2012-01-17 03:49:25','2012-01-17 03:49:25'),(10,87,80,NULL,'2012-01-17 03:49:25','2012-01-17 03:49:25'),(11,87,298,NULL,'2012-01-17 03:49:25','2012-01-17 03:49:25'),(12,87,83,NULL,'2012-01-17 03:49:25','2012-01-17 03:49:25'),(13,87,84,NULL,'2012-01-17 03:49:25','2012-01-17 03:49:25'),(14,87,86,NULL,'2012-01-17 03:49:25','2012-01-17 03:49:25'),(15,87,85,NULL,'2012-01-17 03:49:25','2012-01-17 03:49:25'),(16,87,79,NULL,'2012-01-17 03:49:25','2012-01-17 03:49:25'),(17,91,89,NULL,'2012-01-17 03:57:38','2012-01-17 03:57:38'),(18,95,96,NULL,'2012-01-17 04:03:07','2012-01-17 04:03:07'),(19,97,98,NULL,'2012-01-17 04:15:37','2012-01-17 04:15:37'),(20,103,99,NULL,'2012-01-17 04:36:14','2012-01-17 04:36:14'),(21,112,85,NULL,'2012-01-19 02:53:07','2012-01-19 02:53:07'),(22,112,298,NULL,'2012-01-19 02:53:07','2012-01-19 02:53:07'),(23,112,72,NULL,'2012-01-19 02:53:07','2012-01-19 02:53:07'),(24,112,76,NULL,'2012-01-19 02:53:07','2012-01-19 02:53:07'),(25,112,89,NULL,'2012-01-19 02:53:07','2012-01-19 02:53:07'),(26,112,81,NULL,'2012-01-19 02:53:07','2012-01-19 02:53:07'),(27,112,87,NULL,'2012-01-19 02:53:07','2012-01-19 02:53:07'),(28,112,299,NULL,'2012-01-19 02:53:07','2012-01-19 02:53:07'),(29,112,83,NULL,'2012-01-19 02:53:07','2012-01-19 02:53:07'),(30,112,300,NULL,'2012-01-19 02:53:07','2012-01-19 02:53:07'),(31,112,78,NULL,'2012-01-19 02:53:07','2012-01-19 02:53:07'),(32,112,88,NULL,'2012-01-19 02:53:07','2012-01-19 02:53:07'),(33,112,71,NULL,'2012-01-19 02:53:07','2012-01-19 02:53:07'),(34,112,80,NULL,'2012-01-19 02:53:07','2012-01-19 02:53:07'),(35,112,86,NULL,'2012-01-19 02:53:07','2012-01-19 02:53:07'),(36,112,73,NULL,'2012-01-19 02:53:07','2012-01-19 02:53:07'),(37,112,82,NULL,'2012-01-19 02:53:07','2012-01-19 02:53:07'),(38,112,84,NULL,'2012-01-19 02:53:07','2012-01-19 02:53:07'),(39,112,75,NULL,'2012-01-19 02:53:07','2012-01-19 02:53:07'),(40,112,74,NULL,'2012-01-19 02:53:07','2012-01-19 02:53:07'),(41,112,79,NULL,'2012-01-19 02:53:07','2012-01-19 02:53:07'),(42,199,12,NULL,'2012-01-19 02:57:01','2012-01-19 02:57:01'),(43,202,35,NULL,'2012-01-19 03:25:30','2012-01-19 03:25:30'),(44,212,26,NULL,'2012-01-19 03:30:40','2012-01-19 03:30:40'),(45,212,30,NULL,'2012-01-19 03:30:40','2012-01-19 03:30:40'),(46,212,28,NULL,'2012-01-19 03:30:40','2012-01-19 03:30:40'),(47,212,25,NULL,'2012-01-19 03:30:40','2012-01-19 03:30:40'),(48,212,32,NULL,'2012-01-19 03:30:40','2012-01-19 03:30:40'),(49,212,9,NULL,'2012-01-19 03:30:40','2012-01-19 03:30:40'),(50,212,67,NULL,'2012-01-19 03:30:40','2012-01-19 03:30:40'),(51,212,29,NULL,'2012-01-19 03:30:40','2012-01-19 03:30:40'),(52,221,27,NULL,'2012-01-19 03:33:04','2012-01-19 03:33:04'),(53,221,42,NULL,'2012-01-19 03:33:04','2012-01-19 03:33:04'),(54,221,13,NULL,'2012-01-19 03:34:14','2012-01-19 03:34:14'),(55,221,11,NULL,'2012-01-19 03:34:14','2012-01-19 03:34:14');

--
-- Table structure for table `in_empires`
--

CREATE TABLE `in_empires` (
  `id` int(11) NOT NULL AUTO_INCREMENT,
  `state_id` int(11) DEFAULT NULL,
  `empire_id` int(11) DEFAULT NULL,
  `start_year` int(11) DEFAULT NULL,
  `end_year` int(11) DEFAULT NULL,
  `notes` text,
  `created_at` datetime DEFAULT NULL,
  `updated_at` datetime DEFAULT NULL,
  PRIMARY KEY (`id`),
  KEY `state_id` (`state_id`),
  KEY `empire_id` (`empire_id`),
  CONSTRAINT `in_empires_empire_id_5f65fbd5_fk_empires_id` FOREIGN KEY (`empire_id`) REFERENCES `empires` (`id`),
  CONSTRAINT `in_empires_state_id_3efab8d2_fk_states_id` FOREIGN KEY (`state_id`) REFERENCES `states` (`id`)
) ENGINE=InnoDB AUTO_INCREMENT=4 DEFAULT CHARSET=latin1;

--
-- Dumping data for table `in_empires`
--

INSERT INTO `in_empires` VALUES (1,2,1,NULL,NULL,NULL,'2011-08-10 15:33:28','2011-08-10 15:33:28'),(2,1,1,NULL,NULL,NULL,'2011-08-10 15:33:28','2011-08-10 15:33:28'),(3,4,1,NULL,NULL,NULL,'2011-08-10 15:33:28','2011-08-10 15:33:28');

--
-- Table structure for table `in_regions`
--

CREATE TABLE `in_regions` (
  `id` int(11) NOT NULL AUTO_INCREMENT,
  `location_id` int(11) DEFAULT NULL,
  `region_id` int(11) DEFAULT NULL,
  `notes` text,
  `created_at` datetime DEFAULT NULL,
  `updated_at` datetime DEFAULT NULL,
  PRIMARY KEY (`id`),
  KEY `location_id` (`location_id`),
  KEY `region_id` (`region_id`),
  CONSTRAINT `in_regions_location_id_7fed6f28_fk_locations_id` FOREIGN KEY (`location_id`) REFERENCES `locations` (`id`),
  CONSTRAINT `in_regions_region_id_4473a4c1_fk_regions_id` FOREIGN KEY (`region_id`) REFERENCES `regions` (`id`)
) ENGINE=InnoDB AUTO_INCREMENT=42 DEFAULT CHARSET=latin1;

--
-- Dumping data for table `in_regions`
--

INSERT INTO `in_regions` VALUES (1,278,1,NULL,'2009-12-03 23:27:34','2009-12-03 23:27:34'),(2,277,1,NULL,'2009-12-03 23:28:20','2009-12-03 23:28:20'),(3,275,1,NULL,'2009-12-03 23:28:45','2009-12-03 23:28:45'),(4,294,1,NULL,'2009-12-03 23:29:06','2009-12-03 23:29:06'),(5,295,1,NULL,'2009-12-03 23:29:39','2009-12-03 23:29:39'),(6,288,1,NULL,'2009-12-03 23:30:09','2009-12-03 23:30:09'),(7,287,1,NULL,'2009-12-03 23:30:51','2009-12-03 23:30:51'),(8,284,1,NULL,'2009-12-03 23:31:08','2009-12-03 23:31:08'),(9,285,1,NULL,'2009-12-03 23:31:34','2009-12-03 23:31:34'),(10,283,1,NULL,'2009-12-03 23:31:50','2009-12-03 23:31:50'),(11,286,1,NULL,'2009-12-03 23:32:07','2009-12-03 23:32:07'),(12,330,1,NULL,'2009-12-03 23:32:34','2009-12-03 23:32:34'),(13,281,1,NULL,'2009-12-03 23:33:46','2009-12-03 23:33:46'),(14,282,1,NULL,'2009-12-03 23:34:09','2009-12-03 23:34:09'),(15,307,1,NULL,'2009-12-03 23:34:37','2009-12-03 23:34:37'),(16,308,1,NULL,'2009-12-03 23:34:53','2009-12-03 23:34:53'),(17,304,1,NULL,'2009-12-03 23:35:08','2009-12-03 23:35:08'),(18,312,1,NULL,'2009-12-03 23:36:10','2009-12-03 23:36:10'),(19,332,1,NULL,'2009-12-03 23:36:29','2009-12-03 23:36:29'),(20,313,1,NULL,'2009-12-03 23:36:47','2009-12-03 23:36:47'),(21,316,1,NULL,'2009-12-03 23:37:11','2009-12-03 23:37:11'),(22,293,1,NULL,'2009-12-03 23:37:35','2009-12-03 23:37:35'),(23,317,1,NULL,'2009-12-03 23:37:53','2009-12-03 23:37:53'),(24,314,1,NULL,'2009-12-03 23:38:10','2009-12-03 23:38:10'),(25,315,1,NULL,'2009-12-03 23:38:43','2009-12-03 23:38:43'),(26,310,1,NULL,'2009-12-03 23:39:13','2009-12-03 23:39:13'),(27,318,1,NULL,'2009-12-03 23:39:37','2009-12-03 23:39:37'),(28,320,1,NULL,'2009-12-03 23:40:05','2009-12-03 23:40:05'),(30,319,1,NULL,'2009-12-03 23:42:07','2009-12-03 23:42:07'),(31,301,1,NULL,'2009-12-03 23:42:49','2009-12-03 23:42:49'),(32,292,1,NULL,'2009-12-03 23:43:16','2009-12-03 23:43:16'),(33,300,1,NULL,'2009-12-03 23:44:23','2009-12-03 23:44:23'),(34,291,1,NULL,'2009-12-03 23:44:50','2009-12-03 23:44:50'),(35,289,1,NULL,'2009-12-03 23:45:07','2009-12-03 23:45:07'),(36,290,1,NULL,'2009-12-03 23:45:27','2009-12-03 23:45:27'),(37,299,1,NULL,'2009-12-03 23:45:49','2009-12-03 23:45:49'),(38,296,1,NULL,'2009-12-03 23:46:11','2009-12-03 23:46:11'),(39,297,1,NULL,'2009-12-03 23:46:31','2009-12-03 23:46:31'),(40,298,1,NULL,'2009-12-03 23:46:47','2009-12-03 23:46:47'),(41,276,1,NULL,'2009-12-03 23:47:41','2009-12-03 23:47:41');

--
-- Table structure for table `in_states`
--

CREATE TABLE `in_states` (
  `id` int(11) NOT NULL AUTO_INCREMENT,
  `location_id` int(11) DEFAULT NULL,
  `state_id` int(11) DEFAULT NULL,
  `start_year` int(11) DEFAULT NULL,
  `end_year` int(11) DEFAULT NULL,
  `notes` text,
  `created_at` datetime DEFAULT NULL,
  `updated_at` datetime DEFAULT NULL,
  PRIMARY KEY (`id`),
  KEY `location_id` (`location_id`),
  KEY `state_id` (`state_id`),
  CONSTRAINT `in_states_location_id_b8d41277_fk_locations_id` FOREIGN KEY (`location_id`) REFERENCES `locations` (`id`),
  CONSTRAINT `in_states_state_id_0b2b2a75_fk_states_id` FOREIGN KEY (`state_id`) REFERENCES `states` (`id`)
) ENGINE=InnoDB AUTO_INCREMENT=232 DEFAULT CHARSET=latin1;

--
-- Dumping data for table `in_states`
--

INSERT INTO `in_states` VALUES (40,302,60,NULL,NULL,NULL,'2009-03-18 16:11:00','2009-03-18 16:11:00'),(41,206,9,NULL,NULL,NULL,'2009-03-18 16:11:00','2009-03-18 16:11:00'),(42,263,30,NULL,NULL,NULL,'2009-03-18 16:11:00','2009-03-18 16:11:00'),(43,207,9,NULL,NULL,NULL,'2009-03-18 16:11:00','2009-03-18 16:11:00'),(44,229,11,NULL,NULL,NULL,'2009-03-18 16:11:00','2009-03-18 16:11:00'),(45,310,62,NULL,NULL,NULL,'2009-03-18 16:11:00','2009-03-18 16:11:00'),(46,289,49,NULL,NULL,NULL,'2009-03-18 16:11:00','2009-03-18 16:11:00'),(47,202,7,NULL,NULL,NULL,'2009-03-18 16:11:00','2009-03-18 16:11:00'),(48,183,5,NULL,NULL,NULL,'2009-03-18 16:11:00','2009-03-18 16:11:00'),(49,259,28,NULL,NULL,NULL,'2009-03-18 16:11:00','2009-03-18 16:11:00'),(50,283,46,NULL,NULL,NULL,'2009-03-18 16:11:00','2009-03-18 16:11:00'),(51,208,9,NULL,NULL,NULL,'2009-03-18 16:11:00','2009-03-18 16:11:00'),(52,209,9,NULL,NULL,NULL,'2009-03-18 16:11:00','2009-03-18 16:11:00'),(53,291,51,NULL,NULL,NULL,'2009-03-18 16:11:00','2009-03-18 16:11:00'),(54,271,37,NULL,NULL,NULL,'2009-03-18 16:11:00','2009-03-18 16:11:00'),(55,186,6,NULL,NULL,NULL,'2009-03-18 16:11:00','2009-03-18 16:11:00'),(56,180,4,NULL,NULL,NULL,'2009-03-18 16:11:00','2009-03-18 16:11:00'),(57,238,15,NULL,NULL,NULL,'2009-03-18 16:11:00','2009-03-18 16:11:00'),(58,167,1,NULL,NULL,NULL,'2009-03-18 16:11:00','2009-03-18 16:11:00'),(59,210,9,NULL,NULL,NULL,'2009-03-18 16:11:00','2009-03-18 16:11:00'),(60,311,62,NULL,NULL,NULL,'2009-03-18 16:11:00','2009-03-18 16:11:00'),(61,187,6,NULL,NULL,NULL,'2009-03-18 16:11:00','2009-03-18 16:11:00'),(62,246,20,NULL,NULL,NULL,'2009-03-18 16:11:00','2009-03-18 16:11:00'),(63,188,6,NULL,NULL,NULL,'2009-03-18 16:11:00','2009-03-18 16:11:00'),(64,292,52,NULL,NULL,NULL,'2009-03-18 16:11:00','2009-03-18 16:11:00'),(65,168,1,NULL,NULL,NULL,'2009-03-18 16:11:00','2009-03-18 16:11:00'),(66,329,72,NULL,NULL,NULL,'2009-03-18 16:11:00','2009-03-18 16:11:00'),(67,211,9,NULL,NULL,NULL,'2009-03-18 16:11:00','2009-03-18 16:11:00'),(68,248,22,NULL,NULL,NULL,'2009-03-18 16:11:00','2009-03-18 16:11:00'),(69,189,6,NULL,NULL,NULL,'2009-03-18 16:11:00','2009-03-18 16:11:00'),(70,267,34,NULL,NULL,NULL,'2009-03-18 16:11:00','2009-03-18 16:11:00'),(71,304,60,NULL,NULL,NULL,'2009-03-18 16:11:00','2009-03-18 16:11:00'),(72,273,39,NULL,NULL,NULL,'2009-03-18 16:11:00','2009-03-18 16:11:00'),(73,284,46,NULL,NULL,NULL,'2009-03-18 16:11:00','2009-03-18 16:11:00'),(74,266,33,NULL,NULL,NULL,'2009-03-18 16:11:00','2009-03-18 16:11:00'),(75,314,63,NULL,NULL,NULL,'2009-03-18 16:11:00','2009-03-18 16:11:00'),(76,176,2,NULL,NULL,NULL,'2009-03-18 16:11:00','2009-03-18 16:11:00'),(77,212,9,NULL,NULL,NULL,'2009-03-18 16:11:00','2009-03-18 16:11:00'),(78,332,62,NULL,NULL,NULL,'2009-03-18 16:11:00','2009-03-18 16:11:00'),(79,319,65,NULL,NULL,NULL,'2009-03-18 16:11:00','2009-03-18 16:11:00'),(80,190,6,NULL,NULL,NULL,'2009-03-18 16:11:00','2009-03-18 16:11:00'),(81,305,60,NULL,NULL,NULL,'2009-03-18 16:11:00','2009-03-18 16:11:00'),(82,235,13,NULL,NULL,NULL,'2009-03-18 16:11:00','2009-03-18 16:11:00'),(83,279,44,NULL,NULL,NULL,'2009-03-18 16:11:00','2009-03-18 16:11:00'),(84,257,27,NULL,NULL,NULL,'2009-03-18 16:11:00','2009-03-18 16:11:00'),(85,234,12,NULL,NULL,NULL,'2009-03-18 16:11:00','2009-03-18 16:11:00'),(86,181,4,NULL,NULL,NULL,'2009-03-18 16:11:00','2009-03-18 16:11:00'),(87,213,9,NULL,NULL,NULL,'2009-03-18 16:11:00','2009-03-18 16:11:00'),(88,169,1,NULL,NULL,NULL,'2009-03-18 16:11:00','2009-03-18 16:11:00'),(89,293,53,NULL,NULL,NULL,'2009-03-18 16:11:00','2009-03-18 16:11:00'),(90,318,64,NULL,NULL,NULL,'2009-03-18 16:11:00','2009-03-18 16:11:00'),(91,182,4,NULL,NULL,NULL,'2009-03-18 16:11:00','2009-03-18 16:11:00'),(92,191,6,NULL,NULL,NULL,'2009-03-18 16:11:00','2009-03-18 16:11:00'),(93,244,18,NULL,NULL,NULL,'2009-03-18 16:11:00','2009-03-18 16:11:00'),(94,170,1,NULL,NULL,NULL,'2009-03-18 16:11:00','2009-03-18 16:11:00'),(95,171,1,NULL,NULL,NULL,'2009-03-18 16:11:00','2009-03-18 16:11:00'),(96,224,75,NULL,NULL,NULL,'2009-03-18 16:11:00','2009-03-18 16:11:00'),(97,250,8,NULL,NULL,NULL,'2009-03-18 16:11:00','2009-03-18 16:11:00'),(98,225,74,NULL,NULL,NULL,'2009-03-18 16:11:00','2009-03-18 16:11:00'),(99,205,21,NULL,NULL,NULL,'2009-03-18 16:11:00','2009-03-18 16:11:00'),(100,205,22,NULL,NULL,NULL,'2009-03-18 16:11:00','2009-03-18 16:11:00'),(101,205,8,NULL,NULL,NULL,'2009-03-18 16:11:00','2009-03-18 16:11:00'),(102,203,7,NULL,NULL,NULL,'2009-03-18 16:11:00','2009-03-18 16:11:00'),(103,214,9,NULL,NULL,NULL,'2009-03-18 16:11:00','2009-03-18 16:11:00'),(104,178,3,NULL,NULL,NULL,'2009-03-18 16:11:00','2009-03-18 16:11:00'),(105,236,14,NULL,NULL,NULL,'2009-03-18 16:11:00','2009-03-18 16:11:00'),(106,309,61,NULL,NULL,NULL,'2009-03-18 16:11:00','2009-03-18 16:11:00'),(107,321,67,NULL,NULL,NULL,'2009-03-18 16:11:00','2009-03-18 16:11:00'),(108,275,41,NULL,NULL,NULL,'2009-03-18 16:11:00','2009-03-18 16:11:00'),(109,280,45,NULL,NULL,NULL,'2009-03-18 16:11:00','2009-03-18 16:11:00'),(110,192,6,NULL,NULL,NULL,'2009-03-18 16:11:00','2009-03-18 16:11:00'),(111,230,11,NULL,NULL,NULL,'2009-03-18 16:11:00','2009-03-18 16:11:00'),(112,274,40,NULL,NULL,NULL,'2009-03-18 16:11:00','2009-03-18 16:11:00'),(113,193,6,NULL,NULL,NULL,'2009-03-18 16:11:00','2009-03-18 16:11:00'),(114,286,47,NULL,NULL,NULL,'2009-03-18 16:11:00','2009-03-18 16:11:00'),(115,172,1,NULL,NULL,NULL,'2009-03-18 16:11:00','2009-03-18 16:11:00'),(116,194,6,NULL,NULL,NULL,'2009-03-18 16:11:00','2009-03-18 16:11:00'),(117,195,6,NULL,NULL,NULL,'2009-03-18 16:11:00','2009-03-18 16:11:00'),(118,315,63,NULL,NULL,NULL,'2009-03-18 16:11:00','2009-03-18 16:11:00'),(119,251,8,NULL,NULL,NULL,'2009-03-18 16:11:00','2009-03-18 16:11:00'),(120,179,3,NULL,NULL,NULL,'2009-03-18 16:11:00','2009-03-18 16:11:00'),(121,322,68,NULL,NULL,NULL,'2009-03-18 16:11:00','2009-03-18 16:11:00'),(122,226,10,NULL,NULL,NULL,'2009-03-18 16:11:00','2009-03-18 16:11:00'),(123,173,1,NULL,NULL,NULL,'2009-03-18 16:11:00','2009-03-18 16:11:00'),(124,166,1,NULL,NULL,NULL,'2009-03-18 16:11:00','2009-03-18 16:11:00'),(125,268,34,NULL,NULL,NULL,'2009-03-18 16:11:00','2009-03-18 16:11:00'),(126,215,9,NULL,NULL,NULL,'2009-03-18 16:11:00','2009-03-18 16:11:00'),(127,216,9,NULL,NULL,NULL,'2009-03-18 16:11:00','2009-03-18 16:11:00'),(128,272,38,NULL,NULL,NULL,'2009-03-18 16:11:00','2009-03-18 16:11:00'),(129,316,63,NULL,NULL,NULL,'2009-03-18 16:11:00','2009-03-18 16:11:00'),(130,323,69,NULL,NULL,NULL,'2009-03-18 16:11:00','2009-03-18 16:11:00'),(131,260,29,NULL,NULL,NULL,'2009-03-18 16:11:00','2009-03-18 16:11:00'),(132,196,6,NULL,NULL,NULL,'2009-03-18 16:11:00','2009-03-18 16:11:00'),(133,281,45,NULL,NULL,NULL,'2009-03-18 16:11:00','2009-03-18 16:11:00'),(134,253,25,NULL,NULL,NULL,'2009-03-18 16:11:00','2009-03-18 16:11:00'),(135,306,60,NULL,NULL,NULL,'2009-03-18 16:11:00','2009-03-18 16:11:00'),(136,177,2,NULL,NULL,NULL,'2009-03-18 16:11:00','2009-03-18 16:11:00'),(137,261,29,NULL,NULL,NULL,'2009-03-18 16:11:00','2009-03-18 16:11:00'),(138,328,71,NULL,NULL,NULL,'2009-03-18 16:11:00','2009-03-18 16:11:00'),(139,197,6,NULL,NULL,NULL,'2009-03-18 16:11:00','2009-03-18 16:11:00'),(140,198,6,NULL,NULL,NULL,'2009-03-18 16:11:00','2009-03-18 16:11:00'),(141,254,25,NULL,NULL,NULL,'2009-03-18 16:11:00','2009-03-18 16:11:00'),(142,294,54,NULL,NULL,NULL,'2009-03-18 16:11:00','2009-03-18 16:11:00'),(143,278,43,NULL,NULL,NULL,'2009-03-18 16:11:00','2009-03-18 16:11:00'),(144,243,17,NULL,NULL,NULL,'2009-03-18 16:11:00','2009-03-18 16:11:00'),(145,227,10,NULL,NULL,NULL,'2009-03-18 16:11:00','2009-03-18 16:11:00'),(146,217,76,NULL,NULL,NULL,'2009-03-18 16:11:00','2009-03-18 16:11:00'),(147,204,7,NULL,NULL,NULL,'2009-03-18 16:11:00','2009-03-18 16:11:00'),(148,255,25,NULL,NULL,NULL,'2009-03-18 16:11:00','2009-03-18 16:11:00'),(149,218,77,NULL,NULL,NULL,'2009-03-18 16:11:00','2009-03-18 16:11:00'),(150,312,62,NULL,NULL,NULL,'2009-03-18 16:11:00','2009-03-18 16:11:00'),(151,320,66,NULL,NULL,NULL,'2009-03-18 16:11:00','2009-03-18 16:11:00'),(152,199,6,NULL,NULL,NULL,'2009-03-18 16:11:00','2009-03-18 16:11:00'),(153,324,69,NULL,NULL,NULL,'2009-03-18 16:11:00','2009-03-18 16:11:00'),(154,174,1,NULL,NULL,NULL,'2009-03-18 16:11:00','2009-03-18 16:11:00'),(155,287,48,NULL,NULL,NULL,'2009-03-18 16:11:00','2009-03-18 16:11:00'),(156,175,1,NULL,NULL,NULL,'2009-03-18 16:11:00','2009-03-18 16:11:00'),(157,269,35,NULL,NULL,NULL,'2009-03-18 16:11:00','2009-03-18 16:11:00'),(158,285,46,NULL,NULL,NULL,'2009-03-18 16:11:01','2009-03-18 16:11:01'),(159,317,63,NULL,NULL,NULL,'2009-03-18 16:11:01','2009-03-18 16:11:01'),(160,219,9,NULL,NULL,NULL,'2009-03-18 16:11:01','2009-03-18 16:11:01'),(161,270,36,NULL,NULL,NULL,'2009-03-18 16:11:01','2009-03-18 16:11:01'),(162,239,15,NULL,NULL,NULL,'2009-03-18 16:11:01','2009-03-18 16:11:01'),(163,184,5,NULL,NULL,NULL,'2009-03-18 16:11:01','2009-03-18 16:11:01'),(164,325,69,NULL,NULL,NULL,'2009-03-18 16:11:01','2009-03-18 16:11:01'),(165,200,6,NULL,NULL,NULL,'2009-03-18 16:11:01','2009-03-18 16:11:01'),(166,252,24,NULL,NULL,NULL,'2009-03-18 16:11:01','2009-03-18 16:11:01'),(167,231,11,NULL,NULL,NULL,'2009-03-18 16:11:01','2009-03-18 16:11:01'),(168,201,6,NULL,NULL,NULL,'2009-03-18 16:11:01','2009-03-18 16:11:01'),(169,326,69,NULL,NULL,NULL,'2009-03-18 16:11:01','2009-03-18 16:11:01'),(170,288,48,NULL,NULL,NULL,'2009-03-18 16:11:01','2009-03-18 16:11:01'),(171,220,9,NULL,NULL,NULL,'2009-03-18 16:11:01','2009-03-18 16:11:01'),(172,313,62,NULL,NULL,NULL,'2009-03-18 16:11:01','2009-03-18 16:11:01'),(173,221,9,NULL,NULL,NULL,'2009-03-18 16:11:01','2009-03-18 16:11:01'),(174,228,73,NULL,NULL,NULL,'2009-03-18 16:11:01','2009-03-18 16:11:01'),(175,331,70,NULL,NULL,NULL,'2009-03-18 16:11:01','2009-03-18 16:11:01'),(176,330,45,NULL,NULL,NULL,'2009-03-18 16:11:01','2009-03-18 16:11:01'),(177,245,19,NULL,NULL,NULL,'2009-03-18 16:11:01','2009-03-18 16:11:01'),(178,258,27,NULL,NULL,NULL,'2009-03-18 16:11:01','2009-03-18 16:11:01'),(179,277,42,NULL,NULL,NULL,'2009-03-18 16:11:01','2009-03-18 16:11:01'),(180,296,55,NULL,NULL,NULL,'2009-03-18 16:11:01','2009-03-18 16:11:01'),(181,297,56,NULL,NULL,NULL,'2009-03-18 16:11:01','2009-03-18 16:11:01'),(182,299,57,NULL,NULL,NULL,'2009-03-18 16:11:01','2009-03-18 16:11:01'),(183,276,41,NULL,NULL,NULL,'2009-03-18 16:11:01','2009-03-18 16:11:01'),(185,290,50,NULL,NULL,NULL,'2009-03-18 16:11:01','2009-03-18 16:11:01'),(186,185,5,NULL,NULL,NULL,'2009-03-18 16:11:01','2009-03-18 16:11:01'),(187,300,58,NULL,NULL,NULL,'2009-03-18 16:11:01','2009-03-18 16:11:01'),(188,298,56,NULL,NULL,NULL,'2009-03-18 16:11:01','2009-03-18 16:11:01'),(189,237,14,NULL,NULL,NULL,'2009-03-18 16:11:01','2009-03-18 16:11:01'),(190,307,60,NULL,NULL,NULL,'2009-03-18 16:11:01','2009-03-18 16:11:01'),(191,262,29,NULL,NULL,NULL,'2009-03-18 16:11:01','2009-03-18 16:11:01'),(192,222,9,NULL,NULL,NULL,'2009-03-18 16:11:01','2009-03-18 16:11:01'),(193,223,76,NULL,NULL,NULL,'2009-03-18 16:11:01','2009-03-18 16:11:01'),(194,232,11,NULL,NULL,NULL,'2009-03-18 16:11:01','2009-03-18 16:11:01'),(195,233,11,NULL,NULL,NULL,'2009-03-18 16:11:01','2009-03-18 16:11:01'),(196,241,16,NULL,NULL,NULL,'2009-03-18 16:11:01','2009-03-18 16:11:01'),(197,282,45,NULL,NULL,NULL,'2009-03-18 16:11:01','2009-03-18 16:11:01'),(198,301,59,NULL,NULL,NULL,'2009-03-18 16:11:01','2009-03-18 16:11:01'),(199,265,32,NULL,NULL,NULL,'2009-03-18 16:11:01','2009-03-18 16:11:01'),(200,264,31,NULL,NULL,NULL,'2009-03-18 16:11:01','2009-03-18 16:11:01'),(201,249,22,NULL,NULL,NULL,'2009-03-18 16:11:01','2009-03-18 16:11:01'),(202,295,54,NULL,NULL,NULL,'2009-03-18 16:11:01','2009-03-18 16:11:01'),(203,256,26,NULL,NULL,NULL,'2009-03-18 16:11:01','2009-03-18 16:11:01'),(204,327,70,NULL,NULL,NULL,'2009-03-18 16:11:01','2009-03-18 16:11:01'),(205,242,16,NULL,NULL,NULL,'2009-03-18 16:11:01','2009-03-18 16:11:01'),(206,308,60,NULL,NULL,NULL,'2009-03-18 16:11:01','2009-03-18 16:11:01'),(207,333,78,NULL,NULL,NULL,'2011-02-25 03:35:52','2011-02-25 03:35:52'),(208,334,78,NULL,NULL,'Formerly part of Braintree, MA.  Quincy was created in 1792.','2011-02-25 03:44:37','2011-02-25 03:44:37'),(209,335,80,NULL,NULL,NULL,'2011-03-08 23:25:29','2011-03-08 23:25:29'),(210,336,83,NULL,NULL,NULL,'2011-12-31 03:41:51','2011-12-31 03:41:51'),(211,337,83,NULL,NULL,NULL,'2012-01-04 18:18:09','2012-01-04 18:18:09'),(212,338,82,NULL,NULL,NULL,'2012-01-16 00:02:57','2012-01-16 02:29:04'),(213,339,82,NULL,NULL,NULL,'2012-01-16 02:30:09','2012-01-16 02:30:09'),(214,342,82,NULL,NULL,NULL,'2012-01-16 19:15:40','2012-01-16 19:15:40'),(215,343,85,NULL,NULL,NULL,'2012-01-16 19:31:31','2012-01-16 19:31:31'),(216,344,86,NULL,NULL,NULL,'2012-01-16 22:37:47','2012-01-16 22:37:47'),(217,345,81,NULL,NULL,NULL,'2012-01-17 01:22:14','2012-01-17 01:22:14'),(218,346,79,NULL,NULL,NULL,'2012-01-17 01:28:08','2012-01-17 01:28:08'),(219,348,87,NULL,NULL,NULL,'2012-01-17 04:42:52','2012-01-17 04:42:52'),(220,349,11,NULL,NULL,NULL,'2012-01-17 20:36:08','2012-01-17 20:36:08'),(221,350,1,NULL,NULL,NULL,'2012-01-17 20:52:26','2012-01-17 20:52:26'),(222,351,1,NULL,NULL,NULL,'2012-01-17 21:09:04','2012-01-17 21:09:04'),(223,352,1,NULL,NULL,NULL,'2012-01-17 21:12:38','2012-01-17 21:12:38'),(224,353,3,NULL,NULL,NULL,'2012-01-17 21:15:38','2012-01-17 21:15:38'),(225,354,1,NULL,NULL,NULL,'2012-01-18 00:53:57','2012-01-18 00:53:57'),(226,356,82,NULL,NULL,NULL,'2012-01-18 01:36:52','2012-01-18 01:36:52'),(227,357,1,NULL,NULL,NULL,'2012-01-18 02:13:54','2012-01-18 02:13:54'),(228,358,4,NULL,NULL,NULL,'2012-01-18 02:56:39','2012-01-18 02:56:39'),(229,359,3,NULL,NULL,NULL,'2012-01-18 03:09:29','2012-01-18 03:09:29'),(230,360,1,NULL,NULL,NULL,'2012-01-19 19:27:32','2012-01-19 19:27:32'),(231,355,1,NULL,NULL,NULL,'2012-04-20 14:17:37','2012-04-20 14:17:37');

--
-- Table structure for table `individuals`
--

CREATE TABLE `individuals` (
  `id` int(11) NOT NULL AUTO_INCREMENT,
  `name` varchar(255) DEFAULT NULL,
  `sex` varchar(255) DEFAULT NULL,
  `birth_date` date DEFAULT NULL,
  `death_date` date DEFAULT NULL,
  `state_id` int(11) DEFAULT NULL,
  `notes` text,
  `created_at` datetime DEFAULT NULL,
  `updated_at` datetime DEFAULT NULL,
  `sort_name` varchar(255) DEFAULT NULL,
  `american` tinyint(1) DEFAULT NULL,
  `birth_day_known` tinyint(1) DEFAULT NULL,
  `birth_month_known` tinyint(1) DEFAULT NULL,
  `birth_year_known` tinyint(1) DEFAULT NULL,
  `death_day_known` tinyint(1) DEFAULT NULL,
  `death_month_known` tinyint(1) DEFAULT NULL,
  `death_year_known` tinyint(1) DEFAULT NULL,
  PRIMARY KEY (`id`),
  KEY `state_id` (`state_id`),
  CONSTRAINT `individuals_ibfk_1` FOREIGN KEY (`state_id`) REFERENCES `states` (`id`)
) ENGINE=InnoDB AUTO_INCREMENT=655 DEFAULT CHARSET=latin1;

--
-- Dumping data for table `individuals`
--

INSERT INTO `individuals` VALUES (1,'John Adams','male','1735-10-30','1826-07-04',78,NULL,'2009-03-17 22:45:15','2010-02-12 20:44:20','adamsjohn',1,1,1,1,1,1,1),(2,'Francis Dana','male',NULL,NULL,78,NULL,'2009-03-17 22:45:15','2011-09-23 22:08:12','danafrancis',1,NULL,NULL,NULL,NULL,NULL,NULL),(3,'Benjamin Franklin','male','1706-01-17','1790-04-17',NULL,NULL,'2009-03-17 22:45:15','2010-10-05 03:01:40','franklinbenjamin',1,1,1,1,1,1,1),(4,'William S. Smith','male',NULL,NULL,NULL,NULL,'2009-03-17 22:45:15','2009-11-23 16:20:07','smithwilliams.',1,NULL,NULL,NULL,NULL,NULL,NULL),(5,'Gouverneur Morris','male',NULL,NULL,NULL,NULL,'2009-03-17 22:45:15','2009-11-23 16:20:07','morrisgouverneur',1,NULL,NULL,NULL,NULL,NULL,NULL),(6,'Thomas Pinckney','male',NULL,NULL,NULL,NULL,'2009-03-17 22:45:15','2009-11-23 16:20:07','pinckneythomas',1,NULL,NULL,NULL,NULL,NULL,NULL),(7,'John Jay','male','1745-12-12','1829-05-17',82,NULL,'2009-03-17 22:45:15','2011-12-14 16:17:28','jayjohn',1,1,1,1,1,1,1),(8,'Rufus King','male',NULL,NULL,NULL,NULL,'2009-03-17 22:45:15','2009-11-23 16:20:07','kingrufus',1,NULL,NULL,NULL,NULL,NULL,NULL),(9,'Christopher Gore','male',NULL,NULL,NULL,NULL,'2009-03-17 22:45:15','2009-11-23 16:20:07','gorechristopher',1,NULL,NULL,NULL,NULL,NULL,NULL),(10,'James Monroe','male','1758-04-28','1831-07-04',NULL,NULL,'2009-03-17 22:45:15','2010-02-12 20:43:53','monroejames',1,1,1,1,1,1,1),(11,'William Pinkney','male',NULL,NULL,NULL,NULL,'2009-03-17 22:45:15','2009-11-23 16:20:07','pinkneywilliam',1,NULL,NULL,NULL,NULL,NULL,NULL),(12,'John Spear Smith','male',NULL,NULL,NULL,NULL,'2009-03-17 22:45:15','2009-11-23 16:20:07','smithjohnspear',1,NULL,NULL,NULL,NULL,NULL,NULL),(13,'Jonathan Russell','male',NULL,NULL,NULL,NULL,'2009-03-17 22:45:15','2009-11-23 16:20:07','russelljonathan',1,NULL,NULL,NULL,NULL,NULL,NULL),(14,'John Quincy Adams','male','1767-07-11','1848-02-23',78,NULL,'2009-03-17 22:45:15','2010-02-12 20:42:26','adamsjohnquincy',1,1,1,1,1,1,1),(15,'John Adams Smith','male',NULL,NULL,NULL,NULL,'2009-03-17 22:45:15','2009-11-23 16:20:07','smithjohnadams',1,NULL,NULL,NULL,NULL,NULL,NULL),(16,'Richard Rush','male',NULL,NULL,NULL,NULL,'2009-03-17 22:45:15','2009-11-23 16:20:07','rushrichard',1,NULL,NULL,NULL,NULL,NULL,NULL),(17,'Albert Gallatin','male',NULL,NULL,NULL,NULL,'2009-03-17 22:45:15','2009-11-23 16:20:07','gallatinalbert',1,NULL,NULL,NULL,NULL,NULL,NULL),(18,'Henry Middleton','male',NULL,NULL,NULL,NULL,'2009-03-17 22:45:15','2009-11-23 16:20:07','middletonhenry',1,NULL,NULL,NULL,NULL,NULL,NULL),(19,'Alexander Mcrae','male',NULL,NULL,NULL,NULL,'2009-03-17 22:45:15','2009-11-23 16:20:07','mcraealexander',1,NULL,NULL,NULL,NULL,NULL,NULL),(20,'John A. King','male',NULL,NULL,NULL,NULL,'2009-03-17 22:45:15','2009-11-23 16:20:07','kingjohna.',1,NULL,NULL,NULL,NULL,NULL,NULL),(21,'Joshua Johnson','male',NULL,NULL,NULL,NULL,'2009-03-17 22:45:15','2009-11-23 16:20:07','johnsonjoshua',1,NULL,NULL,NULL,NULL,NULL,NULL),(22,'Samuel Williams','male',NULL,NULL,NULL,NULL,'2009-03-17 22:45:15','2009-11-23 16:20:07','williamssamuel',1,NULL,NULL,NULL,NULL,NULL,NULL),(23,'George W. Erving','male',NULL,NULL,NULL,NULL,'2009-03-17 22:45:15','2009-11-23 16:20:07','ervinggeorgew.',1,NULL,NULL,NULL,NULL,NULL,NULL),(24,'William Lyman','male',NULL,NULL,NULL,NULL,'2009-03-17 22:45:15','2009-11-23 16:20:07','lymanwilliam',1,NULL,NULL,NULL,NULL,NULL,NULL),(25,'Reuben Gaunt Beasley','male',NULL,NULL,NULL,NULL,'2009-03-17 22:45:15','2009-11-23 16:20:07','beasleyreubengaunt',1,NULL,NULL,NULL,NULL,NULL,NULL),(26,'Thomas Aspinwall','male',NULL,NULL,NULL,NULL,'2009-03-17 22:45:15','2009-11-23 16:20:07','aspinwallthomas',1,NULL,NULL,NULL,NULL,NULL,NULL),(27,'Stephen Wilcocks','male',NULL,NULL,NULL,NULL,'2009-03-17 22:45:15','2009-11-23 16:20:58','wilcocksstephen',0,NULL,NULL,NULL,NULL,NULL,NULL),(28,'Elias Vanderhorst','male',NULL,NULL,NULL,NULL,'2009-03-17 22:45:15','2009-11-23 16:20:07','vanderhorstelias',1,NULL,NULL,NULL,NULL,NULL,NULL),(29,'Richard Hart Davis','male',NULL,NULL,NULL,NULL,'2009-03-17 22:45:15','2009-11-23 16:20:58','davisrichardhart',0,NULL,NULL,NULL,NULL,NULL,NULL),(30,'Thomas Cooper Vanderhorst','male',NULL,NULL,NULL,NULL,'2009-03-17 22:45:15','2009-11-23 16:20:07','vanderhorstthomascooper',1,NULL,NULL,NULL,NULL,NULL,NULL),(31,'Richard Vigor','male',NULL,NULL,NULL,NULL,'2009-03-17 22:45:15','2009-11-23 16:20:07','vigorrichard',1,NULL,NULL,NULL,NULL,NULL,NULL),(32,'Herman Visger','male',NULL,NULL,NULL,NULL,'2009-03-17 22:45:15','2009-11-23 16:20:07','visgerherman',1,NULL,NULL,NULL,NULL,NULL,NULL),(33,'Thomas Audjo','male',NULL,NULL,NULL,NULL,'2009-03-17 22:45:15','2009-11-23 16:20:58','audjothomas',0,NULL,NULL,NULL,NULL,NULL,NULL),(34,'Robert R. Hunter','male',NULL,NULL,NULL,NULL,'2009-03-17 22:45:15','2009-11-23 16:20:07','hunterrobertr.',1,NULL,NULL,NULL,NULL,NULL,NULL),(35,'Edmund Granger','male',NULL,NULL,NULL,NULL,'2009-03-17 22:45:15','2009-11-23 16:20:58','grangeredmund',0,NULL,NULL,NULL,NULL,NULL,NULL),(36,'Samuel Banfil','male',NULL,NULL,NULL,NULL,'2009-03-17 22:45:15','2009-11-23 16:20:58','banfilsamuel',0,NULL,NULL,NULL,NULL,NULL,NULL),(37,'Edward Fox','male',NULL,NULL,NULL,NULL,'2009-03-17 22:45:15','2009-11-23 16:20:58','foxedward',0,NULL,NULL,NULL,NULL,NULL,NULL),(38,'Robert Were Fox','male',NULL,NULL,NULL,NULL,'2009-03-17 22:45:15','2009-11-23 16:20:58','foxrobertwere',0,NULL,NULL,NULL,NULL,NULL,NULL),(39,'Robert Were Fox  Jr.','male',NULL,NULL,NULL,NULL,'2009-03-17 22:45:15','2009-11-23 16:20:58','foxrobertwere',0,NULL,NULL,NULL,NULL,NULL,NULL),(40,'Knox. george','male',NULL,NULL,NULL,NULL,'2009-03-17 22:45:15','2009-11-23 16:20:58','knox.george',0,NULL,NULL,NULL,NULL,NULL,NULL),(41,'William Davy','male',NULL,NULL,NULL,NULL,'2009-03-17 22:45:15','2009-11-23 16:20:07','davywilliam',1,NULL,NULL,NULL,NULL,NULL,NULL),(42,'James Maury','male',NULL,NULL,NULL,NULL,'2009-03-17 22:45:15','2009-11-23 16:20:07','mauryjames',1,NULL,NULL,NULL,NULL,NULL,NULL),(43,'John Hawker','male',NULL,NULL,NULL,NULL,'2009-03-17 22:45:15','2009-11-23 16:20:58','hawkerjohn',0,NULL,NULL,NULL,NULL,NULL,NULL),(44,'Nicholas G. Ingraham','male',NULL,NULL,NULL,NULL,'2009-03-17 22:45:15','2009-11-23 16:20:58','ingrahamnicholasg.',0,NULL,NULL,NULL,NULL,NULL,NULL),(45,'Thomas Were Fox','male',NULL,NULL,NULL,NULL,'2009-03-17 22:45:15','2009-11-23 16:20:58','foxthomaswere',0,NULL,NULL,NULL,NULL,NULL,NULL),(46,'Thomas Auldis','male',NULL,NULL,NULL,NULL,'2009-03-17 22:45:15','2009-11-23 16:20:58','auldisthomas',0,NULL,NULL,NULL,NULL,NULL,NULL),(47,'Thomas Morris','male',NULL,NULL,NULL,NULL,'2009-03-17 22:45:15','2009-11-23 16:20:58','morristhomas',0,NULL,NULL,NULL,NULL,NULL,NULL),(48,'William Morris','male',NULL,NULL,NULL,NULL,'2009-03-17 22:45:15','2009-11-23 16:20:58','morriswilliam',0,NULL,NULL,NULL,NULL,NULL,NULL),(49,'Hugh Falconer','male',NULL,NULL,NULL,NULL,'2009-03-17 22:45:15','2009-11-23 16:20:58','falconerhugh',0,NULL,NULL,NULL,NULL,NULL,NULL),(50,'Timothy Folger','male',NULL,NULL,NULL,NULL,'2009-03-17 22:45:15','2009-11-23 16:20:58','folgertimothy',0,NULL,NULL,NULL,NULL,NULL,NULL),(51,'Benjamin Rotch','male',NULL,NULL,NULL,NULL,'2009-03-17 22:45:15','2009-11-23 16:20:58','rotchbenjamin',0,NULL,NULL,NULL,NULL,NULL,NULL),(52,'John J. Murray','male',NULL,NULL,NULL,NULL,'2009-03-17 22:45:15','2009-11-23 16:20:07','murrayjohnj.',1,NULL,NULL,NULL,NULL,NULL,NULL),(53,'Harvey Strong','male',NULL,NULL,NULL,NULL,'2009-03-17 22:45:15','2009-11-23 16:20:07','strongharvey',1,NULL,NULL,NULL,NULL,NULL,NULL),(54,'David Walker','male',NULL,NULL,NULL,NULL,'2009-03-17 22:45:15','2009-11-23 16:20:07','walkerdavid',1,NULL,NULL,NULL,NULL,NULL,NULL),(55,'Harry Grant','male',NULL,NULL,NULL,NULL,'2009-03-17 22:45:15','2009-11-23 16:20:07','grantharry',1,NULL,NULL,NULL,NULL,NULL,NULL),(56,'Joel Hart','male',NULL,NULL,NULL,NULL,'2009-03-17 22:45:15','2009-11-23 16:20:07','hartjoel',1,NULL,NULL,NULL,NULL,NULL,NULL),(57,'James Holmes','male',NULL,NULL,NULL,NULL,'2009-03-17 22:45:15','2009-11-23 16:20:58','holmesjames',0,NULL,NULL,NULL,NULL,NULL,NULL),(58,'William Phelps','male',NULL,NULL,NULL,NULL,'2009-03-17 22:45:15','2009-11-23 16:20:07','phelpswilliam',1,NULL,NULL,NULL,NULL,NULL,NULL),(59,'James Luke','male',NULL,NULL,NULL,NULL,'2009-03-17 22:45:15','2009-11-23 16:20:58','lukejames',0,NULL,NULL,NULL,NULL,NULL,NULL),(60,'Samuel Luke','male',NULL,NULL,NULL,NULL,'2009-03-17 22:45:15','2009-11-23 16:20:58','lukesamuel',0,NULL,NULL,NULL,NULL,NULL,NULL),(61,'John Church','male',NULL,NULL,NULL,NULL,'2009-03-17 22:45:15','2009-11-23 16:20:07','churchjohn',1,NULL,NULL,NULL,NULL,NULL,NULL),(62,'Michael Hogan','male',NULL,NULL,NULL,NULL,'2009-03-17 22:45:15','2009-11-23 16:20:07','hoganmichael',1,NULL,NULL,NULL,NULL,NULL,NULL),(63,'Jacob Mark','male',NULL,NULL,NULL,NULL,'2009-03-17 22:45:15','2009-11-23 16:20:07','markjacob',1,NULL,NULL,NULL,NULL,NULL,NULL),(64,'William Knox','male',NULL,NULL,NULL,NULL,'2009-03-17 22:45:15','2009-11-23 16:20:07','knoxwilliam',1,NULL,NULL,NULL,NULL,NULL,NULL),(65,'Joseph Wilson','male',NULL,NULL,NULL,NULL,'2009-03-17 22:45:15','2009-11-23 16:20:07','wilsonjoseph',1,NULL,NULL,NULL,NULL,NULL,NULL),(66,'Thomas English','male',NULL,NULL,NULL,NULL,'2009-03-17 22:45:15','2009-11-23 16:20:07','englishthomas',1,NULL,NULL,NULL,NULL,NULL,NULL),(67,'Samuel Hazard','male',NULL,NULL,NULL,NULL,'2009-03-17 22:45:15','2009-11-23 16:20:07','hazardsamuel',1,NULL,NULL,NULL,NULL,NULL,NULL),(68,'Mordecai M. Noah','male',NULL,NULL,NULL,NULL,'2009-03-17 22:45:15','2009-11-23 16:20:07','noahmordecaim.',1,NULL,NULL,NULL,NULL,NULL,NULL),(69,'Edward Wyer','male',NULL,NULL,NULL,NULL,'2009-03-17 22:45:15','2009-11-23 16:20:07','wyeredward',1,NULL,NULL,NULL,NULL,NULL,NULL),(70,'Moses M. Russell','male',NULL,NULL,NULL,NULL,'2009-03-17 22:45:15','2009-11-23 16:20:07','russellmosesm.',1,NULL,NULL,NULL,NULL,NULL,NULL),(71,'John Miller Russell','male',NULL,NULL,NULL,NULL,'2009-03-17 22:45:16','2009-11-23 16:20:07','russelljohnmiller',1,NULL,NULL,NULL,NULL,NULL,NULL),(72,'Levitt Harris','male',NULL,NULL,NULL,NULL,'2009-03-17 22:45:16','2009-11-23 16:20:07','harrislevitt',1,NULL,NULL,NULL,NULL,NULL,NULL),(73,'John S. Smith','male',NULL,NULL,NULL,NULL,'2009-03-17 22:45:16','2009-11-23 16:20:07','smithjohns.',1,NULL,NULL,NULL,NULL,NULL,NULL),(74,'William Steuben Smith','male',NULL,NULL,NULL,NULL,'2009-03-17 22:45:16','2009-11-23 16:20:07','smithwilliamsteuben',1,NULL,NULL,NULL,NULL,NULL,NULL),(75,'James E. Bayard','male',NULL,NULL,NULL,NULL,'2009-03-17 22:45:16','2009-11-23 16:20:07','bayardjamese.',1,NULL,NULL,NULL,NULL,NULL,NULL),(76,'Edward Coles','male',NULL,NULL,NULL,NULL,'2009-03-17 22:45:16','2009-11-23 16:20:07','colesedward',1,NULL,NULL,NULL,NULL,NULL,NULL),(77,'William R. D. King','male',NULL,NULL,NULL,NULL,'2009-03-17 22:45:16','2009-11-23 16:20:07','kingwilliamr.d.',1,NULL,NULL,NULL,NULL,NULL,NULL),(78,'John Levitt Harris','male',NULL,NULL,NULL,NULL,'2009-03-17 22:45:16','2009-11-23 16:20:07','harrisjohnlevitt',1,NULL,NULL,NULL,NULL,NULL,NULL),(79,'George Washington Campbell','male',NULL,NULL,NULL,NULL,'2009-03-17 22:45:16','2009-11-23 16:20:07','campbellgeorgewashington',1,NULL,NULL,NULL,NULL,NULL,NULL),(80,'Charles Pinkney','male',NULL,NULL,NULL,NULL,'2009-03-17 22:45:16','2009-11-23 16:20:07','pinkneycharles',1,NULL,NULL,NULL,NULL,NULL,NULL),(81,'Abraham P. Gibson','male',NULL,NULL,NULL,NULL,'2009-03-17 22:45:16','2009-11-23 16:20:07','gibsonabrahamp.',1,NULL,NULL,NULL,NULL,NULL,NULL),(82,'Joseph Lamoliatte','male',NULL,NULL,NULL,NULL,'2009-03-17 22:45:16','2009-11-23 16:20:58','lamoliattejoseph',0,NULL,NULL,NULL,NULL,NULL,NULL),(83,'Pte. Lanne','male',NULL,NULL,NULL,NULL,'2009-03-17 22:45:16','2009-11-23 16:20:58','lannepte.',0,NULL,NULL,NULL,NULL,NULL,NULL),(84,'John Bondfield','male',NULL,NULL,NULL,NULL,'2009-03-17 22:45:16','2009-11-23 16:20:07','bondfieldjohn',1,NULL,NULL,NULL,NULL,NULL,NULL),(85,'Joseph Fenwick','male',NULL,NULL,NULL,NULL,'2009-03-17 22:45:16','2009-11-23 16:20:07','fenwickjoseph',1,NULL,NULL,NULL,NULL,NULL,NULL),(86,'Jonathan Jones','male',NULL,NULL,NULL,NULL,'2009-03-17 22:45:16','2009-11-23 16:20:07','jonesjonathan',1,NULL,NULL,NULL,NULL,NULL,NULL),(87,'Thomas Crafts','male',NULL,NULL,NULL,NULL,'2009-03-17 22:45:16','2009-11-23 16:20:07','craftsthomas',1,NULL,NULL,NULL,NULL,NULL,NULL),(88,'Isaac Cox Barnet','male',NULL,NULL,NULL,NULL,'2009-03-17 22:45:16','2009-11-23 16:20:07','barnetisaaccox',1,NULL,NULL,NULL,NULL,NULL,NULL),(89,'Theodore Peters','male',NULL,NULL,NULL,NULL,'2009-03-17 22:45:16','2009-11-23 16:20:07','peterstheodore',1,NULL,NULL,NULL,NULL,NULL,NULL),(90,'William (b) Lee','male',NULL,NULL,NULL,NULL,'2009-03-17 22:45:16','2009-11-23 16:20:07','leewilliam(b)',1,NULL,NULL,NULL,NULL,NULL,NULL),(91,'Christopher Meyer','male',NULL,NULL,NULL,NULL,'2009-03-17 22:45:16','2009-11-23 16:20:07','meyerchristopher',1,NULL,NULL,NULL,NULL,NULL,NULL),(92,'William Bass','male',NULL,NULL,NULL,NULL,'2009-03-17 22:45:16','2009-11-23 16:20:58','basswilliam',0,NULL,NULL,NULL,NULL,NULL,NULL),(93,'Daniel Strobel','male',NULL,NULL,NULL,NULL,'2009-03-17 22:45:16','2009-11-23 16:20:07','strobeldaniel',1,NULL,NULL,NULL,NULL,NULL,NULL),(94,'George Strobel','male',NULL,NULL,NULL,NULL,'2009-03-17 22:45:16','2009-11-23 16:20:07','strobelgeorge',1,NULL,NULL,NULL,NULL,NULL,NULL),(95,'Aubree','male',NULL,NULL,NULL,NULL,'2009-03-17 22:45:16','2009-11-23 16:20:58','aubree',0,NULL,NULL,NULL,NULL,NULL,NULL),(96,'John James Appleton','male',NULL,NULL,NULL,NULL,'2009-03-17 22:45:16','2009-11-23 16:20:07','appletonjohnjames',1,NULL,NULL,NULL,NULL,NULL,NULL),(97,'Jacques Levuex','male',NULL,NULL,NULL,NULL,'2009-03-17 22:45:16','2009-11-23 16:20:58','levuexjacques',0,NULL,NULL,NULL,NULL,NULL,NULL),(98,'James Collet','male',NULL,NULL,NULL,NULL,'2009-03-17 22:45:16','2009-11-23 16:20:07','colletjames',1,NULL,NULL,NULL,NULL,NULL,NULL),(99,'James Anderson','male',NULL,NULL,NULL,NULL,'2009-03-17 22:45:16','2009-11-23 16:20:07','andersonjames',1,NULL,NULL,NULL,NULL,NULL,NULL),(100,'Peter Walsh','male',NULL,NULL,NULL,NULL,'2009-03-17 22:45:16','2009-11-23 16:20:07','walshpeter',1,NULL,NULL,NULL,NULL,NULL,NULL),(101,'Alexander De tubeuf','male',NULL,NULL,NULL,NULL,'2009-03-17 22:45:16','2009-11-23 16:20:07','detubeufalexander',1,NULL,NULL,NULL,NULL,NULL,NULL),(102,'Francis Coffyn','male',NULL,NULL,NULL,NULL,'2009-03-17 22:45:16','2009-11-23 16:20:58','coffynfrancis',0,NULL,NULL,NULL,NULL,NULL,NULL),(103,'Charles D. Coxe','male',NULL,NULL,NULL,NULL,'2009-03-17 22:45:16','2009-11-23 16:20:07','coxecharlesd.',1,NULL,NULL,NULL,NULL,NULL,NULL),(104,'Sieur De la motte','male',NULL,NULL,NULL,NULL,'2009-03-17 22:45:16','2009-11-23 16:20:58','delamottesieur',0,NULL,NULL,NULL,NULL,NULL,NULL),(105,'Nathaniel Cutting','male',NULL,NULL,NULL,NULL,'2009-03-17 22:45:16','2009-11-23 16:20:07','cuttingnathaniel',1,NULL,NULL,NULL,NULL,NULL,NULL),(106,'Thomas Waters Griffith','male',NULL,NULL,NULL,NULL,'2009-03-17 22:45:16','2009-11-23 16:20:07','griffiththomaswaters',1,NULL,NULL,NULL,NULL,NULL,NULL),(107,'Peter Dobell','male',NULL,NULL,NULL,NULL,'2009-03-17 22:45:16','2009-11-23 16:20:07','dobellpeter',1,NULL,NULL,NULL,NULL,NULL,NULL),(108,'John Mitchell','male',NULL,NULL,NULL,NULL,'2009-03-17 22:45:16','2009-11-23 16:20:07','mitchelljohn',1,NULL,NULL,NULL,NULL,NULL,NULL),(109,'Compere Jeune','male',NULL,NULL,NULL,NULL,'2009-03-17 22:45:16','2009-11-23 16:20:58','jeunecompere',0,NULL,NULL,NULL,NULL,NULL,NULL),(110,'William Patterson','male',NULL,NULL,NULL,NULL,'2009-03-17 22:45:16','2009-11-23 16:20:07','pattersonwilliam',1,NULL,NULL,NULL,NULL,NULL,NULL),(111,'Aaron Vail','male',NULL,NULL,NULL,NULL,'2009-03-17 22:45:16','2009-11-23 16:20:07','vailaaron',1,NULL,NULL,NULL,NULL,NULL,NULL),(112,'William Drayton','male',NULL,NULL,NULL,NULL,'2009-03-17 22:45:16','2009-11-23 16:20:07','draytonwilliam',1,NULL,NULL,NULL,NULL,NULL,NULL),(113,'Henry Wilson','male',NULL,NULL,NULL,NULL,'2009-03-17 22:45:16','2009-11-23 16:20:07','wilsonhenry',1,NULL,NULL,NULL,NULL,NULL,NULL),(114,'Edward (Jr.?) Church','male',NULL,NULL,NULL,NULL,'2009-03-17 22:45:16','2009-11-23 16:20:07','churchedward(jr.?)',1,NULL,NULL,NULL,NULL,NULL,NULL),(115,'Pierre Borde','male',NULL,NULL,NULL,NULL,'2009-03-17 22:45:16','2009-11-23 16:20:58','bordepierre',0,NULL,NULL,NULL,NULL,NULL,NULL),(116,'Thomas Lovell','male',NULL,NULL,NULL,NULL,'2009-03-17 22:45:16','2009-11-23 16:20:07','lovellthomas',1,NULL,NULL,NULL,NULL,NULL,NULL),(117,'Robert (Major) Sterry','male',NULL,NULL,NULL,NULL,'2009-03-17 22:45:16','2009-11-23 16:20:07','sterryrobert(major)',1,NULL,NULL,NULL,NULL,NULL,NULL),(118,'Daniel Garesche','male',NULL,NULL,NULL,NULL,'2009-03-17 22:45:16','2009-11-23 16:20:58','gareschedaniel',0,NULL,NULL,NULL,NULL,NULL,NULL),(119,'Paul Garesche','male',NULL,NULL,NULL,NULL,'2009-03-17 22:45:16','2009-11-23 16:20:58','gareschepaul',0,NULL,NULL,NULL,NULL,NULL,NULL),(120,'Gerard D. Smith','male',NULL,NULL,NULL,NULL,'2009-03-17 22:45:16','2009-11-23 16:20:07','smithgerardd.',1,NULL,NULL,NULL,NULL,NULL,NULL),(121,'James Joseph Debesee','male',NULL,NULL,NULL,NULL,'2009-03-17 22:45:16','2009-11-23 16:20:07','debeseejamesjoseph',1,NULL,NULL,NULL,NULL,NULL,NULL),(122,'Sieur Etienne Cathalan','male',NULL,NULL,NULL,NULL,'2009-03-17 22:45:16','2009-11-23 16:20:58','cathalansieuretienne',0,NULL,NULL,NULL,NULL,NULL,NULL),(123,'Joshua Dodge','male',NULL,NULL,NULL,NULL,'2009-03-17 22:45:16','2009-11-23 16:20:07','dodgejoshua',1,NULL,NULL,NULL,NULL,NULL,NULL),(124,'William Vans  Jr.','male',NULL,NULL,NULL,NULL,'2009-03-17 22:45:16','2009-11-23 16:20:07','vanswilliam',1,NULL,NULL,NULL,NULL,NULL,NULL),(125,'William Foster  Jr.','male',NULL,NULL,NULL,NULL,'2009-03-17 22:45:16','2009-11-23 16:20:07','fosterwilliam',1,NULL,NULL,NULL,NULL,NULL,NULL),(126,'Burrell Carnes','male',NULL,NULL,NULL,NULL,'2009-03-17 22:45:16','2009-11-23 16:20:07','carnesburrell',1,NULL,NULL,NULL,NULL,NULL,NULL),(127,'P. F. Dobree','male',NULL,NULL,NULL,NULL,'2009-03-17 22:45:16','2009-11-23 16:20:58','dobreep.f.',0,NULL,NULL,NULL,NULL,NULL,NULL),(128,'Thomas T. Gantt','male',NULL,NULL,NULL,NULL,'2009-03-17 22:45:16','2009-11-23 16:20:07','ganttthomast.',1,NULL,NULL,NULL,NULL,NULL,NULL),(129,'Francis Columbus Fenwick','male',NULL,NULL,NULL,NULL,'2009-03-17 22:45:16','2009-11-23 16:20:07','fenwickfranciscolumbus',1,NULL,NULL,NULL,NULL,NULL,NULL),(130,'Silas Deane','male',NULL,NULL,80,NULL,'2009-03-17 22:45:16','2011-03-08 23:10:30','deanesilas',1,NULL,NULL,NULL,NULL,NULL,NULL),(131,'Arthur Lee','male',NULL,NULL,NULL,NULL,'2009-03-17 22:45:16','2009-11-23 16:20:07','leearthur',1,NULL,NULL,NULL,NULL,NULL,NULL),(132,'John Laurens','male',NULL,NULL,NULL,NULL,'2009-03-17 22:45:16','2009-11-23 16:20:07','laurensjohn',1,NULL,NULL,NULL,NULL,NULL,NULL),(133,'Thomas Barclay','male',NULL,NULL,NULL,NULL,'2009-03-17 22:45:16','2009-11-23 16:20:07','barclaythomas',1,NULL,NULL,NULL,NULL,NULL,NULL),(134,'Thomas Jefferson','male',NULL,NULL,NULL,NULL,'2009-03-17 22:45:16','2009-11-23 16:20:07','jeffersonthomas',1,NULL,NULL,NULL,NULL,NULL,NULL),(135,'William Short','male',NULL,NULL,NULL,NULL,'2009-03-17 22:45:16','2009-11-23 16:20:07','shortwilliam',1,NULL,NULL,NULL,NULL,NULL,NULL),(136,'Alexandre Duvernet','male',NULL,NULL,NULL,NULL,'2009-03-17 22:45:16','2009-11-23 16:20:58','duvernetalexandre',0,NULL,NULL,NULL,NULL,NULL,NULL),(137,'Joseph Pitcairn','male',NULL,NULL,NULL,NULL,'2009-03-17 22:45:16','2009-11-23 16:20:07','pitcairnjoseph',1,NULL,NULL,NULL,NULL,NULL,NULL),(138,'Fulwar Skipwith','male','1765-02-21','1839-01-07',NULL,NULL,'2009-03-17 22:45:16','2010-02-12 20:43:01','skipwithfulwar',1,1,1,1,1,1,1),(139,'John Marshall','male',NULL,NULL,NULL,NULL,'2009-03-17 22:45:16','2009-11-23 16:20:07','marshalljohn',1,NULL,NULL,NULL,NULL,NULL,NULL),(140,'Elbridge Gerry','male',NULL,NULL,NULL,NULL,'2009-03-17 22:45:16','2009-11-23 16:20:07','gerryelbridge',1,NULL,NULL,NULL,NULL,NULL,NULL),(142,'William Richardson Davie','male',NULL,NULL,NULL,NULL,'2009-03-17 22:45:16','2009-11-23 16:20:07','daviewilliamrichardson',1,NULL,NULL,NULL,NULL,NULL,NULL),(143,'Oliver Ellsworth','male',NULL,NULL,NULL,NULL,'2009-03-17 22:45:16','2009-11-23 16:20:07','ellswortholiver',1,NULL,NULL,NULL,NULL,NULL,NULL),(144,'William Vans Murray','male',NULL,NULL,NULL,NULL,'2009-03-17 22:45:16','2009-11-23 16:20:07','murraywilliamvans',1,NULL,NULL,NULL,NULL,NULL,NULL),(145,'Robert R. Livingston','male',NULL,NULL,NULL,NULL,'2009-03-17 22:45:16','2009-11-23 16:20:07','livingstonrobertr.',1,NULL,NULL,NULL,NULL,NULL,NULL),(146,'Pierre S. Dupont denemours','male',NULL,NULL,NULL,NULL,'2009-03-17 22:45:16','2009-11-23 16:20:07','dupontdenemourspierres.',1,NULL,NULL,NULL,NULL,NULL,NULL),(147,'John Armstrong','male',NULL,NULL,NULL,NULL,'2009-03-17 22:45:16','2009-11-23 16:20:07','armstrongjohn',1,NULL,NULL,NULL,NULL,NULL,NULL),(148,'David Bailie Warden','male',NULL,NULL,NULL,NULL,'2009-03-17 22:45:16','2009-11-23 16:20:07','wardendavidbailie',1,NULL,NULL,NULL,NULL,NULL,NULL),(149,'Joel Barlow','male',NULL,NULL,NULL,NULL,'2009-03-17 22:45:16','2009-11-23 16:20:07','barlowjoel',1,NULL,NULL,NULL,NULL,NULL,NULL),(150,'William H. Crawford','male',NULL,NULL,NULL,NULL,'2009-03-17 22:45:16','2009-11-23 16:20:07','crawfordwilliamh.',1,NULL,NULL,NULL,NULL,NULL,NULL),(151,'Henry Jackson','male',NULL,NULL,NULL,NULL,'2009-03-17 22:45:16','2009-11-23 16:20:07','jacksonhenry',1,NULL,NULL,NULL,NULL,NULL,NULL),(152,'Daniel Sheldon','male',NULL,NULL,NULL,NULL,'2009-03-17 22:45:17','2009-11-23 16:20:07','sheldondaniel',1,NULL,NULL,NULL,NULL,NULL,NULL),(153,'James Brown','male',NULL,NULL,NULL,NULL,'2009-03-17 22:45:17','2009-11-23 16:20:07','brownjames',1,NULL,NULL,NULL,NULL,NULL,NULL),(154,'I. A. Pelletreau','male',NULL,NULL,NULL,NULL,'2009-03-17 22:45:17','2009-11-23 16:20:58','pelletreaui.a.',0,NULL,NULL,NULL,NULL,NULL,NULL),(155,'Nathaniel Barrett','male',NULL,NULL,NULL,NULL,'2009-03-17 22:45:17','2009-11-23 16:20:07','barrettnathaniel',1,NULL,NULL,NULL,NULL,NULL,NULL),(156,'James Blake','male',NULL,NULL,NULL,NULL,'2009-03-17 22:45:17','2009-11-23 16:20:07','blakejames',1,NULL,NULL,NULL,NULL,NULL,NULL),(157,'Jacob Ridgway','male',NULL,NULL,NULL,NULL,'2009-03-17 22:45:17','2009-11-23 16:20:07','ridgwayjacob',1,NULL,NULL,NULL,NULL,NULL,NULL),(158,'Henry Clay','male',NULL,NULL,NULL,NULL,'2009-03-17 22:45:17','2009-11-23 16:20:07','clayhenry',1,NULL,NULL,NULL,NULL,NULL,NULL),(159,'Christopher Hughes  Jr.','male',NULL,NULL,NULL,NULL,'2009-03-17 22:45:17','2009-11-23 16:20:07','hugheschristopher',1,NULL,NULL,NULL,NULL,NULL,NULL),(160,'William Shaler','male',NULL,NULL,NULL,NULL,'2009-03-17 22:45:17','2009-11-23 16:20:07','shalerwilliam',1,NULL,NULL,NULL,NULL,NULL,NULL),(161,'Francis L. Taney','male',NULL,NULL,NULL,NULL,'2009-03-17 22:45:17','2009-11-23 16:20:07','taneyfrancisl.',1,NULL,NULL,NULL,NULL,NULL,NULL),(162,'Thomas H. Storm','male',NULL,NULL,NULL,NULL,'2009-03-17 22:45:17','2009-11-23 16:20:07','stormthomash.',1,NULL,NULL,NULL,NULL,NULL,NULL),(163,'Patrick Mullony','male',NULL,NULL,NULL,NULL,'2009-03-17 22:45:17','2009-11-23 16:20:58','mullonypatrick',0,NULL,NULL,NULL,NULL,NULL,NULL),(164,'Marcello Gallardo','male',NULL,NULL,NULL,NULL,'2009-03-17 22:45:17','2009-11-23 16:20:58','gallardomarcello',0,NULL,NULL,NULL,NULL,NULL,NULL),(165,'Robert Montgomery','male',NULL,NULL,NULL,NULL,'2009-03-17 22:45:17','2009-11-23 16:20:58','montgomeryrobert',0,NULL,NULL,NULL,NULL,NULL,NULL),(166,'Robert Montgomery  Jr.','male',NULL,NULL,NULL,NULL,'2009-03-17 22:45:17','2009-11-23 16:20:58','montgomeryrobert',0,NULL,NULL,NULL,NULL,NULL,NULL),(167,'Andrew Serrano','male',NULL,NULL,NULL,NULL,'2009-03-17 22:45:17','2009-11-23 16:20:58','serranoandrew',0,NULL,NULL,NULL,NULL,NULL,NULL),(168,'Joseph Serrano','male',NULL,NULL,NULL,NULL,'2009-03-17 22:45:17','2009-11-23 16:20:58','serranojoseph',0,NULL,NULL,NULL,NULL,NULL,NULL),(169,'Thomas Hearn','male',NULL,NULL,NULL,NULL,'2009-03-17 22:45:17','2009-11-23 16:20:58','hearnthomas',0,NULL,NULL,NULL,NULL,NULL,NULL),(170,'Fernando Maria Mendoza','male',NULL,NULL,NULL,NULL,'2009-03-17 22:45:17','2009-11-23 16:20:58','mendozafernandomaria',0,NULL,NULL,NULL,NULL,NULL,NULL),(171,'John Montgomery','male',NULL,NULL,NULL,NULL,'2009-03-17 22:45:17','2009-11-23 16:20:07','montgomeryjohn',1,NULL,NULL,NULL,NULL,NULL,NULL),(172,'William Willis','male',NULL,NULL,NULL,NULL,'2009-03-17 22:45:17','2009-11-23 16:20:07','williswilliam',1,NULL,NULL,NULL,NULL,NULL,NULL),(173,'Peter Stirling','male',NULL,NULL,NULL,NULL,'2009-03-17 22:45:17','2009-11-23 16:20:07','stirlingpeter',1,NULL,NULL,NULL,NULL,NULL,NULL),(174,'Peter Laval','male',NULL,NULL,NULL,NULL,'2009-03-17 22:45:17','2009-11-23 16:20:07','lavalpeter',1,NULL,NULL,NULL,NULL,NULL,NULL),(175,'John Leonard','male',NULL,NULL,NULL,NULL,'2009-03-17 22:45:17','2009-11-23 16:20:07','leonardjohn',1,NULL,NULL,NULL,NULL,NULL,NULL),(176,'John Carroll','male',NULL,NULL,NULL,NULL,'2009-03-17 22:45:17','2009-11-23 16:20:07','carrolljohn',1,NULL,NULL,NULL,NULL,NULL,NULL),(177,'Richard Mccall','male',NULL,NULL,NULL,NULL,'2009-03-17 22:45:17','2009-11-23 16:20:07','mccallrichard',1,NULL,NULL,NULL,NULL,NULL,NULL),(178,'William Stirling','male',NULL,NULL,NULL,NULL,'2009-03-17 22:45:17','2009-11-23 16:20:07','stirlingwilliam',1,NULL,NULL,NULL,NULL,NULL,NULL),(179,'Francis Xavier De calo','male',NULL,NULL,NULL,NULL,'2009-03-17 22:45:17','2009-11-23 16:20:07','decalofrancisxavier',1,NULL,NULL,NULL,NULL,NULL,NULL),(180,'Francis Gaminde','male',NULL,NULL,NULL,NULL,'2009-03-17 22:45:17','2009-11-23 16:20:07','gamindefrancis',1,NULL,NULL,NULL,NULL,NULL,NULL),(181,'Francisco Chiappi','male',NULL,NULL,NULL,NULL,'2009-03-17 22:45:17','2009-11-23 16:20:58','chiappifrancisco',0,NULL,NULL,NULL,NULL,NULL,NULL),(182,'Joseph M. Uznardi  Jr.','male',NULL,NULL,NULL,NULL,'2009-03-17 22:45:17','2009-11-23 16:20:58','uznardijosephm.',0,NULL,NULL,NULL,NULL,NULL,NULL),(183,'Joseph M. Uznardi  Sr.','male',NULL,NULL,NULL,NULL,'2009-03-17 22:45:17','2009-11-23 16:20:58','uznardijosephm.',0,NULL,NULL,NULL,NULL,NULL,NULL),(184,'Anthony Terry','male',NULL,NULL,NULL,NULL,'2009-03-17 22:45:17','2009-11-23 16:20:07','terryanthony',1,NULL,NULL,NULL,NULL,NULL,NULL),(185,'James Mccann','male',NULL,NULL,NULL,NULL,'2009-03-17 22:45:17','2009-11-23 16:20:07','mccannjames',1,NULL,NULL,NULL,NULL,NULL,NULL),(186,'Richard S. Hackley','male',NULL,NULL,NULL,NULL,'2009-03-17 22:45:17','2009-11-23 16:20:07','hackleyrichards.',1,NULL,NULL,NULL,NULL,NULL,NULL),(187,'James Leander Cathcart','male',NULL,NULL,NULL,NULL,'2009-03-17 22:45:17','2009-11-23 16:20:07','cathcartjamesleander',1,NULL,NULL,NULL,NULL,NULL,NULL),(188,'Richard W. Meade','male',NULL,NULL,NULL,NULL,'2009-03-17 22:45:17','2009-11-23 16:20:07','meaderichardw.',1,NULL,NULL,NULL,NULL,NULL,NULL),(189,'Joseph E. Bloomfield','male',NULL,NULL,NULL,NULL,'2009-03-17 22:45:17','2009-11-23 16:20:07','bloomfieldjosephe.',1,NULL,NULL,NULL,NULL,NULL,NULL),(190,'John M. Hall','male',NULL,NULL,NULL,NULL,'2009-03-17 22:45:17','2009-11-23 16:20:07','halljohnm.',1,NULL,NULL,NULL,NULL,NULL,NULL),(191,'Peter Lassaletta','male',NULL,NULL,NULL,NULL,'2009-03-17 22:45:17','2009-11-23 16:20:07','lassalettapeter',1,NULL,NULL,NULL,NULL,NULL,NULL),(192,'Alexander Burton','male',NULL,NULL,NULL,NULL,'2009-03-17 22:45:17','2009-11-23 16:20:07','burtonalexander',1,NULL,NULL,NULL,NULL,NULL,NULL),(193,'Dominiche Castilline','male',NULL,NULL,NULL,NULL,'2009-03-17 22:45:17','2009-11-23 16:20:58','castillinedominiche',0,NULL,NULL,NULL,NULL,NULL,NULL),(194,'Bartelome Miquetote','male',NULL,NULL,NULL,NULL,'2009-03-17 22:45:17','2009-11-23 16:20:58','miquetotebartelome',0,NULL,NULL,NULL,NULL,NULL,NULL),(195,'Nicholas Biale','male',NULL,NULL,NULL,NULL,'2009-03-17 22:45:17','2009-11-23 16:20:58','bialenicholas',0,NULL,NULL,NULL,NULL,NULL,NULL),(196,'Joseph Bercerra','male',NULL,NULL,NULL,NULL,'2009-03-17 22:45:17','2009-11-23 16:20:58','bercerrajoseph',0,NULL,NULL,NULL,NULL,NULL,NULL),(197,'Henry Molier','male',NULL,NULL,NULL,NULL,'2009-03-17 22:45:17','2009-11-23 16:20:07','molierhenry',1,NULL,NULL,NULL,NULL,NULL,NULL),(198,'James Simpson','male',NULL,NULL,NULL,NULL,'2009-03-17 22:45:17','2009-11-23 16:20:58','simpsonjames',0,NULL,NULL,NULL,NULL,NULL,NULL),(199,'John Gavino','male',NULL,NULL,NULL,NULL,'2009-03-17 22:45:17','2009-11-23 16:20:58','gavinojohn',0,NULL,NULL,NULL,NULL,NULL,NULL),(200,'Bernard Henry','male',NULL,NULL,NULL,NULL,'2009-03-17 22:45:17','2009-11-23 16:20:07','henrybernard',1,NULL,NULL,NULL,NULL,NULL,NULL),(202,'William Carmichael','male','1739-01-01','1795-02-09',NULL,NULL,'2009-03-17 22:45:17','2009-11-23 16:20:07','carmichaelwilliam',1,NULL,NULL,NULL,NULL,NULL,NULL),(203,'David Humphreys','male',NULL,NULL,80,NULL,'2009-03-17 22:45:17','2011-03-08 23:08:32','humphreysdavid',1,NULL,NULL,NULL,NULL,NULL,NULL),(204,'Moses Young','male',NULL,NULL,NULL,NULL,'2009-03-17 22:45:17','2009-11-23 16:20:07','youngmoses',1,NULL,NULL,NULL,NULL,NULL,NULL),(205,'John Graham','male',NULL,NULL,NULL,NULL,'2009-03-17 22:45:17','2009-11-23 16:20:07','grahamjohn',1,NULL,NULL,NULL,NULL,NULL,NULL),(206,'Charles Cotesworth Pinckney','male',NULL,NULL,NULL,NULL,'2009-03-17 22:45:17','2009-11-23 16:20:07','pinckneycharlescotesworth',1,NULL,NULL,NULL,NULL,NULL,NULL),(207,'James Bowdoin','male',NULL,NULL,NULL,NULL,'2009-03-17 22:45:17','2009-11-23 16:20:07','bowdoinjames',1,NULL,NULL,NULL,NULL,NULL,NULL),(208,'Anthony Morris','male',NULL,NULL,NULL,NULL,'2009-03-17 22:45:17','2009-11-23 16:20:07','morrisanthony',1,NULL,NULL,NULL,NULL,NULL,NULL),(209,'Thomas L. L. Brent','male',NULL,NULL,NULL,NULL,'2009-03-17 22:45:17','2009-11-23 16:20:07','brentthomasl.l.',1,NULL,NULL,NULL,NULL,NULL,NULL),(210,'John Forsyth','male',NULL,NULL,NULL,NULL,'2009-03-17 22:45:17','2009-11-23 16:20:07','forsythjohn',1,NULL,NULL,NULL,NULL,NULL,NULL),(211,'Hugh Nelson','male',NULL,NULL,NULL,NULL,'2009-03-17 22:45:17','2009-11-23 16:20:07','nelsonhugh',1,NULL,NULL,NULL,NULL,NULL,NULL),(212,'Alexander Hill Everett','male',NULL,NULL,NULL,NULL,'2009-03-17 22:45:17','2009-11-23 16:20:07','everettalexanderhill',1,NULL,NULL,NULL,NULL,NULL,NULL),(213,'Michael Murphy','male',NULL,NULL,NULL,NULL,'2009-03-17 22:45:17','2009-11-23 16:20:58','murphymichael',0,NULL,NULL,NULL,NULL,NULL,NULL),(214,'William Kirkpatrick','male',NULL,NULL,NULL,NULL,'2009-03-17 22:45:17','2009-11-23 16:20:07','kirkpatrickwilliam',1,NULL,NULL,NULL,NULL,NULL,NULL),(215,'George G. Barrell','male',NULL,NULL,NULL,NULL,'2009-03-17 22:45:17','2009-11-23 16:20:07','barrellgeorgeg.',1,NULL,NULL,NULL,NULL,NULL,NULL),(216,'John Culnan','male',NULL,NULL,NULL,NULL,'2009-03-17 22:45:17','2009-11-23 16:20:58','culnanjohn',0,NULL,NULL,NULL,NULL,NULL,NULL),(217,'John Martin Baker','male',NULL,NULL,NULL,NULL,'2009-03-17 22:45:17','2009-11-23 16:20:08','bakerjohnmartin',1,NULL,NULL,NULL,NULL,NULL,NULL),(218,'George Theodore Ladico','male',NULL,NULL,NULL,NULL,'2009-03-17 22:45:17','2009-11-23 16:20:58','ladicogeorgetheodore',0,NULL,NULL,NULL,NULL,NULL,NULL),(219,'Thomas Kidman','male',NULL,NULL,NULL,NULL,'2009-03-17 22:45:17','2009-11-23 16:20:58','kidmanthomas',0,NULL,NULL,NULL,NULL,NULL,NULL),(220,'Henry Stonor','male',NULL,NULL,NULL,NULL,'2009-03-17 22:45:17','2009-11-23 16:20:08','stonorhenry',1,NULL,NULL,NULL,NULL,NULL,NULL),(221,'Thomas Croker','male',NULL,NULL,NULL,NULL,'2009-03-17 22:45:17','2009-11-23 16:20:08','crokerthomas',1,NULL,NULL,NULL,NULL,NULL,NULL),(222,'Lewis Meagher O\'brien','male',NULL,NULL,NULL,NULL,'2009-03-17 22:45:17','2009-11-23 16:20:58','o\'brienlewismeagher',0,NULL,NULL,NULL,NULL,NULL,NULL),(223,'I. P. De barbano','male',NULL,NULL,NULL,NULL,'2009-03-17 22:45:17','2009-11-23 16:20:58','debarbanoi.p.',0,NULL,NULL,NULL,NULL,NULL,NULL),(224,'Willlam Goodwin','male',NULL,NULL,NULL,NULL,'2009-03-17 22:45:17','2009-11-23 16:20:08','goodwinwilllam',1,NULL,NULL,NULL,NULL,NULL,NULL),(225,'D. Tyler','male',NULL,NULL,NULL,NULL,'2009-03-17 22:45:17','2009-11-23 16:20:08','tylerd.',1,NULL,NULL,NULL,NULL,NULL,NULL),(226,'Augustin Opins','male',NULL,NULL,NULL,NULL,'2009-03-17 22:45:17','2009-11-23 16:20:58','opinsaugustin',0,NULL,NULL,NULL,NULL,NULL,NULL),(227,'John James Armstrong','male',NULL,NULL,NULL,NULL,'2009-03-17 22:45:17','2009-11-23 16:20:08','armstrongjohnjames',1,NULL,NULL,NULL,NULL,NULL,NULL),(228,'John Mullowny','male',NULL,NULL,NULL,NULL,'2009-03-17 22:45:18','2009-11-23 16:20:08','mullownyjohn',1,NULL,NULL,NULL,NULL,NULL,NULL),(229,'John O\'sullivan','male',NULL,NULL,NULL,NULL,'2009-03-17 22:45:18','2009-11-23 16:20:08','o\'sullivanjohn',1,NULL,NULL,NULL,NULL,NULL,NULL),(230,'Payton Gay','male',NULL,NULL,NULL,NULL,'2009-03-17 22:45:18','2009-11-23 16:20:08','gaypayton',1,NULL,NULL,NULL,NULL,NULL,NULL),(231,'John Street','male',NULL,NULL,NULL,NULL,'2009-03-17 22:45:18','2009-11-23 16:20:58','streetjohn',0,NULL,NULL,NULL,NULL,NULL,NULL),(232,'John B. Dabney','male',NULL,NULL,NULL,NULL,'2009-03-17 22:45:18','2009-11-23 16:20:08','dabneyjohnb.',1,NULL,NULL,NULL,NULL,NULL,NULL),(233,'John Marsden Pintard','male',NULL,NULL,NULL,NULL,'2009-03-17 22:45:18','2009-11-23 16:20:08','pintardjohnmarsden',1,NULL,NULL,NULL,NULL,NULL,NULL),(234,'Marien Lemar','male',NULL,NULL,NULL,NULL,'2009-03-17 22:45:18','2009-11-23 16:20:08','lemarmarien',1,NULL,NULL,NULL,NULL,NULL,NULL),(235,'Robert H. Macpherson','male',NULL,NULL,NULL,NULL,'2009-03-17 22:45:18','2009-11-23 16:20:08','macphersonroberth.',1,NULL,NULL,NULL,NULL,NULL,NULL),(236,'John Howard March','male',NULL,NULL,NULL,NULL,'2009-03-17 22:45:18','2009-11-23 16:20:08','marchjohnhoward',1,NULL,NULL,NULL,NULL,NULL,NULL),(237,'Edward Church','male',NULL,NULL,NULL,NULL,'2009-03-17 22:45:18','2009-11-23 16:20:08','churchedward',1,NULL,NULL,NULL,NULL,NULL,NULL),(238,'Thomas Bulkely','male',NULL,NULL,NULL,NULL,'2009-03-17 22:45:18','2009-11-23 16:20:08','bulkelythomas',1,NULL,NULL,NULL,NULL,NULL,NULL),(239,'William Jarvis','male',NULL,NULL,NULL,NULL,'2009-03-17 22:45:18','2009-11-23 16:20:08','jarviswilliam',1,NULL,NULL,NULL,NULL,NULL,NULL),(240,'Thomas Sumter  Jr.','male','1768-08-30','1840-06-15',79,NULL,'2009-03-17 22:45:18','2011-02-10 03:13:30','sumterthomas',1,1,1,1,1,1,1),(241,'George Jefferson','male',NULL,NULL,NULL,NULL,'2009-03-17 22:45:18','2009-11-23 16:20:08','jeffersongeorge',1,NULL,NULL,NULL,NULL,NULL,NULL),(242,'Israel P. Hutchinson','male',NULL,NULL,NULL,NULL,'2009-03-17 22:45:18','2009-11-23 16:20:08','hutchinsonisraelp.',1,NULL,NULL,NULL,NULL,NULL,NULL),(243,'Henry Dearborn  Sr.','male',NULL,NULL,NULL,NULL,'2009-03-17 22:45:18','2009-11-23 16:20:08','dearbornhenry',1,NULL,NULL,NULL,NULL,NULL,NULL),(244,'Elisha Field','male',NULL,NULL,NULL,NULL,'2009-03-17 22:45:18','2009-11-23 16:20:08','fieldelisha',1,NULL,NULL,NULL,NULL,NULL,NULL),(245,'Samuel Hodges  Jr.','male',NULL,NULL,NULL,NULL,'2009-03-17 22:45:18','2009-11-23 16:20:08','hodgessamuel',1,NULL,NULL,NULL,NULL,NULL,NULL),(246,'James Greenleaf','male',NULL,NULL,NULL,NULL,'2009-03-17 22:45:18','2009-11-23 16:20:08','greenleafjames',1,NULL,NULL,NULL,NULL,NULL,NULL),(247,'Sylvanus Bourne','male','1761-01-01','1817-01-01',78,'Birthday and date of death remain unknown, although Bourne is known to have lived from 1761-1817.','2009-03-17 22:45:18','2010-02-12 20:43:24','bournesylvanus',1,0,0,1,0,0,1),(248,'Herman Hendrik Damen','male',NULL,NULL,NULL,NULL,'2009-03-17 22:45:18','2009-11-23 16:20:58','damenhermanhendrik',0,NULL,NULL,NULL,NULL,NULL,NULL),(249,'John W. Parker','male',NULL,NULL,NULL,NULL,'2009-03-17 22:45:18','2009-11-23 16:20:08','parkerjohnw.',1,NULL,NULL,NULL,NULL,NULL,NULL),(250,'A. Korff','male',NULL,NULL,NULL,NULL,'2009-03-17 22:45:18','2009-11-23 16:20:58','korffa.',0,NULL,NULL,NULL,NULL,NULL,NULL),(251,'Peter Korff','male',NULL,NULL,NULL,NULL,'2009-03-17 22:45:18','2009-11-23 16:20:58','korffpeter',0,NULL,NULL,NULL,NULL,NULL,NULL),(252,'John Beeldemaker','male',NULL,NULL,NULL,NULL,'2009-03-17 22:45:18','2009-11-23 16:20:58','beeldemakerjohn',0,NULL,NULL,NULL,NULL,NULL,NULL),(253,'Thomas Browne','male',NULL,NULL,NULL,NULL,'2009-03-17 22:45:18','2009-11-23 16:20:58','brownethomas',0,NULL,NULL,NULL,NULL,NULL,NULL),(254,'Joseph Forman','male',NULL,NULL,NULL,NULL,'2009-03-17 22:45:18','2009-11-23 16:20:08','formanjoseph',1,NULL,NULL,NULL,NULL,NULL,NULL),(255,'Alexander','male',NULL,NULL,NULL,NULL,'2009-03-17 22:45:18','2009-11-23 16:20:58','alexander',0,NULL,NULL,NULL,NULL,NULL,NULL),(256,'G. R. Curtis','male',NULL,NULL,NULL,NULL,'2009-03-17 22:45:18','2009-11-23 16:20:58','curtisg.r.',0,NULL,NULL,NULL,NULL,NULL,NULL),(257,'George Joy','male',NULL,NULL,NULL,NULL,'2009-03-17 22:45:18','2009-11-23 16:20:08','joygeorge',1,NULL,NULL,NULL,NULL,NULL,NULL),(258,'T. F. Wilkens','male',NULL,NULL,NULL,NULL,'2009-03-17 22:45:18','2009-11-23 16:20:08','wilkenst.f.',1,NULL,NULL,NULL,NULL,NULL,NULL),(259,'Emanuel Wambersie','male',NULL,NULL,NULL,NULL,'2009-03-17 22:45:18','2009-11-23 16:20:08','wambersieemanuel',1,NULL,NULL,NULL,NULL,NULL,NULL),(260,'Tiede Christians','male',NULL,NULL,NULL,NULL,'2009-03-17 22:45:18','2009-11-23 16:20:58','christianstiede',0,NULL,NULL,NULL,NULL,NULL,NULL),(261,'Henry Laurens','male',NULL,NULL,NULL,NULL,'2009-03-17 22:45:18','2009-11-23 16:20:08','laurenshenry',1,NULL,NULL,NULL,NULL,NULL,NULL),(262,'Charles William Frederic Dumas','male','1721-01-01','1796-01-01',NULL,NULL,'2009-03-17 22:45:18','2009-11-23 16:20:08','dumascharleswilliamfredi',0,0,0,1,0,0,1),(264,'Thomas Boylston Adams','male',NULL,NULL,NULL,NULL,'2009-03-17 22:45:18','2009-11-23 16:20:08','adamsthomasboylston',1,NULL,NULL,NULL,NULL,NULL,NULL),(265,'William Eustis','male',NULL,NULL,NULL,NULL,'2009-03-17 22:45:18','2009-11-23 16:20:08','eustiswilliam',1,NULL,NULL,NULL,NULL,NULL,NULL),(266,'Joshua Clibborn','male',NULL,NULL,NULL,NULL,'2009-03-17 22:45:18','2009-11-23 16:20:08','clibbornjoshua',1,NULL,NULL,NULL,NULL,NULL,NULL),(267,'David Parish','male',NULL,NULL,NULL,NULL,'2009-03-17 22:45:18','2009-11-23 16:20:08','parishdavid',1,NULL,NULL,NULL,NULL,NULL,NULL),(268,'Charles Barnet','male',NULL,NULL,NULL,NULL,'2009-03-17 22:45:18','2009-11-23 16:20:08','barnetcharles',1,NULL,NULL,NULL,NULL,NULL,NULL),(269,'William Daniel Patterson','male',NULL,NULL,NULL,NULL,'2009-03-17 22:45:18','2009-11-23 16:20:08','pattersonwilliamdaniel',1,NULL,NULL,NULL,NULL,NULL,NULL),(270,'Louis Mark','male',NULL,NULL,NULL,NULL,'2009-03-17 22:45:18','2009-11-23 16:20:08','marklouis',1,NULL,NULL,NULL,NULL,NULL,NULL),(271,'Hans Rudolph Saabye','male',NULL,NULL,NULL,NULL,'2009-03-17 22:45:18','2009-11-23 16:20:58','saabyehansrudolph',0,NULL,NULL,NULL,NULL,NULL,NULL),(272,'John Murray Forbes','male',NULL,NULL,NULL,NULL,'2009-03-17 22:45:18','2009-11-23 16:20:08','forbesjohnmurray',1,NULL,NULL,NULL,NULL,NULL,NULL),(274,'John Raynals','male',NULL,NULL,NULL,NULL,'2009-03-17 22:45:18','2009-11-23 16:20:08','raynalsjohn',1,NULL,NULL,NULL,NULL,NULL,NULL),(275,'Peter Isaaksen','male',NULL,NULL,NULL,NULL,'2009-03-17 22:45:18','2009-11-23 16:20:58','isaaksenpeter',0,NULL,NULL,NULL,NULL,NULL,NULL),(276,'O. C. Morck','male',NULL,NULL,NULL,NULL,'2009-03-17 22:45:18','2009-11-23 16:20:58','morcko.c.',0,NULL,NULL,NULL,NULL,NULL,NULL),(277,'Elias Backman','male',NULL,NULL,NULL,NULL,'2009-03-17 22:45:18','2009-11-23 16:20:58','backmanelias',0,NULL,NULL,NULL,NULL,NULL,NULL),(278,'Robert Champlin Gardiner','male',NULL,NULL,NULL,NULL,'2009-03-17 22:45:18','2009-11-23 16:20:08','gardinerrobertchamplin',1,NULL,NULL,NULL,NULL,NULL,NULL),(279,'Nathaniel W. Strong','male',NULL,NULL,NULL,NULL,'2009-03-17 22:45:18','2009-11-23 16:20:08','strongnathanielw.',1,NULL,NULL,NULL,NULL,NULL,NULL),(280,'C. A. Murray','male',NULL,NULL,NULL,NULL,'2009-03-17 22:45:18','2009-11-23 16:20:08','murrayc.a.',1,NULL,NULL,NULL,NULL,NULL,NULL),(281,'John L. Lawrence','male',NULL,NULL,NULL,NULL,'2009-03-17 22:45:18','2009-11-23 16:20:08','lawrencejohnl.',1,NULL,NULL,NULL,NULL,NULL,NULL),(282,'David Erskine','male',NULL,NULL,NULL,NULL,'2009-03-17 22:45:18','2009-11-23 16:20:08','erskinedavid',1,NULL,NULL,NULL,NULL,NULL,NULL),(283,'William Lee','male',NULL,NULL,NULL,NULL,'2009-03-17 22:45:18','2009-11-23 16:20:08','leewilliam',1,NULL,NULL,NULL,NULL,NULL,NULL),(284,'James M. Marshall','male',NULL,NULL,NULL,NULL,'2009-03-17 22:45:18','2009-11-23 16:20:08','marshalljamesm.',1,NULL,NULL,NULL,NULL,NULL,NULL),(285,'John Godfrey Boeker','male',NULL,NULL,NULL,NULL,'2009-03-17 22:45:18','2009-11-23 16:20:08','boekerjohngodfrey',1,NULL,NULL,NULL,NULL,NULL,NULL),(286,'Frederick William Lutze','male',NULL,NULL,NULL,NULL,'2009-03-17 22:45:18','2009-11-23 16:20:58','lutzefrederickwilliam',0,NULL,NULL,NULL,NULL,NULL,NULL),(287,'Conrad Frederick Wagner','male',NULL,NULL,NULL,NULL,'2009-03-17 22:45:18','2009-11-23 16:20:58','wagnerconradfrederick',0,NULL,NULL,NULL,NULL,NULL,NULL),(288,'John Lamson','male',NULL,NULL,NULL,NULL,'2009-03-17 22:45:18','2009-11-23 16:20:08','lamsonjohn',1,NULL,NULL,NULL,NULL,NULL,NULL),(289,'William Riggin','male',NULL,NULL,NULL,NULL,'2009-03-17 22:45:18','2009-11-23 16:20:08','rigginwilliam',1,NULL,NULL,NULL,NULL,NULL,NULL),(290,'William B. Barney','male',NULL,NULL,NULL,NULL,'2009-03-17 22:45:18','2009-11-23 16:20:08','barneywilliamb.',1,NULL,NULL,NULL,NULL,NULL,NULL),(291,'Francis Adams','male',NULL,NULL,NULL,NULL,'2009-03-17 22:45:18','2009-11-23 16:20:08','adamsfrancis',1,NULL,NULL,NULL,NULL,NULL,NULL),(292,'George Moore','male',NULL,NULL,NULL,NULL,'2009-03-17 22:45:18','2009-11-23 16:20:08','mooregeorge',1,NULL,NULL,NULL,NULL,NULL,NULL),(293,'Ryland Randolph','male',NULL,NULL,NULL,NULL,'2009-03-17 22:45:18','2009-11-23 16:20:08','randolphryland',1,NULL,NULL,NULL,NULL,NULL,NULL),(294,'Philip Marck','male',NULL,NULL,NULL,NULL,'2009-03-17 22:45:18','2009-11-23 16:20:58','marckphilip',0,NULL,NULL,NULL,NULL,NULL,NULL),(295,'William Clarke','male',NULL,NULL,NULL,NULL,'2009-03-17 22:45:18','2009-11-23 16:20:08','clarkewilliam',1,NULL,NULL,NULL,NULL,NULL,NULL),(296,'Arnold Delius','male',NULL,NULL,NULL,NULL,'2009-03-17 22:45:18','2009-11-23 16:20:08','deliusarnold',1,NULL,NULL,NULL,NULL,NULL,NULL),(297,'Fred. Jacob Wichelhausen','male',NULL,NULL,NULL,NULL,'2009-03-17 22:45:18','2009-11-23 16:20:58','wichelhausenfred.jacob',0,NULL,NULL,NULL,NULL,NULL,NULL),(298,'John Cuthbert','male',NULL,NULL,NULL,NULL,'2009-03-17 22:45:18','2009-11-23 16:20:08','cuthbertjohn',1,NULL,NULL,NULL,NULL,NULL,NULL),(299,'Frederick List','male',NULL,NULL,NULL,NULL,'2009-03-17 22:45:18','2009-11-23 16:20:08','listfrederick',1,NULL,NULL,NULL,NULL,NULL,NULL),(300,'Francis Childs','male',NULL,NULL,NULL,NULL,'2009-03-17 22:45:18','2009-11-23 16:20:08','childsfrancis',1,NULL,NULL,NULL,NULL,NULL,NULL),(301,'Frederick H. Wollaston','male',NULL,NULL,NULL,NULL,'2009-03-17 22:45:18','2009-11-23 16:20:08','wollastonfrederickh.',1,NULL,NULL,NULL,NULL,NULL,NULL),(302,'John M. Goetschius','male',NULL,NULL,NULL,NULL,'2009-03-17 22:45:19','2009-11-23 16:20:08','goetschiusjohnm.',1,NULL,NULL,NULL,NULL,NULL,NULL),(303,'Peter Kuhn  Jr.','male',NULL,NULL,NULL,NULL,'2009-03-17 22:45:19','2009-11-23 16:20:08','kuhnpeter',1,NULL,NULL,NULL,NULL,NULL,NULL),(304,'Francois De navoni','male',NULL,NULL,NULL,NULL,'2009-03-17 22:45:19','2009-11-23 16:20:58','denavonifrancois',0,NULL,NULL,NULL,NULL,NULL,NULL),(305,'Richard O\'brien','male',NULL,NULL,NULL,NULL,'2009-03-17 22:45:19','2009-11-23 16:20:08','o\'brienrichard',1,NULL,NULL,NULL,NULL,NULL,NULL),(306,'Fortunate Corneglius','male',NULL,NULL,NULL,NULL,'2009-03-17 22:45:19','2009-11-23 16:20:58','cornegliusfortunate',0,NULL,NULL,NULL,NULL,NULL,NULL),(307,'James Schee','male',NULL,NULL,NULL,NULL,'2009-03-17 22:45:19','2009-11-23 16:20:08','scheejames',1,NULL,NULL,NULL,NULL,NULL,NULL),(308,'Robert Campbell','male',NULL,NULL,NULL,NULL,'2009-03-17 22:45:19','2009-11-23 16:20:08','campbellrobert',1,NULL,NULL,NULL,NULL,NULL,NULL),(309,'Ralph Izard','male',NULL,NULL,NULL,NULL,'2009-03-17 22:45:19','2009-11-23 16:20:08','izardralph',1,NULL,NULL,NULL,NULL,NULL,NULL),(310,'Philip Feliechy','male',NULL,NULL,NULL,NULL,'2009-03-17 22:45:19','2009-11-23 16:20:58','feliechyphilip',0,NULL,NULL,NULL,NULL,NULL,NULL),(311,'Thomas Appleton','male',NULL,NULL,NULL,NULL,'2009-03-17 22:45:19','2009-11-23 16:20:08','appletonthomas',1,NULL,NULL,NULL,NULL,NULL,NULL),(312,'Jean Baptiste Sartori','male',NULL,NULL,NULL,NULL,'2009-03-17 22:45:19','2009-11-23 16:20:58','sartorijeanbaptiste',0,NULL,NULL,NULL,NULL,NULL,NULL),(313,'John S. Cogdell','male',NULL,NULL,NULL,NULL,'2009-03-17 22:45:19','2009-11-23 16:20:08','cogdelljohns.',1,NULL,NULL,NULL,NULL,NULL,NULL),(314,'Felix Cicognani','male',NULL,NULL,NULL,NULL,'2009-03-17 22:45:19','2009-11-23 16:20:58','cicognanifelix',0,NULL,NULL,NULL,NULL,NULL,NULL),(315,'John Broadbent','male',NULL,NULL,NULL,NULL,'2009-03-17 22:45:19','2009-11-23 16:20:08','broadbentjohn',1,NULL,NULL,NULL,NULL,NULL,NULL),(316,'John Larkin Payson','male',NULL,NULL,NULL,NULL,'2009-03-17 22:45:19','2009-11-23 16:20:08','paysonjohnlarkin',1,NULL,NULL,NULL,NULL,NULL,NULL),(317,'John S. M. Matthieu','male',NULL,NULL,NULL,NULL,'2009-03-17 22:45:19','2009-11-23 16:20:58','matthieujohns.m.',0,NULL,NULL,NULL,NULL,NULL,NULL),(318,'William Smith','male',NULL,NULL,NULL,'It looks like there are (at least two) William Smith\'s conflated in this record, as the same person could not have been in Rio de Janeiro at the same time that he was in Naples and Constantinople.  More research is required.','2009-03-17 22:45:19','2012-12-05 00:30:21','smithwilliam',1,NULL,NULL,NULL,NULL,NULL,NULL),(319,'Frederick Degan','male',NULL,NULL,NULL,NULL,'2009-03-17 22:45:19','2009-11-23 16:20:08','deganfrederick',1,NULL,NULL,NULL,NULL,NULL,NULL),(320,'Alexander Hammett','male',NULL,NULL,NULL,NULL,'2009-03-17 22:45:19','2009-11-23 16:20:08','hammettalexander',1,NULL,NULL,NULL,NULL,NULL,NULL),(321,'Joseph Barnes','male',NULL,NULL,NULL,NULL,'2009-03-17 22:45:19','2009-11-23 16:20:08','barnesjoseph',1,NULL,NULL,NULL,NULL,NULL,NULL),(322,'Abraham Gibbs','male',NULL,NULL,NULL,NULL,'2009-03-17 22:45:19','2009-11-23 16:20:08','gibbsabraham',1,NULL,NULL,NULL,NULL,NULL,NULL),(323,'William Porter','male',NULL,NULL,NULL,NULL,'2009-03-17 22:45:19','2009-11-23 16:20:08','porterwilliam',1,NULL,NULL,NULL,NULL,NULL,NULL),(324,'Henry Preble','male',NULL,NULL,NULL,NULL,'2009-03-17 22:45:19','2009-11-23 16:20:08','preblehenry',1,NULL,NULL,NULL,NULL,NULL,NULL),(325,'Benjamin Gardner','male',NULL,NULL,NULL,NULL,'2009-03-17 22:45:19','2009-11-23 16:20:08','gardnerbenjamin',1,NULL,NULL,NULL,NULL,NULL,NULL),(326,'Joseph Pulis','male',NULL,NULL,NULL,NULL,'2009-03-17 22:45:19','2009-11-23 16:20:58','pulisjoseph',0,NULL,NULL,NULL,NULL,NULL,NULL),(327,'William Bainbridge  Cdore','male',NULL,NULL,NULL,NULL,'2009-03-17 22:45:19','2009-11-23 16:20:08','bainbridgewilliam',1,NULL,NULL,NULL,NULL,NULL,NULL),(328,'Luther Bradish','male',NULL,NULL,NULL,NULL,'2009-03-17 22:45:19','2009-11-23 16:20:08','bradishluther',1,NULL,NULL,NULL,NULL,NULL,NULL),(329,'George Bethune English','male',NULL,NULL,NULL,NULL,'2009-03-17 22:45:19','2009-11-23 16:20:08','englishgeorgebethune',1,NULL,NULL,NULL,NULL,NULL,NULL),(330,'John Rodgers  Adm.','male',NULL,NULL,NULL,NULL,'2009-03-17 22:45:19','2009-11-23 16:20:08','rodgersjohn',1,NULL,NULL,NULL,NULL,NULL,NULL),(331,'William Stewart','male',NULL,NULL,NULL,NULL,'2009-03-17 22:45:19','2011-03-03 03:25:04','stewartwolliam',1,NULL,NULL,NULL,NULL,NULL,NULL),(332,'David Offley','male',NULL,NULL,NULL,NULL,'2009-03-17 22:45:19','2009-11-23 16:20:08','offleydavid',1,NULL,NULL,NULL,NULL,NULL,NULL),(333,'William C. Somerville','male',NULL,NULL,NULL,NULL,'2009-03-17 22:45:19','2009-11-23 16:20:08','somervillewilliamc.',1,NULL,NULL,NULL,NULL,NULL,NULL),(334,'Giuseppe Chiappi','male',NULL,NULL,NULL,NULL,'2009-03-17 22:45:19','2009-11-23 16:20:58','chiappigiuseppe',0,NULL,NULL,NULL,NULL,NULL,NULL),(335,'Girolamo Chiappi','male',NULL,NULL,NULL,NULL,'2009-03-17 22:45:19','2009-11-23 16:20:58','chiappigirolamo',0,NULL,NULL,NULL,NULL,NULL,NULL),(336,'Hans Heissel','male',NULL,NULL,NULL,NULL,'2009-03-17 22:45:19','2009-11-23 16:20:58','heisselhans',0,NULL,NULL,NULL,NULL,NULL,NULL),(337,'John S. Simpson','male',NULL,NULL,NULL,NULL,'2009-03-17 22:45:19','2009-11-23 16:20:08','simpsonjohns.',1,NULL,NULL,NULL,NULL,NULL,NULL),(338,'Chillet','male',NULL,NULL,NULL,NULL,'2009-03-17 22:45:19','2009-11-23 16:20:08','chillet',1,NULL,NULL,NULL,NULL,NULL,NULL),(339,'John Lamb','male',NULL,NULL,NULL,NULL,'2009-03-17 22:45:19','2009-11-23 16:20:08','lambjohn',1,NULL,NULL,NULL,NULL,NULL,NULL),(340,'John Paul Jones  Cdore.','male',NULL,NULL,NULL,NULL,'2009-03-17 22:45:19','2009-11-23 16:20:08','jonesjohnpaul',1,NULL,NULL,NULL,NULL,NULL,NULL),(341,'Charles Logie','male',NULL,NULL,NULL,NULL,'2009-03-17 22:45:19','2009-11-23 16:20:58','logiecharles',0,NULL,NULL,NULL,NULL,NULL,NULL),(342,'Joseph Donaldson  Jr.','male',NULL,NULL,NULL,NULL,'2009-03-17 22:45:19','2009-11-23 16:20:08','donaldsonjoseph',1,NULL,NULL,NULL,NULL,NULL,NULL),(343,'Timothy Newman  Capt. USN','male',NULL,NULL,NULL,NULL,'2009-03-17 22:45:19','2009-11-23 16:20:08','newmantimothy',1,NULL,NULL,NULL,NULL,NULL,NULL),(344,'George Clarke','male',NULL,NULL,NULL,NULL,'2009-03-17 22:45:19','2009-11-23 16:20:08','clarkegeorge',1,NULL,NULL,NULL,NULL,NULL,NULL),(345,'James Carr','male',NULL,NULL,NULL,NULL,'2009-03-17 22:45:19','2009-11-23 16:20:08','carrjames',1,NULL,NULL,NULL,NULL,NULL,NULL),(346,'William Maley  Capt. USN','male',NULL,NULL,NULL,NULL,'2009-03-17 22:45:19','2009-11-23 16:20:08','maleywilliam',1,NULL,NULL,NULL,NULL,NULL,NULL),(347,'John Robinson  Capt. USN','male',NULL,NULL,NULL,NULL,'2009-03-17 22:45:19','2009-11-23 16:20:08','robinsonjohn',1,NULL,NULL,NULL,NULL,NULL,NULL),(348,'Samuel Mccutcheon','male',NULL,NULL,NULL,NULL,'2009-03-17 22:45:19','2009-11-23 16:20:08','mccutcheonsamuel',1,NULL,NULL,NULL,NULL,NULL,NULL),(349,'Tobias Lear','male',NULL,NULL,NULL,NULL,'2009-03-17 22:45:19','2009-11-23 16:20:08','leartobias',1,NULL,NULL,NULL,NULL,NULL,NULL),(350,'Timothy Mountford','male',NULL,NULL,NULL,NULL,'2009-03-17 22:45:19','2009-11-23 16:20:08','mountfordtimothy',1,NULL,NULL,NULL,NULL,NULL,NULL),(351,'Albert Curry','male',NULL,NULL,NULL,NULL,'2009-03-17 22:45:19','2009-11-23 16:20:08','curryalbert',1,NULL,NULL,NULL,NULL,NULL,NULL),(352,'William Lewis  Lt.  USN','male',NULL,NULL,NULL,NULL,'2009-03-17 22:45:19','2009-11-23 16:20:08','lewiswilliam',1,NULL,NULL,NULL,NULL,NULL,NULL),(353,'Triplett Dr.','male',NULL,NULL,NULL,NULL,'2009-03-17 22:45:19','2009-11-23 16:20:08','triplett',1,NULL,NULL,NULL,NULL,NULL,NULL),(354,'John Norderling','male',NULL,NULL,NULL,NULL,'2009-03-17 22:45:19','2009-11-23 16:20:58','norderlingjohn',0,NULL,NULL,NULL,NULL,NULL,NULL),(355,'Stephen Decatur  Cdore.','male',NULL,NULL,NULL,NULL,'2009-03-17 22:45:19','2009-11-23 16:20:08','decaturstephen',1,NULL,NULL,NULL,NULL,NULL,NULL),(356,'Charles O. Handy','male',NULL,NULL,NULL,NULL,'2009-03-17 22:45:19','2009-11-23 16:20:08','handycharleso.',1,NULL,NULL,NULL,NULL,NULL,NULL),(357,'Cdore. Chauncey isaac','male',NULL,NULL,NULL,NULL,'2009-03-17 22:45:19','2009-11-23 16:20:08','chaunceyisaaccdore.',1,NULL,NULL,NULL,NULL,NULL,NULL),(358,'William Buell','male',NULL,NULL,NULL,NULL,'2009-03-17 22:45:19','2009-11-23 16:20:08','buellwilliam',1,NULL,NULL,NULL,NULL,NULL,NULL),(359,'William II Shaler','male',NULL,NULL,NULL,NULL,'2009-03-17 22:45:19','2009-11-23 16:20:08','shalerwilliamii',1,NULL,NULL,NULL,NULL,NULL,NULL),(360,'J. H. Pleasanton','male',NULL,NULL,NULL,NULL,'2009-03-17 22:45:19','2009-11-23 16:20:08','pleasantonj.h.',1,NULL,NULL,NULL,NULL,NULL,NULL),(361,'J. H. Carstensen','male',NULL,NULL,NULL,NULL,'2009-03-17 22:45:19','2009-11-23 16:20:58','carstensenj.h.',0,NULL,NULL,NULL,NULL,NULL,NULL),(362,'Samuel D. Heap','male',NULL,NULL,NULL,NULL,'2009-03-17 22:45:19','2009-11-23 16:20:08','heapsamueld.',1,NULL,NULL,NULL,NULL,NULL,NULL),(363,'Joseph Etienne Famin','male',NULL,NULL,NULL,NULL,'2009-03-17 22:45:19','2009-11-23 16:20:08','faminjosephetienne',1,NULL,NULL,NULL,NULL,NULL,NULL),(364,'William Eaton','male',NULL,NULL,NULL,NULL,'2009-03-17 22:45:19','2009-11-23 16:20:08','eatonwilliam',1,NULL,NULL,NULL,NULL,NULL,NULL),(365,'Thomas D. Anderson','male',NULL,NULL,NULL,NULL,'2009-03-17 22:45:19','2009-11-23 16:20:08','andersonthomasd.',1,NULL,NULL,NULL,NULL,NULL,NULL),(366,'Townsend Stith','male',NULL,NULL,NULL,NULL,'2009-03-17 22:45:19','2009-11-23 16:20:08','stithtownsend',1,NULL,NULL,NULL,NULL,NULL,NULL),(367,'Charles D. (b) Coxe','male',NULL,NULL,NULL,'Probably the same as Charles D. (a) Coxe.  More research required.','2009-03-17 22:45:19','2011-12-31 20:01:48','coxecharlesd.(b)',1,NULL,NULL,NULL,NULL,NULL,NULL),(368,'Joseph Ingraham','male',NULL,NULL,NULL,NULL,'2009-03-17 22:45:19','2009-11-23 16:20:08','ingrahamjoseph',1,NULL,NULL,NULL,NULL,NULL,NULL),(369,'Bryan Mcdonough  Dr.','male',NULL,NULL,NULL,NULL,'2009-03-17 22:45:19','2009-11-23 16:20:08','mcdonoughbryan',1,NULL,NULL,NULL,NULL,NULL,NULL),(370,'John Ridgely','male',NULL,NULL,NULL,NULL,'2009-03-17 22:45:19','2009-11-23 16:20:08','ridgelyjohn',1,NULL,NULL,NULL,NULL,NULL,NULL),(371,'George Davis','male',NULL,NULL,NULL,NULL,'2009-03-17 22:45:19','2009-11-23 16:20:08','davisgeorge',1,NULL,NULL,NULL,NULL,NULL,NULL),(372,'John Payne','male',NULL,NULL,NULL,NULL,'2009-03-17 22:45:19','2009-11-23 16:20:08','paynejohn',1,NULL,NULL,NULL,NULL,NULL,NULL),(373,'Kaverio Naudi','male',NULL,NULL,NULL,NULL,'2009-03-17 22:45:19','2009-11-23 16:20:58','naudikaverio',0,NULL,NULL,NULL,NULL,NULL,NULL),(374,'Richard B. Jones','male',NULL,NULL,NULL,NULL,'2009-03-17 22:45:19','2009-11-23 16:20:08','jonesrichardb.',1,NULL,NULL,NULL,NULL,NULL,NULL),(375,'John Carstensen','male',NULL,NULL,NULL,NULL,'2009-03-17 22:45:19','2009-11-23 16:20:58','carstensenjohn',0,NULL,NULL,NULL,NULL,NULL,NULL),(376,'___ Brashear','male',NULL,NULL,NULL,NULL,'2009-03-17 22:45:19','2009-11-23 16:20:08','brashear___',1,NULL,NULL,NULL,NULL,NULL,NULL),(377,'Charles D. (a) Coxe','male',NULL,NULL,NULL,'Probably the same as Charles D. (b) Coxe.  More research required.','2009-03-17 22:45:20','2011-12-31 20:02:27','coxecharlesd.(a)',1,NULL,NULL,NULL,NULL,NULL,NULL),(378,'John Elmslie  Jr.','male',NULL,NULL,NULL,NULL,'2009-03-17 22:45:20','2009-11-23 16:20:08','elmsliejohn',1,NULL,NULL,NULL,NULL,NULL,NULL),(379,'Benjamin Joy','male',NULL,NULL,NULL,NULL,'2009-03-17 22:45:20','2009-11-23 16:20:08','joybenjamin',1,NULL,NULL,NULL,NULL,NULL,NULL),(380,'William James Miller','male',NULL,NULL,NULL,NULL,'2009-03-17 22:45:20','2009-11-23 16:20:08','millerwilliamjames',1,NULL,NULL,NULL,NULL,NULL,NULL),(381,'Jacob Lewis','male',NULL,NULL,NULL,NULL,'2009-03-17 22:45:20','2009-11-23 16:20:08','lewisjacob',1,NULL,NULL,NULL,NULL,NULL,NULL),(382,'William Abbot','male',NULL,NULL,NULL,NULL,'2009-03-17 22:45:20','2009-11-23 16:20:58','abbotwilliam',0,NULL,NULL,NULL,NULL,NULL,NULL),(383,'William Mccarty','male',NULL,NULL,NULL,NULL,'2009-03-17 22:45:20','2009-11-23 16:20:08','mccartywilliam',1,NULL,NULL,NULL,NULL,NULL,NULL),(384,'Samuel S. Cooper','male',NULL,NULL,NULL,NULL,'2009-03-17 22:45:20','2009-11-23 16:20:08','coopersamuels.',1,NULL,NULL,NULL,NULL,NULL,NULL),(385,'William Buchanan','male',NULL,NULL,NULL,NULL,'2009-03-17 22:45:20','2009-11-23 16:20:08','buchananwilliam',1,NULL,NULL,NULL,NULL,NULL,NULL),(386,'Martin Bickham','male',NULL,NULL,NULL,NULL,'2009-03-17 22:45:20','2009-11-23 16:20:08','bickhammartin',1,NULL,NULL,NULL,NULL,NULL,NULL),(387,'John B. Davy','male',NULL,NULL,NULL,NULL,'2009-03-17 22:45:20','2009-11-23 16:20:08','davyjohnb.',1,NULL,NULL,NULL,NULL,NULL,NULL),(388,'Thomas Hewes','male',NULL,NULL,NULL,NULL,'2009-03-17 22:45:20','2009-11-23 16:20:08','hewesthomas',1,NULL,NULL,NULL,NULL,NULL,NULL),(389,'John Mcclallan','male',NULL,NULL,NULL,NULL,'2009-03-17 22:45:20','2009-11-23 16:20:08','mcclallanjohn',1,NULL,NULL,NULL,NULL,NULL,NULL),(390,'Abraham E. Soesman','male',NULL,NULL,NULL,NULL,'2009-03-17 22:45:20','2009-11-23 16:20:08','soesmanabrahame.',1,NULL,NULL,NULL,NULL,NULL,NULL),(391,'James Wilson','male',NULL,NULL,NULL,NULL,'2009-03-17 22:45:20','2009-11-23 16:20:08','wilsonjames',1,NULL,NULL,NULL,NULL,NULL,NULL),(392,'John Shillaber','male',NULL,NULL,NULL,NULL,'2009-03-17 22:45:20','2009-11-23 16:20:08','shillaberjohn',1,NULL,NULL,NULL,NULL,NULL,NULL),(393,'John Stuart Kerr','male',NULL,NULL,NULL,NULL,'2009-03-17 22:45:20','2009-11-23 16:20:08','kerrjohnstuart',1,NULL,NULL,NULL,NULL,NULL,NULL),(394,'Andrew Stewart','male',NULL,NULL,NULL,NULL,'2009-03-17 22:45:20','2009-11-23 16:20:08','stewartandrew',1,NULL,NULL,NULL,NULL,NULL,NULL),(395,'George W. Hubbell','male',NULL,NULL,NULL,NULL,'2009-03-17 22:45:20','2009-11-23 16:20:08','hubbellgeorgew.',1,NULL,NULL,NULL,NULL,NULL,NULL),(396,'Thomas Randall','male',NULL,NULL,NULL,NULL,'2009-03-17 22:45:20','2009-11-23 16:20:08','randallthomas',1,NULL,NULL,NULL,NULL,NULL,NULL),(397,'Samuel Shaw','male',NULL,NULL,NULL,NULL,'2009-03-17 22:45:20','2009-11-23 16:20:08','shawsamuel',1,NULL,NULL,NULL,NULL,NULL,NULL),(398,'Samuel Snow','male',NULL,NULL,NULL,NULL,'2009-03-17 22:45:20','2009-11-23 16:20:08','snowsamuel',1,NULL,NULL,NULL,NULL,NULL,NULL),(399,'James Reid','male',NULL,NULL,NULL,NULL,'2009-03-17 22:45:20','2009-11-23 16:20:08','reidjames',1,NULL,NULL,NULL,NULL,NULL,NULL),(400,'Edward Carrington','male',NULL,NULL,NULL,NULL,'2009-03-17 22:45:20','2009-11-23 16:20:08','carringtonedward',1,NULL,NULL,NULL,NULL,NULL,NULL),(401,'Benjamin C. Wilcocks','male',NULL,NULL,NULL,NULL,'2009-03-17 22:45:20','2009-11-23 16:20:08','wilcocksbenjaminc.',1,NULL,NULL,NULL,NULL,NULL,NULL),(402,'Richard R. Thomson','male',NULL,NULL,NULL,NULL,'2009-03-17 22:45:20','2009-11-23 16:20:08','thomsonrichardr.',1,NULL,NULL,NULL,NULL,NULL,NULL),(403,'John R. Thomson','male',NULL,NULL,NULL,NULL,'2009-03-17 22:45:20','2009-11-23 16:20:08','thomsonjohnr.',1,NULL,NULL,NULL,NULL,NULL,NULL),(404,'John C. Jones  Jr.','male',NULL,NULL,NULL,NULL,'2009-03-17 22:45:20','2009-11-23 16:20:08','jonesjohnc.',1,NULL,NULL,NULL,NULL,NULL,NULL),(405,'W. G. Tucker','male',NULL,NULL,NULL,NULL,'2009-03-17 22:45:20','2009-11-23 16:20:58','tuckerw.g.',0,NULL,NULL,NULL,NULL,NULL,NULL),(406,'Francis Forbes','male',NULL,NULL,NULL,NULL,'2009-03-17 22:45:20','2009-11-23 16:20:08','forbesfrancis',1,NULL,NULL,NULL,NULL,NULL,NULL),(407,'Thomas (Gen.) Pinckney','male',NULL,NULL,NULL,'This is probably the same person as Thomas Pinckney.  But more research is required.','2009-03-17 22:45:20','2011-12-31 23:08:56','pinckneythomas(gen.)',1,NULL,NULL,NULL,NULL,NULL,NULL),(408,'William R. Higinbotham','male',NULL,NULL,NULL,NULL,'2009-03-17 22:45:20','2009-11-23 16:20:08','higinbothamwilliamr.',1,NULL,NULL,NULL,NULL,NULL,NULL),(409,'Francis Forbes Hinson','male',NULL,NULL,NULL,NULL,'2009-03-17 22:45:20','2009-11-23 16:20:58','hinsonfrancisforbes',0,NULL,NULL,NULL,NULL,NULL,NULL),(410,'James Seagrove','male',NULL,NULL,NULL,NULL,'2009-03-17 22:45:20','2009-11-23 16:20:08','seagrovejames',1,NULL,NULL,NULL,NULL,NULL,NULL),(411,'James Wilkinson','male',NULL,NULL,NULL,NULL,'2009-03-17 22:45:20','2009-11-23 16:20:08','wilkinsonjames',1,NULL,NULL,NULL,NULL,NULL,NULL),(412,'George Mathews','male',NULL,NULL,NULL,NULL,'2009-03-17 22:45:20','2009-11-23 16:20:08','mathewsgeorge',1,NULL,NULL,NULL,NULL,NULL,NULL),(413,'John Mckee','male',NULL,NULL,NULL,NULL,'2009-03-17 22:45:20','2009-11-23 16:20:08','mckeejohn',1,NULL,NULL,NULL,NULL,NULL,NULL),(414,'David B. Mitchell','male',NULL,NULL,NULL,NULL,'2009-03-17 22:45:20','2009-11-23 16:20:08','mitchelldavidb.',1,NULL,NULL,NULL,NULL,NULL,NULL),(415,'Procopio Pollock','male',NULL,NULL,NULL,NULL,'2009-03-17 22:45:20','2009-11-23 16:20:08','pollockprocopio',1,NULL,NULL,NULL,NULL,NULL,NULL),(416,'William Empson Rulings','male',NULL,NULL,NULL,NULL,'2009-03-17 22:45:20','2009-11-23 16:20:08','rulingswilliamempson',1,NULL,NULL,NULL,NULL,NULL,NULL),(417,'Evan Jones','male',NULL,NULL,NULL,NULL,'2009-03-17 22:45:20','2009-11-23 16:20:08','jonesevan',1,NULL,NULL,NULL,NULL,NULL,NULL),(418,'Daniel Clark','male',NULL,NULL,NULL,NULL,'2009-03-17 22:45:20','2009-11-23 16:20:08','clarkdaniel',1,NULL,NULL,NULL,NULL,NULL,NULL),(419,'William C. C. Claiborne','male',NULL,NULL,NULL,NULL,'2009-03-17 22:45:20','2009-11-23 16:20:08','claibornewilliamc.c.',1,NULL,NULL,NULL,NULL,NULL,NULL),(420,'John B. Prevost','male',NULL,NULL,NULL,NULL,'2009-03-17 22:45:20','2009-11-23 16:20:08','prevostjohnb.',1,NULL,NULL,NULL,NULL,NULL,NULL),(421,'James Biddle  Cdore.','male',NULL,NULL,NULL,NULL,'2009-03-17 22:45:20','2009-11-23 16:20:08','biddlejames',1,NULL,NULL,NULL,NULL,NULL,NULL),(422,'Joseph M. Yznardi','male',NULL,NULL,NULL,NULL,'2009-03-17 22:45:20','2009-11-23 16:20:08','yznardijosephm.',1,NULL,NULL,NULL,NULL,NULL,NULL),(423,'Daniel Hawley','male',NULL,NULL,NULL,NULL,'2009-03-17 22:45:20','2009-11-23 16:20:08','hawleydaniel',1,NULL,NULL,NULL,NULL,NULL,NULL),(424,'John Morton','male',NULL,NULL,NULL,NULL,'2009-03-17 22:45:20','2009-11-23 16:20:08','mortonjohn',1,NULL,NULL,NULL,NULL,NULL,NULL),(425,'Robert Young','male',NULL,NULL,NULL,NULL,'2009-03-17 22:45:20','2009-11-23 16:20:08','youngrobert',1,NULL,NULL,NULL,NULL,NULL,NULL),(426,'Henry Hill  Jr.','male',NULL,NULL,NULL,NULL,'2009-03-17 22:45:20','2009-11-23 16:20:08','hillhenry',1,NULL,NULL,NULL,NULL,NULL,NULL),(427,'Stephen Kingston','male',NULL,NULL,NULL,NULL,'2009-03-17 22:45:20','2009-11-23 16:20:08','kingstonstephen',1,NULL,NULL,NULL,NULL,NULL,NULL),(428,'George P. Stevenson','male',NULL,NULL,NULL,NULL,'2009-03-17 22:45:20','2009-11-23 16:20:08','stevensongeorgep.',1,NULL,NULL,NULL,NULL,NULL,NULL),(429,'James G. Forbes','male',NULL,NULL,NULL,NULL,'2009-03-17 22:45:20','2009-11-23 16:20:08','forbesjamesg.',1,NULL,NULL,NULL,NULL,NULL,NULL),(430,'Gilbert L. Thompson','male',NULL,NULL,NULL,NULL,'2009-03-17 22:45:20','2009-11-23 16:20:08','thompsongilbertl.',1,NULL,NULL,NULL,NULL,NULL,NULL),(431,'John Warner','male',NULL,NULL,NULL,NULL,'2009-03-17 22:45:20','2009-11-23 16:20:08','warnerjohn',1,NULL,NULL,NULL,NULL,NULL,NULL),(432,'Thomas W. Rodney','male',NULL,NULL,NULL,NULL,'2009-03-17 22:45:20','2009-11-23 16:20:08','rodneythomasw.',1,NULL,NULL,NULL,NULL,NULL,NULL),(433,'John W. Mcfadon','male',NULL,NULL,NULL,NULL,'2009-03-17 22:45:20','2009-11-23 16:20:08','mcfadonjohnw.',1,NULL,NULL,NULL,NULL,NULL,NULL),(434,'Craven Thompson Peyton','male',NULL,NULL,NULL,NULL,'2009-03-17 22:45:20','2009-11-23 16:20:08','peytoncraventhompson',1,NULL,NULL,NULL,NULL,NULL,NULL),(435,'Lewis Shoemaker','male',NULL,NULL,NULL,NULL,'2009-03-17 22:45:20','2009-11-23 16:20:08','shoemakerlewis',1,NULL,NULL,NULL,NULL,NULL,NULL),(436,'Josiah Blakely','male',NULL,NULL,NULL,NULL,'2009-03-17 22:45:20','2009-11-23 16:20:08','blakelyjosiah',1,NULL,NULL,NULL,NULL,NULL,NULL),(437,'Maurice Rogers','male',NULL,NULL,NULL,NULL,'2009-03-17 22:45:20','2009-11-23 16:20:08','rogersmaurice',1,NULL,NULL,NULL,NULL,NULL,NULL),(438,'William Stone  Jr.','male',NULL,NULL,NULL,NULL,'2009-03-17 22:45:20','2009-11-23 16:20:08','stonewilliam',1,NULL,NULL,NULL,NULL,NULL,NULL),(439,'John Mason','male',NULL,NULL,NULL,NULL,'2009-03-17 22:45:20','2009-11-23 16:20:08','masonjohn',1,NULL,NULL,NULL,NULL,NULL,NULL),(440,'Daniel Giraud','male',NULL,NULL,NULL,NULL,'2009-03-17 22:45:20','2009-11-23 16:20:08','girauddaniel',1,NULL,NULL,NULL,NULL,NULL,NULL),(441,'James I. Wright','male',NULL,NULL,NULL,NULL,'2009-03-17 22:45:20','2009-11-23 16:20:08','wrightjamesi.',1,NULL,NULL,NULL,NULL,NULL,NULL),(442,'Jacob B. Comegys','male',NULL,NULL,NULL,NULL,'2009-03-17 22:45:20','2009-11-23 16:20:08','comegysjacobb.',1,NULL,NULL,NULL,NULL,NULL,NULL),(443,'James Baker','male',NULL,NULL,NULL,NULL,'2009-03-17 22:45:20','2009-11-23 16:20:08','bakerjames',1,NULL,NULL,NULL,NULL,NULL,NULL),(444,'Frederick Folger','male',NULL,NULL,NULL,NULL,'2009-03-17 22:45:20','2009-11-23 16:20:08','folgerfrederick',1,NULL,NULL,NULL,NULL,NULL,NULL),(445,'Jacob Mayer','male',NULL,NULL,NULL,NULL,'2009-03-17 22:45:20','2009-11-23 16:20:08','mayerjacob',1,NULL,NULL,NULL,NULL,NULL,NULL),(446,'Edward Stevens','male',NULL,NULL,NULL,NULL,'2009-03-17 22:45:20','2009-11-23 16:20:08','stevensedward',1,NULL,NULL,NULL,NULL,NULL,NULL),(447,'Bartholomew Dandridge','male',NULL,NULL,NULL,NULL,'2009-03-17 22:45:20','2009-11-23 16:20:08','dandridgebartholomew',1,NULL,NULL,NULL,NULL,NULL,NULL),(448,'Richard Yates','male',NULL,NULL,NULL,NULL,'2009-03-17 22:47:10','2009-11-23 16:20:08','yatesrichard',1,NULL,NULL,NULL,NULL,NULL,NULL),(449,'Aaron B. Nones','male',NULL,NULL,NULL,NULL,'2009-03-17 22:47:10','2009-11-23 16:20:08','nonesaaronb.',1,NULL,NULL,NULL,NULL,NULL,NULL),(450,'Alexander Tate','male',NULL,NULL,NULL,NULL,'2009-03-17 22:47:10','2009-11-23 16:20:08','tatealexander',1,NULL,NULL,NULL,NULL,NULL,NULL),(451,'James A. Holden','male',NULL,NULL,NULL,NULL,'2009-03-17 22:47:10','2009-11-23 16:20:08','holdenjamesa.',1,NULL,NULL,NULL,NULL,NULL,NULL),(452,'Henry Hammond','male',NULL,NULL,NULL,NULL,'2009-03-17 22:47:10','2009-11-23 16:20:08','hammondhenry',1,NULL,NULL,NULL,NULL,NULL,NULL),(453,'John E. Caldwell','male',NULL,NULL,NULL,NULL,'2009-03-17 22:47:10','2009-11-23 16:20:08','caldwelljohne.',1,NULL,NULL,NULL,NULL,NULL,NULL),(454,'William Taylor','male',NULL,NULL,NULL,NULL,'2009-03-17 22:47:10','2009-11-23 16:20:08','taylorwilliam',1,NULL,NULL,NULL,NULL,NULL,NULL),(455,'John N. D\'arcy','male',NULL,NULL,NULL,NULL,'2009-03-17 22:47:10','2009-11-23 16:20:08','d\'arcyjohnn.',1,NULL,NULL,NULL,NULL,NULL,NULL),(456,'James E. Brice','male',NULL,NULL,NULL,NULL,'2009-03-17 22:47:10','2009-11-23 16:20:08','bricejamese.',1,NULL,NULL,NULL,NULL,NULL,NULL),(457,'James Gillespie','male',NULL,NULL,NULL,NULL,'2009-03-17 22:47:10','2009-11-23 16:20:08','gillespiejames',1,NULL,NULL,NULL,NULL,NULL,NULL),(458,'Septimus Tyler','male',NULL,NULL,NULL,NULL,'2009-03-17 22:47:10','2009-11-23 16:20:08','tylerseptimus',1,NULL,NULL,NULL,NULL,NULL,NULL),(459,'Andrew Armstrong','male',NULL,NULL,NULL,NULL,'2009-03-17 22:47:10','2009-11-23 16:20:08','armstrongandrew',1,NULL,NULL,NULL,NULL,NULL,NULL),(460,'Jabez Boothroyd','male',NULL,NULL,NULL,NULL,'2009-03-17 22:47:10','2009-11-23 16:20:08','boothroydjabez',1,NULL,NULL,NULL,NULL,NULL,NULL),(461,'William Haley  Capt. USN','male',NULL,NULL,NULL,NULL,'2009-03-17 22:47:10','2009-11-23 16:20:08','haleywilliam',1,NULL,NULL,NULL,NULL,NULL,NULL),(462,'Thomas Spalding','male',NULL,NULL,NULL,NULL,'2009-03-17 22:47:10','2009-11-23 16:20:08','spaldingthomas',1,NULL,NULL,NULL,NULL,NULL,NULL),(463,'Peter Lanman','male',NULL,NULL,NULL,NULL,'2009-03-17 22:47:10','2009-11-23 16:20:08','lanmanpeter',1,NULL,NULL,NULL,NULL,NULL,NULL),(464,'Gillies Thompson','male',NULL,NULL,NULL,NULL,'2009-03-17 22:47:10','2009-11-23 16:20:08','thompsongillies',1,NULL,NULL,NULL,NULL,NULL,NULL),(465,'Judah Lord','male',NULL,NULL,NULL,NULL,'2009-03-17 22:47:10','2009-11-23 16:20:08','lordjudah',1,NULL,NULL,NULL,NULL,NULL,NULL),(466,'Robert Monroe Harrison','male',NULL,NULL,NULL,NULL,'2009-03-17 22:47:10','2009-11-23 16:20:08','harrisonrobertmonroe',1,NULL,NULL,NULL,NULL,NULL,NULL),(467,'John Shallcross','male',NULL,NULL,NULL,NULL,'2009-03-17 22:47:10','2009-11-23 16:20:08','shallcrossjohn',1,NULL,NULL,NULL,NULL,NULL,NULL),(468,'Joseph Walker Rose','male',NULL,NULL,NULL,NULL,'2009-03-17 22:47:10','2009-11-23 16:20:08','rosejosephwalker',1,NULL,NULL,NULL,NULL,NULL,NULL),(469,'Edward Jones','male',NULL,NULL,NULL,NULL,'2009-03-17 22:47:10','2009-11-23 16:20:08','jonesedward',1,NULL,NULL,NULL,NULL,NULL,NULL),(470,'Philip De peyster','male',NULL,NULL,NULL,NULL,'2009-03-17 22:49:29','2009-11-23 16:20:08','depeysterphilip',1,NULL,NULL,NULL,NULL,NULL,NULL),(471,'Francis Benjamin Faures','male',NULL,NULL,NULL,NULL,'2009-03-17 22:49:29','2009-11-23 16:20:08','fauresfrancisbenjamin',1,NULL,NULL,NULL,NULL,NULL,NULL),(472,'Nathaniel Cabot Higginson','male','1768-02-12','1794-07-01',78,NULL,'2009-03-17 22:49:29','2011-12-14 21:44:24','higginsonnathaniel',1,1,1,1,0,1,1),(473,'James Perot','male',NULL,NULL,NULL,NULL,'2009-03-17 22:49:29','2009-11-23 16:20:08','perotjames',1,NULL,NULL,NULL,NULL,NULL,NULL),(474,'William Perot','male',NULL,NULL,NULL,NULL,'2009-03-17 22:49:29','2009-11-23 16:20:08','perotwilliam',1,NULL,NULL,NULL,NULL,NULL,NULL),(475,'John M. Kankey','male',NULL,NULL,NULL,NULL,'2009-03-17 22:49:29','2009-11-23 16:20:08','kankeyjohnm.',1,NULL,NULL,NULL,NULL,NULL,NULL),(476,'Benjamin Hamnel Philips','male',NULL,NULL,NULL,NULL,'2009-03-17 22:49:29','2009-11-23 16:20:08','philipsbenjaminhamnel',1,NULL,NULL,NULL,NULL,NULL,NULL),(477,'Abel Boynton','male',NULL,NULL,NULL,NULL,'2009-03-17 22:49:29','2009-11-23 16:20:08','boyntonabel',1,NULL,NULL,NULL,NULL,NULL,NULL),(478,'John B. Frazier','male',NULL,NULL,NULL,NULL,'2009-03-17 22:49:29','2009-11-23 16:20:08','frazierjohnb.',1,NULL,NULL,NULL,NULL,NULL,NULL),(479,'Cortland Parker','male',NULL,NULL,NULL,NULL,'2009-03-17 22:49:29','2009-11-23 16:20:08','parkercortland',1,NULL,NULL,NULL,NULL,NULL,NULL),(480,'John Stork','male',NULL,NULL,NULL,NULL,'2009-03-17 22:49:29','2009-11-23 16:20:08','storkjohn',1,NULL,NULL,NULL,NULL,NULL,NULL),(481,'Thomas Wynns','male',NULL,NULL,NULL,NULL,'2009-03-17 22:49:29','2009-11-23 16:20:08','wynnsthomas',1,NULL,NULL,NULL,NULL,NULL,NULL),(482,'Job Wall','male',NULL,NULL,NULL,NULL,'2009-03-17 22:49:29','2009-11-23 16:20:08','walljob',1,NULL,NULL,NULL,NULL,NULL,NULL),(483,'Isaac Prince','male',NULL,NULL,NULL,NULL,'2009-03-17 22:49:29','2009-11-23 16:20:08','princeisaac',1,NULL,NULL,NULL,NULL,NULL,NULL),(484,'William Israel','male',NULL,NULL,NULL,NULL,'2009-03-17 22:49:29','2009-11-23 16:20:08','israelwilliam',1,NULL,NULL,NULL,NULL,NULL,NULL),(485,'Joseph Ficklin','male',NULL,NULL,NULL,NULL,'2009-03-17 22:49:29','2009-11-23 16:20:08','ficklinjoseph',1,NULL,NULL,NULL,NULL,NULL,NULL),(486,'Joshua Norvel','male',NULL,NULL,NULL,NULL,'2009-03-17 22:49:30','2009-11-23 16:20:08','norveljoshua',1,NULL,NULL,NULL,NULL,NULL,NULL),(487,'Hugh Steele','male',NULL,NULL,NULL,NULL,'2009-03-17 22:49:30','2009-11-23 16:20:08','steelehugh',1,NULL,NULL,NULL,NULL,NULL,NULL),(488,'Yard james','male',NULL,NULL,NULL,NULL,'2009-03-17 22:49:30','2009-11-23 16:20:08','yardjames',1,NULL,NULL,NULL,NULL,NULL,NULL),(489,'Thomas Gamble','male',NULL,NULL,NULL,NULL,'2009-03-17 22:49:30','2009-11-23 16:20:08','gamblethomas',1,NULL,NULL,NULL,NULL,NULL,NULL),(490,'James Robert Mullany','male',NULL,NULL,NULL,NULL,'2009-03-17 22:49:30','2009-11-23 16:20:08','mullanyjamesrobert',1,NULL,NULL,NULL,NULL,NULL,NULL),(491,'Robert Jaques','male',NULL,NULL,NULL,NULL,'2009-03-17 22:49:30','2009-11-23 16:20:08','jaquesrobert',1,NULL,NULL,NULL,NULL,NULL,NULL),(492,'Joseph Ridgway','male',NULL,NULL,NULL,NULL,'2009-03-17 22:49:30','2009-11-23 16:20:08','ridgwayjoseph',1,NULL,NULL,NULL,NULL,NULL,NULL),(493,'John F. Brown','male',NULL,NULL,NULL,NULL,'2009-03-17 22:49:30','2009-11-23 16:20:08','brownjohnf.',1,NULL,NULL,NULL,NULL,NULL,NULL),(494,'James Mcgreggor','male',NULL,NULL,NULL,NULL,'2009-03-17 22:49:30','2009-11-23 16:20:08','mcgreggorjames',1,NULL,NULL,NULL,NULL,NULL,NULL),(495,'Nathan Levy','male',NULL,NULL,NULL,NULL,'2009-03-17 22:49:30','2009-11-23 16:20:08','levynathan',1,NULL,NULL,NULL,NULL,NULL,NULL),(496,'David Matthew Clarkson','male',NULL,NULL,NULL,NULL,'2009-03-17 22:49:30','2009-11-23 16:20:08','clarksondavidmatthew',1,NULL,NULL,NULL,NULL,NULL,NULL),(497,'William Gamble','male',NULL,NULL,NULL,NULL,'2009-03-17 22:49:30','2009-11-23 16:20:08','gamblewilliam',1,NULL,NULL,NULL,NULL,NULL,NULL),(498,'Thomas Hewitt  Jr.','male',NULL,NULL,NULL,NULL,'2009-03-17 22:49:30','2009-11-23 16:20:08','hewittthomas',1,NULL,NULL,NULL,NULL,NULL,NULL),(499,'George M. Tapshire','male',NULL,NULL,NULL,NULL,'2009-03-17 22:49:30','2009-11-23 16:20:08','tapshiregeorgem.',1,NULL,NULL,NULL,NULL,NULL,NULL),(500,'David Easton','male',NULL,NULL,NULL,NULL,'2009-03-17 22:49:30','2009-11-23 16:20:08','eastondavid',1,NULL,NULL,NULL,NULL,NULL,NULL),(501,'Silas Mareau','male',NULL,NULL,NULL,NULL,'2009-03-17 22:49:30','2009-11-23 16:20:08','mareausilas',1,NULL,NULL,NULL,NULL,NULL,NULL),(502,'Charles L. Bartlett','male',NULL,NULL,NULL,NULL,'2009-03-17 22:49:30','2009-11-23 16:20:08','bartlettcharlesl.',1,NULL,NULL,NULL,NULL,NULL,NULL),(503,'Harvey Gregg','male',NULL,NULL,NULL,NULL,'2009-03-17 22:49:30','2009-11-23 16:20:08','greggharvey',1,NULL,NULL,NULL,NULL,NULL,NULL),(504,'Thomas Reilly','male',NULL,NULL,NULL,NULL,'2009-03-17 22:49:30','2009-11-23 16:20:08','reillythomas',1,NULL,NULL,NULL,NULL,NULL,NULL),(505,'Joseph M. Espada','male',NULL,NULL,NULL,NULL,'2009-03-17 22:49:30','2009-11-23 16:20:08','espadajosephm.',1,NULL,NULL,NULL,NULL,NULL,NULL),(506,'Henry Perrine','male',NULL,NULL,NULL,NULL,'2009-03-17 22:49:30','2009-11-23 16:20:08','perrinehenry',1,NULL,NULL,NULL,NULL,NULL,NULL),(507,'Joshua Pilcher','male',NULL,NULL,NULL,NULL,'2009-03-17 22:49:30','2009-11-23 16:20:08','pilcherjoshua',1,NULL,NULL,NULL,NULL,NULL,NULL),(508,'John H. Robinson','male',NULL,NULL,NULL,NULL,'2009-03-17 22:49:30','2009-11-23 16:20:08','robinsonjohnh.',1,NULL,NULL,NULL,NULL,NULL,NULL),(509,'James Smith Wilcocks','male',NULL,NULL,NULL,NULL,'2009-03-17 22:49:30','2009-11-23 16:20:08','wilcocksjamessmith',1,NULL,NULL,NULL,NULL,NULL,NULL),(510,'Joel Robert Poinsett','male',NULL,NULL,NULL,NULL,'2009-03-17 22:49:30','2009-11-23 16:20:08','poinsettjoelrobert',1,NULL,NULL,NULL,NULL,NULL,NULL),(511,'Nathaniel G. Ingraham  Jr','male',NULL,NULL,NULL,NULL,'2009-03-17 22:49:30','2009-11-23 16:20:08','ingrahamnathanielg.',1,NULL,NULL,NULL,NULL,NULL,NULL),(512,'George R. Robertson','male',NULL,NULL,NULL,NULL,'2009-03-17 22:49:30','2009-11-23 16:20:08','robertsongeorger.',1,NULL,NULL,NULL,NULL,NULL,NULL),(513,'Charles Savage','male',NULL,NULL,NULL,NULL,'2009-03-17 22:49:30','2009-11-23 16:20:08','savagecharles',1,NULL,NULL,NULL,NULL,NULL,NULL),(514,'John Williams','male',NULL,NULL,NULL,NULL,'2009-03-17 22:49:30','2009-11-23 16:20:08','williamsjohn',1,NULL,NULL,NULL,NULL,NULL,NULL),(515,'William Phillips','male',NULL,NULL,NULL,NULL,'2009-03-17 22:49:30','2009-11-23 16:20:08','phillipswilliam',1,NULL,NULL,NULL,NULL,NULL,NULL),(516,'Alfred Seton','male',NULL,NULL,NULL,NULL,'2009-03-17 22:49:30','2009-11-23 16:20:08','setonalfred',1,NULL,NULL,NULL,NULL,NULL,NULL),(517,'Charles Morris  Cdore.','male',NULL,NULL,NULL,NULL,'2009-03-17 22:49:30','2009-11-23 16:20:08','morrischarles',1,NULL,NULL,NULL,NULL,NULL,NULL),(518,'Samuel D. Forsyth','male',NULL,NULL,NULL,NULL,'2009-03-17 22:49:30','2009-11-23 16:20:08','forsythsamueld.',1,NULL,NULL,NULL,NULL,NULL,NULL),(519,'Charles Stewart Todd','male',NULL,NULL,NULL,NULL,'2009-03-17 22:49:30','2009-11-23 16:20:08','toddcharlesstewart',1,NULL,NULL,NULL,NULL,NULL,NULL),(520,'Richard C. Anderson','male',NULL,NULL,NULL,NULL,'2009-03-17 22:49:30','2009-11-23 16:20:08','andersonrichardc.',1,NULL,NULL,NULL,NULL,NULL,NULL),(521,'Beaufort T. Watts','male',NULL,NULL,NULL,NULL,'2009-03-17 22:49:30','2009-11-23 16:20:08','wattsbeaufortt.',1,NULL,NULL,NULL,NULL,NULL,NULL),(522,'John M. Macpherson','male',NULL,NULL,NULL,NULL,'2009-03-17 22:49:30','2009-11-23 16:20:08','macphersonjohnm.',1,NULL,NULL,NULL,NULL,NULL,NULL),(523,'Charles Macneal','male',NULL,NULL,NULL,NULL,'2009-03-17 22:49:30','2009-11-23 16:20:08','macnealcharles',1,NULL,NULL,NULL,NULL,NULL,NULL),(524,'David S. Craig','male',NULL,NULL,NULL,NULL,'2009-03-17 22:49:30','2009-11-23 16:20:08','craigdavids.',1,NULL,NULL,NULL,NULL,NULL,NULL),(525,'William Radcliff','male',NULL,NULL,NULL,NULL,'2009-03-17 22:49:30','2009-11-23 16:20:08','radcliffwilliam',1,NULL,NULL,NULL,NULL,NULL,NULL),(526,'Harris E. Fudger','male',NULL,NULL,NULL,NULL,'2009-03-17 22:49:30','2009-11-23 16:20:08','fudgerharrise.',1,NULL,NULL,NULL,NULL,NULL,NULL),(527,'William J. Seaver','male',NULL,NULL,NULL,NULL,'2009-03-17 22:49:30','2009-11-23 16:20:08','seaverwilliamj.',1,NULL,NULL,NULL,NULL,NULL,NULL),(528,'Alexander Scott','male',NULL,NULL,NULL,NULL,'2009-03-17 22:49:30','2009-11-23 16:20:08','scottalexander',1,NULL,NULL,NULL,NULL,NULL,NULL),(529,'Baptis Irvine','male',NULL,NULL,NULL,NULL,'2009-03-17 22:49:30','2009-11-23 16:20:08','irvinebaptis',1,NULL,NULL,NULL,NULL,NULL,NULL),(530,'Augustin Madan','male',NULL,NULL,NULL,NULL,'2009-03-17 22:49:30','2009-11-23 16:20:58','madanaugustin',0,NULL,NULL,NULL,NULL,NULL,NULL),(531,'Robert K. Lowry','male',NULL,NULL,NULL,NULL,'2009-03-17 22:49:30','2009-11-23 16:20:08','lowryrobertk.',1,NULL,NULL,NULL,NULL,NULL,NULL),(532,'Abraham B. Noes','male',NULL,NULL,NULL,NULL,'2009-03-17 22:49:30','2009-11-23 16:20:08','noesabrahamb.',1,NULL,NULL,NULL,NULL,NULL,NULL),(533,'Franklin Litchfield','male',NULL,NULL,NULL,NULL,'2009-03-17 22:49:30','2009-11-23 16:20:08','litchfieldfranklin',1,NULL,NULL,NULL,NULL,NULL,NULL),(534,'Samuel Cooper Johonnet','male',NULL,NULL,NULL,NULL,'2009-03-17 22:49:30','2009-11-23 16:20:08','johonnetsamuelcooper',1,NULL,NULL,NULL,NULL,NULL,NULL),(535,'Nicholas Rousselet','male',NULL,NULL,NULL,NULL,'2009-03-17 22:49:30','2009-11-23 16:20:08','rousseletnicholas',1,NULL,NULL,NULL,NULL,NULL,NULL),(536,'William P. Gardner','male',NULL,NULL,NULL,NULL,'2009-03-17 22:49:30','2009-11-23 16:20:08','gardnerwilliamp.',1,NULL,NULL,NULL,NULL,NULL,NULL),(537,'Edmund Roberts','male',NULL,NULL,NULL,NULL,'2009-03-17 22:49:30','2009-11-23 16:20:08','robertsedmund',1,NULL,NULL,NULL,NULL,NULL,NULL),(538,'Thomas Aborn','male',NULL,NULL,NULL,NULL,'2009-03-17 22:49:30','2009-11-23 16:20:08','abornthomas',1,NULL,NULL,NULL,NULL,NULL,NULL),(539,'Ebenezer Brush','male',NULL,NULL,NULL,NULL,'2009-03-17 22:49:30','2009-11-23 16:20:08','brushebenezer',1,NULL,NULL,NULL,NULL,NULL,NULL),(540,'Turrell Tufts','male',NULL,NULL,NULL,NULL,'2009-03-17 22:49:30','2009-11-23 16:20:08','tuftsturrell',1,NULL,NULL,NULL,NULL,NULL,NULL),(541,'Thomas Trask','male',NULL,NULL,NULL,NULL,'2009-03-17 22:49:30','2009-11-23 16:20:08','traskthomas',1,NULL,NULL,NULL,NULL,NULL,NULL),(542,'William Wheelwright','male',NULL,NULL,NULL,NULL,'2009-03-17 22:49:30','2009-11-23 16:20:08','wheelwrightwilliam',1,NULL,NULL,NULL,NULL,NULL,NULL),(543,'Jeremy Robinson','male',NULL,NULL,NULL,NULL,'2009-03-17 22:49:30','2009-11-23 16:20:08','robinsonjeremy',1,NULL,NULL,NULL,NULL,NULL,NULL),(544,'William Tudor','male',NULL,NULL,NULL,NULL,'2009-03-17 22:49:30','2009-11-23 16:20:08','tudorwilliam',1,NULL,NULL,NULL,NULL,NULL,NULL),(545,'Jose dos Santos Monteiro','male',NULL,NULL,NULL,NULL,'2009-03-17 22:49:30','2009-11-23 16:20:58','monteirojosedossantos',0,NULL,NULL,NULL,NULL,NULL,NULL),(546,'Leonard Corning','male',NULL,NULL,NULL,NULL,'2009-03-17 22:49:30','2009-11-23 16:20:08','corningleonard',1,NULL,NULL,NULL,NULL,NULL,NULL),(547,'Samuel S. Voorhees','male',NULL,NULL,NULL,NULL,'2009-03-17 22:49:30','2009-11-23 16:20:08','voorheessamuels.',1,NULL,NULL,NULL,NULL,NULL,NULL),(548,'Joseph Ray','male',NULL,NULL,NULL,NULL,'2009-03-17 22:49:30','2009-11-23 16:20:08','rayjoseph',1,NULL,NULL,NULL,NULL,NULL,NULL),(549,'James H. Bennett','male',NULL,NULL,NULL,NULL,'2009-03-17 22:49:30','2009-11-23 16:20:08','bennettjamesh.',1,NULL,NULL,NULL,NULL,NULL,NULL),(550,'John Tucker Mansfield','male',NULL,NULL,NULL,NULL,'2009-03-17 22:49:30','2009-11-23 16:20:08','mansfieldjohntucker',1,NULL,NULL,NULL,NULL,NULL,NULL),(551,'Condy Raguet','male',NULL,NULL,NULL,NULL,'2009-03-17 22:49:30','2009-11-23 16:20:08','raguetcondy',1,NULL,NULL,NULL,NULL,NULL,NULL),(552,'William D. C. Wright','male',NULL,NULL,NULL,NULL,'2009-03-17 22:49:30','2009-11-23 16:20:08','wrightwilliamd.c.',1,NULL,NULL,NULL,NULL,NULL,NULL),(553,'Woodbridge Odlin','male',NULL,NULL,NULL,NULL,'2009-03-17 22:49:30','2009-11-23 16:20:08','odlinwoodbridge',1,NULL,NULL,NULL,NULL,NULL,NULL),(554,'William G. D. Worthington','male',NULL,NULL,NULL,NULL,'2009-03-17 22:49:30','2009-11-23 16:20:08','worthingtonwilliamg.d.',1,NULL,NULL,NULL,NULL,NULL,NULL),(555,'Samuel Larned','male',NULL,NULL,NULL,NULL,'2009-03-17 22:49:30','2009-11-23 16:20:08','larnedsamuel',1,NULL,NULL,NULL,NULL,NULL,NULL),(556,'Herman Allen','male',NULL,NULL,NULL,NULL,'2009-03-17 22:49:30','2009-11-23 16:20:08','allenherman',1,NULL,NULL,NULL,NULL,NULL,NULL),(557,'Daniel Wynne','male',NULL,NULL,NULL,NULL,'2009-03-17 22:49:31','2009-11-23 16:20:08','wynnedaniel',1,NULL,NULL,NULL,NULL,NULL,NULL),(558,'William G. Miller','male',NULL,NULL,NULL,NULL,'2009-03-17 22:49:31','2009-11-23 16:20:08','millerwilliamg.',1,NULL,NULL,NULL,NULL,NULL,NULL),(559,'Joshua Bond','male',NULL,NULL,NULL,NULL,'2009-03-17 22:49:31','2009-11-23 16:20:08','bondjoshua',1,NULL,NULL,NULL,NULL,NULL,NULL),(560,'Thomas Lloyd Halm  Jr.','male',NULL,NULL,NULL,NULL,'2009-03-17 22:49:31','2009-11-23 16:20:08','halmthomaslloyd',1,NULL,NULL,NULL,NULL,NULL,NULL),(561,'Joseph Devereux','male',NULL,NULL,NULL,NULL,'2009-03-17 22:49:31','2009-11-23 16:20:08','devereuxjoseph',1,NULL,NULL,NULL,NULL,NULL,NULL),(562,'Theodorick Bland','male',NULL,NULL,NULL,NULL,'2009-03-17 22:49:31','2009-11-23 16:20:08','blandtheodorick',1,NULL,NULL,NULL,NULL,NULL,NULL),(563,'H. M. Brackenridge','male',NULL,NULL,NULL,NULL,'2009-03-17 22:49:31','2009-11-23 16:20:08','brackenridgeh.m.',1,NULL,NULL,NULL,NULL,NULL,NULL),(564,'Caesar A. Rodney','male',NULL,NULL,NULL,NULL,'2009-03-17 22:49:31','2009-11-23 16:20:08','rodneycaesara.',1,NULL,NULL,NULL,NULL,NULL,NULL),(565,'Oliver Hazard Perry Cdore.','male',NULL,NULL,NULL,NULL,'2009-03-17 22:49:31','2009-11-23 16:20:08','perryoliverhazard',1,NULL,NULL,NULL,NULL,NULL,NULL),(566,'John C. Zimmerman','male',NULL,NULL,NULL,NULL,'2009-03-17 22:49:31','2009-11-23 16:20:08','zimmermanjohnc.',1,NULL,NULL,NULL,NULL,NULL,NULL),(567,'James Robinett','male',NULL,NULL,NULL,NULL,'2009-03-17 22:49:31','2009-11-23 16:20:08','robinettjames',1,NULL,NULL,NULL,NULL,NULL,NULL),(568,'William Dana','male',NULL,NULL,NULL,NULL,'2009-03-17 22:49:31','2009-11-23 16:20:09','danawilliam',1,NULL,NULL,NULL,NULL,NULL,NULL),(569,'George W. Slacum','male',NULL,NULL,NULL,NULL,'2009-03-17 22:49:31','2009-11-23 16:20:09','slacumgeorgew.',1,NULL,NULL,NULL,NULL,NULL,NULL),(570,'Rodney Homes','male',NULL,NULL,NULL,'More research required.  Jay enclosures.','2011-12-05 21:59:35','2012-11-04 00:12:34','HomesRodney',NULL,NULL,NULL,NULL,NULL,NULL,NULL),(571,'George Murray, Vice Admiral','male','1741-08-22','1797-10-17',3,'Great write up in Oxford Dictionary of National Biography.  http://www.oxforddnb.com/view/article/40510?docPos=3','2011-12-05 22:03:09','2012-11-04 00:12:22','MurrayGeorge',NULL,1,1,1,1,1,1),(572,'Edmund Jennings Randolph','male','1753-08-10','1813-09-12',81,'','2011-12-06 21:48:56','2012-11-04 00:12:09','RandolphEdmundJennings',NULL,1,1,1,1,1,1),(573,'George Hammond','male','1763-01-01','1853-01-01',1,'Add validation: British Library of Political and Economic Science http://library-2.lse.ac.uk/archives/handlists/Hammond/Hammond.html','2011-12-14 22:11:24','2012-11-04 00:11:52','HammondGeorge',NULL,0,0,1,0,0,0),(574,'David Gelston','male','1744-07-04','1828-08-21',82,'Add validation: http://bioguide.congress.gov/scripts/biodisplay.pl?index=G000122\r\n\r\nBiographical Directory of the United States Congress','2011-12-14 22:20:37','2012-11-04 00:11:40','GelstonDavid',NULL,1,1,1,1,1,1),(575,'George Clinton','male','1739-07-26','1812-04-20',82,'Add validation -- Biographical Directory of US Congress\r\n\r\nhttp://bioguide.congress.gov/scripts/biodisplay.pl?index=C000527','2011-12-14 22:24:41','2012-11-04 00:11:27','ClintonGeorge',NULL,1,1,1,1,1,1),(576,'Cochrane','',NULL,NULL,NULL,'Don\'t know anything about this person, except for the letter from George Clinton.  More research required.','2011-12-14 22:45:04','2012-11-04 00:11:12','Cochrane',NULL,NULL,NULL,NULL,NULL,NULL,NULL),(577,'Thomas Fitzsimmons','male','1741-01-01','1811-08-26',83,'I think this is the T. Fitzsimons Randolph corresponded with in 1794.  Need more research to be sure.','2011-12-27 21:24:14','2012-11-04 00:11:03','FitzsimmonsThomas',NULL,0,0,1,1,1,1),(578,'John Hollins','male',NULL,NULL,NULL,'','2011-12-27 21:38:00','2012-11-04 00:12:48','HollinsJohn',NULL,NULL,NULL,NULL,NULL,NULL,NULL),(579,'George Washington','male','1732-02-22','1799-12-14',81,'','2011-12-27 21:43:55','2012-11-04 00:10:50','WashingtonGeorge',NULL,1,1,1,1,1,1),(580,'Edward Cook','male',NULL,NULL,NULL,'','2011-12-31 03:37:11','2012-11-04 00:10:39','CookEdward',NULL,NULL,NULL,NULL,NULL,NULL,NULL),(581,'Charles Williamson','male',NULL,NULL,NULL,'There is a chapter written on Williamson in the \"Crooked Lake Review.\"  More research required. \r\nhttp://www.crookedlakereview.com/books/saints_sinners/martin4.html','2011-12-31 03:51:39','2012-11-04 00:10:20','WilliamsonCharles',NULL,NULL,NULL,NULL,NULL,NULL,NULL),(582,'R.H. Sheaffe','male',NULL,NULL,NULL,'more research required','2011-12-31 03:55:31','2012-11-04 00:09:56','SheaffeRH',NULL,NULL,NULL,NULL,NULL,NULL,NULL),(583,'Mr. Little','male',NULL,NULL,NULL,'more research required','2011-12-31 03:55:31','2012-11-04 00:09:47','Little',NULL,NULL,NULL,NULL,NULL,NULL,NULL),(584,'John Prettijohn','male',NULL,NULL,NULL,'More research required.  Jay enclosures.','2011-12-31 03:59:38','2012-11-04 00:09:38','PrettijohnJohn',NULL,NULL,NULL,NULL,NULL,NULL,NULL),(585,'Jean Antoine Joseph Fauchet','male','1763-01-01','1834-01-01',6,'','2011-12-31 04:06:01','2012-11-04 00:09:24','FauchetJeanAntoineJoseph',NULL,0,0,1,0,0,1),(586,'S. Girard','male',NULL,NULL,NULL,'more research required.  Corresponded with Randolph in 1794.','2011-12-31 19:40:49','2012-11-04 00:09:02','GirardS',NULL,NULL,NULL,NULL,NULL,NULL,NULL),(587,'William Rawle','male',NULL,NULL,NULL,'more research required.  Corresponded with Randolph in 1794.','2011-12-31 19:48:23','2012-11-04 00:08:46','RawleWilliam',NULL,NULL,NULL,NULL,NULL,NULL,NULL),(588,'Anthony Wayne','male','1745-01-01','1796-12-15',83,'','2011-12-31 19:51:28','2012-11-04 00:08:32','WayneAnthony',NULL,1,1,1,1,1,1),(589,'Knox','male',NULL,NULL,NULL,'Probably Henry Knox.  More research required.  Jay enclosures.','2011-12-31 19:51:28','2012-11-04 00:07:12','Knox',NULL,NULL,NULL,NULL,NULL,NULL,NULL),(590,'Collins','male',NULL,NULL,NULL,'More research required.  Jay enclosures.','2011-12-31 19:52:30','2012-11-04 00:07:02','Collins',NULL,NULL,NULL,NULL,NULL,NULL,NULL),(591,'Coxe','male',NULL,NULL,NULL,'More research required.  Could be Charles D. Coxe (later consul) or Tench Coxe.','2011-12-31 20:04:12','2012-11-04 00:06:53','Coxe',NULL,NULL,NULL,NULL,NULL,NULL,NULL),(592,'Zebulon Hollingsworth','male',NULL,NULL,85,'','2011-12-31 23:22:43','2012-11-04 00:06:43','HollingsworthZebulon',NULL,NULL,NULL,NULL,NULL,NULL,NULL),(593,'Alexander Campbell','male',NULL,NULL,81,'U.S. Attorney for Virginia, Richmond District.','2012-01-01 00:20:07','2012-11-04 00:06:31','CampbellAlexander',NULL,NULL,NULL,NULL,NULL,NULL,NULL),(594,'John C. Wederstrandt','male',NULL,NULL,85,'Baltimore merchant.','2012-01-01 00:22:30','2012-11-04 00:06:19','WederstrandtJohnC',NULL,NULL,NULL,NULL,NULL,NULL,NULL),(595,'Robert Taylor','male',NULL,NULL,81,'Mayor of Norfolk in 1794.','2012-01-01 00:25:21','2012-11-04 00:06:00','TaylorRobert',NULL,NULL,NULL,NULL,NULL,NULL,NULL),(596,'William Moultrie','male','1730-11-23','1805-09-27',79,'Governor of South Carolina 1785-1787 and 1792-1794','2012-01-01 00:27:00','2012-11-04 00:05:48','MoultrieWilliam',NULL,1,1,1,1,1,1),(597,'John Hamilton','male',NULL,NULL,NULL,'Colonel in British Army.','2012-01-01 00:32:37','2012-11-04 00:04:38','HamiltonJohn',NULL,NULL,NULL,NULL,NULL,NULL,NULL),(598,'Sir Charles Henry Knowles','male',NULL,NULL,NULL,'','2012-01-01 00:42:50','2012-11-04 00:04:22','KnowlesCharlesHenry',NULL,NULL,NULL,NULL,NULL,NULL,NULL),(599,'Thomas Mathews','male',NULL,NULL,NULL,'more research required.  Jay enclosures.','2012-01-01 01:06:24','2012-11-04 00:05:21','MathewsThomas',NULL,NULL,NULL,NULL,NULL,NULL,NULL),(600,'Vaughan','male',NULL,NULL,NULL,'more research required.  Jay enclosures.','2012-01-01 01:06:24','2012-11-04 00:04:00','Vaughan',NULL,NULL,NULL,NULL,NULL,NULL,NULL),(601,'Arthur Fenner','male','1745-12-10','1805-10-15',87,'Governor of Rhode Island 1790-1805.','2012-01-01 01:09:11','2012-11-04 00:03:48','FennerArthur',NULL,1,1,1,1,1,1),(602,'John Anstey','male',NULL,NULL,NULL,'More research required.  Correspondent of John Jay.','2012-01-02 00:34:52','2012-11-04 00:03:34','AnsteyJohn',NULL,NULL,NULL,NULL,NULL,NULL,NULL),(603,'William Bayard','male',NULL,NULL,NULL,'More research required.  Correspondent of John Jay.','2012-01-02 00:35:46','2012-11-04 00:03:15','BayardWilliam',NULL,NULL,NULL,NULL,NULL,NULL,NULL),(604,'R. Bowen','',NULL,NULL,NULL,'More research required.  Correspondent of John Jay.','2012-01-02 00:37:30','2012-11-04 00:03:01','BowenR',NULL,NULL,NULL,NULL,NULL,NULL,NULL),(605,'Sarah Livingston Jay','female','1756-01-01','1802-01-01',88,'','2012-01-04 17:37:47','2012-11-03 23:44:24','JaySarahLivingston',NULL,0,0,1,0,0,1),(606,'Alexander Hamilton','male','1755-11-20','1804-07-12',82,'Hamilton\'s birth year was either 1755 or 1753, even he was not sure of his exact birthday.','2012-01-04 17:37:47','2012-11-03 23:47:32','HamiltonAlexander',NULL,1,1,1,1,1,1),(607,'Tench Coxe','male',NULL,NULL,NULL,'','2012-01-04 17:37:47','2012-11-03 19:05:21','CoxeTench',NULL,NULL,NULL,NULL,NULL,NULL,NULL),(608,'Maria Jay','female',NULL,NULL,NULL,'','2012-01-04 17:37:47','2012-11-03 19:05:01','JayMaria',NULL,NULL,NULL,NULL,NULL,NULL,NULL),(609,'Peter Jay Munro','male',NULL,NULL,NULL,'','2012-01-04 17:37:47','2012-11-03 19:04:44','MunroPeterJay',NULL,NULL,NULL,NULL,NULL,NULL,NULL),(610,'Sir Edward Newenham','male',NULL,NULL,NULL,'','2012-01-04 17:37:47','2012-11-04 00:05:02','NewenhamEdward',NULL,NULL,NULL,NULL,NULL,NULL,NULL),(611,'William Grenville','male',NULL,NULL,NULL,'','2012-01-04 17:37:47','2012-11-03 19:04:27','GrenvilleWilliam',NULL,NULL,NULL,NULL,NULL,NULL,NULL),(612,'Mr. Braithwaite','male',NULL,NULL,NULL,'','2012-01-04 17:37:47','2012-11-03 19:04:13','Braithwaite',NULL,NULL,NULL,NULL,NULL,NULL,NULL),(613,'Jacob Read','male',NULL,NULL,NULL,'','2012-01-04 17:37:47','2012-11-03 19:04:04','ReadJacob',NULL,NULL,NULL,NULL,NULL,NULL,NULL),(614,'Prince de Poix','male',NULL,NULL,NULL,'','2012-01-04 17:37:47','2012-11-03 19:03:49','PrincedePoix',NULL,NULL,NULL,NULL,NULL,NULL,NULL),(615,'Del Campo','',NULL,NULL,NULL,'','2012-01-04 17:37:47','2012-11-03 19:03:29','DelCampo',NULL,NULL,NULL,NULL,NULL,NULL,NULL),(616,'William Augustus Miles','male',NULL,NULL,NULL,'','2012-01-04 17:37:47','2012-11-03 19:03:15','MilesWilliamAugustus',NULL,NULL,NULL,NULL,NULL,NULL,NULL),(617,'Lally-Colendal','',NULL,NULL,NULL,'','2012-01-04 17:37:47','2012-11-03 19:02:54','Lally-Colendal',NULL,NULL,NULL,NULL,NULL,NULL,NULL),(618,'Mary Ann Lowden','female',NULL,NULL,NULL,'Sister of John Paul Jones.','2012-01-04 17:37:47','2012-11-03 19:02:44','LowdenMaryAnn',NULL,NULL,NULL,NULL,NULL,NULL,NULL),(619,'Dell\'Acqua','',NULL,NULL,NULL,'','2012-01-04 17:37:47','2012-11-03 19:02:20','Dell\'Acqua',NULL,NULL,NULL,NULL,NULL,NULL,NULL),(620,'Thomas Coombe','male',NULL,NULL,NULL,'','2012-01-04 17:37:47','2012-11-03 19:02:10','CoombeThomas',NULL,NULL,NULL,NULL,NULL,NULL,NULL),(621,'Henry Waddell','male',NULL,NULL,82,'','2012-01-04 17:37:47','2012-11-03 19:01:55','WaddellHenry',NULL,NULL,NULL,NULL,NULL,NULL,NULL),(622,'Richard Henry Lee','male',NULL,NULL,NULL,'','2012-01-04 17:37:47','2012-11-03 19:01:41','LeeRichard Henry',1,NULL,NULL,NULL,NULL,NULL,NULL),(623,'Sir John Sinclair','male',NULL,NULL,NULL,'','2012-01-04 17:37:47','2012-11-03 19:01:20','SinclairJohn',NULL,NULL,NULL,NULL,NULL,NULL,NULL),(624,'W. Jackson','',NULL,NULL,NULL,'','2012-01-04 17:37:47','2012-11-03 19:01:07','JacksonW',NULL,NULL,NULL,NULL,NULL,NULL,NULL),(625,'Edward Gardiner','male',NULL,NULL,NULL,'','2012-01-04 17:37:47','2012-11-03 19:00:37','GardinerEdward',NULL,NULL,NULL,NULL,NULL,NULL,NULL),(626,'Sarah Vaughan','female',NULL,NULL,NULL,'','2012-01-04 17:37:47','2012-11-03 19:00:23','VaughanSarah',NULL,NULL,NULL,NULL,NULL,NULL,NULL),(627,'Lindley Murray','',NULL,NULL,NULL,'','2012-01-04 17:37:47','2012-11-03 19:00:07','MurrayLindley',NULL,NULL,NULL,NULL,NULL,NULL,NULL),(628,'William Petty, Marquis of Lansdowne','male',NULL,NULL,NULL,'','2012-01-04 17:37:47','2012-11-03 18:59:53','LansdowneWilliamPetty',NULL,NULL,NULL,NULL,NULL,NULL,NULL),(629,'Harvey Reuben','male',NULL,NULL,NULL,'','2012-01-04 17:37:47','2012-11-03 18:58:40','ReubenHarvey',NULL,NULL,NULL,NULL,NULL,NULL,NULL),(630,'Mrs. Chalmers','female',NULL,NULL,NULL,'','2012-01-04 17:37:47','2012-11-01 22:03:12','Chalmers',NULL,NULL,NULL,NULL,NULL,NULL,NULL),(631,'William Temple Franklin','male','1760-01-01','1823-05-25',NULL,'Temple served as Benjamin Franklin\'s secretary during the Peace of Paris negotiations.  Need to find his actual title.  research','2012-01-04 17:37:47','2012-11-01 22:03:01','FranklinWilliamTemple',NULL,0,0,1,1,1,1),(632,'Mathew Clarkson','male',NULL,NULL,NULL,'','2012-01-04 17:37:47','2012-11-01 21:51:33','clarksonmathew',NULL,NULL,NULL,NULL,NULL,NULL,NULL),(633,'William Scott, Baron Stowell','male',NULL,NULL,NULL,'','2012-01-04 17:37:47','2012-11-01 21:51:04','stowellwilliamscott',NULL,NULL,NULL,NULL,NULL,NULL,NULL),(634,'Lady Payne','female',NULL,NULL,NULL,'','2012-01-04 17:37:47','2012-11-01 21:50:33','payne',NULL,NULL,NULL,NULL,NULL,NULL,NULL),(635,'Henry Dundas, Viscount Melville','male','1742-04-28','1811-05-28',3,'','2012-01-04 17:37:47','2012-11-01 21:50:18','melvillehenrydundas',NULL,1,1,1,1,1,1),(636,'La Rouchefoucauld','',NULL,NULL,NULL,'','2012-01-04 17:37:47','2012-11-01 21:40:45','rouchefoucauld',NULL,NULL,NULL,NULL,NULL,NULL,NULL),(637,'Sir Robert Herries','male',NULL,NULL,NULL,'','2012-01-04 17:37:47','2012-11-01 21:40:23','herriesrobert',NULL,NULL,NULL,NULL,NULL,NULL,NULL),(638,'Richard Colley Wesley, Lord Mornington','male',NULL,NULL,NULL,'','2012-01-04 17:37:47','2012-11-01 21:40:04','morningtonrichardcolleywesley',NULL,NULL,NULL,NULL,NULL,NULL,NULL),(639,'Hyacinthe Gabrielle Roland, Lady Mornington','female',NULL,NULL,NULL,'','2012-01-04 17:37:47','2012-11-01 21:39:24','morningtonhyacinthegabrielleroland',NULL,NULL,NULL,NULL,NULL,NULL,NULL),(640,'Alexander Wedderburn, Baron Loughborough','male','1733-02-03','1805-01-02',3,'','2012-01-04 17:37:47','2012-11-01 21:37:29','loughboroughalexanderwedderburn',NULL,1,1,1,1,1,1),(641,'John Sloss Hobart','male',NULL,NULL,NULL,'','2012-01-04 17:37:47','2012-11-01 21:30:11','hobartjohnsloss',NULL,NULL,NULL,NULL,NULL,NULL,NULL),(642,'Sir Clement Cottrell Dormer','male',NULL,NULL,NULL,'','2012-01-04 17:37:47','2012-11-01 21:30:01','dormerclementcottrell',NULL,NULL,NULL,NULL,NULL,NULL,NULL),(643,'Rodolf Vall-Travers','male',NULL,NULL,NULL,'','2012-01-04 17:37:47','2012-11-01 21:29:39','valltraversrodolf',NULL,NULL,NULL,NULL,NULL,NULL,NULL),(644,'Chevalier Du Jay','male',NULL,NULL,NULL,'','2012-01-04 17:37:47','2012-11-01 21:29:25','jaychevalierdu',NULL,NULL,NULL,NULL,NULL,NULL,NULL),(645,'John Drayton','male',NULL,NULL,NULL,'','2012-01-04 17:37:47','2012-11-01 21:28:17','draytonjohn',NULL,NULL,NULL,NULL,NULL,NULL,NULL),(646,'Lanberdiere','',NULL,NULL,NULL,'','2012-01-04 17:37:47','2012-11-01 21:27:47','lanberdiere',NULL,NULL,NULL,NULL,NULL,NULL,NULL),(647,'John Kean','male',NULL,NULL,NULL,'','2012-01-04 17:37:47','2012-11-01 21:28:58','keanjohn',NULL,NULL,NULL,NULL,NULL,NULL,NULL),(648,'Liancour','',NULL,NULL,NULL,'','2012-01-05 16:30:17','2012-11-01 21:28:54','liancour',NULL,NULL,NULL,NULL,NULL,NULL,NULL),(649,'Henry Knox','male','1750-07-25','1806-10-25',78,'','2012-01-16 00:16:18','2012-11-01 21:38:37','knoxhenry',NULL,1,1,1,1,1,1),(650,'John Stagg','male',NULL,NULL,NULL,'Chief Clerk, War Department in 1794.','2012-01-16 01:34:30','2012-10-30 21:09:52','staggjohn',NULL,NULL,NULL,NULL,NULL,NULL,NULL),(651,'James Ross','male',NULL,NULL,NULL,'','2012-01-16 03:33:42','2012-10-30 21:09:42','rossjames',NULL,NULL,NULL,NULL,NULL,NULL,NULL),(652,'William Bradford','male',NULL,NULL,NULL,'','2012-01-16 03:34:15','2012-10-30 21:09:33','bradfordwilliam',NULL,NULL,NULL,NULL,NULL,NULL,NULL),(653,'J. Yeates','',NULL,NULL,NULL,'','2012-01-16 03:34:51','2012-10-07 00:40:59','yeatesj',NULL,NULL,NULL,NULL,NULL,NULL,NULL),(654,'Nathaniel Falconer','male',NULL,NULL,83,'Master Warden of the Port of Philadelphia.','2012-01-17 15:33:32','2012-10-30 21:52:51','falconernathaniel',NULL,NULL,NULL,NULL,NULL,NULL,NULL);

--
-- Table structure for table `letters`
--

CREATE TABLE `letters` (
  `id` int(11) NOT NULL AUTO_INCREMENT,
  `from_individual_id` int(11) DEFAULT NULL,
  `from_organization_id` int(11) DEFAULT NULL,
  `from_location_id` int(11) DEFAULT NULL,
  `to_individual_id` int(11) DEFAULT NULL,
  `to_organization_id` int(11) DEFAULT NULL,
  `to_location_id` int(11) DEFAULT NULL,
  `circular` tinyint(1) DEFAULT NULL,
  `date_sent` date DEFAULT NULL,
  `date_received` date DEFAULT NULL,
  `date_docketed` date DEFAULT NULL,
  `notes` text,
  `created_at` datetime DEFAULT NULL,
  `updated_at` datetime DEFAULT NULL,
  `title` varchar(255) DEFAULT NULL,
  `sent_day_known` tinyint(1) DEFAULT NULL,
  `sent_month_known` tinyint(1) DEFAULT NULL,
  `sent_year_known` tinyint(1) DEFAULT NULL,
  `received_day_known` tinyint(1) DEFAULT NULL,
  `received_month_known` tinyint(1) DEFAULT NULL,
  `received_year_known` tinyint(1) DEFAULT NULL,
  `docketed_day_known` tinyint(1) DEFAULT NULL,
  `docketed_month_known` tinyint(1) DEFAULT NULL,
  `docketed_year_known` tinyint(1) DEFAULT NULL,
  PRIMARY KEY (`id`),
  KEY `from_individual_id` (`from_individual_id`),
  KEY `from_organization_id` (`from_organization_id`),
  KEY `from_location_id` (`from_location_id`),
  KEY `to_individual_id` (`to_individual_id`),
  KEY `to_organization_id` (`to_organization_id`),
  KEY `to_location_id` (`to_location_id`),
  CONSTRAINT `letters_ibfk_1` FOREIGN KEY (`from_individual_id`) REFERENCES `individuals` (`id`),
  CONSTRAINT `letters_ibfk_2` FOREIGN KEY (`from_organization_id`) REFERENCES `organizations` (`id`),
  CONSTRAINT `letters_ibfk_3` FOREIGN KEY (`from_location_id`) REFERENCES `locations` (`id`),
  CONSTRAINT `letters_ibfk_4` FOREIGN KEY (`to_individual_id`) REFERENCES `individuals` (`id`),
  CONSTRAINT `letters_ibfk_5` FOREIGN KEY (`to_organization_id`) REFERENCES `organizations` (`id`),
  CONSTRAINT `letters_ibfk_6` FOREIGN KEY (`to_location_id`) REFERENCES `locations` (`id`)
) ENGINE=InnoDB AUTO_INCREMENT=303 DEFAULT CHARSET=latin1;

--
-- Dumping data for table `letters`
--

INSERT INTO `letters` VALUES (1,570,NULL,340,571,NULL,341,0,'1794-08-03','1794-08-14',NULL,' Date received based on the letter being enclosed by Hammond to Randolph.  Must have arrived in Halifax before then.','2011-12-05 22:21:21','2012-02-07 13:21:56','Rodney Homes to George Murray, Vice Admiral. Sandy Hook, August  3, 1794',1,1,1,0,1,1,NULL,NULL,NULL),(2,472,NULL,300,572,NULL,337,0,NULL,NULL,NULL,' I am assuming this letter was sent from St. Pierre, because it encloses correspondence from that location.','2011-12-06 21:50:04','2012-02-07 13:21:56','Nathaniel Cabot Higginson to Edmund Jennings Randolph. St. Pierre, ',NULL,NULL,NULL,NULL,NULL,NULL,NULL,NULL,NULL),(3,472,NULL,300,436,NULL,300,0,'1794-07-01','1794-07-01',NULL,' This may or may not be the same Josiah Blakely who was U.S. Consul to Cuba later on. More research is required','2011-12-06 22:06:46','2012-02-07 13:21:56','Nathaniel Cabot Higginson to Josiah Blakely. St. Pierre, July  1, 1794',1,1,1,1,1,1,NULL,NULL,NULL),(4,436,NULL,300,472,NULL,300,0,'1794-07-01','1794-07-01',NULL,' This may or may not be the same Josiah Blakely who was U.S. Consul to Cuba later on. More research is required','2011-12-06 22:14:36','2012-02-07 13:21:56','Josiah Blakely to Nathaniel Cabot Higginson. St. Pierre, July  1, 1794',1,1,1,1,1,1,NULL,NULL,NULL),(5,472,NULL,300,572,NULL,337,0,'1794-07-02',NULL,NULL,'','2011-12-14 22:04:30','2012-02-07 13:21:56','Nathaniel Cabot Higginson to Edmund Jennings Randolph. St. Pierre, July  2, 1794',1,1,1,NULL,NULL,NULL,NULL,NULL,NULL),(6,472,NULL,300,572,NULL,337,0,'1794-06-24',NULL,NULL,'','2011-12-14 22:06:26','2012-02-07 13:21:56','Nathaniel Cabot Higginson to Edmund Jennings Randolph. St. Pierre, June 24, 1794',1,1,1,NULL,NULL,NULL,NULL,NULL,NULL),(7,573,NULL,337,572,NULL,337,0,'1794-07-30',NULL,NULL,'','2011-12-14 22:11:24','2012-02-07 13:21:56','George Hammond to Edmund Jennings Randolph. Philadelphia, July 30, 1794',1,1,1,NULL,NULL,NULL,NULL,NULL,NULL),(8,572,NULL,337,573,NULL,337,0,'1794-10-23',NULL,NULL,'','2011-12-14 22:13:51','2012-02-07 13:21:56','Edmund Jennings Randolph to George Hammond. Philadelphia, October 23, 1794',1,1,1,NULL,NULL,NULL,NULL,NULL,NULL),(9,573,NULL,337,572,NULL,337,0,'1794-09-03',NULL,NULL,'','2011-12-14 22:15:36','2012-02-07 13:21:56','George Hammond to Edmund Jennings Randolph. Philadelphia, September  3, 1794',1,1,1,NULL,NULL,NULL,NULL,NULL,NULL),(10,574,NULL,342,575,NULL,342,0,'1794-09-08','1794-09-08',NULL,' Date received and to_location inferred from the fact that this letter was enclosed in George Clinton\'s letter to Washington of September 9, 1794.','2011-12-14 22:29:20','2012-02-07 13:21:56','David Gelston to George Clinton. New York, September  8, 1794',1,1,1,0,1,1,NULL,NULL,NULL),(11,572,NULL,337,573,NULL,337,0,'1794-08-22',NULL,NULL,'','2011-12-14 22:31:00','2012-02-07 13:21:56','Edmund Jennings Randolph to George Hammond. Philadelphia, August 22, 1794',1,1,1,NULL,NULL,NULL,NULL,NULL,NULL),(12,573,NULL,337,572,NULL,337,0,'1794-08-14',NULL,NULL,'','2011-12-14 22:32:18','2012-02-07 13:21:56','George Hammond to Edmund Jennings Randolph. Philadelphia, August 14, 1794',1,1,1,NULL,NULL,NULL,NULL,NULL,NULL),(13,572,NULL,337,573,NULL,337,0,'1794-08-27',NULL,NULL,'','2011-12-14 22:33:14','2012-02-07 13:21:56','Edmund Jennings Randolph to George Hammond. Philadelphia, August 27, 1794',1,1,1,NULL,NULL,NULL,NULL,NULL,NULL),(14,575,NULL,342,576,NULL,NULL,0,'1794-07-17',NULL,NULL,' included in Randolph to Hammond 1794-08-27','2011-12-14 22:45:04','2012-02-07 13:21:56','George Clinton to Cochrane. New York, July 17, 1794',NULL,NULL,NULL,NULL,NULL,NULL,NULL,NULL,NULL),(15,572,NULL,337,577,NULL,337,0,'1794-11-04',NULL,NULL,'','2011-12-27 21:33:25','2012-02-07 13:21:56','Edmund Jennings Randolph to Thomas Fitzsimmons. Philadelphia, November  4, 1794',1,1,1,NULL,NULL,NULL,NULL,NULL,NULL),(21,578,NULL,343,572,NULL,337,0,'1794-10-26',NULL,NULL,'','2011-12-31 03:26:57','2012-02-07 13:21:56','John Hollins to Edmund Jennings Randolph. Baltimore, October 26, 1794',1,1,1,NULL,NULL,NULL,NULL,NULL,NULL),(22,577,NULL,337,572,NULL,337,0,'1794-10-22','1794-11-04',NULL,' Date received assumed based on date of Randolph\'s response.','2011-12-31 03:27:55','2012-02-07 13:21:56','Thomas Fitzsimmons to Edmund Jennings Randolph. Philadelphia, October 22, 1794',1,1,1,0,0,1,NULL,NULL,NULL),(23,575,NULL,342,579,NULL,337,0,'1794-09-09',NULL,NULL,'','2011-12-31 03:30:15','2012-02-07 13:21:56','George Clinton to George Washington. New York, September  9, 1794',1,1,1,NULL,NULL,NULL,NULL,NULL,NULL),(24,574,NULL,342,575,NULL,342,0,'1794-09-08','1794-09-08',NULL,' included in Clinton to GW Sept. 9  Received date assumed because the letter was sent within New York City, and enclosed to GW the next day.  Affidavit of John Wilkes is enclosed.  found at http://wwwapp.cc.columbia.edu/ldpd/jay/image?key=columbia.jay.00888&p=83','2011-12-31 03:31:10','2012-02-07 13:21:56','David Gelston to George Clinton. New York, September  8, 1794',1,1,1,1,1,1,NULL,NULL,NULL),(25,573,NULL,337,572,NULL,337,0,'1794-09-03',NULL,NULL,'','2011-12-31 03:32:25','2012-02-07 13:21:56','George Hammond to Edmund Jennings Randolph. Philadelphia, September  3, 1794',1,1,1,NULL,NULL,NULL,NULL,NULL,NULL),(26,572,NULL,337,573,NULL,337,0,'1794-09-03',NULL,NULL,'','2011-12-31 03:33:23','2012-02-07 13:21:56','Edmund Jennings Randolph to George Hammond. Philadelphia, September  3, 1794',1,1,1,NULL,NULL,NULL,NULL,NULL,NULL),(27,575,NULL,342,579,NULL,337,0,'1794-09-09',NULL,NULL,'','2011-12-31 03:34:26','2012-02-07 13:21:56','George Clinton to George Washington. New York, September  9, 1794',1,1,1,NULL,NULL,NULL,NULL,NULL,NULL),(28,580,NULL,336,NULL,1,336,0,'1794-08-22','1794-08-22',NULL,' Received date assumed because the letter was sent within Pittsburgh.','2011-12-31 03:43:22','2012-02-07 13:21:56','Edward Cook to Commissioners. Pittsburgh, August 22, 1794',1,1,1,1,1,1,NULL,NULL,NULL),(29,NULL,1,336,572,NULL,337,0,'1794-08-21',NULL,NULL,'','2011-12-31 03:44:12','2012-02-07 13:21:56','Commissioners to Edmund Jennings Randolph. Pittsburgh, August 21, 1794',1,1,1,NULL,NULL,NULL,NULL,NULL,NULL),(30,NULL,1,336,NULL,2,336,0,'1794-08-22','1794-08-22',NULL,' Date received assumed from the fact that the letter was sent within Pittsburgh.','2011-12-31 03:45:25','2012-02-07 13:21:56','Commissioners to Commissioners at Pittsburg. Pittsburgh, August 22, 1794',1,1,1,1,1,1,NULL,NULL,NULL),(31,581,NULL,338,572,NULL,337,0,'1794-09-01','1794-09-17',NULL,'(1-8)  received date inferred from day the letter was forwarded on to John Jay','2011-12-31 03:52:50','2012-02-07 13:21:56','Charles Williamson to Edmund Jennings Randolph. Bath, September  1, 1794',1,1,1,0,1,1,NULL,NULL,NULL),(32,NULL,1,336,NULL,NULL,NULL,0,'1794-08-21',NULL,NULL,'','2011-12-31 03:53:38','2012-02-07 13:21:56','Commissioners to ?. Pittsburgh, August 21, 1794',1,1,1,NULL,NULL,NULL,NULL,NULL,NULL),(33,582,NULL,339,583,NULL,339,0,'1794-08-16','1794-08-16',NULL,'(13-16)  Because of the same day acknowledgement, I\'m assuming the letter remained in Sodus, instead of going to Bath where Williamson was.','2011-12-31 03:55:31','2012-02-07 13:21:56','R.H. Sheaffe to Mr. Little. Sodus, August 16, 1794',1,1,1,1,1,1,NULL,NULL,NULL),(34,582,NULL,339,581,NULL,338,0,'1794-08-16','1794-09-01',NULL,' Received date based on the letter being forwarded to Randolph on Sept 1, 1794.','2011-12-31 03:56:28','2012-02-07 13:21:56','R.H. Sheaffe to Charles Williamson. Sodus, August 16, 1794',1,1,1,0,0,1,NULL,NULL,NULL),(35,581,NULL,338,572,NULL,337,0,'1794-08-19','1794-08-30',NULL,' Received date based on letter being enclosed with Randolph to Jay August 30, 1794 (Jay ID 66)','2011-12-31 03:57:36','2012-02-07 13:21:56','Charles Williamson to Edmund Jennings Randolph. Bath, August 19, 1794',1,1,1,0,1,1,NULL,NULL,NULL),(36,472,NULL,337,572,NULL,337,0,'1794-04-12',NULL,NULL,'','2011-12-31 03:58:26','2012-02-07 13:21:56','Nathaniel Cabot Higginson to Edmund Jennings Randolph. Philadelphia, April 12, 1794',1,1,1,NULL,NULL,NULL,NULL,NULL,NULL),(37,472,NULL,292,584,NULL,292,0,'1794-06-05','1794-06-05',NULL,' included in Higginson to Randolph June 12, 1794','2011-12-31 03:59:38','2012-02-07 13:21:56','Nathaniel Cabot Higginson to John Prettijohn. Bridgetown, June  5, 1794',1,1,1,1,1,1,NULL,NULL,NULL),(38,584,NULL,292,472,NULL,292,0,'1794-06-06','1794-06-06',NULL,' included in Higginson to Randolph June 12, 1794','2011-12-31 04:01:11','2012-02-07 13:21:56','John Prettijohn to Nathaniel Cabot Higginson. Bridgetown, June  6, 1794',1,1,1,1,1,1,NULL,NULL,NULL),(39,472,NULL,300,572,NULL,337,0,'1794-07-01',NULL,NULL,'','2011-12-31 04:01:53','2012-02-07 13:21:56','Nathaniel Cabot Higginson to Edmund Jennings Randolph. St. Pierre, July  1, 1794',1,1,1,NULL,NULL,NULL,NULL,NULL,NULL),(40,436,NULL,300,472,NULL,300,0,'1794-07-01',NULL,NULL,' included in Higginson to Randolph June 12, 1794   May or may not be same Josiah Blakely who was later consul to Cuba.  More research is required.','2011-12-31 04:02:53','2012-02-07 13:21:56','Josiah Blakely to Nathaniel Cabot Higginson. St. Pierre, July  1, 1794',1,1,1,NULL,NULL,NULL,NULL,NULL,NULL),(41,472,NULL,300,572,NULL,337,0,'1794-07-02',NULL,NULL,' included in Higginson to Randolph June 12, 1794','2011-12-31 04:03:47','2012-02-07 13:21:56','Nathaniel Cabot Higginson to Edmund Jennings Randolph. St. Pierre, July  2, 1794',1,1,1,NULL,NULL,NULL,NULL,NULL,NULL),(42,472,NULL,300,572,NULL,337,0,'1794-06-24','1794-10-22',NULL,'','2011-12-31 04:04:57','2012-02-07 13:21:56','Nathaniel Cabot Higginson to Edmund Jennings Randolph. St. Pierre, June 24, 1794',1,1,1,1,1,1,NULL,NULL,NULL),(43,572,NULL,337,585,NULL,337,0,'1794-06-30','1794-06-30',NULL,NULL,'2011-12-31 04:06:01','2012-04-30 20:23:45','Edmund Jennings Randolph to Jean Antoine Joseph Fauchet. Philadelphia, June 30, 1794',1,1,1,1,1,1,NULL,NULL,NULL),(44,573,NULL,337,572,NULL,337,0,'1794-06-30',NULL,NULL,'','2011-12-31 19:35:35','2012-02-07 13:21:56','George Hammond to Edmund Jennings Randolph. Philadelphia, June 30, 1794',1,1,1,NULL,NULL,NULL,NULL,NULL,NULL),(45,572,NULL,337,573,NULL,337,0,'1794-07-01',NULL,NULL,'','2011-12-31 19:36:24','2012-02-07 13:21:56','Edmund Jennings Randolph to George Hammond. Philadelphia, July  1, 1794',1,1,1,NULL,NULL,NULL,NULL,NULL,NULL),(46,572,NULL,337,585,NULL,337,0,'1794-07-02','1794-07-05',NULL,' In Randolph to Fauchet, July 5 says that he delayed sending this letter until the 5th until the depositions were ready.','2011-12-31 19:37:11','2012-04-30 20:24:08','Edmund Jennings Randolph to Jean Antoine Joseph Fauchet. Philadelphia, July  2, 1794',1,1,1,1,1,1,NULL,NULL,NULL),(47,585,NULL,337,572,NULL,337,0,'1794-07-03','1794-07-03',NULL,' Letter misdated July 3, 1794 -- probably confusion with French Revolutionary Calendar','2011-12-31 19:38:00','2012-04-30 20:24:25','Jean Antoine Joseph Fauchet to Edmund Jennings Randolph. Philadelphia, July  3, 1794',1,1,1,1,1,1,NULL,NULL,NULL),(48,572,NULL,337,585,NULL,337,0,'1794-07-05','1794-07-05',NULL,NULL,'2011-12-31 19:38:59','2012-04-30 20:24:39','Edmund Jennings Randolph to Jean Antoine Joseph Fauchet. Philadelphia, July  5, 1794',1,1,1,1,1,1,NULL,NULL,NULL),(49,572,NULL,337,586,NULL,337,0,'1794-07-04','1794-07-05',NULL,' Girard\'s response on July 5 states that he received the letter on the 5th.','2011-12-31 19:40:49','2012-02-07 13:21:56','Edmund Jennings Randolph to S. Girard. Philadelphia, July  4, 1794',1,1,1,1,1,1,NULL,NULL,NULL),(50,586,NULL,337,572,NULL,337,0,'1794-07-05','1794-07-05',NULL,'','2011-12-31 19:41:34','2012-02-07 13:21:56','S. Girard to Edmund Jennings Randolph. Philadelphia, July  5, 1794',1,1,1,1,1,1,NULL,NULL,NULL),(51,572,NULL,337,573,NULL,337,0,'1794-07-04','1794-07-04',NULL,'','2011-12-31 19:42:32','2012-02-07 13:21:56','Edmund Jennings Randolph to George Hammond. Philadelphia, July  4, 1794',1,1,1,1,1,1,NULL,NULL,NULL),(52,573,NULL,337,572,NULL,337,0,'1794-07-04','1794-07-04',NULL,'','2011-12-31 19:43:19','2012-02-07 13:21:56','George Hammond to Edmund Jennings Randolph. Philadelphia, July  4, 1794',1,1,1,1,1,1,NULL,NULL,NULL),(53,572,NULL,337,577,NULL,337,0,'1794-07-05','1794-07-05',NULL,'','2011-12-31 19:44:19','2012-02-07 13:21:56','Edmund Jennings Randolph to Thomas Fitzsimmons. Philadelphia, July  5, 1794',1,1,1,1,1,1,NULL,NULL,NULL),(54,572,NULL,337,654,NULL,337,0,'1794-07-05','1794-07-05',NULL,'','2011-12-31 19:47:01','2012-02-07 13:21:56','Edmund Jennings Randolph to Nathaniel Falconer. Philadelphia, July  5, 1794',1,1,1,NULL,1,1,NULL,NULL,NULL),(55,572,NULL,337,587,NULL,337,0,'1794-07-07','1794-07-07',NULL,'','2011-12-31 19:48:23','2012-02-07 13:21:56','Edmund Jennings Randolph to William Rawle. Philadelphia, July  7, 1794',1,1,1,1,1,1,NULL,NULL,NULL),(56,587,NULL,337,572,NULL,337,0,'1794-07-07','1794-07-07',NULL,'','2011-12-31 19:49:09','2012-02-07 13:21:56','William Rawle to Edmund Jennings Randolph. Philadelphia, July  7, 1794',1,1,1,1,1,1,NULL,NULL,NULL),(57,588,NULL,344,649,NULL,337,0,'1794-07-07','1794-08-21',NULL,' August 21 may be the date it was copied from the War Papers.','2011-12-31 19:51:29','2012-02-07 13:21:56','Anthony Wayne to Henry Knox. Greenville, July  7, 1794',1,1,1,1,1,1,NULL,NULL,NULL),(58,590,NULL,NULL,588,NULL,NULL,0,'1793-02-02',NULL,NULL,' (deposition) – not sure what this is','2011-12-31 19:52:30','2012-02-07 13:21:56','Collins to Anthony Wayne. ?, February  2, 1793',1,1,1,NULL,NULL,NULL,NULL,NULL,NULL),(59,572,NULL,337,573,NULL,337,0,'1794-06-18',NULL,NULL,'','2011-12-31 19:53:33','2012-02-07 13:21:56','Edmund Jennings Randolph to George Hammond. Philadelphia, June 18, 1794',1,1,1,NULL,NULL,NULL,NULL,NULL,NULL),(60,572,NULL,337,573,NULL,337,0,'1794-06-18',NULL,NULL,'','2011-12-31 19:55:21','2012-02-07 13:21:56','Edmund Jennings Randolph to George Hammond. Philadelphia, June 18, 1794',1,1,1,NULL,NULL,NULL,NULL,NULL,NULL),(61,591,NULL,NULL,NULL,NULL,NULL,0,'1794-03-20',NULL,NULL,'','2011-12-31 20:04:12','2012-02-07 13:21:56','Coxe to ?. ?, March 20, 1794',1,1,1,NULL,NULL,NULL,NULL,NULL,NULL),(62,572,NULL,337,472,NULL,337,0,'1794-04-11','1794-04-11',NULL,' instructions','2011-12-31 20:05:04','2012-02-07 13:21:56','Edmund Jennings Randolph to Nathaniel Cabot Higginson. Philadelphia, April 11, 1794',1,1,1,1,1,1,NULL,NULL,NULL),(63,6,NULL,166,572,NULL,337,0,'1794-01-28',NULL,NULL,'','2011-12-31 23:12:45','2012-02-07 13:21:56','Thomas Pinckney to Edmund Jennings Randolph. London, January 28, 1794',1,1,1,NULL,NULL,NULL,NULL,NULL,NULL),(64,572,NULL,337,573,NULL,337,0,'1794-05-08','1794-05-08',NULL,'','2011-12-31 23:13:53','2012-02-07 13:21:56','Edmund Jennings Randolph to George Hammond. Philadelphia, May  8, 1794',1,1,1,1,1,1,NULL,NULL,NULL),(65,588,NULL,344,649,NULL,337,0,'1794-03-20',NULL,NULL,'','2011-12-31 23:14:43','2012-02-07 13:21:56','Anthony Wayne to Henry Knox. Greenville, March 20, 1794',1,1,1,NULL,NULL,NULL,NULL,NULL,NULL),(66,589,NULL,NULL,572,NULL,337,0,'1794-05-08',NULL,NULL,'','2011-12-31 23:15:33','2012-02-07 13:21:56','Knox to Edmund Jennings Randolph. ?, May  8, 1794',1,1,1,NULL,NULL,NULL,NULL,NULL,NULL),(67,572,NULL,337,573,NULL,337,0,'1794-09-03',NULL,NULL,'','2011-12-31 23:16:47','2012-02-07 13:21:56','Edmund Jennings Randolph to George Hammond. Philadelphia, September  3, 1794',1,1,1,NULL,NULL,NULL,NULL,NULL,NULL),(68,573,NULL,337,572,NULL,337,0,'1794-10-26',NULL,NULL,'','2011-12-31 23:17:48','2012-02-07 13:21:56','George Hammond to Edmund Jennings Randolph. Philadelphia, October 26, 1794',1,1,1,NULL,NULL,NULL,NULL,NULL,NULL),(69,573,NULL,337,572,NULL,337,0,'1794-04-02','1794-04-02',NULL,'','2011-12-31 23:18:51','2012-02-07 13:21:56','George Hammond to Edmund Jennings Randolph. Philadelphia, April  2, 1794',1,1,1,1,1,1,NULL,NULL,NULL),(70,573,NULL,337,572,NULL,337,0,'1794-04-02','1794-04-02',NULL,'','2011-12-31 23:19:34','2012-02-07 13:21:56','George Hammond to Edmund Jennings Randolph. Philadelphia, April  2, 1794',1,1,1,1,1,1,NULL,NULL,NULL),(71,573,NULL,337,572,NULL,337,0,'1794-04-02','1794-04-02',NULL,'','2011-12-31 23:20:27','2012-02-07 13:21:56','George Hammond to Edmund Jennings Randolph. Philadelphia, April  2, 1794',1,1,1,1,1,1,NULL,NULL,NULL),(72,572,NULL,337,573,NULL,337,0,'1794-04-02',NULL,NULL,'','2011-12-31 23:21:27','2012-02-07 13:21:56','Edmund Jennings Randolph to George Hammond. Philadelphia, April  2, 1794',1,1,1,NULL,NULL,NULL,NULL,NULL,NULL),(73,572,NULL,337,592,NULL,343,0,'1794-04-03','1794-04-06',NULL,' Date received based on Hollingsworth\'s reply to Randolph dated April 6, 1794.','2011-12-31 23:22:43','2012-02-07 13:21:56','Edmund Jennings Randolph to Zebulon Hollingsworth. Philadelphia, April  3, 1794',1,1,1,0,1,1,NULL,NULL,NULL),(74,572,NULL,337,593,NULL,345,0,'1794-04-03','1794-04-10',NULL,' Date received inferred from Campbell\'s letters to Norfolk, which begin on April 10, 1794.','2012-01-01 00:20:07','2012-02-07 13:21:56','Edmund Jennings Randolph to Alexander Campbell. Philadelphia, April  3, 1794',1,1,1,1,1,1,NULL,NULL,NULL),(75,572,NULL,337,596,NULL,346,0,'1794-04-03','1794-04-19',NULL,' Received date based on date of Moultrie\'s response to Randolph, April 19, 1794.','2012-01-01 00:20:52','2012-02-07 13:21:56','Edmund Jennings Randolph to William Moultrie. Philadelphia, April  3, 1794',1,1,1,0,1,1,NULL,NULL,NULL),(76,592,NULL,343,572,NULL,337,0,'1794-04-06',NULL,NULL,' Probably received by April 9, based on three day transit time from last letter from Philadelphia to Baltimore.','2012-01-01 00:21:27','2012-02-07 13:21:56','Zebulon Hollingsworth to Edmund Jennings Randolph. Baltimore, April  6, 1794',1,1,1,NULL,NULL,NULL,NULL,NULL,NULL),(77,594,NULL,343,592,NULL,343,0,'1794-04-06','1794-04-06',NULL,'','2012-01-01 00:22:30','2012-02-07 13:21:56','John C. Wederstrandt to Zebulon Hollingsworth. Baltimore, April  6, 1794',1,1,1,1,1,1,NULL,NULL,NULL),(78,593,NULL,345,572,NULL,337,0,'1794-04-11',NULL,NULL,'','2012-01-01 00:23:24','2012-02-07 13:21:56','Alexander Campbell to Edmund Jennings Randolph. Richmond, April 11, 1794',1,1,1,NULL,NULL,NULL,NULL,NULL,NULL),(79,593,NULL,345,595,NULL,347,0,'1794-04-10','1794-04-13',NULL,' Received date based on John Hamilton\'s response to Cambell\'s letter to him (also written on April 10 and concerning the same subject).   In the response, dated April 14, 1794, Hamilton states he received Campbell\'s letter in yesterday\'s post.','2012-01-01 00:25:21','2012-02-07 13:21:56','Alexander Campbell to Robert Taylor. Richmond, April 10, 1794',1,1,1,1,1,1,NULL,NULL,NULL),(80,593,NULL,345,598,NULL,347,1,'1794-04-10','1794-04-13',NULL,' A copy of this letter was also sent to Col. John Hamilton.  Received date based on John Hamilton\'s response to Cambell\'s letter to him (also written on April 10 and concerning the same subject).   In the response, dated April 14, 1794, Hamilton states he received Campbell\'s letter in yesterday\'s post.','2012-01-01 00:28:42','2012-02-07 13:21:56','Alexander Campbell to Sir Charles Henry Knowles. Richmond, April 10, 1794',1,1,1,1,1,1,NULL,NULL,NULL),(81,595,NULL,347,593,NULL,345,0,'1794-04-16',NULL,NULL,'','2012-01-01 00:29:07','2012-02-07 13:21:56','Robert Taylor to Alexander Campbell. Norfolk, April 16, 1794',1,1,1,NULL,NULL,NULL,NULL,NULL,NULL),(82,595,NULL,347,597,NULL,347,1,'1794-04-14','1794-04-14',NULL,' Date received inferred from the letter being sent within Norfolk.  Copy also sent to Sir Charles Henry Knowles, Captain HMS Daedalus, in Norfolk harbor.','2012-01-01 00:30:43','2012-02-07 13:21:56','Robert Taylor to John Hamilton. Norfolk, April 14, 1794',1,1,1,1,1,1,NULL,NULL,NULL),(83,597,NULL,347,595,NULL,347,0,'1794-04-16',NULL,NULL,'','2012-01-01 00:32:37','2012-02-07 13:21:56','John Hamilton to Robert Taylor. Norfolk, April 16, 1794',1,1,1,NULL,NULL,NULL,NULL,NULL,NULL),(84,598,NULL,347,595,NULL,347,0,'1794-04-15',NULL,NULL,'','2012-01-01 00:42:50','2012-02-07 13:21:56','Sir Charles Henry Knowles to Robert Taylor. Norfolk, April 15, 1794',1,1,1,NULL,NULL,NULL,NULL,NULL,NULL),(85,598,NULL,347,593,NULL,345,0,'1794-04-15',NULL,NULL,'','2012-01-01 00:45:16','2012-02-07 13:21:56','Sir Charles Henry Knowles to Alexander Campbell. Norfolk, April 15, 1794',1,1,1,NULL,NULL,NULL,NULL,NULL,NULL),(86,597,NULL,347,593,NULL,345,0,'1794-04-14',NULL,NULL,'','2012-01-01 00:46:12','2012-02-07 13:21:56','John Hamilton to Alexander Campbell. Norfolk, April 14, 1794',1,1,1,NULL,NULL,NULL,NULL,NULL,NULL),(87,593,NULL,345,572,NULL,337,0,'1794-04-19',NULL,NULL,'','2012-01-01 00:47:07','2012-02-07 13:21:56','Alexander Campbell to Edmund Jennings Randolph. Richmond, April 19, 1794',1,1,1,NULL,NULL,NULL,NULL,NULL,NULL),(88,596,NULL,346,572,NULL,337,0,'1794-04-19',NULL,NULL,'','2012-01-01 00:47:56','2012-02-07 13:21:56','William Moultrie to Edmund Jennings Randolph. Charleston, April 19, 1794',1,1,1,NULL,NULL,NULL,NULL,NULL,NULL),(89,596,NULL,346,572,NULL,337,0,'1794-04-19',NULL,NULL,'','2012-01-01 00:48:30','2012-02-07 13:21:56','William Moultrie to Edmund Jennings Randolph. Charleston, April 19, 1794',1,1,1,NULL,NULL,NULL,NULL,NULL,NULL),(90,573,NULL,337,572,NULL,337,0,'1794-05-01',NULL,NULL,'','2012-01-01 00:49:09','2012-02-07 13:21:56','George Hammond to Edmund Jennings Randolph. Philadelphia, May  1, 1794',1,1,1,NULL,NULL,NULL,NULL,NULL,NULL),(91,572,NULL,337,573,NULL,337,0,'1794-05-12','1794-05-12',NULL,'','2012-01-01 00:49:58','2012-02-07 13:21:56','Edmund Jennings Randolph to George Hammond. Philadelphia, May 12, 1794',1,1,1,1,1,1,NULL,NULL,NULL),(92,573,NULL,337,572,NULL,337,0,'1794-05-12','1794-05-12',NULL,'','2012-01-01 00:52:47','2012-02-07 13:21:56','George Hammond to Edmund Jennings Randolph. Philadelphia, May 12, 1794',1,1,1,1,1,1,NULL,NULL,NULL),(93,573,NULL,337,572,NULL,337,0,'1794-05-05','1794-05-05',NULL,'','2012-01-01 00:53:40','2012-02-07 13:21:56','George Hammond to Edmund Jennings Randolph. Philadelphia, May  5, 1794',1,1,1,1,1,1,NULL,NULL,NULL),(94,572,NULL,337,573,NULL,337,0,'1794-05-06','1794-05-06',NULL,'','2012-01-01 00:55:04','2012-02-07 13:21:56','Edmund Jennings Randolph to George Hammond. Philadelphia, May  6, 1794',1,1,1,1,1,1,NULL,NULL,NULL),(95,572,NULL,337,587,NULL,337,0,'1794-05-06','1794-05-06',NULL,'','2012-01-01 00:57:06','2012-02-07 13:21:56','Edmund Jennings Randolph to William Rawle. Philadelphia, May  6, 1794',1,1,1,1,1,1,NULL,NULL,NULL),(96,573,NULL,337,572,NULL,337,0,'1794-05-06','1794-05-06',NULL,'','2012-01-01 00:57:34','2012-02-07 13:21:56','George Hammond to Edmund Jennings Randolph. Philadelphia, May  6, 1794',1,1,1,1,1,1,NULL,NULL,NULL),(97,606,NULL,337,573,NULL,337,0,'1794-05-09','1794-05-10',NULL,' May 9 [10] 1794   In his response of May 12, 1794 Hammond referes to receiving Hamilton\'s letter on May 10 and the inclosure on May 11.','2012-01-01 00:58:40','2012-02-07 13:21:56','Alexander Hamilton to George Hammond. Philadelphia, May  9, 1794',1,1,1,1,1,1,NULL,NULL,NULL),(98,587,NULL,337,606,NULL,337,0,'1794-05-08','1794-05-08',NULL,'','2012-01-01 00:59:30','2012-02-07 13:21:56','William Rawle to Alexander Hamilton. Philadelphia, May  8, 1794',1,1,1,1,1,1,NULL,NULL,NULL),(99,573,NULL,337,606,NULL,337,0,'1794-05-12','1794-05-14',NULL,' Hamilton\'s response on May 14 states he did not receive Hammond\'s letter until then.','2012-01-01 01:00:14','2012-02-07 13:21:56','George Hammond to Alexander Hamilton. Philadelphia, May 12, 1794',1,1,1,1,1,1,NULL,NULL,NULL),(100,606,NULL,337,573,NULL,337,0,'1794-05-14','1794-05-14',NULL,'','2012-01-01 01:04:27','2012-02-07 13:21:56','Alexander Hamilton to George Hammond. Philadelphia, May 14, 1794',1,1,1,NULL,1,1,NULL,NULL,NULL),(101,599,NULL,347,600,NULL,NULL,0,'1794-04-07',NULL,NULL,'','2012-01-01 01:06:24','2012-02-07 13:21:56','Thomas Mathews to Vaughan. Norfolk, April  7, 1794',1,1,1,NULL,NULL,NULL,NULL,NULL,NULL),(102,573,NULL,337,572,NULL,337,0,'1794-05-15','1794-05-15',NULL,' Includes letter from Mayor of Philadelphia, Matthew Clarkson.','2012-01-01 01:07:22','2012-02-07 13:21:56','George Hammond to Edmund Jennings Randolph. Philadelphia, May 15, 1794',1,1,1,1,1,1,NULL,NULL,NULL),(103,606,NULL,337,572,NULL,337,0,'1794-05-14','1794-05-14',NULL,'','2012-01-01 01:08:08','2012-02-07 13:21:56','Alexander Hamilton to Edmund Jennings Randolph. Philadelphia, May 14, 1794',1,1,1,1,1,1,NULL,NULL,NULL),(104,601,NULL,348,572,NULL,337,0,'1794-05-16',NULL,NULL,'','2012-01-01 01:09:11','2012-02-07 13:21:56','Arthur Fenner to Edmund Jennings Randolph. Providence, May 16, 1794',1,1,1,NULL,NULL,NULL,NULL,NULL,NULL),(105,572,NULL,337,7,NULL,166,0,'1794-05-27','1794-07-14',NULL,' Jay acknowledges receipt of letter on July 16, 1794 (Jay ID 4426)','2012-01-04 17:52:44','2012-02-07 13:21:56','Edmund Jennings Randolph to John Jay. Philadelphia, May 27, 1794',1,1,1,1,1,1,NULL,NULL,NULL),(106,572,NULL,337,7,NULL,166,0,'1794-05-27',NULL,NULL,'','2012-01-04 17:52:44','2012-02-07 13:21:56','Edmund Jennings Randolph to John Jay. Philadelphia, May 27, 1794',1,1,1,NULL,NULL,NULL,NULL,NULL,NULL),(107,572,NULL,337,7,NULL,166,0,'1794-05-27',NULL,NULL,'','2012-01-04 17:52:44','2012-02-07 13:21:56','Edmund Jennings Randolph to John Jay. Philadelphia, May 27, 1794',1,1,1,NULL,NULL,NULL,NULL,NULL,NULL),(108,572,NULL,337,7,NULL,166,0,'1794-05-27',NULL,NULL,'','2012-01-04 17:52:44','2012-02-07 13:21:56','Edmund Jennings Randolph to John Jay. Philadelphia, May 27, 1794',1,1,1,NULL,NULL,NULL,NULL,NULL,NULL),(109,572,NULL,337,7,NULL,166,0,'1794-05-28','1794-07-14',NULL,' Jay acknowledges receipt in July 16, 1794 (Jay ID 4426)','2012-01-04 17:52:44','2012-02-07 13:21:56','Edmund Jennings Randolph to John Jay. Philadelphia, May 28, 1794',1,1,1,1,1,1,NULL,NULL,NULL),(110,572,NULL,337,7,NULL,166,0,'1794-05-28',NULL,NULL,'','2012-01-04 17:52:44','2012-02-07 13:21:56','Edmund Jennings Randolph to John Jay. Philadelphia, May 28, 1794',1,1,1,NULL,NULL,NULL,NULL,NULL,NULL),(111,572,NULL,337,7,NULL,166,0,'1794-05-28',NULL,NULL,'','2012-01-04 17:52:44','2012-02-07 13:21:56','Edmund Jennings Randolph to John Jay. Philadelphia, May 28, 1794',1,1,1,NULL,NULL,NULL,NULL,NULL,NULL),(112,572,NULL,337,7,NULL,166,0,'1794-05-29','1794-07-16',NULL,' Jay acknowledges receipt in July 16, 1794 response (Jay ID 4426)','2012-01-04 17:52:44','2012-02-07 13:21:56','Edmund Jennings Randolph to John Jay. Philadelphia, May 29, 1794',1,1,1,1,1,1,NULL,NULL,NULL),(113,572,NULL,337,7,NULL,166,0,'1794-05-29',NULL,NULL,'','2012-01-04 17:52:44','2012-02-07 13:21:56','Edmund Jennings Randolph to John Jay. Philadelphia, May 29, 1794',1,1,1,NULL,NULL,NULL,NULL,NULL,NULL),(114,572,NULL,337,7,NULL,166,0,'1794-05-29',NULL,NULL,'','2012-01-04 17:52:44','2012-02-07 13:21:56','Edmund Jennings Randolph to John Jay. Philadelphia, May 29, 1794',1,1,1,NULL,NULL,NULL,NULL,NULL,NULL),(115,605,NULL,342,7,NULL,166,0,'1794-05-29',NULL,NULL,'','2012-01-04 17:52:44','2012-02-07 13:21:56','Sarah Livingston Jay to John Jay. New York, May 29, 1794',1,1,1,NULL,NULL,NULL,NULL,NULL,NULL),(116,606,NULL,337,7,NULL,166,0,'1794-06-04',NULL,NULL,'','2012-01-04 17:52:44','2012-02-07 13:21:56','Alexander Hamilton to John Jay. Philadelphia, June  4, 1794',1,1,1,NULL,NULL,NULL,NULL,NULL,NULL),(117,9,NULL,333,7,NULL,166,0,'1794-06-07',NULL,NULL,'','2012-01-04 17:52:44','2012-02-07 13:21:56','Christopher Gore to John Jay. Boston, June  7, 1794',1,1,1,NULL,NULL,NULL,NULL,NULL,NULL),(118,572,NULL,337,7,NULL,166,0,'1794-06-08','1794-07-16',NULL,' Jay acknowledges receipt in response on July 16, 1794 (Jay ID 4426)','2012-01-04 17:52:44','2012-02-07 13:21:56','Edmund Jennings Randolph to John Jay. Philadelphia, June  8, 1794',1,1,1,NULL,1,1,NULL,NULL,NULL),(119,572,NULL,337,7,NULL,166,0,'1794-06-08',NULL,NULL,'','2012-01-04 17:52:44','2012-02-07 13:21:56','Edmund Jennings Randolph to John Jay. Philadelphia, June  8, 1794',1,1,1,NULL,NULL,NULL,NULL,NULL,NULL),(120,572,NULL,337,7,NULL,166,0,'1794-06-08',NULL,NULL,'','2012-01-04 17:52:44','2012-02-07 13:21:56','Edmund Jennings Randolph to John Jay. Philadelphia, June  8, 1794',1,1,1,NULL,NULL,NULL,NULL,NULL,NULL),(121,572,NULL,337,7,NULL,166,0,'1794-06-09','1794-08-21',NULL,' Jay acknowledges receipt in letter of August 21, 1794.  Jay ID 4440','2012-01-04 17:52:44','2012-02-07 13:21:56','Edmund Jennings Randolph to John Jay. Philadelphia, June  9, 1794',1,1,1,0,1,1,NULL,NULL,NULL),(122,572,NULL,337,7,NULL,166,0,'1794-06-09',NULL,NULL,'','2012-01-04 17:52:44','2012-02-07 13:21:56','Edmund Jennings Randolph to John Jay. Philadelphia, June  9, 1794',1,1,1,NULL,NULL,NULL,NULL,NULL,NULL),(123,607,NULL,337,7,NULL,166,0,'1794-06-09',NULL,NULL,'','2012-01-04 17:52:44','2012-02-07 13:21:56','Tench Coxe to John Jay. Philadelphia, June  9, 1794',1,1,1,NULL,NULL,NULL,NULL,NULL,NULL),(124,603,NULL,351,7,NULL,166,0,'1794-06-09',NULL,NULL,'','2012-01-04 17:52:44','2012-02-07 13:21:56','William Bayard to John Jay. Southampton, June  9, 1794',1,1,1,NULL,NULL,NULL,NULL,NULL,NULL),(125,144,NULL,337,7,NULL,166,0,'1794-06-09',NULL,NULL,'','2012-01-04 17:52:44','2012-02-07 13:21:56','William Vans Murray to John Jay. Philadelphia, June  9, 1794',1,1,1,NULL,NULL,NULL,NULL,NULL,NULL),(126,608,NULL,342,7,NULL,166,0,'1794-06-13',NULL,NULL,'','2012-01-04 17:52:44','2012-02-07 13:21:56','Maria Jay to John Jay. New York, June 13, 1794',1,1,1,NULL,NULL,NULL,NULL,NULL,NULL),(127,609,NULL,342,7,NULL,166,0,'1794-06-14',NULL,NULL,'','2012-01-04 17:52:44','2012-02-07 13:21:56','Peter Jay Munro to John Jay. New York, June 14, 1794',1,1,1,NULL,NULL,NULL,NULL,NULL,NULL),(128,609,NULL,342,7,NULL,166,0,'1794-06-15',NULL,NULL,'','2012-01-04 17:52:44','2012-02-07 13:21:56','Peter Jay Munro to John Jay. New York, June 15, 1794',1,1,1,NULL,NULL,NULL,NULL,NULL,NULL),(129,610,NULL,182,7,NULL,166,0,'1794-06-15',NULL,NULL,'','2012-01-04 17:52:44','2012-02-07 13:21:56','Sir Edward Newenham to John Jay. Dublin, June 15, 1794',1,1,1,NULL,NULL,NULL,NULL,NULL,NULL),(130,611,NULL,166,7,NULL,166,0,'1794-06-16',NULL,NULL,'','2012-01-04 17:52:44','2012-02-07 13:21:56','William Grenville to John Jay. London, June 16, 1794',1,1,1,NULL,NULL,NULL,NULL,NULL,NULL),(131,612,NULL,166,7,NULL,166,0,'1794-06-17','1794-06-17',NULL,' Since Braithwaite was comptroller of the foreign office, it is assumed the letter originated in London and was received the same day.','2012-01-04 17:52:44','2012-02-07 13:21:56','Mr. Braithwaite to John Jay. London, June 17, 1794',1,1,1,1,1,1,NULL,NULL,NULL),(132,6,NULL,166,7,NULL,166,0,'1794-06-17',NULL,NULL,'','2012-01-04 17:52:44','2012-02-07 13:21:56','Thomas Pinckney to John Jay. London, June 17, 1794',1,1,1,NULL,NULL,NULL,NULL,NULL,NULL),(133,613,NULL,346,7,NULL,166,0,'1794-06-19',NULL,NULL,'','2012-01-04 17:52:44','2012-02-07 13:21:56','Jacob Read to John Jay. Charleston, June 19, 1794',1,1,1,NULL,NULL,NULL,NULL,NULL,NULL),(134,614,NULL,355,7,NULL,166,0,'1794-06-19',NULL,NULL,NULL,'2012-01-04 17:52:44','2012-04-20 14:16:27','Prince de Poix to John Jay. Twickenham, June 19, 1794',1,1,1,NULL,NULL,NULL,NULL,NULL,NULL),(135,611,NULL,166,7,NULL,166,0,'1794-06-19',NULL,NULL,'','2012-01-04 17:52:44','2012-02-07 13:21:56','William Grenville to John Jay. London, June 19, 1794',1,1,1,NULL,NULL,NULL,NULL,NULL,NULL),(136,615,NULL,166,7,NULL,166,0,'1794-06-23',NULL,NULL,'','2012-01-04 17:52:44','2012-02-07 13:21:57','Del Campo to John Jay. London, June 23, 1794',1,1,1,NULL,NULL,NULL,NULL,NULL,NULL),(137,611,NULL,166,7,NULL,166,0,'1794-06-24',NULL,NULL,'','2012-01-04 17:52:44','2012-02-07 13:21:57','William Grenville to John Jay. London, June 24, 1794',1,1,1,NULL,NULL,NULL,NULL,NULL,NULL),(138,616,NULL,166,7,NULL,166,0,'1794-06-25','1794-06-27',NULL,'','2012-01-04 17:52:44','2012-02-07 13:21:57','William Augustus Miles to John Jay. London, June 25, 1794',1,1,1,1,1,1,NULL,NULL,NULL),(139,616,NULL,166,7,NULL,166,0,'1794-06-26','1794-06-27',NULL,'','2012-01-04 17:52:44','2012-02-07 13:21:57','William Augustus Miles to John Jay. London, June 26, 1794',1,1,1,1,1,1,NULL,NULL,NULL),(140,247,NULL,229,7,NULL,166,0,'1794-06-27',NULL,NULL,'','2012-01-04 17:52:44','2012-02-07 13:21:57','Sylvanus Bourne to John Jay. Amsterdam, June 27, 1794',1,1,1,NULL,NULL,NULL,NULL,NULL,NULL),(141,247,NULL,229,7,NULL,166,0,'1794-06-27',NULL,NULL,'','2012-01-04 17:52:44','2012-02-07 13:21:57','Sylvanus Bourne to John Jay. Amsterdam, June 27, 1794',1,1,1,NULL,NULL,NULL,NULL,NULL,NULL),(142,603,NULL,351,7,NULL,166,0,'1794-06-29',NULL,NULL,'','2012-01-04 17:52:44','2012-02-07 13:21:57','William Bayard to John Jay. Southampton, June 29, 1794',1,1,1,NULL,NULL,NULL,NULL,NULL,NULL),(143,617,NULL,166,7,NULL,166,0,'1794-06-30',NULL,NULL,'','2012-01-04 17:52:44','2012-02-07 13:21:57','Lally-Colendal to John Jay. London, June 30, 1794',1,1,1,NULL,NULL,NULL,NULL,NULL,NULL),(144,618,NULL,359,7,NULL,166,0,'1794-07-01','1794-07-03',NULL,'','2012-01-04 17:52:44','2012-02-07 13:21:57','Mary Ann Lowden to John Jay. Dumfries, July  1, 1794',1,1,1,1,1,1,NULL,NULL,NULL),(145,619,NULL,166,7,NULL,166,0,'1794-07-04',NULL,NULL,'','2012-01-04 17:52:44','2012-02-07 13:21:57','Dell\'Acqua to John Jay. London, July  4, 1794',1,1,1,NULL,NULL,NULL,NULL,NULL,NULL),(146,620,NULL,166,7,NULL,166,0,'1794-07-04','1794-07-04',NULL,'','2012-01-04 17:52:44','2012-02-07 13:21:57','Thomas Coombe to John Jay. London, July  4, 1794',1,1,1,1,1,1,NULL,NULL,NULL),(147,621,NULL,166,7,NULL,166,0,'1794-07-05',NULL,NULL,' Assuming letter was sent from London because Waddell refers to discussing the issue with Thomas Pinckney.','2012-01-04 17:52:44','2012-02-07 13:21:57','Henry Waddell to John Jay. London, July  5, 1794',1,1,1,NULL,NULL,NULL,NULL,NULL,NULL),(148,621,NULL,166,7,NULL,166,0,'1794-07-05',NULL,NULL,' Assuming letter was sent from London because Waddell refers to discussing the issue with Thomas Pinckney.','2012-01-04 17:52:44','2012-02-07 13:21:57','Henry Waddell to John Jay. London, July  5, 1794',1,1,1,NULL,NULL,NULL,NULL,NULL,NULL),(149,622,NULL,345,7,NULL,166,0,'1794-07-06',NULL,NULL,'','2012-01-04 17:52:44','2012-02-07 13:21:57','Richard Henry Lee to John Jay. Richmond, July  6, 1794',1,1,1,NULL,NULL,NULL,NULL,NULL,NULL),(150,623,NULL,166,7,NULL,166,0,'1794-07-06','1794-07-09',NULL,'','2012-01-04 17:52:44','2012-02-07 13:21:57','Sir John Sinclair to John Jay. London, July  6, 1794',1,1,1,1,1,1,NULL,NULL,NULL),(151,605,NULL,342,7,NULL,166,0,'1794-07-07',NULL,NULL,'','2012-01-04 17:52:44','2012-02-07 13:21:57','Sarah Livingston Jay to John Jay. New York, July  7, 1794',1,1,1,NULL,NULL,NULL,NULL,NULL,NULL),(152,624,NULL,229,7,NULL,166,0,'1794-07-08',NULL,NULL,'','2012-01-04 17:52:44','2012-02-07 13:21:57','W. Jackson to John Jay. Amsterdam, July  8, 1794',1,1,1,NULL,NULL,NULL,NULL,NULL,NULL),(153,572,NULL,337,7,NULL,166,0,'1794-07-09','1794-08-21',NULL,' Jay acknowledges receipt in letter of August 21, 1794.  says it came \"a few days ago\" Jay ID 4440','2012-01-04 17:52:44','2012-02-07 13:21:57','Edmund Jennings Randolph to John Jay. Philadelphia, July  9, 1794',1,1,1,0,1,1,NULL,NULL,NULL),(154,572,NULL,337,7,NULL,166,0,'1794-07-09',NULL,NULL,'','2012-01-04 17:52:44','2012-02-07 13:21:57','Edmund Jennings Randolph to John Jay. Philadelphia, July  9, 1794',1,1,1,NULL,NULL,NULL,NULL,NULL,NULL),(155,625,NULL,352,7,NULL,166,0,'1794-07-09',NULL,NULL,'','2012-01-04 17:52:44','2012-02-07 13:21:57','Edward Gardiner to John Jay. Herefordshire, July  9, 1794',1,1,1,NULL,NULL,NULL,NULL,NULL,NULL),(156,572,NULL,337,7,NULL,166,0,'1794-07-10',NULL,NULL,'','2012-01-04 17:52:44','2012-02-07 13:21:57','Edmund Jennings Randolph to John Jay. Philadelphia, July 10, 1794',1,1,1,NULL,NULL,NULL,NULL,NULL,NULL),(157,572,NULL,337,7,NULL,166,0,'1794-07-10',NULL,NULL,'','2012-01-04 17:52:44','2012-02-07 13:21:57','Edmund Jennings Randolph to John Jay. Philadelphia, July 10, 1794',1,1,1,NULL,NULL,NULL,NULL,NULL,NULL),(158,572,NULL,337,7,NULL,166,0,'1794-07-10',NULL,NULL,'','2012-01-04 17:52:44','2012-02-07 13:21:57','Edmund Jennings Randolph to John Jay. Philadelphia, July 10, 1794',1,1,1,NULL,NULL,NULL,NULL,NULL,NULL),(159,572,NULL,337,7,NULL,166,0,'1794-07-10',NULL,NULL,'','2012-01-04 17:52:44','2012-02-07 13:21:57','Edmund Jennings Randolph to John Jay. Philadelphia, July 10, 1794',1,1,1,NULL,NULL,NULL,NULL,NULL,NULL),(160,626,NULL,357,7,NULL,166,0,'1794-07-11',NULL,NULL,'','2012-01-04 17:52:44','2012-02-07 13:21:57','Sarah Vaughan to John Jay. Rottingdean, July 11, 1794',1,1,1,NULL,NULL,NULL,NULL,NULL,NULL),(161,610,NULL,182,7,NULL,166,0,'1794-07-12',NULL,NULL,'','2012-01-04 17:52:44','2012-02-07 13:21:57','Sir Edward Newenham to John Jay. Dublin, July 12, 1794',1,1,1,NULL,NULL,NULL,NULL,NULL,NULL),(162,602,NULL,360,7,NULL,166,0,'1794-07-14','1794-07-23',NULL,'','2012-01-04 17:52:44','2012-02-07 13:21:57','John Anstey to John Jay. Bath, July 14, 1794',1,1,1,1,1,1,NULL,NULL,NULL),(163,627,NULL,354,7,NULL,166,0,'1794-07-15',NULL,NULL,'','2012-01-04 17:52:44','2012-02-07 13:21:57','Lindley Murray to John Jay. York, July 15, 1794',1,1,1,NULL,NULL,NULL,NULL,NULL,NULL),(165,572,NULL,337,7,NULL,166,0,'1794-07-18',NULL,NULL,'','2012-01-04 17:52:44','2012-02-07 13:21:57','Edmund Jennings Randolph to John Jay. Philadelphia, July 18, 1794',1,1,1,NULL,NULL,NULL,NULL,NULL,NULL),(166,572,NULL,337,7,NULL,166,0,'1794-07-18',NULL,NULL,'','2012-01-04 17:52:44','2012-02-07 13:21:57','Edmund Jennings Randolph to John Jay. Philadelphia, July 18, 1794',1,1,1,NULL,NULL,NULL,NULL,NULL,NULL),(167,572,NULL,337,7,NULL,166,0,'1794-07-18',NULL,NULL,'','2012-01-04 17:52:44','2012-02-07 13:21:57','Edmund Jennings Randolph to John Jay. Philadelphia, July 18, 1794',1,1,1,NULL,NULL,NULL,NULL,NULL,NULL),(168,108,NULL,353,7,NULL,166,0,'1794-07-18',NULL,NULL,'','2012-01-04 17:52:44','2012-02-07 13:21:57','John Mitchell to John Jay. Edinburgh, July 18, 1794',1,1,1,NULL,NULL,NULL,NULL,NULL,NULL),(169,6,NULL,166,7,NULL,166,0,'1794-07-19',NULL,NULL,'','2012-01-04 17:52:44','2012-02-07 13:21:57','Thomas Pinckney to John Jay. London, July 19, 1794',1,1,1,NULL,NULL,NULL,NULL,NULL,NULL),(170,6,NULL,166,7,NULL,166,0,'1794-07-20',NULL,NULL,'','2012-01-04 17:52:44','2012-02-07 13:21:57','Thomas Pinckney to John Jay. London, July 20, 1794',1,1,1,NULL,NULL,NULL,NULL,NULL,NULL),(171,628,NULL,166,7,NULL,166,0,'1794-07-27',NULL,NULL,'','2012-01-04 17:52:44','2012-02-07 13:21:57','William Petty, Marquis of Lansdowne to John Jay. London, July 27, 1794',1,1,1,NULL,NULL,NULL,NULL,NULL,NULL),(172,6,NULL,166,7,NULL,166,0,'1794-07-28',NULL,NULL,'','2012-01-04 17:52:44','2012-02-07 13:21:57','Thomas Pinckney to John Jay. London, July 28, 1794',1,1,1,NULL,NULL,NULL,NULL,NULL,NULL),(173,611,NULL,166,7,NULL,166,0,'1794-07-28',NULL,NULL,'','2012-01-04 17:52:44','2012-02-07 13:21:57','William Grenville to John Jay. London, July 28, 1794',1,1,1,NULL,NULL,NULL,NULL,NULL,NULL),(174,611,NULL,166,7,NULL,166,0,'1794-07-29',NULL,NULL,'','2012-01-04 17:52:44','2012-02-07 13:21:57','William Grenville to John Jay. London, July 29, 1794',1,1,1,NULL,NULL,NULL,NULL,NULL,NULL),(175,572,NULL,337,7,NULL,166,0,'1794-07-30',NULL,NULL,'','2012-01-04 17:52:44','2012-02-07 13:21:57','Edmund Jennings Randolph to John Jay. Philadelphia, July 30, 1794',1,1,1,NULL,NULL,NULL,NULL,NULL,NULL),(176,572,NULL,337,7,NULL,166,0,'1794-07-30',NULL,NULL,'','2012-01-04 17:52:44','2012-02-07 13:21:57','Edmund Jennings Randolph to John Jay. Philadelphia, July 30, 1794',1,1,1,NULL,NULL,NULL,NULL,NULL,NULL),(177,629,NULL,181,7,NULL,166,0,'1794-07-30',NULL,NULL,'','2012-01-04 17:52:44','2012-02-07 13:21:57','Harvey Reuben to John Jay. Cork, July 30, 1794',1,1,1,NULL,NULL,NULL,NULL,NULL,NULL),(178,611,NULL,166,7,NULL,166,0,'1794-07-30',NULL,NULL,'','2012-01-04 17:52:44','2012-02-07 13:21:57','William Grenville to John Jay. London, July 30, 1794',1,1,1,NULL,NULL,NULL,NULL,NULL,NULL),(179,630,NULL,166,7,NULL,166,0,'1794-08-01',NULL,NULL,'day not known','2012-01-04 17:52:44','2012-02-07 13:21:57','Mrs. Chalmers to John Jay. London, August 1794',0,1,1,NULL,NULL,NULL,NULL,NULL,NULL),(180,631,NULL,166,7,NULL,166,0,'1794-08-01',NULL,NULL,'day not known','2012-01-04 17:52:44','2012-02-07 13:21:57','William Temple Franklin to John Jay. London, August 1794',0,1,1,NULL,NULL,NULL,NULL,NULL,NULL),(181,632,NULL,342,7,NULL,166,0,'1794-08-01','1794-12-09',NULL,' Received date is based on date of Jay\'s response (Dec 9) but Jay states that he has delayed responding, so it is unclear when the letter was initially received.','2012-01-04 17:52:44','2012-02-07 13:21:57','Mathew Clarkson to John Jay. New York, August  1, 1794',1,1,1,0,0,1,NULL,NULL,NULL),(182,604,NULL,348,7,NULL,166,0,'1794-08-01',NULL,NULL,'','2012-01-04 17:52:44','2012-02-07 13:21:57','R. Bowen to John Jay. Providence, August  1, 1794',1,1,1,NULL,NULL,NULL,NULL,NULL,NULL),(183,611,NULL,166,7,NULL,166,0,'1794-08-01',NULL,NULL,'','2012-01-04 17:52:44','2012-02-07 13:21:57','William Grenville to John Jay. London, August  1, 1794',1,1,1,NULL,NULL,NULL,NULL,NULL,NULL),(184,605,NULL,342,7,NULL,166,0,'1794-08-02',NULL,NULL,'','2012-01-04 17:52:44','2012-02-07 13:21:57','Sarah Livingston Jay to John Jay. New York, August  2, 1794',1,1,1,NULL,NULL,NULL,NULL,NULL,NULL),(185,633,NULL,166,7,NULL,166,0,'1794-08-02','1794-08-02',NULL,'','2012-01-04 17:52:44','2012-02-07 13:21:57','William Scott, Baron Stowell to John Jay. London, August  2, 1794',1,1,1,1,1,1,NULL,NULL,NULL),(186,611,NULL,166,7,NULL,166,0,'1794-08-04',NULL,NULL,'','2012-01-04 17:52:44','2012-02-07 13:21:57','William Grenville to John Jay. London, August  4, 1794',1,1,1,NULL,NULL,NULL,NULL,NULL,NULL),(187,611,NULL,166,7,NULL,166,0,'1794-08-05',NULL,NULL,'','2012-01-04 17:52:44','2012-02-07 13:21:57','William Grenville to John Jay. London, August  5, 1794',1,1,1,NULL,NULL,NULL,NULL,NULL,NULL),(188,611,NULL,166,7,NULL,166,0,'1794-08-08',NULL,NULL,'','2012-01-04 17:52:44','2012-02-07 13:21:57','William Grenville to John Jay. London, August  8, 1794',1,1,1,NULL,NULL,NULL,NULL,NULL,NULL),(189,572,NULL,337,7,NULL,166,0,'1794-08-11',NULL,NULL,'','2012-01-04 17:52:44','2012-02-07 13:21:57','Edmund Jennings Randolph to John Jay. Philadelphia, August 11, 1794',1,1,1,NULL,NULL,NULL,NULL,NULL,NULL),(190,572,NULL,337,7,NULL,166,0,'1794-08-11',NULL,NULL,'','2012-01-04 17:52:44','2012-02-07 13:21:57','Edmund Jennings Randolph to John Jay. Philadelphia, August 11, 1794',1,1,1,NULL,NULL,NULL,NULL,NULL,NULL),(191,572,NULL,337,7,NULL,166,0,'1794-08-11',NULL,NULL,'','2012-01-04 17:52:44','2012-02-07 13:21:57','Edmund Jennings Randolph to John Jay. Philadelphia, August 11, 1794',1,1,1,NULL,NULL,NULL,NULL,NULL,NULL),(192,630,NULL,166,7,NULL,166,0,'1794-08-11','1794-08-16',NULL,'','2012-01-04 17:52:44','2012-02-07 13:21:57','Mrs. Chalmers to John Jay. London, August 11, 1794',1,1,1,1,1,1,NULL,NULL,NULL),(193,630,NULL,166,7,NULL,166,0,'1794-08-12',NULL,NULL,'','2012-01-04 17:52:44','2012-02-07 13:21:57','Mrs. Chalmers to John Jay. London, August 12, 1794',1,1,1,NULL,NULL,NULL,NULL,NULL,NULL),(194,572,NULL,337,7,NULL,166,0,'1794-08-15','1794-10-29',NULL,' Jay acknowledges receipt in letter of October 21, 1794 (Jay ID 04329)','2012-01-04 17:52:44','2012-02-07 13:21:57','Edmund Jennings Randolph to John Jay. Philadelphia, August 15, 1794',1,1,1,0,1,1,NULL,NULL,NULL),(195,572,NULL,337,7,NULL,166,0,'1794-08-15',NULL,NULL,'','2012-01-04 17:52:44','2012-02-07 13:21:57','Edmund Jennings Randolph to John Jay. Philadelphia, August 15, 1794',1,1,1,NULL,NULL,NULL,NULL,NULL,NULL),(196,572,NULL,337,7,NULL,166,0,'1794-08-15',NULL,NULL,'','2012-01-04 17:52:44','2012-02-07 13:21:57','Edmund Jennings Randolph to John Jay. Philadelphia, August 15, 1794',1,1,1,NULL,NULL,NULL,NULL,NULL,NULL),(197,603,NULL,351,7,NULL,166,0,'1794-08-16',NULL,NULL,'','2012-01-04 17:52:44','2012-02-07 13:21:57','William Bayard to John Jay. Southampton, August 16, 1794',1,1,1,NULL,NULL,NULL,NULL,NULL,NULL),(198,611,NULL,166,7,NULL,166,0,'1794-08-17',NULL,NULL,'','2012-01-04 17:52:44','2012-02-07 13:21:57','William Grenville to John Jay. London, August 17, 1794',1,1,1,NULL,NULL,NULL,NULL,NULL,NULL),(199,572,NULL,337,7,NULL,166,0,'1794-08-18','1794-10-29',NULL,' Jay acknowledges receipt in letter of October 21, 1794 (Jay ID 04329)','2012-01-04 17:52:44','2012-02-07 13:21:57','Edmund Jennings Randolph to John Jay. Philadelphia, August 18, 1794',1,1,1,0,1,1,NULL,NULL,NULL),(200,572,NULL,337,7,NULL,166,0,'1794-08-18',NULL,NULL,'','2012-01-04 17:52:44','2012-02-07 13:21:57','Edmund Jennings Randolph to John Jay. Philadelphia, August 18, 1794',1,1,1,NULL,NULL,NULL,NULL,NULL,NULL),(201,605,NULL,342,7,NULL,166,0,'1794-08-27',NULL,NULL,'','2012-01-04 17:52:44','2012-02-07 13:21:57','Sarah Livingston Jay to John Jay. New York, August 27, 1794',1,1,1,NULL,NULL,NULL,NULL,NULL,NULL),(202,572,NULL,337,7,NULL,166,0,'1794-08-30','1794-10-29',NULL,' Jay acknowledges receipt in letter of October 21, 1794 (Jay ID 04329)','2012-01-04 17:52:44','2012-02-07 13:21:57','Edmund Jennings Randolph to John Jay. Philadelphia, August 30, 1794',1,1,1,0,1,1,NULL,NULL,NULL),(203,572,NULL,337,7,NULL,166,0,'1794-08-30',NULL,NULL,'','2012-01-04 17:52:44','2012-02-07 13:21:57','Edmund Jennings Randolph to John Jay. Philadelphia, August 30, 1794',1,1,1,NULL,NULL,NULL,NULL,NULL,NULL),(204,572,NULL,337,7,NULL,166,0,'1794-08-30',NULL,NULL,'','2012-01-04 17:52:44','2012-02-07 13:21:57','Edmund Jennings Randolph to John Jay. Philadelphia, August 30, 1794',1,1,1,NULL,NULL,NULL,NULL,NULL,NULL),(205,572,NULL,337,7,NULL,166,0,'1794-08-30',NULL,NULL,'','2012-01-04 17:52:44','2012-02-07 13:21:57','Edmund Jennings Randolph to John Jay. Philadelphia, August 30, 1794',1,1,1,NULL,NULL,NULL,NULL,NULL,NULL),(206,579,NULL,337,7,NULL,166,0,'1794-08-30',NULL,NULL,'','2012-01-04 17:52:44','2012-02-07 13:21:57','George Washington to John Jay. Philadelphia, August 30, 1794',1,1,1,NULL,NULL,NULL,NULL,NULL,NULL),(207,579,NULL,337,7,NULL,166,0,'1794-08-30',NULL,NULL,'','2012-01-04 17:52:44','2012-02-07 13:21:57','George Washington to John Jay. Philadelphia, August 30, 1794',1,1,1,NULL,NULL,NULL,NULL,NULL,NULL),(208,579,NULL,337,7,NULL,166,0,'1794-08-30',NULL,NULL,'','2012-01-04 17:52:44','2012-02-07 13:21:57','George Washington to John Jay. Philadelphia, August 30, 1794',1,1,1,NULL,NULL,NULL,NULL,NULL,NULL),(209,609,NULL,342,7,NULL,166,0,'1794-08-30',NULL,NULL,'','2012-01-04 17:52:44','2012-02-07 13:21:57','Peter Jay Munro to John Jay. New York, August 30, 1794',1,1,1,NULL,NULL,NULL,NULL,NULL,NULL),(210,611,NULL,166,7,NULL,166,0,'1794-08-30',NULL,NULL,'','2012-01-04 17:52:44','2012-02-07 13:21:57','William Grenville to John Jay. London, August 30, 1794',1,1,1,NULL,NULL,NULL,NULL,NULL,NULL),(211,634,NULL,166,7,NULL,166,0,'1794-09-01','1794-09-01',NULL,'','2012-01-04 17:52:44','2012-02-07 13:21:57','Lady Payne to John Jay. London, September 1794',0,1,1,1,1,1,NULL,NULL,NULL),(212,572,NULL,337,7,NULL,166,0,'1794-09-05','1794-10-29',NULL,' Jay acknowledges receipt in letter of October 21, 1794 (Jay ID 04329)','2012-01-04 17:52:44','2012-02-07 13:21:57','Edmund Jennings Randolph to John Jay. Philadelphia, September  5, 1794',1,1,1,0,1,1,NULL,NULL,NULL),(213,579,NULL,337,7,NULL,166,0,'1794-09-05',NULL,NULL,'','2012-01-04 17:52:44','2012-02-07 13:21:57','George Washington to John Jay. Philadelphia, September  5, 1794',1,1,1,NULL,NULL,NULL,NULL,NULL,NULL),(214,611,NULL,166,7,NULL,166,0,'1794-09-05',NULL,NULL,'','2012-01-04 17:52:44','2012-02-07 13:21:57','William Grenville to John Jay. London, September  5, 1794',1,1,1,NULL,NULL,NULL,NULL,NULL,NULL),(215,611,NULL,166,7,NULL,166,0,'1794-09-07',NULL,NULL,'','2012-01-04 17:52:44','2012-02-07 13:21:57','William Grenville to John Jay. London, September  7, 1794',1,1,1,NULL,NULL,NULL,NULL,NULL,NULL),(216,611,NULL,166,7,NULL,166,0,'1794-09-07',NULL,NULL,'','2012-01-04 17:52:44','2012-02-07 13:21:57','William Grenville to John Jay. London, September  7, 1794',1,1,1,NULL,NULL,NULL,NULL,NULL,NULL),(217,611,NULL,166,7,NULL,166,0,'1794-09-07',NULL,NULL,'','2012-01-04 17:52:44','2012-02-07 13:21:57','William Grenville to John Jay. London, September  7, 1794',1,1,1,NULL,NULL,NULL,NULL,NULL,NULL),(218,635,NULL,166,7,NULL,166,0,'1794-09-09',NULL,NULL,'','2012-01-04 17:52:44','2012-02-07 13:21:57','Henry Dundas, Viscount Melville to John Jay. London, September  9, 1794',1,1,1,NULL,NULL,NULL,NULL,NULL,NULL),(219,635,NULL,166,7,NULL,166,0,'1794-09-10',NULL,NULL,'','2012-01-04 17:52:44','2012-02-07 13:21:57','Henry Dundas, Viscount Melville to John Jay. London, September 10, 1794',1,1,1,NULL,NULL,NULL,NULL,NULL,NULL),(220,633,NULL,166,7,NULL,166,0,'1794-09-10',NULL,NULL,'','2012-01-04 17:52:44','2012-02-07 13:21:57','William Scott, Baron Stowell to John Jay. London, September 10, 1794',1,1,1,NULL,NULL,NULL,NULL,NULL,NULL),(221,572,NULL,337,7,NULL,166,0,'1794-09-12','1794-10-29',NULL,' Jay acknowledges receipt in letter of October 21, 1794 (Jay ID 04329)','2012-01-04 17:52:44','2012-02-07 13:21:57','Edmund Jennings Randolph to John Jay. Philadelphia, September 12, 1794',1,1,1,0,1,1,NULL,NULL,NULL),(222,572,NULL,337,7,NULL,166,0,'1794-09-12',NULL,NULL,'','2012-01-04 17:52:44','2012-02-07 13:21:57','Edmund Jennings Randolph to John Jay. Philadelphia, September 12, 1794',1,1,1,NULL,NULL,NULL,NULL,NULL,NULL),(223,572,NULL,337,7,NULL,166,0,'1794-09-12',NULL,NULL,'','2012-01-04 17:52:44','2012-02-07 13:21:57','Edmund Jennings Randolph to John Jay. Philadelphia, September 12, 1794',1,1,1,NULL,NULL,NULL,NULL,NULL,NULL),(224,572,NULL,337,7,NULL,166,0,'1794-09-15',NULL,NULL,'','2012-01-04 17:52:44','2012-02-07 13:21:57','Edmund Jennings Randolph to John Jay. Philadelphia, September 15, 1794',1,1,1,NULL,NULL,NULL,NULL,NULL,NULL),(225,636,NULL,166,7,NULL,166,0,'1794-09-16',NULL,NULL,'','2012-01-04 17:52:45','2012-02-07 13:21:57','La Rouchefoucauld to John Jay. London, September 16, 1794',1,1,1,NULL,NULL,NULL,NULL,NULL,NULL),(226,637,NULL,166,7,NULL,166,0,'1794-09-16','1794-09-17',NULL,'','2012-01-04 17:52:45','2012-02-07 13:21:57','Sir Robert Herries to John Jay. London, September 16, 1794',1,1,1,1,1,1,NULL,NULL,NULL),(227,606,NULL,337,7,NULL,166,0,'1794-09-17',NULL,NULL,'','2012-01-04 17:52:45','2012-02-07 13:21:57','Alexander Hamilton to John Jay. Philadelphia, September 17, 1794',1,1,1,NULL,NULL,NULL,NULL,NULL,NULL),(228,572,NULL,337,7,NULL,166,0,'1794-09-17','1794-10-29',NULL,' Jay acknowledges receipt in letter of October 21, 1794 (Jay ID 04329)','2012-01-04 17:52:45','2012-02-07 13:21:57','Edmund Jennings Randolph to John Jay. Philadelphia, September 17, 1794',1,1,1,0,1,1,NULL,NULL,NULL),(229,572,NULL,337,7,NULL,166,0,'1794-09-17',NULL,NULL,'','2012-01-04 17:52:45','2012-02-07 13:21:57','Edmund Jennings Randolph to John Jay. Philadelphia, September 17, 1794',1,1,1,NULL,NULL,NULL,NULL,NULL,NULL),(230,572,NULL,337,7,NULL,166,0,'1794-09-17',NULL,NULL,'','2012-01-04 17:52:45','2012-02-07 13:21:57','Edmund Jennings Randolph to John Jay. Philadelphia, September 17, 1794',1,1,1,NULL,NULL,NULL,NULL,NULL,NULL),(231,609,NULL,342,7,NULL,166,0,'1794-09-18',NULL,NULL,'','2012-01-04 17:52:45','2012-02-07 13:21:57','Peter Jay Munro to John Jay. New York, September 18, 1794',1,1,1,NULL,NULL,NULL,NULL,NULL,NULL),(232,572,NULL,337,7,NULL,166,0,'1794-09-20','1794-10-29',NULL,' Jay acknowledges receipt in letter of October 21, 1794 (Jay ID 04329)','2012-01-04 17:52:45','2012-02-07 13:21:57','Edmund Jennings Randolph to John Jay. Philadelphia, September 20, 1794',1,1,1,0,1,1,NULL,NULL,NULL),(233,572,NULL,337,7,NULL,166,0,'1794-09-20',NULL,NULL,'','2012-01-04 17:52:45','2012-02-07 13:21:57','Edmund Jennings Randolph to John Jay. Philadelphia, September 20, 1794',1,1,1,NULL,NULL,NULL,NULL,NULL,NULL),(234,638,NULL,166,7,NULL,166,0,'1794-09-25',NULL,NULL,'','2012-01-04 17:52:45','2012-02-07 13:21:57','Richard Colley Wesley, Lord Mornington to John Jay. London, September 25, 1794',1,1,1,NULL,NULL,NULL,NULL,NULL,NULL),(235,605,NULL,342,7,NULL,166,0,'1794-09-27',NULL,NULL,'','2012-01-04 17:52:45','2012-02-07 13:21:57','Sarah Livingston Jay to John Jay. New York, September 27, 1794',1,1,1,NULL,NULL,NULL,NULL,NULL,NULL),(236,638,NULL,166,7,NULL,166,0,'1794-09-30',NULL,NULL,'','2012-01-04 17:52:45','2012-02-07 13:21:57','Richard Colley Wesley, Lord Mornington to John Jay. London, September 30, 1794',1,1,1,NULL,NULL,NULL,NULL,NULL,NULL),(237,639,NULL,166,7,NULL,166,0,'1794-10-02','1794-10-02',NULL,'','2012-01-04 17:52:45','2012-02-07 13:21:57','Hyacinthe Gabrielle Roland, Lady Mornington to John Jay. London, October  2, 1794',1,1,1,1,1,1,NULL,NULL,NULL),(238,611,NULL,166,7,NULL,166,0,'1794-10-07',NULL,NULL,'','2012-01-04 17:52:45','2012-02-07 13:21:57','William Grenville to John Jay. London, October  7, 1794',1,1,1,NULL,NULL,NULL,NULL,NULL,NULL),(239,640,NULL,166,7,NULL,166,0,'1794-10-10',NULL,NULL,NULL,'2012-01-04 17:52:45','2012-04-29 03:15:14','Alexander Wedderburn, Baron Loughborough to John Jay. London, October 10, 1794',1,1,1,NULL,NULL,NULL,NULL,NULL,NULL),(240,572,NULL,337,7,NULL,166,0,'1794-10-11',NULL,NULL,'','2012-01-04 17:52:45','2012-02-07 13:21:57','Edmund Jennings Randolph to John Jay. Philadelphia, October 11, 1794',1,1,1,NULL,NULL,NULL,NULL,NULL,NULL),(241,572,NULL,337,7,NULL,166,0,'1794-10-11',NULL,NULL,'','2012-01-04 17:52:45','2012-02-07 13:21:57','Edmund Jennings Randolph to John Jay. Philadelphia, October 11, 1794',1,1,1,NULL,NULL,NULL,NULL,NULL,NULL),(242,609,NULL,342,7,NULL,166,0,'1794-10-11',NULL,NULL,'','2012-01-04 17:52:45','2012-02-07 13:21:57','Peter Jay Munro to John Jay. New York, October 11, 1794',1,1,1,NULL,NULL,NULL,NULL,NULL,NULL),(243,605,NULL,342,7,NULL,166,0,'1794-10-11',NULL,NULL,'','2012-01-04 17:52:45','2012-02-07 13:21:57','Sarah Livingston Jay to John Jay. New York, October 11, 1794',1,1,1,NULL,NULL,NULL,NULL,NULL,NULL),(244,641,NULL,356,7,NULL,166,0,'1794-10-16','1794-12-05',NULL,'','2012-01-04 17:52:45','2012-02-07 13:21:57','John Sloss Hobart to John Jay. Throggs Neck, October 16, 1794',1,1,1,1,1,1,NULL,NULL,NULL),(245,609,NULL,342,7,NULL,166,0,'1794-10-16',NULL,NULL,'','2012-01-04 17:52:45','2012-02-07 13:21:57','Peter Jay Munro to John Jay. New York, October 16, 1794',1,1,1,NULL,NULL,NULL,NULL,NULL,NULL),(246,609,NULL,342,7,NULL,166,0,'1794-10-16',NULL,NULL,'','2012-01-04 17:52:45','2012-02-07 13:21:57','Peter Jay Munro to John Jay. New York, October 16, 1794',1,1,1,NULL,NULL,NULL,NULL,NULL,NULL),(247,628,NULL,166,7,NULL,166,0,'1794-10-19',NULL,NULL,' Probably sent from London, but more research is required.','2012-01-04 17:52:45','2012-02-07 13:21:57','William Petty, Marquis of Lansdowne to John Jay. London, October 19, 1794',1,1,1,NULL,NULL,NULL,NULL,NULL,NULL),(248,572,NULL,337,7,NULL,166,0,'1794-10-20',NULL,NULL,'','2012-01-04 17:52:45','2012-02-07 13:21:57','Edmund Jennings Randolph to John Jay. Philadelphia, October 20, 1794',1,1,1,NULL,NULL,NULL,NULL,NULL,NULL),(249,572,NULL,337,7,NULL,166,0,'1794-10-20',NULL,NULL,'','2012-01-04 17:52:45','2012-02-07 13:21:57','Edmund Jennings Randolph to John Jay. Philadelphia, October 20, 1794',1,1,1,NULL,NULL,NULL,NULL,NULL,NULL),(250,572,NULL,337,7,NULL,166,0,'1794-10-20',NULL,NULL,'','2012-01-04 17:52:45','2012-02-07 13:21:57','Edmund Jennings Randolph to John Jay. Philadelphia, October 20, 1794',1,1,1,NULL,NULL,NULL,NULL,NULL,NULL),(251,642,NULL,350,7,NULL,166,0,'1794-10-23','1794-10-31',NULL,'','2012-01-04 17:52:45','2012-02-07 13:21:57','Sir Clement Cottrell Dormer to John Jay. Rousham House, October 23, 1794',1,1,1,1,1,1,NULL,NULL,NULL),(252,605,NULL,342,7,NULL,166,0,'1794-10-25',NULL,NULL,'','2012-01-04 17:52:45','2012-02-07 13:21:57','Sarah Livingston Jay to John Jay. New York, October 25, 1794',1,1,1,NULL,NULL,NULL,NULL,NULL,NULL),(253,643,NULL,233,7,NULL,166,0,'1794-10-28',NULL,NULL,'','2012-01-04 17:52:45','2012-02-07 13:21:57','Rodolf Vall-Travers to John Jay. The Hague, October 28, 1794',1,1,1,NULL,NULL,NULL,NULL,NULL,NULL),(254,644,NULL,349,7,NULL,166,0,'1794-10-29',NULL,NULL,'','2012-01-04 17:52:45','2012-02-07 13:21:57','Chevalier Du Jay to John Jay. Nijmegen, October 29, 1794',1,1,1,NULL,NULL,NULL,NULL,NULL,NULL),(255,572,NULL,337,7,NULL,166,0,'1794-10-29',NULL,NULL,'','2012-01-04 17:52:45','2012-02-07 13:21:57','Edmund Jennings Randolph to John Jay. Philadelphia, October 29, 1794',1,1,1,NULL,NULL,NULL,NULL,NULL,NULL),(256,572,NULL,337,7,NULL,166,0,'1794-10-29',NULL,NULL,'','2012-01-04 17:52:45','2012-02-07 13:21:57','Edmund Jennings Randolph to John Jay. Philadelphia, October 29, 1794',1,1,1,NULL,NULL,NULL,NULL,NULL,NULL),(257,572,NULL,337,7,NULL,166,0,'1794-10-29',NULL,NULL,'','2012-01-04 17:52:45','2012-02-07 13:21:57','Edmund Jennings Randolph to John Jay. Philadelphia, October 29, 1794',1,1,1,NULL,NULL,NULL,NULL,NULL,NULL),(258,645,NULL,346,7,NULL,166,0,'1794-10-30','1794-12-22',NULL,' Jay mentions receiving the letter \"the day before yesterday\" in his response dated December 24, 1794.','2012-01-04 17:52:45','2012-02-07 13:21:57','John Drayton to John Jay. Charleston, October 30, 1794',1,1,1,1,1,1,NULL,NULL,NULL),(259,611,NULL,166,7,NULL,166,0,'1794-10-30',NULL,NULL,'','2012-01-04 17:52:45','2012-02-07 13:21:57','William Grenville to John Jay. London, October 30, 1794',1,1,1,NULL,NULL,NULL,NULL,NULL,NULL),(260,611,NULL,166,7,NULL,166,0,'1794-10-31',NULL,NULL,'','2012-01-04 17:52:45','2012-02-07 13:21:57','William Grenville to John Jay. London, October 31, 1794',1,1,1,NULL,NULL,NULL,NULL,NULL,NULL),(261,611,NULL,166,7,NULL,166,0,'1794-11-01',NULL,NULL,'','2012-01-04 17:52:45','2012-02-07 13:21:57','William Grenville to John Jay. London, November 1794',0,1,1,NULL,NULL,NULL,NULL,NULL,NULL),(262,579,NULL,337,7,NULL,166,0,'1794-11-01',NULL,NULL,'','2012-01-04 17:52:45','2012-02-07 13:21:57','George Washington to John Jay. Philadelphia, November  1, 1794',1,1,1,NULL,NULL,NULL,NULL,NULL,NULL),(263,579,NULL,337,7,NULL,166,0,'1794-11-01',NULL,NULL,'','2012-01-04 17:52:45','2012-02-07 13:21:57','George Washington to John Jay. Philadelphia, November  1, 1794',1,1,1,NULL,NULL,NULL,NULL,NULL,NULL),(264,579,NULL,337,7,NULL,166,0,'1794-11-01',NULL,NULL,'','2012-01-04 17:52:45','2012-02-07 13:21:57','George Washington to John Jay. Philadelphia, November  1, 1794',1,1,1,NULL,NULL,NULL,NULL,NULL,NULL),(265,605,NULL,342,7,NULL,166,0,'1794-11-01',NULL,NULL,'','2012-01-04 17:52:45','2012-02-07 13:21:57','Sarah Livingston Jay to John Jay. New York, November  1, 1794',1,1,1,NULL,NULL,NULL,NULL,NULL,NULL),(266,611,NULL,166,7,NULL,166,0,'1794-11-01',NULL,NULL,'','2012-01-04 17:52:45','2012-02-07 13:21:57','William Grenville to John Jay. London, November  1, 1794',1,1,1,NULL,NULL,NULL,NULL,NULL,NULL),(267,640,NULL,166,7,NULL,166,0,'1794-11-03',NULL,NULL,NULL,'2012-01-04 17:52:45','2012-04-29 03:15:14','Alexander Wedderburn, Baron Loughborough to John Jay. London, November  3, 1794',1,1,1,NULL,NULL,NULL,NULL,NULL,NULL),(268,572,NULL,337,7,NULL,166,0,'1794-11-03',NULL,NULL,'','2012-01-04 17:52:45','2012-02-07 13:21:57','Edmund Jennings Randolph to John Jay. Philadelphia, November  3, 1794',1,1,1,NULL,NULL,NULL,NULL,NULL,NULL),(269,572,NULL,337,7,NULL,166,0,'1794-11-03',NULL,NULL,'','2012-01-04 17:52:45','2012-02-07 13:21:57','Edmund Jennings Randolph to John Jay. Philadelphia, November  3, 1794',1,1,1,NULL,NULL,NULL,NULL,NULL,NULL),(270,572,NULL,337,7,NULL,166,0,'1794-11-03',NULL,NULL,'','2012-01-04 17:52:45','2012-02-07 13:21:57','Edmund Jennings Randolph to John Jay. Philadelphia, November  3, 1794',1,1,1,NULL,NULL,NULL,NULL,NULL,NULL),(271,646,NULL,358,7,NULL,166,0,'1794-11-06',NULL,NULL,'','2012-01-04 17:52:45','2012-02-07 13:21:57','Lanberdiere to John Jay. Midleton, November  6, 1794',1,1,1,NULL,NULL,NULL,NULL,NULL,NULL),(272,572,NULL,337,7,NULL,166,0,'1794-11-07',NULL,NULL,'','2012-01-04 17:52:45','2012-02-07 13:21:57','Edmund Jennings Randolph to John Jay. Philadelphia, November  7, 1794',1,1,1,NULL,NULL,NULL,NULL,NULL,NULL),(273,572,NULL,337,7,NULL,166,0,'1794-11-07',NULL,NULL,'','2012-01-04 17:52:45','2012-02-07 13:21:57','Edmund Jennings Randolph to John Jay. Philadelphia, November  7, 1794',1,1,1,NULL,NULL,NULL,NULL,NULL,NULL),(274,572,NULL,337,7,NULL,166,0,'1794-11-07',NULL,NULL,'','2012-01-04 17:52:45','2012-02-07 13:21:57','Edmund Jennings Randolph to John Jay. Philadelphia, November  7, 1794',1,1,1,NULL,NULL,NULL,NULL,NULL,NULL),(275,572,NULL,337,7,NULL,166,0,'1794-11-08',NULL,NULL,'','2012-01-04 17:52:45','2012-02-07 13:21:57','Edmund Jennings Randolph to John Jay. Philadelphia, November  8, 1794',1,1,1,NULL,NULL,NULL,NULL,NULL,NULL),(276,572,NULL,337,7,NULL,166,0,'1794-11-08',NULL,NULL,'','2012-01-04 17:52:45','2012-02-07 13:21:57','Edmund Jennings Randolph to John Jay. Philadelphia, November  8, 1794',1,1,1,NULL,NULL,NULL,NULL,NULL,NULL),(277,572,NULL,337,7,NULL,166,0,'1794-11-08',NULL,NULL,'','2012-01-04 17:52:45','2012-02-07 13:21:57','Edmund Jennings Randolph to John Jay. Philadelphia, November  8, 1794',1,1,1,NULL,NULL,NULL,NULL,NULL,NULL),(278,647,NULL,337,7,NULL,166,0,'1794-11-08',NULL,NULL,'','2012-01-04 17:52:45','2012-02-07 13:21:57','John Kean to John Jay. Philadelphia, November  8, 1794',1,1,1,NULL,NULL,NULL,NULL,NULL,NULL),(279,607,NULL,337,7,NULL,166,0,'1794-11-08',NULL,NULL,'','2012-01-04 17:52:45','2012-02-07 13:21:57','Tench Coxe to John Jay. Philadelphia, November  8, 1794',1,1,1,NULL,NULL,NULL,NULL,NULL,NULL),(280,611,NULL,166,7,NULL,166,0,'1794-11-10',NULL,NULL,'','2012-01-04 17:52:45','2012-02-07 13:21:57','William Grenville to John Jay. London, November 10, 1794',1,1,1,NULL,NULL,NULL,NULL,NULL,NULL),(281,611,NULL,166,7,NULL,166,0,'1794-11-10',NULL,NULL,'','2012-01-04 17:52:45','2012-02-07 13:21:57','William Grenville to John Jay. London, November 10, 1794',1,1,1,NULL,NULL,NULL,NULL,NULL,NULL),(282,605,NULL,342,7,NULL,166,0,'1794-11-11',NULL,NULL,'','2012-01-04 17:52:45','2012-02-07 13:21:57','Sarah Livingston Jay to John Jay. New York, November 11, 1794',1,1,1,NULL,NULL,NULL,NULL,NULL,NULL),(283,572,NULL,337,7,NULL,166,0,'1794-11-12',NULL,NULL,'','2012-01-04 17:52:45','2012-02-07 13:21:57','Edmund Jennings Randolph to John Jay. Philadelphia, November 12, 1794',1,1,1,NULL,NULL,NULL,NULL,NULL,NULL),(284,605,NULL,342,7,NULL,166,0,'1794-11-12',NULL,NULL,'','2012-01-04 17:52:45','2012-02-07 13:21:57','Sarah Livingston Jay to John Jay. New York, November 12, 1794',1,1,1,NULL,NULL,NULL,NULL,NULL,NULL),(285,14,NULL,233,7,NULL,166,0,'1794-11-14',NULL,NULL,'','2012-01-04 17:52:45','2012-02-07 13:21:57','John Quincy Adams to John Jay. The Hague, November 14, 1794',1,1,1,NULL,NULL,NULL,NULL,NULL,NULL),(286,611,NULL,166,7,NULL,166,0,'1794-11-14',NULL,NULL,'','2012-01-04 17:52:45','2012-02-07 13:21:57','William Grenville to John Jay. London, November 14, 1794',1,1,1,NULL,NULL,NULL,NULL,NULL,NULL),(287,14,NULL,233,7,NULL,166,0,'1794-11-16',NULL,NULL,'','2012-01-04 17:52:45','2012-02-07 13:21:57','John Quincy Adams to John Jay. The Hague, November 16, 1794',1,1,1,NULL,NULL,NULL,NULL,NULL,NULL),(288,609,NULL,342,7,NULL,166,0,'1794-11-18',NULL,NULL,'','2012-01-04 17:52:45','2012-02-07 13:21:57','Peter Jay Munro to John Jay. New York, November 18, 1794',1,1,1,NULL,NULL,NULL,NULL,NULL,NULL),(289,605,NULL,342,7,NULL,166,0,'1794-11-18',NULL,NULL,'','2012-01-04 17:52:45','2012-02-07 13:21:57','Sarah Livingston Jay to John Jay. New York, November 18, 1794',1,1,1,NULL,NULL,NULL,NULL,NULL,NULL),(290,10,NULL,199,7,NULL,166,0,'1794-09-19',NULL,NULL,'This letter exists in the Jay papers as a facsimile included in a sale record.  The write up of the letter, which gives the date as November 19 is full of errors, and though the image is blurry, the month is better rendered as \"Sept\" -- to see the letter, look at the associated citation.  Additionally, Monroe makes mention of a previous letter from Jay sent the 24th of the month and Jay wrote to Monroe on that date (A Comprehensive Catalogue of the Correspondence and Papers of James Monroe, pg. 33).  This also appears to be the the first letter Monroe sent to Jay, which makes the November dating even less likely. The Catalogue does not record a letter from Monroe to Jay on September 19 or November 19.','2012-01-04 17:52:45','2012-04-26 01:54:41','James Monroe to John Jay. Paris, September 19, 1794',1,0,1,NULL,NULL,NULL,NULL,NULL,NULL),(291,609,NULL,342,7,NULL,166,0,'1794-11-19',NULL,NULL,'','2012-01-04 17:52:45','2012-02-07 13:21:57','Peter Jay Munro to John Jay. New York, November 19, 1794',1,1,1,NULL,NULL,NULL,NULL,NULL,NULL),(292,609,NULL,342,7,NULL,166,0,'1794-11-19',NULL,NULL,'','2012-01-04 17:52:45','2012-02-07 13:21:57','Peter Jay Munro to John Jay. New York, November 19, 1794',1,1,1,NULL,NULL,NULL,NULL,NULL,NULL),(293,611,NULL,166,7,NULL,166,0,'1794-11-19',NULL,NULL,'','2012-01-04 17:52:45','2012-02-07 13:21:57','William Grenville to John Jay. London, November 19, 1794',1,1,1,NULL,NULL,NULL,NULL,NULL,NULL),(294,611,NULL,166,7,NULL,166,0,'1794-11-19',NULL,NULL,'','2012-01-04 17:52:45','2012-02-07 13:21:57','William Grenville to John Jay. London, November 19, 1794',1,1,1,NULL,NULL,NULL,NULL,NULL,NULL),(295,648,NULL,166,7,NULL,166,0,'1794-09-16',NULL,NULL,'additional material added on September 22, 1794','2012-01-05 16:31:44','2012-02-07 13:21:57','Liancour to John Jay. London, September 16, 1794',1,1,1,NULL,NULL,NULL,NULL,NULL,NULL),(296,NULL,4,NULL,7,NULL,166,0,'1794-11-13',NULL,NULL,' Original Location not present in letter image.','2012-01-05 16:33:59','2012-02-07 13:21:57','John de Neufville & Son to John Jay. ?, November 13, 1794',1,1,1,NULL,NULL,NULL,NULL,NULL,NULL),(297,650,NULL,337,649,NULL,337,0,'1794-05-17',NULL,NULL,'(9-12)  http://wardepartmentpapers.org/document.php?id=10478  From Papers of the War Department \"The chief clerk of the War Office notifies the Secretary of War that the Lieutenant Governor of Upper Canada, John Graves Simcoe, has gone from Niagara to the foot of the Rapids to assist in the building of a fort there.\" Extract of a letter from \"a gentleman of N. Jersey\"','2012-01-16 01:34:30','2012-02-07 13:21:57','John Stagg to Henry Knox. Philadelphia, May 17, 1794',1,1,1,NULL,NULL,NULL,NULL,NULL,NULL),(298,593,NULL,345,597,NULL,347,1,'1794-04-10','1794-04-13',NULL,' Copy of this letter also sent to Sir Charles Henry Knowles, British Navy.  Received date based on Hamilton\'s response on April 14, 1794 where he states he received Campbell\'s letter in yesterday\'s post.','2012-01-17 02:12:20','2012-02-07 13:21:57','Alexander Campbell to John Hamilton. Richmond, April 10, 1794',1,1,1,1,1,1,NULL,NULL,NULL),(299,595,NULL,347,598,NULL,347,1,'1794-04-14','1794-04-14',NULL,' Date Sent inferred from the letter being sent within Norfolk.  Copy also sent to John Hamilton, British Consul at Norfolk.','2012-01-17 03:28:28','2012-02-07 13:21:57','Robert Taylor to Sir Charles Henry Knowles. Norfolk, April 14, 1794',1,1,1,1,1,1,NULL,NULL,NULL),(300,573,NULL,337,572,NULL,337,0,'1794-04-11','1794-04-11',NULL,' Memorial on Order in Council of June 8, 1793.','2012-01-17 04:54:14','2012-02-07 13:21:57','George Hammond to Edmund Jennings Randolph. Philadelphia, April 11, 1794',1,1,1,1,1,1,NULL,NULL,NULL),(301,572,NULL,337,577,NULL,337,0,'1794-06-30','1794-06-30',NULL,'','2012-01-17 15:15:04','2012-02-07 13:21:57','Edmund Jennings Randolph to Thomas Fitzsimmons. Philadelphia, June 30, 1794',1,1,1,1,1,1,NULL,NULL,NULL),(302,472,NULL,292,572,NULL,337,0,'1794-06-12','1794-07-18',NULL,' Date received inferred from the letter Randolph sent to Jay enclosing Higginson\'s letter (which he misdates as June 18).','2012-01-17 16:19:05','2012-02-07 13:21:57','Nathaniel Cabot Higginson to Edmund Jennings Randolph. Bridgetown, June 12, 1794',1,1,1,0,1,1,NULL,NULL,NULL);

--
-- Table structure for table `locations`
--

CREATE TABLE `locations` (
  `id` int(11) NOT NULL AUTO_INCREMENT,
  `name` varchar(255) DEFAULT NULL,
  `lat` float DEFAULT NULL,
  `long` float DEFAULT NULL,
  `notes` text,
  `created_at` datetime DEFAULT NULL,
  `updated_at` datetime DEFAULT NULL,
  `coordinate_system_id` int(11) DEFAULT NULL,
  PRIMARY KEY (`id`),
  KEY `coordinate_system_id` (`coordinate_system_id`),
  CONSTRAINT `locations_ibfk_1` FOREIGN KEY (`coordinate_system_id`) REFERENCES `coordinate_systems` (`id`)
) ENGINE=InnoDB AUTO_INCREMENT=361 DEFAULT CHARSET=latin1;

--
-- Dumping data for table `locations`
--

INSERT INTO `locations` VALUES (166,'London',51.5002,-0.1262,NULL,'2009-03-17 22:10:22','2012-01-04 17:56:36',1),(167,'Bideford',51.0197,-4.2069,'','2009-03-17 22:10:22','2009-03-17 22:10:22',1),(168,'Bristol',51.4553,-2.5919,'','2009-03-17 22:10:22','2009-03-17 22:10:22',1),(169,'Cowes; Isle of Wight',50.6927,-1.3167,'','2009-03-17 22:10:22','2009-03-17 22:10:22',1),(170,'Exeter',50.7218,-3.5336,'','2009-03-17 22:10:22','2009-03-17 22:10:22',1),(171,'Falmouth',50.156,-5.0711,'','2009-03-17 22:10:22','2009-03-17 22:10:22',1),(172,'Kingston on Hull',53.7807,-0.3043,'','2009-03-17 22:10:22','2009-03-17 22:10:22',1),(173,'Liverpool',53.4108,-2.9778,'','2009-03-17 22:10:22','2009-03-17 22:10:22',1),(174,'Plymouth',50.3704,-4.1427,'','2009-03-17 22:10:22','2009-03-17 22:10:22',1),(175,'Poole',50.7194,-1.9811,'','2009-03-17 22:10:22','2009-03-17 22:10:22',1),(176,'Carmarthen',51.8564,-4.3105,'','2009-03-17 22:10:22','2009-03-17 22:10:22',1),(177,'Milford Haven',51.7116,-5.0291,'','2009-03-17 22:10:22','2009-03-17 22:10:22',1),(178,'Glasgow',55.8656,-4.2572,'','2009-03-17 22:10:22','2009-03-17 22:10:22',1),(179,'Leith',55.9746,-3.161,'Incorporated into Edinburgh in 1920.  Originally the port city.','2009-03-17 22:10:22','2009-03-17 22:10:22',1),(180,'Belfast',54.5973,-5.9301,'','2009-03-17 22:10:22','2009-03-17 22:10:22',1),(181,'Cork',51.8979,-8.4711,NULL,'2009-03-17 22:10:22','2012-01-18 04:27:17',1),(182,'Dublin',53.3441,-6.2675,NULL,'2009-03-17 22:10:22','2012-01-17 20:46:43',1),(183,'Archangel',64.5369,40.5656,'Modern spelling  -- Arcangel','2009-03-17 22:10:22','2009-03-17 22:10:22',1),(184,'Riga; Latvia',56.9465,24.1048,'','2009-03-17 22:10:22','2009-03-17 22:10:22',1),(185,'St. Petersburg',59.939,30.3158,'','2009-03-17 22:10:22','2009-03-17 22:10:22',1),(186,'Bayonne',43.4934,-1.4745,'','2009-03-17 22:10:22','2009-03-17 22:10:22',1),(187,'Bordeaux',44.8374,-0.5761,'','2009-03-17 22:10:22','2009-03-17 22:10:22',1),(188,'Brest',48.3906,-4.4869,'','2009-03-17 22:10:22','2009-03-17 22:10:22',1),(189,'Calais',50.9579,1.8521,'','2009-03-17 22:10:22','2009-03-17 22:10:22',1),(190,'Cette',42.9381,-0.5851,'','2009-03-17 22:10:22','2009-03-17 22:10:22',1),(191,'Dunkirk',51.0343,2.3768,'','2009-03-17 22:10:22','2009-03-17 22:10:22',1),(192,'Havre de Grace (LeHavre)',49.4926,0.1065,'','2009-03-17 22:10:22','2009-03-17 22:10:22',1),(193,'Ile d\'Oleron',45.954,-1.2734,'','2009-03-17 22:10:22','2009-03-17 22:10:22',1),(194,'L\'Orient',47.7501,-3.3663,'Modern spelling -- Lorient','2009-03-17 22:10:22','2009-03-17 22:10:22',1),(195,'La Rochelle',46.1581,-1.1536,'','2009-03-17 22:10:22','2009-03-17 22:10:22',1),(196,'Marseilles',43.2983,5.3832,'','2009-03-17 22:10:22','2009-03-17 22:10:22',1),(197,'Morlaix',48.577,-3.8276,'','2009-03-17 22:10:22','2009-03-17 22:10:22',1),(198,'Nantes',47.2168,-1.5567,'','2009-03-17 22:10:22','2009-03-17 22:10:22',1),(199,'Paris',48.8567,2.351,NULL,'2009-03-17 22:10:22','2011-12-31 23:00:00',1),(200,'Rochefort',45.5822,5.7212,'','2009-03-17 22:10:22','2009-03-17 22:10:22',1),(201,'Rouen',49.4424,1.0985,'','2009-03-17 22:10:22','2009-03-17 22:10:22',1),(202,'Antwerp',51.2206,4.3997,'','2009-03-17 22:10:22','2009-03-17 22:10:22',1),(203,'Ghent',51.054,3.7217,'','2009-03-17 22:10:22','2009-03-17 22:10:22',1),(204,'Ostend',51.2254,2.9134,'','2009-03-17 22:10:22','2009-03-17 22:10:22',1),(205,'Genoa',44.4071,8.934,'','2009-03-17 22:10:22','2009-03-17 22:10:22',1),(206,'Algericas',36.1298,-5.4477,'Alternate Spelling – Algeciras','2009-03-17 22:10:22','2009-03-17 22:10:22',1),(207,'Alicante',38.346,-0.4848,'','2009-03-17 22:10:22','2009-03-17 22:10:22',1),(208,'Ayamonte and Huelva',37.2571,-6.9496,'Lat/Long values for Huelva','2009-03-17 22:10:22','2009-03-17 22:10:22',1),(209,'Barcelona',41.3879,2.1699,'','2009-03-17 22:10:22','2009-03-17 22:10:22',1),(210,'Bilbao',43.257,-2.9234,'','2009-03-17 22:10:22','2009-03-17 22:10:22',1),(211,'Cadiz',36.5299,-6.2924,'','2009-03-17 22:10:22','2009-03-17 22:10:22',1),(212,'Carthagena (Spain)',37.6057,-0.9913,'','2009-03-17 22:10:22','2009-03-17 23:33:34',1),(213,'Corunna',43.3715,-8.396,'','2009-03-17 22:10:22','2009-03-17 22:10:22',1),(214,'Gibraltar',36.1377,-5.3454,'','2009-03-17 22:10:22','2009-03-17 22:10:22',1),(215,'Madrid',40.4167,-3.7032,NULL,'2009-03-17 22:10:22','2011-04-13 19:35:11',1),(216,'Malaga',36.7197,-4.42,'','2009-03-17 22:10:22','2009-03-17 22:10:22',1),(217,'Oratava',28.3911,-16.5235,'Alternate Spelling -- La Orotava','2009-03-17 22:10:22','2009-03-17 22:10:22',1),(218,'Palma',39.5692,2.6498,'','2009-03-17 22:10:22','2009-03-17 22:10:22',1),(219,'Puerto Santa Maria',36.597,-6.2275,'','2009-03-17 22:10:22','2009-03-17 22:10:22',1),(220,'San Lucar',42.0982,3.1531,'','2009-03-17 22:10:22','2009-03-17 22:10:22',1),(221,'Santander',43.461,-3.8079,'','2009-03-17 22:10:22','2009-03-17 22:10:22',1),(222,'Tarragona',41.119,1.2455,'','2009-03-17 22:10:22','2009-03-17 22:10:22',1),(223,'Tenerife',28.4698,-16.2549,'Alternate Name -- Santa Cruz de Tenerife','2009-03-17 22:10:22','2009-03-17 22:10:22',1),(224,'Fayal',38.577,-28.703,'N.B. This is an *island* not a city.  Will need further research to determine where on the island the consul was posted.  Also spelled Faial.','2009-03-17 22:10:22','2009-03-17 22:10:22',1),(225,'Funchal',32.6511,-16.9097,'','2009-03-17 22:10:22','2009-03-17 22:10:22',1),(226,'Lisbon',38.7072,-9.1355,'','2009-03-17 22:10:22','2009-03-17 22:10:22',1),(227,'Oporto',41.15,-8.6102,'Alternate spelling – Porto','2009-03-17 22:10:22','2009-03-17 22:10:22',1),(228,'Santiago (Cap Verde)',15.0615,-23.6261,'This is an island in the Cape Verde Islands.  More research will be necessary to determine where on the island the consul was posted - but probably was Praia (the largest city).','2009-03-17 22:10:22','2009-03-17 23:23:24',1),(229,'Amsterdam',52.3738,4.891,NULL,'2009-03-17 22:10:22','2012-01-18 01:43:50',1),(230,'Helder',52.9574,4.7585,'Alternate spelling -- Den Helder','2009-03-17 22:10:22','2009-03-17 22:10:22',1),(231,'Rotterdam',51.9226,4.4707,'','2009-03-17 22:10:22','2009-03-17 22:10:22',1),(232,'Texel',53.0771,4.8319,'This is actually an island.  More research will be needed to determine where the consul was posted.','2009-03-17 22:10:22','2009-03-17 22:10:22',1),(233,'The Hague',52.0782,4.3137,NULL,'2009-03-17 22:10:22','2012-01-17 20:38:49',1),(234,'Copenhagen',55.6763,12.5681,NULL,'2009-03-17 22:10:22','2011-12-31 23:24:23',1),(235,'Christiania (Oslo)',59.9138,10.7387,'','2009-03-17 22:10:22','2009-03-17 22:10:22',1),(236,'Gothenburg (Goteborg)',57.697,11.9864,'','2009-03-17 22:10:22','2009-03-17 22:10:22',1),(237,'Stockholm',59.3328,18.0645,'','2009-03-17 22:10:22','2009-03-17 22:10:22',1),(238,'Berlin',52.5235,13.4115,'','2009-03-17 22:10:22','2009-03-17 22:10:22',1),(239,'Remscheid',51.1833,7.2,'','2009-03-17 22:10:22','2009-03-17 22:10:22',1),(240,'Stettin',53.4167,14.5833,'Alternate Spelling – Szczecin','2009-03-17 22:10:22','2009-03-17 22:10:22',1),(241,'Trieste',45.6294,13.4473,'','2009-03-17 22:10:22','2009-03-17 22:10:22',1),(242,'Venice',45.4343,12.3388,'','2009-03-17 22:10:22','2009-03-17 22:10:22',1),(243,'Nuremberg',49.4505,11.0805,'','2009-03-17 22:10:22','2009-03-17 22:10:22',1),(244,'Emden',53.3643,7.2012,'','2009-03-17 22:10:22','2009-03-17 22:10:22',1),(245,'Schwerin',53.6258,11.4169,'','2009-03-17 22:10:22','2009-03-17 22:10:22',1),(246,'Bremen',53.075,8.8071,'','2009-03-17 22:10:22','2009-03-17 22:10:22',1),(247,'Hamburg',53.5534,9.9922,'','2009-03-17 22:10:22','2009-03-17 22:10:22',1),(248,'Cagliari',39.2149,9.1095,'','2009-03-17 22:10:22','2009-03-17 22:10:22',1),(249,'Turin',45.0706,7.6867,'','2009-03-17 22:10:22','2009-03-17 22:10:22',1),(250,'Florence',43.7687,11.2569,'','2009-03-17 22:10:22','2009-03-17 22:10:22',1),(251,'Leghorn',43.5519,10.308,'','2009-03-17 22:10:22','2009-03-17 22:10:22',1),(252,'Rome',41.8955,12.4823,'','2009-03-17 22:10:22','2009-03-17 22:10:22',1),(253,'Messina',38.1922,15.5567,'','2009-03-17 22:10:22','2009-03-17 22:10:22',1),(254,'Naples',40.8333,14.25,'','2009-03-17 22:10:22','2009-03-17 22:10:22',1),(255,'Palermo',38.1156,13.3613,'','2009-03-17 22:10:22','2009-03-17 22:10:22',1),(256,'Valetta',35.8978,15.5125,'','2009-03-17 22:10:22','2009-03-17 22:10:22',1),(257,'Constantinople',41.0122,28.976,'Istanbul - not Constantinople','2009-03-17 22:10:22','2009-03-17 22:10:22',1),(258,'Smyrna',38.4187,27.1297,'Modern spelling – Izmir','2009-03-17 22:10:22','2009-03-17 22:10:22',1),(259,'Athens',37.9792,23.7166,'','2009-03-17 22:10:22','2009-03-17 22:10:22',1),(260,'Marrakesh',31.6373,-8.0175,'','2009-03-17 22:10:22','2009-03-17 22:10:22',1),(261,'Mogador',31.5131,-9.76972,'Modern name Essaouira','2009-03-17 22:10:22','2009-03-17 22:10:22',1),(262,'Tangier',35.7807,-5.8114,'','2009-03-17 22:10:22','2009-03-17 22:10:22',1),(263,'Algiers',36.7755,3.0597,'','2009-03-17 22:10:22','2009-03-17 22:10:22',1),(264,'Tunis',36.8117,10.1761,'','2009-03-17 22:10:22','2009-03-17 22:10:22',1),(265,'Tripoli',32.883,13.1897,'','2009-03-17 22:10:22','2009-03-17 22:10:22',1),(266,'Cape Town',-33.916,18.4222,'','2009-03-17 22:10:22','2009-03-17 22:10:22',1),(267,'Calcutta',22.5726,88.3639,'','2009-03-17 22:10:22','2009-03-17 22:10:22',1),(268,'Madras',13.0604,80.2496,'Alternate name – Chennai','2009-03-17 22:10:22','2009-03-17 22:10:22',1),(269,'Port Louis',-20.1654,57.4896,'','2009-03-17 22:10:22','2009-03-17 22:10:22',1),(270,'Rangoon',16.867,96.1419,'Alternate name – Yangon','2009-03-17 22:10:22','2009-03-17 22:10:22',1),(271,'Batavia (Jakarta)',-6.2115,106.845,'','2009-03-17 22:10:22','2009-03-17 22:10:22',1),(272,'Manila',14.579,120.973,'','2009-03-17 22:10:22','2009-03-17 22:10:22',1),(273,'Canton',23.127,113.341,'Alternate name – Guangdong','2009-03-17 22:10:22','2009-03-17 22:10:22',1),(274,'Honolulu',21.292,-157.822,'','2009-03-17 22:10:22','2009-03-17 22:10:22',1),(275,'Hamilton',32.293,-64.782,NULL,'2009-03-17 22:10:22','2009-12-03 23:28:45',1),(276,'St. George\'s',32.3794,-64.6778,NULL,'2009-03-17 22:10:22','2009-12-03 23:47:41',1),(277,'St. Augustine',29.9017,-81.3202,NULL,'2009-03-17 22:10:22','2009-12-03 23:28:20',1),(278,'New Orleans',29.9532,-90.069,NULL,'2009-03-17 22:10:22','2009-12-03 23:27:34',1),(279,'Columbia River',46.1859,-123.813,'This is actually the location of Astoria - Oregon.  More research will be required to determine exactly where the fort existed.','2009-03-17 22:10:22','2009-03-17 22:10:22',1),(280,'Havana',23.1333,-82.3667,'','2009-03-17 22:10:22','2009-03-17 22:10:22',1),(281,'Matanzas',23.05,-81.5833,NULL,'2009-03-17 22:10:22','2009-12-03 23:33:46',1),(282,'Trinidad',23.0802,-82.3553,NULL,'2009-03-17 22:10:22','2009-12-03 23:34:09',1),(283,'Aux Cayes',18.2,-73.75,NULL,'2009-03-17 22:10:22','2009-04-16 16:23:24',1),(284,'Cap Haitien',19.75,-72.2,NULL,'2009-03-17 22:10:22','2009-12-03 23:31:08',1),(285,'Port-au-Prince',18.5333,-72.3333,'Renamed Port Republican during the Haitian Revolution.','2009-03-17 22:10:22','2009-03-17 22:10:22',1),(286,'Kingston',17.9927,-76.792,NULL,'2009-03-17 22:10:22','2009-12-03 23:32:07',1),(287,'Ponce',17.996,-66.6208,NULL,'2009-03-17 22:10:22','2009-12-03 23:30:51',1),(288,'San Juan',18.4665,-66.1183,NULL,'2009-03-17 22:10:22','2009-12-03 23:30:09',1),(289,'Antigua Island',17.0747,-61.8175,'Need more research to find out where on the island the consul was posted.','2009-03-17 22:10:22','2009-03-17 22:10:22',1),(290,'St. Kitts Island',17.25,-62.6667,'Need more research to discover where on the island the consul was posted.','2009-03-17 22:10:22','2012-12-07 17:46:30',1),(291,'Basse-Terre',15.9958,-61.7292,NULL,'2009-03-17 22:10:22','2009-12-03 23:44:50',1),(292,'Bridgetown',13.0935,-59.6105,NULL,'2009-03-17 22:10:22','2009-12-03 23:43:16',1),(293,'Curacao Island',12.1167,-68.9333,'More research will be required to determine where on the island the consul was posted.','2009-03-17 22:10:22','2009-03-17 22:10:22',1),(294,'Nassau',25.0661,-77.339,NULL,'2009-03-17 22:10:22','2009-12-03 23:29:06',1),(295,'Turks Island',21.4722,-71.1389,'Alternate name -- Grand Turk Island','2009-03-17 22:10:22','2009-03-17 22:10:22',1),(296,'St. Bartholomew Island',17.9,-62.8333,'Alternate names -- Saint Barthelemy or St. Barts','2009-03-17 22:10:22','2009-03-17 22:10:22',1),(297,'St. Croix',17.75,-64.75,NULL,'2009-03-17 22:10:22','2009-12-03 23:46:31',1),(298,'St. Thomas',18.3333,-64.9167,NULL,'2009-03-17 22:10:22','2009-12-03 23:46:47',1),(299,'St. Eustatius Island',17.4833,-62.9833,'Alternate Spelling -- Sint Eustatius or Saint Eustatia','2009-03-17 22:10:22','2009-03-17 22:10:22',1),(300,'St. Pierre',14.7417,-61.1758,NULL,'2009-03-17 22:10:22','2009-12-03 23:44:23',1),(301,'Trinidad Island',10.4606,-61.2486,'More research is needed to determine where the consul was posted on the island.','2009-03-17 22:10:22','2009-03-17 22:10:22',1),(302,'Acapulco',16.85,-99.9167,'','2009-03-17 22:10:22','2009-03-17 22:10:22',1),(303,'Aquatulco',15.75,-96.1333,'I think this is Port Guatulco in Oaxaca - but more research will be required to determine if this is a correct assumption.','2009-03-17 22:10:22','2009-03-17 22:10:22',1),(304,'Campeche',19.85,-90.53,NULL,'2009-03-17 22:10:22','2009-12-03 23:35:08',1),(305,'Chihuahua',28.63,-106.08,'','2009-03-17 22:10:22','2009-03-17 22:10:22',1),(306,'Mexico',19.4095,-99.1307,'These are the coordinates for Mexico City - which is where I believe the agent was supposed to go - but more research is required.','2009-03-17 22:10:22','2009-03-17 22:10:22',1),(307,'Tampico',22.2553,-97.8686,NULL,'2009-03-17 22:10:22','2009-12-03 23:34:37',1),(308,'Vera Cruz',19.1848,-96.1296,'Alternate Spelling – Veracruz','2009-03-17 22:10:22','2009-03-17 22:10:22',1),(309,'Guatemala',14.6333,-90.5,'These are the coordinates for Guatemala City - the capital.  However - more research is required to determine exactly where the officer was posted.','2009-03-17 22:10:22','2009-03-17 22:10:22',1),(310,'Angostura (Ciudad Bolivar)',8.122,-63.55,NULL,'2009-03-17 22:10:22','2009-12-03 23:39:13',1),(311,'Bogota',4.59806,-74.0758,'','2009-03-17 22:10:22','2009-03-17 22:10:22',1),(312,'Panama',8.98333,-79.5167,'These are the coordinates for Panama City - but more research is required.','2009-03-17 22:10:22','2009-03-17 22:10:22',1),(313,'Santa Marta',11.2419,-74.2053,NULL,'2009-03-17 22:10:22','2009-12-03 23:36:47',1),(314,'Caracas',10.5207,-66.9245,NULL,'2009-03-17 22:10:22','2009-12-03 23:38:10',1),(315,'Laguayra',10.6,-66.9331,'Modern Spelling -- La Guiara','2009-03-17 22:10:22','2009-03-17 22:10:22',1),(316,'Maracaibo',10.6539,-71.6406,NULL,'2009-03-17 22:10:22','2009-12-03 23:37:11',1),(317,'Puerto Cabello',10.4667,-68.0167,NULL,'2009-03-17 22:10:22','2009-12-03 23:37:53',1),(318,'Demerara',6.8,-58.1667,'These are the coordinates for Georgetown the capital city of modern day Guyana - which is located in the Demerara-Mahaica region.  More research is needed to pinpoint the officer\'s location.','2009-03-17 22:10:22','2009-03-17 22:10:22',1),(319,'Cayenne',4.9227,-52.3269,NULL,'2009-03-17 22:10:22','2009-12-03 23:42:07',1),(320,'Paramaribo',5.86667,-55.1667,NULL,'2009-03-17 22:10:22','2009-12-03 23:40:05',1),(321,'Guayaquil',-2.18333,-79.8833,'','2009-03-17 22:10:22','2009-03-17 22:10:22',1),(322,'Lima',-12.0433,-77.0283,'','2009-03-17 22:10:22','2009-03-17 22:10:22',1),(323,'Maranhao Island',-2.5833,-44.2992,'These are the coordinates for Sao Luis - the capital city of the Brazilian state of Maranhao - located on Sao Luis island.  More research is required.','2009-03-17 22:10:22','2009-03-17 22:10:22',1),(324,'Pernambuco (Recife)',-8.0543,-34.8813,'Probably should change the name to Recife - which is the city.  Pernambuco is the region.','2009-03-17 22:10:22','2009-03-17 22:10:22',1),(325,'Rio de Janeiro',-22.9035,-43.2096,NULL,'2009-03-17 22:10:22','2011-02-10 03:03:04',1),(326,'Salvador da Bahia',-12.9747,-38.4768,'','2009-03-17 22:10:22','2009-03-17 22:10:22',1),(327,'Valparaiso',-33.05,-71.6167,'','2009-03-17 22:10:22','2009-03-17 22:10:22',1),(328,'Montevideo',-34.8937,-56.1573,'','2009-03-17 22:10:22','2009-03-17 22:10:22',1),(329,'Buenos Aires',-34.6118,-58.4173,'','2009-03-17 22:10:22','2009-03-17 22:10:22',1),(330,'Santiago de Cuba',20.0198,-75.8139,NULL,'2009-03-17 22:10:22','2009-12-03 23:32:34',1),(331,'Santiago (Chile)',-33.4378,-70.6503,'','2009-03-17 23:22:36','2009-03-17 23:22:36',1),(332,'Carthagena (Colombia)',10.4,-75.5,NULL,'2009-03-17 23:32:50','2009-12-03 23:36:29',1),(333,'Boston',42.3578,-71.0617,NULL,'2011-02-25 03:35:52','2011-02-25 03:35:52',1),(334,'Quincy',42.2528,-71.0028,NULL,'2011-02-25 03:44:37','2011-02-25 19:21:29',1),(335,'Derby',41.3311,-73.075,'These are the coordinates of David Humphrey\'s birthplace, 37 Elm Street now located in the town of Ansonia (created in 1864).','2011-03-08 23:25:29','2011-03-08 23:25:29',1),(336,'Pittsburgh',40.4417,-80,NULL,'2011-12-31 03:40:41','2011-12-31 03:41:51',1),(337,'Philadelphia',39.95,-75.17,NULL,'2012-01-04 18:17:23','2012-01-04 18:17:23',1),(338,'Bath',42.3369,-77.3181,NULL,'2012-01-16 00:02:57','2012-01-16 02:29:04',1),(339,'Sodus',43.2361,-77.0681,NULL,'2012-01-16 02:30:09','2012-01-16 02:30:09',1),(340,'Sandy Hook',40.4529,-73.9952,'In New Jersey.','2012-01-16 04:40:58','2012-01-16 04:40:58',1),(341,'Halifax',44.6566,-63.5791,'Coordinates are for the Royal Navy Dockyards','2012-01-16 04:40:58','2012-01-16 04:40:58',1),(342,'New York',40.7167,-74,'This is New York City.','2012-01-16 19:15:40','2012-01-16 19:15:40',1),(343,'Baltimore',39.2833,-76.6167,NULL,'2012-01-16 19:31:31','2012-01-16 19:31:31',1),(344,'Greenville',40.1025,-84.6281,NULL,'2012-01-16 22:37:07','2012-01-16 22:37:07',1),(345,'Richmond',37.541,-77.4329,NULL,'2012-01-17 01:21:21','2012-01-17 01:21:21',1),(346,'Charleston',32.7833,-79.9333,NULL,'2012-01-17 01:28:08','2012-01-17 01:28:08',1),(347,'Norfolk',36.91,-76.2019,NULL,'2012-01-17 01:46:04','2012-01-17 01:46:04',1),(348,'Providence',41.8236,-71.4222,NULL,'2012-01-17 04:42:52','2012-01-17 04:42:52',1),(349,'Nijmegen',51.825,5.85556,'Alternate spelling (French) -- Nimegue','2012-01-17 20:36:08','2012-01-17 20:36:08',1),(350,'Rousham House',51.9133,-1.305,'Home of the Dormer Family','2012-01-17 20:52:26','2012-01-17 20:52:26',1),(351,'Southampton',50.897,-1.40416,NULL,'2012-01-17 21:09:04','2012-01-17 21:09:04',1),(352,'Herefordshire',52.0833,-2.75,NULL,'2012-01-17 21:12:38','2012-01-17 21:12:38',1),(353,'Edinburgh',55.9494,-3.16028,NULL,'2012-01-17 21:15:38','2012-01-17 21:15:38',1),(354,'York',53.9583,-1.08028,NULL,'2012-01-18 00:53:57','2012-01-18 00:53:57',1),(355,'Twickenham',51.4486,-0.3369,NULL,'2012-01-18 01:28:59','2012-04-20 14:15:02',1),(356,'Throggs Neck',40.8061,-73.7951,NULL,'2012-01-18 01:36:52','2012-01-18 01:36:52',1),(357,'Rottingdean',50.815,-0.065,'Alternate Spelling -- Rottendean','2012-01-18 02:13:54','2012-01-18 02:13:54',1),(358,'Midleton',51.916,-8.175,'Alternate Spelling -- MIddleton','2012-01-18 02:56:39','2012-01-18 02:56:39',1),(359,'Dumfries',55.07,-3.603,NULL,'2012-01-18 03:09:29','2012-01-18 03:09:29',1),(360,'Bath',51.38,-2.36,NULL,'2012-01-19 19:27:32','2012-01-19 19:27:32',1);

--
-- Table structure for table `members`
--

CREATE TABLE `members` (
  `id` int(11) NOT NULL AUTO_INCREMENT,
  `individual_id` int(11) DEFAULT NULL,
  `organization_id` int(11) DEFAULT NULL,
  `start_year` int(11) DEFAULT NULL,
  `end_year` int(11) DEFAULT NULL,
  `notes` text,
  `created_at` datetime DEFAULT NULL,
  `updated_at` datetime DEFAULT NULL,
  `role_title_id` int(11) DEFAULT NULL,
  PRIMARY KEY (`id`),
  KEY `individual_id` (`individual_id`),
  KEY `organization_id` (`organization_id`),
  KEY `role_title_id` (`role_title_id`),
  CONSTRAINT `members_ibfk_1` FOREIGN KEY (`individual_id`) REFERENCES `individuals` (`id`),
  CONSTRAINT `members_ibfk_2` FOREIGN KEY (`organization_id`) REFERENCES `organizations` (`id`),
  CONSTRAINT `members_ibfk_3` FOREIGN KEY (`role_title_id`) REFERENCES `role_titles` (`id`)
) ENGINE=InnoDB AUTO_INCREMENT=4 DEFAULT CHARSET=latin1;

--
-- Dumping data for table `members`
--

INSERT INTO `members` VALUES (1,651,1,NULL,NULL,NULL,'2012-01-16 03:33:42','2012-01-16 03:33:42',NULL),(2,652,1,NULL,NULL,NULL,'2012-01-16 03:34:15','2012-01-16 03:34:15',NULL),(3,653,1,NULL,NULL,NULL,'2012-01-16 03:34:51','2012-01-16 03:34:51',NULL);

--
-- Table structure for table `occupation_titles`
--

CREATE TABLE `occupation_titles` (
  `id` int(11) NOT NULL AUTO_INCREMENT,
  `name` varchar(255) DEFAULT NULL,
  `occupation_type_id` int(11) DEFAULT NULL,
  `notes` text,
  `created_at` datetime DEFAULT NULL,
  `updated_at` datetime DEFAULT NULL,
  PRIMARY KEY (`id`),
  KEY `occupation_type_id` (`occupation_type_id`),
  CONSTRAINT `occupation_titles_ibfk_1` FOREIGN KEY (`occupation_type_id`) REFERENCES `occupation_types` (`id`)
) ENGINE=InnoDB AUTO_INCREMENT=21 DEFAULT CHARSET=latin1;

--
-- Dumping data for table `occupation_titles`
--

INSERT INTO `occupation_titles` VALUES (1,'Naval (Non-Commissioned)',1,'This includes all non-officers in the Navy.  See the notes field of specific occupations records for rank (if known)','2011-03-08 23:30:20','2011-03-08 23:34:45'),(2,'Naval Officer',1,'This includes all commissioned officers in the Navy.  See the notes field of specific occupations records for rank (if known).','2011-03-08 23:30:20','2011-03-08 23:34:45'),(3,'Army (Non-Commissioned)',1,'This includes all non-officers in the Army.  See the notes field of specific occupations records for rank (if known)','2011-03-08 23:30:20','2011-03-08 23:34:45'),(4,'Army Officer',1,'This includes all commissioned officers in the Army.  See the notes field of specific occupations records for rank (if known).','2011-03-08 23:30:20','2011-03-08 23:34:45'),(5,'judge',2,NULL,'2011-03-08 23:31:46','2011-03-08 23:31:46'),(6,'clerk',2,'working for a specific judge.  See the notes field of the occupations records for the name of the judge, if known.','2011-03-08 23:31:46','2011-03-08 23:31:46'),(7,'lawyer',2,NULL,'2011-03-08 23:31:46','2011-03-08 23:31:46'),(8,'planter',3,'Planter is, of course, a highly contested term with many definitions.  It is defined here as someone who owns their own land and has more than 20 slaves to work the property.  ','2011-03-08 23:41:42','2011-03-08 23:41:42'),(9,'farmer',3,'Defined here as someone who owns their own land and less than 20 slaves.','2011-03-08 23:41:42','2011-03-08 23:41:42'),(10,'merchant',4,NULL,'2011-03-08 23:53:42','2011-03-08 23:53:42'),(11,'speculator',4,'could be trading land, currency, debt, etc.  See the specific occupations records for more detail (if known).','2011-03-08 23:53:42','2011-03-08 23:53:42'),(12,'Ship Owner',5,NULL,'2011-03-08 23:59:37','2011-03-08 23:59:37'),(13,'Ship Officer',5,'check specific occupations records for actual title (First Officer, etc.), if known.','2011-03-08 23:59:37','2011-03-08 23:59:37'),(14,'Ship Captain',5,NULL,'2011-03-08 23:59:37','2011-03-08 23:59:37'),(15,'Seaman',5,'sailor, not an officer','2011-03-08 23:59:37','2011-03-08 23:59:37'),(16,'Lord Chancellor of Great Britain',NULL,NULL,'2012-04-29 03:13:43','2012-04-29 03:13:43'),(17,'Governor',6,'This will mostly be used for Governors of American States.','2012-04-29 13:52:54','2012-04-29 13:52:54'),(18,'United States Attorney',6,'This occupation is designated political rather than legal because it was a Federal Appointment under the Constitution of 1787.','2012-04-29 14:02:22','2012-10-30 21:35:54'),(19,'Secretary of State for War',6,'Position in British Cabinet.','2012-11-01 21:49:10','2012-11-01 21:49:10'),(20,'Secretary of the Treasury',6,'United States Federal Government.','2012-11-03 23:47:27','2012-11-03 23:47:27');

--
-- Table structure for table `occupation_types`
--

CREATE TABLE `occupation_types` (
  `id` int(11) NOT NULL AUTO_INCREMENT,
  `name` varchar(255) DEFAULT NULL,
  `notes` text,
  `created_at` datetime DEFAULT NULL,
  `updated_at` datetime DEFAULT NULL,
  PRIMARY KEY (`id`)
) ENGINE=InnoDB AUTO_INCREMENT=7 DEFAULT CHARSET=latin1;

--
-- Dumping data for table `occupation_types`
--

INSERT INTO `occupation_types` VALUES (1,'military',NULL,'2011-03-08 23:30:20','2011-03-08 23:30:20'),(2,'legal',NULL,'2011-03-08 23:31:46','2011-03-08 23:31:46'),(3,'agricultural',NULL,'2011-03-08 23:41:42','2011-03-08 23:41:42'),(4,'commerical',NULL,'2011-03-08 23:53:42','2011-03-08 23:53:42'),(5,'merchant marine','These occupations are for those who are engaged in commercial shipping (as opposed to the Navy).','2011-03-08 23:59:37','2011-03-08 23:59:37'),(6,'political',NULL,'2012-04-29 13:52:54','2012-04-29 13:52:54');

--
-- Table structure for table `occupations`
--

CREATE TABLE `occupations` (
  `id` int(11) NOT NULL AUTO_INCREMENT,
  `individual_id` int(11) DEFAULT NULL,
  `occupation_title_id` int(11) DEFAULT NULL,
  `start_year` int(11) DEFAULT NULL,
  `end_year` int(11) DEFAULT NULL,
  `notes` text,
  `created_at` datetime DEFAULT NULL,
  `updated_at` datetime DEFAULT NULL,
  PRIMARY KEY (`id`),
  KEY `individual_id` (`individual_id`),
  KEY `occupation_title_id` (`occupation_title_id`),
  CONSTRAINT `occupations_individual_id_2bbc54a9_fk_individuals_id` FOREIGN KEY (`individual_id`) REFERENCES `individuals` (`id`),
  CONSTRAINT `occupations_occupation_title_id_1cd67f51_fk_occupation_titles_id` FOREIGN KEY (`occupation_title_id`) REFERENCES `occupation_titles` (`id`)
) ENGINE=InnoDB AUTO_INCREMENT=20 DEFAULT CHARSET=latin1;

--
-- Dumping data for table `occupations`
--

INSERT INTO `occupations` VALUES (1,571,2,1758,1796,'British Navy.','2011-12-14 21:50:42','2011-12-14 21:59:32'),(2,574,10,NULL,NULL,NULL,'2011-12-14 22:20:37','2011-12-14 22:20:37'),(3,575,4,NULL,NULL,'British Army during French and Indian War','2011-12-14 22:27:56','2011-12-14 22:27:56'),(4,575,6,NULL,NULL,NULL,'2011-12-14 22:27:56','2011-12-14 22:27:56'),(5,578,10,NULL,NULL,'possibly in connection with sloop Betsy.  More research required.','2011-12-27 21:38:00','2011-12-27 21:38:00'),(6,579,8,NULL,NULL,NULL,'2011-12-27 21:43:55','2011-12-27 21:43:55'),(7,579,4,NULL,NULL,NULL,'2011-12-27 21:43:55','2011-12-27 21:43:55'),(8,649,4,NULL,NULL,NULL,'2012-01-16 00:16:18','2012-01-16 00:16:18'),(9,596,4,NULL,NULL,NULL,'2012-01-17 01:26:43','2012-01-17 01:26:43'),(10,596,8,NULL,NULL,NULL,'2012-01-17 01:26:43','2012-01-17 01:26:43'),(11,640,16,1793,1801,NULL,'2012-04-29 03:13:43','2012-04-29 03:13:43'),(12,601,17,1790,1805,'Governor of Rhode Island.','2012-04-29 13:52:54','2012-04-29 13:52:54'),(13,592,18,1792,1806,'U.S. Attorney for Maryland.','2012-04-29 14:02:22','2012-04-29 14:02:22'),(14,635,7,NULL,NULL,'','2012-11-01 21:50:18','2012-11-01 21:50:18'),(15,635,19,1794,1801,'','2012-11-01 21:50:18','2012-11-01 21:50:18'),(16,606,7,NULL,NULL,'','2012-11-03 23:47:32','2012-11-03 23:47:32'),(17,606,4,NULL,NULL,'','2012-11-03 23:47:32','2012-11-03 23:47:32'),(18,606,20,NULL,NULL,'','2012-11-03 23:47:32','2012-11-03 23:47:32'),(19,588,4,NULL,NULL,'','2012-11-04 00:08:32','2012-11-04 00:08:32');

--
-- Table structure for table `org_evolution_types`
--

CREATE TABLE `org_evolution_types` (
  `id` int(11) NOT NULL AUTO_INCREMENT,
  `name` varchar(255) DEFAULT NULL,
  `notes` text,
  `created_at` datetime DEFAULT NULL,
  `updated_at` datetime DEFAULT NULL,
  PRIMARY KEY (`id`)
) ENGINE=InnoDB DEFAULT CHARSET=latin1;

--
-- Dumping data for table `org_evolution_types`
--


--
-- Table structure for table `org_evolutions`
--

CREATE TABLE `org_evolutions` (
  `id` int(11) NOT NULL AUTO_INCREMENT,
  `org_1_id` int(11) DEFAULT NULL,
  `org_2_id` int(11) DEFAULT NULL,
  `org_evolution_type_id` int(11) DEFAULT NULL,
  `date` date DEFAULT NULL,
  `notes` text,
  `created_at` datetime DEFAULT NULL,
  `updated_at` datetime DEFAULT NULL,
  `day_known` tinyint(1) DEFAULT NULL,
  `month_known` tinyint(1) DEFAULT NULL,
  `year_known` tinyint(1) DEFAULT NULL,
  PRIMARY KEY (`id`),
  KEY `org_1_id` (`org_1_id`),
  KEY `org_2_id` (`org_2_id`),
  KEY `org_evolution_type_id` (`org_evolution_type_id`),
  CONSTRAINT `org_evolutions_org_1_id_d8bee104_fk_organizations_id` FOREIGN KEY (`org_1_id`) REFERENCES `organizations` (`id`),
  CONSTRAINT `org_evolutions_org_2_id_6f53e985_fk_organizations_id` FOREIGN KEY (`org_2_id`) REFERENCES `organizations` (`id`),
  CONSTRAINT `org_evolutions_org_evolution_type_i_9f728151_fk_org_evolu` FOREIGN KEY (`org_evolution_type_id`) REFERENCES `org_evolution_types` (`id`)
) ENGINE=InnoDB DEFAULT CHARSET=latin1;

--
-- Dumping data for table `org_evolutions`
--


--
-- Table structure for table `organization_types`
--

CREATE TABLE `organization_types` (
  `id` int(11) NOT NULL AUTO_INCREMENT,
  `name` varchar(255) DEFAULT NULL,
  `notes` text,
  `created_at` datetime DEFAULT NULL,
  `updated_at` datetime DEFAULT NULL,
  PRIMARY KEY (`id`)
) ENGINE=InnoDB DEFAULT CHARSET=latin1;

--
-- Dumping data for table `organization_types`
--


--
-- Table structure for table `organizations`
--

CREATE TABLE `organizations` (
  `id` int(11) NOT NULL AUTO_INCREMENT,
  `name` varchar(255) DEFAULT NULL,
  `start_year` int(11) DEFAULT NULL,
  `end_year` int(11) DEFAULT NULL,
  `magazine_sending` tinyint(1) DEFAULT NULL,
  `organization_type_id` int(11) DEFAULT NULL,
  `location_id` int(11) DEFAULT NULL,
  `org_bio` text,
  `notes` text,
  `created_at` datetime DEFAULT NULL,
  `updated_at` datetime DEFAULT NULL,
  PRIMARY KEY (`id`),
  KEY `organization_type_id` (`organization_type_id`),
  KEY `location_id` (`location_id`),
  CONSTRAINT `organizations_ibfk_1` FOREIGN KEY (`organization_type_id`) REFERENCES `organization_types` (`id`),
  CONSTRAINT `organizations_ibfk_2` FOREIGN KEY (`location_id`) REFERENCES `locations` (`id`)
) ENGINE=InnoDB AUTO_INCREMENT=5 DEFAULT CHARSET=latin1;

--
-- Dumping data for table `organizations`
--

INSERT INTO `organizations` VALUES (1,'Commissioners',NULL,NULL,NULL,NULL,336,NULL,'These Commissioners had their letters forwarded to John Jay during his mission to Great Britain in 1794.  More research is required to determine who they were.','2011-12-31 03:38:21','2012-01-16 03:32:47'),(2,'Commissioners at Pittsburg',NULL,NULL,NULL,NULL,336,NULL,'These Commissioners had their letters forwarded to Jay in 1794.  More research is required.  They may be synonymous with the group referred to as Commissioners (id #1).','2011-12-31 03:40:41','2011-12-31 03:40:41'),(4,'John de Neufville & Son',NULL,NULL,NULL,NULL,NULL,NULL,'Wrote to John Jay in 1794.  More research required.','2012-01-05 16:32:51','2012-01-05 16:32:51');

--
-- Table structure for table `regions`
--

CREATE TABLE `regions` (
  `id` int(11) NOT NULL AUTO_INCREMENT,
  `name` varchar(255) DEFAULT NULL,
  `notes` text,
  `created_at` datetime DEFAULT NULL,
  `updated_at` datetime DEFAULT NULL,
  PRIMARY KEY (`id`)
) ENGINE=InnoDB AUTO_INCREMENT=2 DEFAULT CHARSET=latin1;

--
-- Dumping data for table `regions`
--

INSERT INTO `regions` VALUES (1,'Caribbean',NULL,'2009-12-03 23:24:40','2009-12-03 23:24:40');

--
-- Table structure for table `relationship_types`
--

CREATE TABLE `relationship_types` (
  `id` int(11) NOT NULL AUTO_INCREMENT,
  `name` varchar(255) DEFAULT NULL,
  `notes` text,
  `created_at` datetime DEFAULT NULL,
  `updated_at` datetime DEFAULT NULL,
  PRIMARY KEY (`id`)
) ENGINE=InnoDB DEFAULT CHARSET=latin1;

--
-- Dumping data for table `relationship_types`
--


--
-- Table structure for table `relationships`
--

CREATE TABLE `relationships` (
  `id` int(11) NOT NULL AUTO_INCREMENT,
  `individual_id_1` int(11) DEFAULT NULL,
  `individual_id_2` int(11) DEFAULT NULL,
  `relationship_type_id` int(11) DEFAULT NULL,
  `start_year` int(11) DEFAULT NULL,
  `end_year` int(11) DEFAULT NULL,
  `notes` text,
  `created_at` datetime DEFAULT NULL,
  `updated_at` datetime DEFAULT NULL,
  PRIMARY KEY (`id`),
  KEY `individual_id_1` (`individual_id_1`),
  KEY `individual_id_2` (`individual_id_2`),
  KEY `relationship_type_id` (`relationship_type_id`),
  CONSTRAINT `relationships_individual_id_1_01464212_fk_individuals_id` FOREIGN KEY (`individual_id_1`) REFERENCES `individuals` (`id`),
  CONSTRAINT `relationships_individual_id_2_a7c20355_fk_individuals_id` FOREIGN KEY (`individual_id_2`) REFERENCES `individuals` (`id`),
  CONSTRAINT `relationships_relationship_type_id_f27af636_fk_relations` FOREIGN KEY (`relationship_type_id`) REFERENCES `relationship_types` (`id`)
) ENGINE=InnoDB DEFAULT CHARSET=latin1;

--
-- Dumping data for table `relationships`
--


--
-- Table structure for table `residence_types`
--

CREATE TABLE `residence_types` (
  `id` int(11) NOT NULL AUTO_INCREMENT,
  `name` varchar(255) DEFAULT NULL,
  `temporary` tinyint(1) DEFAULT NULL,
  `notes` text,
  `created_at` datetime DEFAULT NULL,
  `updated_at` datetime DEFAULT NULL,
  PRIMARY KEY (`id`)
) ENGINE=InnoDB DEFAULT CHARSET=latin1;

--
-- Dumping data for table `residence_types`
--


--
-- Table structure for table `residences`
--

CREATE TABLE `residences` (
  `id` int(11) NOT NULL AUTO_INCREMENT,
  `individual_id` int(11) DEFAULT NULL,
  `location_id` int(11) DEFAULT NULL,
  `residence_type_id` int(11) DEFAULT NULL,
  `start_year` int(11) DEFAULT NULL,
  `end_year` int(11) DEFAULT NULL,
  `birth_place` tinyint(1) DEFAULT NULL,
  `death_place` tinyint(1) DEFAULT NULL,
  `notes` text,
  `created_at` datetime DEFAULT NULL,
  `updated_at` datetime DEFAULT NULL,
  PRIMARY KEY (`id`),
  KEY `individual_id` (`individual_id`),
  KEY `location_id` (`location_id`),
  KEY `residence_type_id` (`residence_type_id`),
  CONSTRAINT `residences_ibfk_3` FOREIGN KEY (`residence_type_id`) REFERENCES `residence_types` (`id`),
  CONSTRAINT `residences_individual_id_3ed3fdb9_fk_individuals_id` FOREIGN KEY (`individual_id`) REFERENCES `individuals` (`id`),
  CONSTRAINT `residences_location_id_d8a89170_fk_locations_id` FOREIGN KEY (`location_id`) REFERENCES `locations` (`id`)
) ENGINE=InnoDB AUTO_INCREMENT=6 DEFAULT CHARSET=latin1;

--
-- Dumping data for table `residences`
--

INSERT INTO `residences` VALUES (1,14,334,NULL,NULL,NULL,1,0,NULL,'2011-02-25 03:44:37','2011-02-25 03:44:37'),(2,1,334,NULL,NULL,NULL,1,1,NULL,'2011-02-25 03:44:37','2011-02-25 03:44:37'),(3,203,335,NULL,NULL,NULL,1,NULL,NULL,'2011-03-08 23:25:29','2011-03-08 23:25:29'),(4,649,333,NULL,NULL,NULL,1,NULL,NULL,'2012-01-16 00:16:18','2012-01-16 00:16:18'),(5,596,346,NULL,NULL,NULL,1,1,NULL,'2012-01-17 01:28:08','2012-01-17 01:28:08');

--
-- Table structure for table `role_titles`
--

CREATE TABLE `role_titles` (
  `id` int(11) NOT NULL AUTO_INCREMENT,
  `name` varchar(255) DEFAULT NULL,
  `role_type_id` int(11) DEFAULT NULL,
  `notes` text,
  `created_at` datetime DEFAULT NULL,
  `updated_at` datetime DEFAULT NULL,
  PRIMARY KEY (`id`),
  KEY `role_type_id` (`role_type_id`)
) ENGINE=InnoDB DEFAULT CHARSET=latin1;

--
-- Dumping data for table `role_titles`
--


--
-- Table structure for table `role_types`
--

CREATE TABLE `role_types` (
  `id` int(11) NOT NULL AUTO_INCREMENT,
  `name` varchar(255) DEFAULT NULL,
  `notes` text,
  `created_at` datetime DEFAULT NULL,
  `updated_at` datetime DEFAULT NULL,
  PRIMARY KEY (`id`)
) ENGINE=InnoDB DEFAULT CHARSET=latin1;

--
-- Dumping data for table `role_types`
--


--
-- Table structure for table `states`
--

CREATE TABLE `states` (
  `id` int(11) NOT NULL AUTO_INCREMENT,
  `name` varchar(255) DEFAULT NULL,
  `continent_id` int(11) NOT NULL,
  `notes` text,
  `created_at` datetime DEFAULT NULL,
  `updated_at` datetime DEFAULT NULL,
  PRIMARY KEY (`id`),
  KEY `continent_id` (`continent_id`),
  CONSTRAINT `states_ibfk_1` FOREIGN KEY (`continent_id`) REFERENCES `continents` (`id`)
) ENGINE=InnoDB AUTO_INCREMENT=89 DEFAULT CHARSET=latin1;

--
-- Dumping data for table `states`
--

INSERT INTO `states` VALUES (1,'England',930672604,NULL,'2009-03-17 21:13:36','2009-03-17 21:13:36'),(2,'Wales',930672604,NULL,'2009-03-17 21:13:36','2009-03-17 21:13:36'),(3,'Scotland',930672604,NULL,'2009-03-17 21:13:36','2009-03-17 21:13:36'),(4,'Ireland',930672604,NULL,'2009-03-17 21:13:36','2009-03-17 21:13:36'),(5,'Russia',930672604,NULL,'2009-03-17 21:13:36','2009-03-17 21:13:36'),(6,'France',930672604,NULL,'2009-03-17 21:13:36','2009-03-17 21:13:36'),(7,'Belgium',930672604,NULL,'2009-03-17 21:13:36','2009-03-17 21:13:36'),(8,'Sardinia',930672604,NULL,'2009-03-17 21:13:36','2009-03-17 21:13:36'),(9,'Spain',930672604,NULL,'2009-03-17 21:13:36','2009-03-17 21:13:36'),(10,'Portugal',930672604,NULL,'2009-03-17 21:13:36','2009-03-17 21:13:36'),(11,'Netherlands',930672604,NULL,'2009-03-17 21:13:36','2009-03-17 21:13:36'),(12,'Denmark',930672604,NULL,'2009-03-17 21:13:36','2009-03-17 21:13:36'),(13,'Norway',930672604,NULL,'2009-03-17 21:13:36','2009-03-17 21:13:36'),(14,'Sweden',930672604,NULL,'2009-03-17 21:13:36','2009-03-17 21:13:36'),(15,'Prussia',930672604,NULL,'2009-03-17 21:13:36','2009-03-17 21:13:36'),(16,'Austria',930672604,NULL,'2009-03-17 21:13:36','2009-03-17 21:13:36'),(17,'Bavaria',930672604,NULL,'2009-03-17 21:13:36','2009-03-17 21:13:36'),(18,'Hannover',930672604,NULL,'2009-03-17 21:13:36','2009-03-17 21:13:36'),(19,'Mecklenburg-Schwerin',930672604,NULL,'2009-03-17 21:13:36','2011-02-25 03:33:39'),(20,'The German Free Cities',930672604,NULL,'2009-03-17 21:13:36','2009-03-17 21:13:36'),(21,'Genoa (Republic of)',930672604,NULL,'2009-03-17 21:13:36','2009-03-17 21:13:36'),(22,'Sardinia (Kingdom of)',930672604,NULL,'2009-03-17 21:13:36','2009-03-17 21:13:36'),(24,'Papal States',930672604,NULL,'2009-03-17 21:13:36','2009-03-17 21:13:36'),(25,'Naples (Kingdom of)',930672604,NULL,'2009-03-17 21:13:36','2009-03-17 21:13:36'),(26,'Malta',930672604,NULL,'2009-03-17 21:13:36','2009-03-17 21:13:36'),(27,'Turkey',930672604,NULL,'2009-03-17 21:13:36','2009-03-17 21:13:36'),(28,'Greece',930672604,NULL,'2009-03-17 21:13:36','2009-03-17 21:13:36'),(29,'Morocco',432531999,NULL,'2009-03-17 21:13:36','2009-03-17 21:13:36'),(30,'Algeria',432531999,NULL,'2009-03-17 21:13:36','2009-03-17 21:13:36'),(31,'Tunisia',432531999,NULL,'2009-03-17 21:13:36','2009-03-17 21:13:36'),(32,'Tripolitania',432531999,NULL,'2009-03-17 21:13:36','2009-03-17 21:13:36'),(33,'South Africa',432531999,NULL,'2009-03-17 21:13:36','2009-03-17 21:13:36'),(34,'India',655351082,NULL,'2009-03-17 21:13:36','2009-03-17 21:13:36'),(35,'Mauritius',655351082,NULL,'2009-03-17 21:13:36','2009-03-17 21:13:36'),(36,'Siam',655351082,NULL,'2009-03-17 21:13:36','2009-03-17 21:13:36'),(37,'Java',655351082,NULL,'2009-03-17 21:13:36','2009-03-17 21:13:36'),(38,'Philippines',655351082,NULL,'2009-03-17 21:13:36','2009-03-17 21:13:36'),(39,'China',655351082,NULL,'2009-03-17 21:13:36','2009-03-17 21:13:36'),(40,'Hawaii',655351082,NULL,'2009-03-17 21:13:36','2009-03-17 21:13:36'),(41,'Bermuda',74295373,NULL,'2009-03-17 21:13:36','2009-03-17 21:13:36'),(42,'Florida',74295373,NULL,'2009-03-17 21:13:36','2009-03-17 21:13:36'),(43,'Louisiana',74295373,NULL,'2009-03-17 21:13:36','2009-03-17 21:13:36'),(44,'Oregon',74295373,NULL,'2009-03-17 21:13:36','2009-03-17 21:13:36'),(45,'Cuba',74295373,NULL,'2009-03-17 21:13:36','2009-03-17 21:13:36'),(46,'Haiti',74295373,NULL,'2009-03-17 21:13:36','2009-03-17 21:13:36'),(47,'Jamaica',74295373,NULL,'2009-03-17 21:13:36','2009-03-17 21:13:36'),(48,'Puerto Rico',74295373,NULL,'2009-03-17 21:13:36','2009-03-17 21:13:36'),(49,'Antigua Island',74295373,NULL,'2009-03-17 21:13:36','2009-03-17 21:13:36'),(50,'St. Kitts Island',74295373,NULL,'2009-03-17 21:13:36','2009-03-17 21:13:36'),(51,'Guadeloupe',74295373,'','2009-03-17 21:13:36','2009-03-18 16:10:45'),(52,'Barbados',74295373,NULL,'2009-03-17 21:13:36','2009-03-17 21:13:36'),(53,'Curacao Island',74295373,NULL,'2009-03-17 21:13:36','2009-03-17 21:13:36'),(54,'Bahamas',74295373,NULL,'2009-03-17 21:13:36','2009-03-17 21:13:36'),(55,'St. Bartholomew Island',74295373,NULL,'2009-03-17 21:13:36','2009-03-17 21:13:36'),(56,'Virgin Islands',74295373,NULL,'2009-03-17 21:13:36','2009-03-17 21:13:36'),(57,'St. Eustatius Island',74295373,NULL,'2009-03-17 21:13:36','2009-03-17 21:13:36'),(58,'Martinique',74295373,NULL,'2009-03-17 21:13:36','2009-03-17 21:13:36'),(59,'Trinidad Island',74295373,NULL,'2009-03-17 21:13:36','2009-03-17 21:13:36'),(60,'Mexico',74295373,NULL,'2009-03-17 21:13:36','2009-03-17 21:13:36'),(61,'Guatemala',74295373,NULL,'2009-03-17 21:13:36','2009-03-17 21:13:36'),(62,'Colombia',619340803,NULL,'2009-03-17 21:13:36','2009-03-17 21:13:36'),(63,'Venezuela',619340803,NULL,'2009-03-17 21:13:36','2009-03-17 21:13:36'),(64,'British Guiana',619340803,NULL,'2009-03-17 21:13:36','2009-03-17 21:13:36'),(65,'French Guiana',619340803,NULL,'2009-03-17 21:13:36','2009-03-17 21:13:36'),(66,'Surinam',619340803,NULL,'2009-03-17 21:13:36','2009-03-17 21:13:36'),(67,'Ecuador',619340803,NULL,'2009-03-17 21:13:36','2009-03-17 21:13:36'),(68,'Peru',619340803,NULL,'2009-03-17 21:13:36','2009-03-17 21:13:36'),(69,'Brazil',619340803,NULL,'2009-03-17 21:13:36','2009-03-17 21:13:36'),(70,'Chile',619340803,NULL,'2009-03-17 21:13:36','2009-03-17 21:13:36'),(71,'Uruguay',619340803,NULL,'2009-03-17 21:13:36','2009-03-17 21:13:36'),(72,'Argentina',619340803,NULL,'2009-03-17 21:13:36','2009-03-17 21:13:36'),(73,'Cap Verde Islands',930672604,NULL,'2009-03-17 21:13:36','2009-03-17 21:13:36'),(74,'Madeira Islands',930672604,NULL,'2009-03-17 21:13:36','2009-03-17 21:13:36'),(75,'Azore Islands',930672604,NULL,'2009-03-17 21:13:36','2009-03-17 21:13:36'),(76,'Canary Islands',930672604,NULL,'2009-03-17 21:13:36','2009-03-17 21:13:36'),(77,'Majorca',930672604,NULL,'2009-03-17 21:13:36','2009-03-17 21:13:36'),(78,'Massachusetts',74295373,NULL,'2009-09-18 01:08:52','2009-09-18 01:29:03'),(79,'South Carolina',74295373,NULL,'2011-02-10 03:13:30','2011-02-10 03:13:30'),(80,'Connecticut',74295373,NULL,'2011-03-08 23:08:32','2011-03-08 23:08:32'),(81,'Virginia',74295373,NULL,'2011-12-06 21:48:56','2011-12-06 21:48:56'),(82,'New York',74295373,NULL,'2011-12-14 16:17:28','2011-12-14 16:17:28'),(83,'Pennsylvania',74295373,NULL,'2011-12-27 21:24:13','2011-12-27 21:24:13'),(84,'Ontario',74295373,NULL,'2012-01-15 23:33:30','2012-01-15 23:33:30'),(85,'Maryland',74295373,NULL,'2012-01-16 19:30:32','2012-01-16 19:30:32'),(86,'Ohio',74295373,NULL,'2012-01-16 22:37:47','2012-01-16 22:37:47'),(87,'Rhode Island',74295373,NULL,'2012-01-17 04:41:32','2012-01-17 04:41:32'),(88,'New Jersey',74295373,'','2012-11-03 23:44:16','2012-11-03 23:44:16');

--
-- Table structure for table `validations`
--

CREATE TABLE `validations` (
  `id` int(11) NOT NULL AUTO_INCREMENT,
  `object_id` int(11) DEFAULT NULL,
  `supports` tinyint(1) DEFAULT NULL,
  `citation_id` int(11) DEFAULT NULL,
  `notes` text,
  `created_at` datetime DEFAULT NULL,
  `updated_at` datetime DEFAULT NULL,
  `auth_user_id` int(11) DEFAULT NULL,
  `content_type_id` int(11) DEFAULT NULL,
  PRIMARY KEY (`id`),
  KEY `citation_id` (`citation_id`),
  KEY `auth_user_id` (`auth_user_id`),
  KEY `content_type_id` (`content_type_id`),
  CONSTRAINT `validations_citation_id_061305b8_fk_citations_id` FOREIGN KEY (`citation_id`) REFERENCES `citations` (`id`),
  CONSTRAINT `validations_ibfk_3` FOREIGN KEY (`auth_user_id`) REFERENCES `auth_user` (`id`),
  CONSTRAINT `validations_ibfk_4` FOREIGN KEY (`content_type_id`) REFERENCES `django_content_type` (`id`)
) ENGINE=InnoDB AUTO_INCREMENT=6467 DEFAULT CHARSET=latin1;

--
-- Dumping data for table `validations`
--

INSERT INTO `validations` VALUES (5398,1235,1,1,NULL,'2009-10-29 02:46:47','2009-10-29 02:46:47',1,44),(5399,1236,1,1,NULL,'2009-10-29 02:46:48','2009-10-29 02:46:48',1,44),(5400,1237,1,1,NULL,'2009-10-29 02:46:48','2009-10-29 02:46:48',1,44),(5401,1238,1,1,NULL,'2009-10-29 02:46:48','2009-10-29 02:46:48',1,44),(5402,1239,1,1,NULL,'2009-10-29 02:46:48','2009-10-29 02:46:48',1,44),(5403,1240,1,1,NULL,'2009-10-29 02:46:48','2009-10-29 02:46:48',1,44),(5404,1241,1,1,NULL,'2009-10-29 02:46:48','2009-10-29 02:46:48',1,44),(5405,1242,1,1,NULL,'2009-10-29 02:46:48','2009-10-29 02:46:48',1,44),(5406,1243,1,1,NULL,'2009-10-29 02:46:48','2009-10-29 02:46:48',1,44),(5407,1244,1,1,NULL,'2009-10-29 02:46:48','2009-10-29 02:46:48',1,44),(5408,1245,1,1,NULL,'2009-10-29 02:46:48','2009-10-29 02:46:48',1,44),(5409,1246,1,1,NULL,'2009-10-29 02:46:48','2009-10-29 02:46:48',1,44),(5410,1247,1,1,NULL,'2009-10-29 02:46:48','2009-10-29 02:46:48',1,44),(5411,1248,1,1,NULL,'2009-10-29 02:46:48','2009-10-29 02:46:48',1,44),(5412,1249,1,1,NULL,'2009-10-29 02:46:48','2009-10-29 02:46:48',1,44),(5413,1250,1,1,NULL,'2009-10-29 02:46:48','2009-10-29 02:46:48',1,44),(5414,1251,1,1,NULL,'2009-10-29 02:46:48','2009-10-29 02:46:48',1,44),(5415,1252,1,1,NULL,'2009-10-29 02:46:48','2009-10-29 02:46:48',1,44),(5416,1253,1,1,NULL,'2009-10-29 02:46:48','2009-10-29 02:46:48',1,44),(5417,1254,1,1,NULL,'2009-10-29 02:46:48','2009-10-29 02:46:48',1,44),(5418,1255,1,1,NULL,'2009-10-29 02:46:48','2009-10-29 02:46:48',1,44),(5419,1256,1,1,NULL,'2009-10-29 02:46:48','2009-10-29 02:46:48',1,44),(5420,1257,1,1,NULL,'2009-10-29 02:46:48','2009-10-29 02:46:48',1,44),(5421,1258,1,1,NULL,'2009-10-29 02:46:48','2009-10-29 02:46:48',1,44),(5422,1259,1,1,NULL,'2009-10-29 02:46:48','2009-10-29 02:46:48',1,44),(5423,1260,1,1,NULL,'2009-10-29 02:46:48','2009-10-29 02:46:48',1,44),(5424,1261,1,1,NULL,'2009-10-29 02:46:48','2009-10-29 02:46:48',1,44),(5425,1262,1,1,NULL,'2009-10-29 02:46:48','2009-10-29 02:46:48',1,44),(5426,1263,1,1,NULL,'2009-10-29 02:46:48','2009-10-29 02:46:48',1,44),(5427,1264,1,1,NULL,'2009-10-29 02:46:48','2009-10-29 02:46:48',1,44),(5428,1265,1,1,NULL,'2009-10-29 02:46:48','2009-10-29 02:46:48',1,44),(5429,1266,1,1,NULL,'2009-10-29 02:46:48','2009-10-29 02:46:48',1,44),(5430,1267,1,1,NULL,'2009-10-29 02:46:48','2009-10-29 02:46:48',1,44),(5431,1268,1,1,NULL,'2009-10-29 02:46:48','2009-10-29 02:46:48',1,44),(5432,1269,1,1,NULL,'2009-10-29 02:46:48','2009-10-29 02:46:48',1,44),(5433,1270,1,1,NULL,'2009-10-29 02:46:48','2009-10-29 02:46:48',1,44),(5434,1271,1,1,NULL,'2009-10-29 02:46:48','2009-10-29 02:46:48',1,44),(5435,1272,1,1,NULL,'2009-10-29 02:46:48','2009-10-29 02:46:48',1,44),(5436,1273,1,1,NULL,'2009-10-29 02:46:48','2009-10-29 02:46:48',1,44),(5437,1274,1,1,NULL,'2009-10-29 02:46:48','2009-10-29 02:46:48',1,44),(5438,1275,1,1,NULL,'2009-10-29 02:46:48','2009-10-29 02:46:48',1,44),(5439,1276,1,1,NULL,'2009-10-29 02:46:48','2009-10-29 02:46:48',1,44),(5440,1277,1,1,NULL,'2009-10-29 02:46:48','2009-10-29 02:46:48',1,44),(5441,1278,1,1,NULL,'2009-10-29 02:46:48','2009-10-29 02:46:48',1,44),(5442,1279,1,1,NULL,'2009-10-29 02:46:48','2009-10-29 02:46:48',1,44),(5443,1280,1,1,NULL,'2009-10-29 02:46:48','2009-10-29 02:46:48',1,44),(5444,1281,1,1,NULL,'2009-10-29 02:46:48','2009-10-29 02:46:48',1,44),(5445,1282,1,1,NULL,'2009-10-29 02:46:48','2009-10-29 02:46:48',1,44),(5446,1283,1,1,NULL,'2009-10-29 02:46:48','2009-10-29 02:46:48',1,44),(5447,1284,1,1,NULL,'2009-10-29 02:46:48','2009-10-29 02:46:48',1,44),(5448,1285,1,1,NULL,'2009-10-29 02:46:48','2009-10-29 02:46:48',1,44),(5449,1286,1,1,NULL,'2009-10-29 02:46:48','2009-10-29 02:46:48',1,44),(5450,1287,1,1,NULL,'2009-10-29 02:46:48','2009-10-29 02:46:48',1,44),(5451,1288,1,1,NULL,'2009-10-29 02:46:48','2009-10-29 02:46:48',1,44),(5452,1289,1,1,NULL,'2009-10-29 02:46:48','2009-10-29 02:46:48',1,44),(5453,1290,1,1,NULL,'2009-10-29 02:46:48','2009-10-29 02:46:48',1,44),(5454,1291,1,1,NULL,'2009-10-29 02:46:48','2009-10-29 02:46:48',1,44),(5455,1292,1,1,NULL,'2009-10-29 02:46:48','2009-10-29 02:46:48',1,44),(5456,1293,1,1,NULL,'2009-10-29 02:46:48','2009-10-29 02:46:48',1,44),(5457,1294,1,1,NULL,'2009-10-29 02:46:48','2009-10-29 02:46:48',1,44),(5458,1295,1,1,NULL,'2009-10-29 02:46:48','2009-10-29 02:46:48',1,44),(5459,1296,1,1,NULL,'2009-10-29 02:46:48','2009-10-29 02:46:48',1,44),(5460,1297,1,1,NULL,'2009-10-29 02:46:48','2009-10-29 02:46:48',1,44),(5461,1298,1,1,NULL,'2009-10-29 02:46:48','2009-10-29 02:46:48',1,44),(5462,1299,1,1,NULL,'2009-10-29 02:46:48','2009-10-29 02:46:48',1,44),(5463,1300,1,1,NULL,'2009-10-29 02:46:48','2009-10-29 02:46:48',1,44),(5464,1301,1,1,NULL,'2009-10-29 02:46:48','2009-10-29 02:46:48',1,44),(5465,1302,1,1,NULL,'2009-10-29 02:46:48','2009-10-29 02:46:48',1,44),(5466,1303,1,1,NULL,'2009-10-29 02:46:48','2009-10-29 02:46:48',1,44),(5467,1304,1,1,NULL,'2009-10-29 02:46:48','2009-10-29 02:46:48',1,44),(5468,1305,1,1,NULL,'2009-10-29 02:46:48','2009-10-29 02:46:48',1,44),(5469,1306,1,1,NULL,'2009-10-29 02:46:48','2009-10-29 02:46:48',1,44),(5470,1307,1,1,NULL,'2009-10-29 02:46:48','2009-10-29 02:46:48',1,44),(5471,1308,1,1,NULL,'2009-10-29 02:46:48','2009-10-29 02:46:48',1,44),(5472,1309,1,1,NULL,'2009-10-29 02:46:48','2009-10-29 02:46:48',1,44),(5473,1310,1,1,NULL,'2009-10-29 02:46:48','2009-10-29 02:46:48',1,44),(5474,1311,1,1,NULL,'2009-10-29 02:46:48','2009-10-29 02:46:48',1,44),(5475,1312,1,1,NULL,'2009-10-29 02:46:48','2009-10-29 02:46:48',1,44),(5476,1313,1,1,NULL,'2009-10-29 02:46:48','2009-10-29 02:46:48',1,44),(5477,1314,1,1,NULL,'2009-10-29 02:46:48','2009-10-29 02:46:48',1,44),(5478,1315,1,1,NULL,'2009-10-29 02:46:48','2009-10-29 02:46:48',1,44),(5479,1316,1,1,NULL,'2009-10-29 02:46:48','2009-10-29 02:46:48',1,44),(5480,1317,1,1,NULL,'2009-10-29 02:46:48','2009-10-29 02:46:48',1,44),(5481,1318,1,1,NULL,'2009-10-29 02:46:48','2009-10-29 02:46:48',1,44),(5482,1319,1,1,NULL,'2009-10-29 02:46:48','2009-10-29 02:46:48',1,44),(5483,1320,1,1,NULL,'2009-10-29 02:46:48','2009-10-29 02:46:48',1,44),(5484,1321,1,1,NULL,'2009-10-29 02:46:48','2009-10-29 02:46:48',1,44),(5485,1322,1,1,NULL,'2009-10-29 02:46:48','2009-10-29 02:46:48',1,44),(5486,1323,1,1,NULL,'2009-10-29 02:46:48','2009-10-29 02:46:48',1,44),(5487,1324,1,1,NULL,'2009-10-29 02:46:48','2009-10-29 02:46:48',1,44),(5488,1325,1,1,NULL,'2009-10-29 02:46:48','2009-10-29 02:46:48',1,44),(5489,1326,1,1,NULL,'2009-10-29 02:46:48','2009-10-29 02:46:48',1,44),(5490,1327,1,1,NULL,'2009-10-29 02:46:48','2009-10-29 02:46:48',1,44),(5491,1328,1,1,NULL,'2009-10-29 02:46:48','2009-10-29 02:46:48',1,44),(5492,1329,1,1,NULL,'2009-10-29 02:46:48','2009-10-29 02:46:48',1,44),(5493,1330,1,1,NULL,'2009-10-29 02:46:48','2009-10-29 02:46:48',1,44),(5494,1331,1,1,NULL,'2009-10-29 02:46:48','2009-10-29 02:46:48',1,44),(5495,1332,1,1,NULL,'2009-10-29 02:46:48','2009-10-29 02:46:48',1,44),(5496,1333,1,1,NULL,'2009-10-29 02:46:48','2009-10-29 02:46:48',1,44),(5497,1334,1,1,NULL,'2009-10-29 02:46:48','2009-10-29 02:46:48',1,44),(5498,1335,1,1,NULL,'2009-10-29 02:46:48','2009-10-29 02:46:48',1,44),(5499,1336,1,1,NULL,'2009-10-29 02:46:48','2009-10-29 02:46:48',1,44),(5500,1337,1,1,NULL,'2009-10-29 02:46:48','2009-10-29 02:46:48',1,44),(5501,1338,1,1,NULL,'2009-10-29 02:46:48','2009-10-29 02:46:48',1,44),(5502,1339,1,1,NULL,'2009-10-29 02:46:48','2009-10-29 02:46:48',1,44),(5503,1340,1,1,NULL,'2009-10-29 02:46:48','2009-10-29 02:46:48',1,44),(5504,1341,1,1,NULL,'2009-10-29 02:46:48','2009-10-29 02:46:48',1,44),(5505,1342,1,1,NULL,'2009-10-29 02:46:48','2009-10-29 02:46:48',1,44),(5506,1343,1,1,NULL,'2009-10-29 02:46:48','2009-10-29 02:46:48',1,44),(5507,1344,1,1,NULL,'2009-10-29 02:46:48','2009-10-29 02:46:48',1,44),(5508,1345,1,1,NULL,'2009-10-29 02:46:48','2009-10-29 02:46:48',1,44),(5509,1346,1,1,NULL,'2009-10-29 02:46:48','2009-10-29 02:46:48',1,44),(5510,1347,1,1,NULL,'2009-10-29 02:46:48','2009-10-29 02:46:48',1,44),(5511,1348,1,1,NULL,'2009-10-29 02:46:48','2009-10-29 02:46:48',1,44),(5512,1349,1,1,NULL,'2009-10-29 02:46:48','2009-10-29 02:46:48',1,44),(5513,1350,1,1,NULL,'2009-10-29 02:46:48','2009-10-29 02:46:48',1,44),(5514,1351,1,1,NULL,'2009-10-29 02:46:48','2009-10-29 02:46:48',1,44),(5515,1352,1,1,NULL,'2009-10-29 02:46:48','2009-10-29 02:46:48',1,44),(5516,1353,1,1,NULL,'2009-10-29 02:46:48','2009-10-29 02:46:48',1,44),(5517,1354,1,1,NULL,'2009-10-29 02:46:48','2009-10-29 02:46:48',1,44),(5518,1355,1,1,NULL,'2009-10-29 02:46:48','2009-10-29 02:46:48',1,44),(5519,1356,1,1,NULL,'2009-10-29 02:46:48','2009-10-29 02:46:48',1,44),(5520,1357,1,1,NULL,'2009-10-29 02:46:48','2009-10-29 02:46:48',1,44),(5521,1358,1,1,NULL,'2009-10-29 02:46:48','2009-10-29 02:46:48',1,44),(5522,1359,1,1,NULL,'2009-10-29 02:46:48','2009-10-29 02:46:48',1,44),(5523,1360,1,1,NULL,'2009-10-29 02:46:48','2009-10-29 02:46:48',1,44),(5524,1361,1,1,NULL,'2009-10-29 02:46:48','2009-10-29 02:46:48',1,44),(5525,1362,1,1,NULL,'2009-10-29 02:46:48','2009-10-29 02:46:48',1,44),(5526,1363,1,1,NULL,'2009-10-29 02:46:48','2009-10-29 02:46:48',1,44),(5527,1364,1,1,NULL,'2009-10-29 02:46:48','2009-10-29 02:46:48',1,44),(5528,1365,1,1,NULL,'2009-10-29 02:46:48','2009-10-29 02:46:48',1,44),(5529,1366,1,1,NULL,'2009-10-29 02:46:48','2009-10-29 02:46:48',1,44),(5530,1367,1,1,NULL,'2009-10-29 02:46:48','2009-10-29 02:46:48',1,44),(5531,1368,1,1,NULL,'2009-10-29 02:46:48','2009-10-29 02:46:48',1,44),(5532,1369,1,1,NULL,'2009-10-29 02:46:48','2009-10-29 02:46:48',1,44),(5533,1370,1,1,NULL,'2009-10-29 02:46:48','2009-10-29 02:46:48',1,44),(5534,1371,1,1,NULL,'2009-10-29 02:46:48','2009-10-29 02:46:48',1,44),(5535,1372,1,1,NULL,'2009-10-29 02:46:48','2009-10-29 02:46:48',1,44),(5536,1373,1,1,NULL,'2009-10-29 02:46:48','2009-10-29 02:46:48',1,44),(5537,1374,1,1,NULL,'2009-10-29 02:46:48','2009-10-29 02:46:48',1,44),(5538,1375,1,1,NULL,'2009-10-29 02:46:48','2009-10-29 02:46:48',1,44),(5539,1376,1,1,NULL,'2009-10-29 02:46:48','2009-10-29 02:46:48',1,44),(5540,1377,1,1,NULL,'2009-10-29 02:46:48','2009-10-29 02:46:48',1,44),(5541,1378,1,1,NULL,'2009-10-29 02:46:48','2009-10-29 02:46:48',1,44),(5542,1379,1,1,NULL,'2009-10-29 02:46:48','2009-10-29 02:46:48',1,44),(5543,1380,1,1,NULL,'2009-10-29 02:46:48','2009-10-29 02:46:48',1,44),(5544,1381,1,1,NULL,'2009-10-29 02:46:48','2009-10-29 02:46:48',1,44),(5545,1382,1,1,NULL,'2009-10-29 02:46:48','2009-10-29 02:46:48',1,44),(5546,1383,1,1,NULL,'2009-10-29 02:46:48','2009-10-29 02:46:48',1,44),(5547,1384,1,1,NULL,'2009-10-29 02:46:48','2009-10-29 02:46:48',1,44),(5548,1385,1,1,NULL,'2009-10-29 02:46:48','2009-10-29 02:46:48',1,44),(5549,1386,1,1,NULL,'2009-10-29 02:46:49','2009-10-29 02:46:49',1,44),(5550,1387,1,1,NULL,'2009-10-29 02:46:49','2009-10-29 02:46:49',1,44),(5551,1388,1,1,NULL,'2009-10-29 02:46:49','2009-10-29 02:46:49',1,44),(5552,1389,1,1,NULL,'2009-10-29 02:46:49','2009-10-29 02:46:49',1,44),(5553,1390,1,1,NULL,'2009-10-29 02:46:49','2009-10-29 02:46:49',1,44),(5554,1391,1,1,NULL,'2009-10-29 02:46:49','2009-10-29 02:46:49',1,44),(5555,1392,1,1,NULL,'2009-10-29 02:46:49','2009-10-29 02:46:49',1,44),(5556,1393,1,1,NULL,'2009-10-29 02:46:49','2009-10-29 02:46:49',1,44),(5557,1394,1,1,NULL,'2009-10-29 02:46:49','2009-10-29 02:46:49',1,44),(5558,1395,1,1,NULL,'2009-10-29 02:46:49','2009-10-29 02:46:49',1,44),(5559,1396,1,1,NULL,'2009-10-29 02:46:49','2009-10-29 02:46:49',1,44),(5560,1397,1,1,NULL,'2009-10-29 02:46:49','2009-10-29 02:46:49',1,44),(5561,1398,1,1,NULL,'2009-10-29 02:46:49','2009-10-29 02:46:49',1,44),(5562,1399,1,1,NULL,'2009-10-29 02:46:49','2009-10-29 02:46:49',1,44),(5563,1400,1,1,NULL,'2009-10-29 02:46:49','2009-10-29 02:46:49',1,44),(5564,1401,1,1,NULL,'2009-10-29 02:46:49','2009-10-29 02:46:49',1,44),(5565,1402,1,1,NULL,'2009-10-29 02:46:49','2009-10-29 02:46:49',1,44),(5566,1403,1,1,NULL,'2009-10-29 02:46:49','2009-10-29 02:46:49',1,44),(5567,1404,1,1,NULL,'2009-10-29 02:46:49','2009-10-29 02:46:49',1,44),(5568,1405,1,1,NULL,'2009-10-29 02:46:49','2009-10-29 02:46:49',1,44),(5569,1406,1,1,NULL,'2009-10-29 02:46:49','2009-10-29 02:46:49',1,44),(5570,1407,1,1,NULL,'2009-10-29 02:46:49','2009-10-29 02:46:49',1,44),(5571,1408,1,1,NULL,'2009-10-29 02:46:49','2009-10-29 02:46:49',1,44),(5572,1409,1,1,NULL,'2009-10-29 02:46:49','2009-10-29 02:46:49',1,44),(5573,1410,1,1,NULL,'2009-10-29 02:46:49','2009-10-29 02:46:49',1,44),(5574,1411,1,1,NULL,'2009-10-29 02:46:49','2009-10-29 02:46:49',1,44),(5575,1412,1,1,NULL,'2009-10-29 02:46:49','2009-10-29 02:46:49',1,44),(5576,1413,1,1,NULL,'2009-10-29 02:46:49','2009-10-29 02:46:49',1,44),(5577,1414,1,1,NULL,'2009-10-29 02:46:49','2009-10-29 02:46:49',1,44),(5578,1415,1,1,NULL,'2009-10-29 02:46:49','2009-10-29 02:46:49',1,44),(5579,1416,1,1,NULL,'2009-10-29 02:46:49','2009-10-29 02:46:49',1,44),(5580,1417,1,1,NULL,'2009-10-29 02:46:49','2009-10-29 02:46:49',1,44),(5581,1418,1,1,NULL,'2009-10-29 02:46:49','2009-10-29 02:46:49',1,44),(5582,1419,1,1,NULL,'2009-10-29 02:46:49','2009-10-29 02:46:49',1,44),(5583,1420,1,1,NULL,'2009-10-29 02:46:49','2009-10-29 02:46:49',1,44),(5584,1421,1,1,NULL,'2009-10-29 02:46:49','2009-10-29 02:46:49',1,44),(5585,1422,1,1,NULL,'2009-10-29 02:46:49','2009-10-29 02:46:49',1,44),(5586,1423,1,1,NULL,'2009-10-29 02:46:49','2009-10-29 02:46:49',1,44),(5587,1424,1,1,NULL,'2009-10-29 02:46:49','2009-10-29 02:46:49',1,44),(5588,1425,1,1,NULL,'2009-10-29 02:46:49','2009-10-29 02:46:49',1,44),(5589,1426,1,1,NULL,'2009-10-29 02:46:49','2009-10-29 02:46:49',1,44),(5590,1427,1,1,NULL,'2009-10-29 02:46:49','2009-10-29 02:46:49',1,44),(5591,1428,1,1,NULL,'2009-10-29 02:46:49','2009-10-29 02:46:49',1,44),(5592,1429,1,1,NULL,'2009-10-29 02:46:49','2009-10-29 02:46:49',1,44),(5593,1430,1,1,NULL,'2009-10-29 02:46:49','2009-10-29 02:46:49',1,44),(5594,1431,1,1,NULL,'2009-10-29 02:46:49','2009-10-29 02:46:49',1,44),(5595,1432,1,1,NULL,'2009-10-29 02:46:49','2009-10-29 02:46:49',1,44),(5596,1433,1,1,NULL,'2009-10-29 02:46:49','2009-10-29 02:46:49',1,44),(5597,1434,1,1,NULL,'2009-10-29 02:46:49','2009-10-29 02:46:49',1,44),(5598,1435,1,1,NULL,'2009-10-29 02:46:49','2009-10-29 02:46:49',1,44),(5599,1436,1,1,NULL,'2009-10-29 02:46:49','2009-10-29 02:46:49',1,44),(5600,1437,1,1,NULL,'2009-10-29 02:46:49','2009-10-29 02:46:49',1,44),(5601,1438,1,1,NULL,'2009-10-29 02:46:49','2009-10-29 02:46:49',1,44),(5602,1439,1,1,NULL,'2009-10-29 02:46:49','2009-10-29 02:46:49',1,44),(5603,1440,1,1,NULL,'2009-10-29 02:46:49','2009-10-29 02:46:49',1,44),(5604,1441,1,1,NULL,'2009-10-29 02:46:49','2009-10-29 02:46:49',1,44),(5605,1442,1,1,NULL,'2009-10-29 02:46:49','2009-10-29 02:46:49',1,44),(5606,1443,1,1,NULL,'2009-10-29 02:46:49','2009-10-29 02:46:49',1,44),(5607,1444,1,1,NULL,'2009-10-29 02:46:49','2009-10-29 02:46:49',1,44),(5608,1445,1,1,NULL,'2009-10-29 02:46:49','2009-10-29 02:46:49',1,44),(5609,1446,1,1,NULL,'2009-10-29 02:46:49','2009-10-29 02:46:49',1,44),(5610,1447,1,1,NULL,'2009-10-29 02:46:49','2009-10-29 02:46:49',1,44),(5611,1448,1,1,NULL,'2009-10-29 02:46:49','2009-10-29 02:46:49',1,44),(5612,1449,1,1,NULL,'2009-10-29 02:46:49','2009-10-29 02:46:49',1,44),(5613,1450,1,1,NULL,'2009-10-29 02:46:49','2009-10-29 02:46:49',1,44),(5614,1451,1,1,NULL,'2009-10-29 02:46:49','2009-10-29 02:46:49',1,44),(5615,1452,1,1,NULL,'2009-10-29 02:46:49','2009-10-29 02:46:49',1,44),(5616,1453,1,1,NULL,'2009-10-29 02:46:49','2009-10-29 02:46:49',1,44),(5617,1454,1,1,NULL,'2009-10-29 02:46:49','2009-10-29 02:46:49',1,44),(5618,1455,1,1,NULL,'2009-10-29 02:46:49','2009-10-29 02:46:49',1,44),(5619,1456,1,1,NULL,'2009-10-29 02:46:49','2009-10-29 02:46:49',1,44),(5620,1457,1,1,NULL,'2009-10-29 02:46:49','2009-10-29 02:46:49',1,44),(5621,1458,1,1,NULL,'2009-10-29 02:46:49','2009-10-29 02:46:49',1,44),(5622,1459,1,1,NULL,'2009-10-29 02:46:49','2009-10-29 02:46:49',1,44),(5623,1460,1,1,NULL,'2009-10-29 02:46:49','2009-10-29 02:46:49',1,44),(5624,1461,1,1,NULL,'2009-10-29 02:46:49','2009-10-29 02:46:49',1,44),(5625,1462,1,1,NULL,'2009-10-29 02:46:49','2009-10-29 02:46:49',1,44),(5626,1463,1,1,NULL,'2009-10-29 02:46:49','2009-10-29 02:46:49',1,44),(5627,1464,1,1,NULL,'2009-10-29 02:46:49','2009-10-29 02:46:49',1,44),(5628,1465,1,1,NULL,'2009-10-29 02:46:49','2009-10-29 02:46:49',1,44),(5629,1466,1,1,NULL,'2009-10-29 02:46:49','2009-10-29 02:46:49',1,44),(5630,1467,1,1,NULL,'2009-10-29 02:46:49','2009-10-29 02:46:49',1,44),(5631,1468,1,1,NULL,'2009-10-29 02:46:49','2009-10-29 02:46:49',1,44),(5632,1469,1,1,NULL,'2009-10-29 02:46:49','2009-10-29 02:46:49',1,44),(5633,1470,1,1,NULL,'2009-10-29 02:46:49','2009-10-29 02:46:49',1,44),(5634,1471,1,1,NULL,'2009-10-29 02:46:49','2009-10-29 02:46:49',1,44),(5635,1472,1,1,NULL,'2009-10-29 02:46:49','2009-10-29 02:46:49',1,44),(5636,1473,1,1,NULL,'2009-10-29 02:46:49','2009-10-29 02:46:49',1,44),(5637,1474,1,1,NULL,'2009-10-29 02:46:49','2009-10-29 02:46:49',1,44),(5638,1475,1,1,NULL,'2009-10-29 02:46:49','2009-10-29 02:46:49',1,44),(5639,1476,1,1,NULL,'2009-10-29 02:46:49','2009-10-29 02:46:49',1,44),(5640,1477,1,1,NULL,'2009-10-29 02:46:49','2009-10-29 02:46:49',1,44),(5641,1478,1,1,NULL,'2009-10-29 02:46:49','2009-10-29 02:46:49',1,44),(5642,1479,1,1,NULL,'2009-10-29 02:46:49','2009-10-29 02:46:49',1,44),(5643,1480,1,1,NULL,'2009-10-29 02:46:49','2009-10-29 02:46:49',1,44),(5644,1481,1,1,NULL,'2009-10-29 02:46:49','2009-10-29 02:46:49',1,44),(5645,1482,1,1,NULL,'2009-10-29 02:46:49','2009-10-29 02:46:49',1,44),(5646,1483,1,1,NULL,'2009-10-29 02:46:49','2009-10-29 02:46:49',1,44),(5647,1484,1,1,NULL,'2009-10-29 02:46:49','2009-10-29 02:46:49',1,44),(5648,1485,1,1,NULL,'2009-10-29 02:46:49','2009-10-29 02:46:49',1,44),(5649,1486,1,1,NULL,'2009-10-29 02:46:49','2009-10-29 02:46:49',1,44),(5650,1487,1,1,NULL,'2009-10-29 02:46:49','2009-10-29 02:46:49',1,44),(5651,1488,1,1,NULL,'2009-10-29 02:46:49','2009-10-29 02:46:49',1,44),(5652,1489,1,1,NULL,'2009-10-29 02:46:49','2009-10-29 02:46:49',1,44),(5653,1490,1,1,NULL,'2009-10-29 02:46:49','2009-10-29 02:46:49',1,44),(5654,1491,1,1,NULL,'2009-10-29 02:46:49','2009-10-29 02:46:49',1,44),(5655,1492,1,1,NULL,'2009-10-29 02:46:49','2009-10-29 02:46:49',1,44),(5656,1493,1,1,NULL,'2009-10-29 02:46:49','2009-10-29 02:46:49',1,44),(5657,1494,1,1,NULL,'2009-10-29 02:46:49','2009-10-29 02:46:49',1,44),(5658,1495,1,1,NULL,'2009-10-29 02:46:49','2009-10-29 02:46:49',1,44),(5659,1496,1,1,NULL,'2009-10-29 02:46:49','2009-10-29 02:46:49',1,44),(5660,1497,1,1,NULL,'2009-10-29 02:46:49','2009-10-29 02:46:49',1,44),(5661,1498,1,1,NULL,'2009-10-29 02:46:49','2009-10-29 02:46:49',1,44),(5662,1499,1,1,NULL,'2009-10-29 02:46:49','2009-10-29 02:46:49',1,44),(5663,1500,1,1,NULL,'2009-10-29 02:46:49','2009-10-29 02:46:49',1,44),(5664,1501,1,1,NULL,'2009-10-29 02:46:49','2009-10-29 02:46:49',1,44),(5665,1502,1,1,NULL,'2009-10-29 02:46:49','2009-10-29 02:46:49',1,44),(5666,1503,1,1,NULL,'2009-10-29 02:46:49','2009-10-29 02:46:49',1,44),(5667,1504,1,1,NULL,'2009-10-29 02:46:49','2009-10-29 02:46:49',1,44),(5668,1505,1,1,NULL,'2009-10-29 02:46:49','2009-10-29 02:46:49',1,44),(5669,1506,1,1,NULL,'2009-10-29 02:46:49','2009-10-29 02:46:49',1,44),(5670,1507,1,1,NULL,'2009-10-29 02:46:49','2009-10-29 02:46:49',1,44),(5671,1508,1,1,NULL,'2009-10-29 02:46:49','2009-10-29 02:46:49',1,44),(5672,1509,1,1,NULL,'2009-10-29 02:46:49','2009-10-29 02:46:49',1,44),(5673,1510,1,1,NULL,'2009-10-29 02:46:49','2009-10-29 02:46:49',1,44),(5674,1511,1,1,NULL,'2009-10-29 02:46:49','2009-10-29 02:46:49',1,44),(5675,1512,1,1,NULL,'2009-10-29 02:46:49','2009-10-29 02:46:49',1,44),(5676,1513,1,1,NULL,'2009-10-29 02:46:49','2009-10-29 02:46:49',1,44),(5677,1514,1,1,NULL,'2009-10-29 02:46:49','2009-10-29 02:46:49',1,44),(5678,1515,1,1,NULL,'2009-10-29 02:46:49','2009-10-29 02:46:49',1,44),(5679,1516,1,1,NULL,'2009-10-29 02:46:49','2009-10-29 02:46:49',1,44),(5680,1517,1,1,NULL,'2009-10-29 02:46:49','2009-10-29 02:46:49',1,44),(5681,1518,1,1,NULL,'2009-10-29 02:46:49','2009-10-29 02:46:49',1,44),(5682,1519,1,1,NULL,'2009-10-29 02:46:49','2009-10-29 02:46:49',1,44),(5683,1520,1,1,NULL,'2009-10-29 02:46:49','2009-10-29 02:46:49',1,44),(5684,1521,1,1,NULL,'2009-10-29 02:46:49','2009-10-29 02:46:49',1,44),(5685,1522,1,1,NULL,'2009-10-29 02:46:49','2009-10-29 02:46:49',1,44),(5686,1523,1,1,NULL,'2009-10-29 02:46:49','2009-10-29 02:46:49',1,44),(5687,1524,1,1,NULL,'2009-10-29 02:46:49','2009-10-29 02:46:49',1,44),(5688,1525,1,1,NULL,'2009-10-29 02:46:50','2009-10-29 02:46:50',1,44),(5689,1526,1,1,NULL,'2009-10-29 02:46:50','2009-10-29 02:46:50',1,44),(5690,1527,1,1,NULL,'2009-10-29 02:46:50','2009-10-29 02:46:50',1,44),(5691,1528,1,1,NULL,'2009-10-29 02:46:50','2009-10-29 02:46:50',1,44),(5692,1529,1,1,NULL,'2009-10-29 02:46:50','2009-10-29 02:46:50',1,44),(5693,1530,1,1,NULL,'2009-10-29 02:46:50','2009-10-29 02:46:50',1,44),(5694,1531,1,1,NULL,'2009-10-29 02:46:50','2009-10-29 02:46:50',1,44),(5695,1532,1,1,NULL,'2009-10-29 02:46:50','2009-10-29 02:46:50',1,44),(5696,1533,1,1,NULL,'2009-10-29 02:46:50','2009-10-29 02:46:50',1,44),(5697,1534,1,1,NULL,'2009-10-29 02:46:50','2009-10-29 02:46:50',1,44),(5698,1535,1,1,NULL,'2009-10-29 02:46:50','2009-10-29 02:46:50',1,44),(5699,1536,1,1,NULL,'2009-10-29 02:46:50','2009-10-29 02:46:50',1,44),(5700,1537,1,1,NULL,'2009-10-29 02:46:50','2009-10-29 02:46:50',1,44),(5701,1538,1,1,NULL,'2009-10-29 02:46:50','2009-10-29 02:46:50',1,44),(5702,1539,1,1,NULL,'2009-10-29 02:46:50','2009-10-29 02:46:50',1,44),(5703,1540,1,1,NULL,'2009-10-29 02:46:50','2009-10-29 02:46:50',1,44),(5704,1541,1,1,NULL,'2009-10-29 02:46:50','2009-10-29 02:46:50',1,44),(5705,1542,1,1,NULL,'2009-10-29 02:46:50','2009-10-29 02:46:50',1,44),(5706,1543,1,1,NULL,'2009-10-29 02:46:50','2009-10-29 02:46:50',1,44),(5707,1544,1,1,NULL,'2009-10-29 02:46:50','2009-10-29 02:46:50',1,44),(5708,1545,1,1,NULL,'2009-10-29 02:46:50','2009-10-29 02:46:50',1,44),(5709,1546,0,1,'This source incorrectly places Sumter in Lisbon, which was not the capital of the Portuguese Empire at the time.  It also lists Sumter as a Minister Resident.','2009-10-29 02:46:50','2011-02-10 03:35:42',1,44),(5710,1547,1,1,NULL,'2009-10-29 02:46:50','2009-10-29 02:46:50',1,44),(5711,1548,1,1,NULL,'2009-10-29 02:46:50','2009-10-29 02:46:50',1,44),(5712,1549,1,1,NULL,'2009-10-29 02:46:50','2009-10-29 02:46:50',1,44),(5713,1550,1,1,NULL,'2009-10-29 02:46:50','2009-10-29 02:46:50',1,44),(5714,1551,1,1,NULL,'2009-10-29 02:46:50','2009-10-29 02:46:50',1,44),(5715,1552,1,1,NULL,'2009-10-29 02:46:50','2009-10-29 02:46:50',1,44),(5716,1553,1,1,NULL,'2009-10-29 02:46:50','2009-10-29 02:46:50',1,44),(5717,1554,1,1,NULL,'2009-10-29 02:46:50','2009-10-29 02:46:50',1,44),(5718,1555,1,1,NULL,'2009-10-29 02:46:50','2009-10-29 02:46:50',1,44),(5719,1556,1,1,NULL,'2009-10-29 02:46:50','2009-10-29 02:46:50',1,44),(5720,1557,1,1,NULL,'2009-10-29 02:46:50','2009-10-29 02:46:50',1,44),(5721,1558,1,1,NULL,'2009-10-29 02:46:50','2009-10-29 02:46:50',1,44),(5722,1559,1,1,NULL,'2009-10-29 02:46:50','2009-10-29 02:46:50',1,44),(5723,1560,1,1,NULL,'2009-10-29 02:46:50','2009-10-29 02:46:50',1,44),(5724,1561,1,1,NULL,'2009-10-29 02:46:50','2009-10-29 02:46:50',1,44),(5725,1562,1,1,NULL,'2009-10-29 02:46:50','2009-10-29 02:46:50',1,44),(5726,1563,1,1,NULL,'2009-10-29 02:46:50','2009-10-29 02:46:50',1,44),(5727,1564,1,1,NULL,'2009-10-29 02:46:50','2009-10-29 02:46:50',1,44),(5728,1565,1,1,NULL,'2009-10-29 02:46:50','2009-10-29 02:46:50',1,44),(5729,1566,1,1,NULL,'2009-10-29 02:46:50','2009-10-29 02:46:50',1,44),(5730,1567,1,1,NULL,'2009-10-29 02:46:50','2009-10-29 02:46:50',1,44),(5731,1568,1,1,NULL,'2009-10-29 02:46:50','2009-10-29 02:46:50',1,44),(5732,1569,1,1,NULL,'2009-10-29 02:46:50','2009-10-29 02:46:50',1,44),(5733,1570,1,1,NULL,'2009-10-29 02:46:50','2009-10-29 02:46:50',1,44),(5734,1571,1,1,NULL,'2009-10-29 02:46:50','2009-10-29 02:46:50',1,44),(5735,1572,1,1,NULL,'2009-10-29 02:46:50','2009-10-29 02:46:50',1,44),(5736,1573,1,1,NULL,'2009-10-29 02:46:50','2009-10-29 02:46:50',1,44),(5737,1574,1,1,NULL,'2009-10-29 02:46:50','2009-10-29 02:46:50',1,44),(5738,1575,1,1,NULL,'2009-10-29 02:46:50','2009-10-29 02:46:50',1,44),(5739,1576,1,1,NULL,'2009-10-29 02:46:50','2009-10-29 02:46:50',1,44),(5740,1577,1,1,NULL,'2009-10-29 02:46:50','2009-10-29 02:46:50',1,44),(5741,1578,1,1,NULL,'2009-10-29 02:46:50','2009-10-29 02:46:50',1,44),(5742,1579,1,1,NULL,'2009-10-29 02:46:50','2009-10-29 02:46:50',1,44),(5743,1580,1,1,NULL,'2009-10-29 02:46:50','2009-10-29 02:46:50',1,44),(5744,1581,1,1,NULL,'2009-10-29 02:46:50','2009-10-29 02:46:50',1,44),(5745,1582,1,1,NULL,'2009-10-29 02:46:50','2009-10-29 02:46:50',1,44),(5746,1583,1,1,NULL,'2009-10-29 02:46:50','2009-10-29 02:46:50',1,44),(5747,1584,1,1,NULL,'2009-10-29 02:46:50','2009-10-29 02:46:50',1,44),(5748,1585,1,1,NULL,'2009-10-29 02:46:50','2009-10-29 02:46:50',1,44),(5749,1586,1,1,NULL,'2009-10-29 02:46:50','2009-10-29 02:46:50',1,44),(5750,1587,1,1,NULL,'2009-10-29 02:46:50','2009-10-29 02:46:50',1,44),(5751,1588,1,1,NULL,'2009-10-29 02:46:50','2009-10-29 02:46:50',1,44),(5752,1589,1,1,NULL,'2009-10-29 02:46:50','2009-10-29 02:46:50',1,44),(5753,1590,1,1,NULL,'2009-10-29 02:46:50','2009-10-29 02:46:50',1,44),(5754,1591,1,1,NULL,'2009-10-29 02:46:50','2009-10-29 02:46:50',1,44),(5755,1592,1,1,NULL,'2009-10-29 02:46:50','2009-10-29 02:46:50',1,44),(5756,1593,1,1,NULL,'2009-10-29 02:46:50','2009-10-29 02:46:50',1,44),(5757,1594,1,1,NULL,'2009-10-29 02:46:50','2009-10-29 02:46:50',1,44),(5758,1595,1,1,NULL,'2009-10-29 02:46:50','2009-10-29 02:46:50',1,44),(5759,1596,1,1,NULL,'2009-10-29 02:46:50','2009-10-29 02:46:50',1,44),(5760,1597,1,1,NULL,'2009-10-29 02:46:50','2009-10-29 02:46:50',1,44),(5761,1598,1,1,NULL,'2009-10-29 02:46:50','2009-10-29 02:46:50',1,44),(5762,1599,1,1,NULL,'2009-10-29 02:46:50','2009-10-29 02:46:50',1,44),(5763,1600,1,1,NULL,'2009-10-29 02:46:50','2009-10-29 02:46:50',1,44),(5764,1601,1,1,NULL,'2009-10-29 02:46:50','2009-10-29 02:46:50',1,44),(5765,1602,1,1,NULL,'2009-10-29 02:46:50','2009-10-29 02:46:50',1,44),(5766,1603,1,1,NULL,'2009-10-29 02:46:50','2009-10-29 02:46:50',1,44),(5767,1604,1,1,NULL,'2009-10-29 02:46:50','2009-10-29 02:46:50',1,44),(5768,1605,1,1,NULL,'2009-10-29 02:46:50','2009-10-29 02:46:50',1,44),(5769,1606,1,1,NULL,'2009-10-29 02:46:50','2009-10-29 02:46:50',1,44),(5770,1607,1,1,NULL,'2009-10-29 02:46:50','2009-10-29 02:46:50',1,44),(5771,1608,1,1,NULL,'2009-10-29 02:46:50','2009-10-29 02:46:50',1,44),(5772,1609,1,1,NULL,'2009-10-29 02:46:50','2009-10-29 02:46:50',1,44),(5773,1610,1,1,NULL,'2009-10-29 02:46:50','2009-10-29 02:46:50',1,44),(5774,1611,1,1,NULL,'2009-10-29 02:46:50','2009-10-29 02:46:50',1,44),(5775,1612,1,1,NULL,'2009-10-29 02:46:50','2009-10-29 02:46:50',1,44),(5776,1613,1,1,NULL,'2009-10-29 02:46:50','2009-10-29 02:46:50',1,44),(5777,1614,1,1,NULL,'2009-10-29 02:46:50','2009-10-29 02:46:50',1,44),(5778,1615,1,1,NULL,'2009-10-29 02:46:50','2009-10-29 02:46:50',1,44),(5779,1616,1,1,NULL,'2009-10-29 02:46:50','2009-10-29 02:46:50',1,44),(5780,1617,1,1,NULL,'2009-10-29 02:46:50','2009-10-29 02:46:50',1,44),(5781,1618,1,1,NULL,'2009-10-29 02:46:50','2009-10-29 02:46:50',1,44),(5782,1619,1,1,NULL,'2009-10-29 02:46:50','2009-10-29 02:46:50',1,44),(5783,1620,1,1,NULL,'2009-10-29 02:46:50','2009-10-29 02:46:50',1,44),(5784,1621,1,1,NULL,'2009-10-29 02:46:50','2009-10-29 02:46:50',1,44),(5785,1622,1,1,NULL,'2009-10-29 02:46:50','2009-10-29 02:46:50',1,44),(5786,1623,1,1,NULL,'2009-10-29 02:46:50','2009-10-29 02:46:50',1,44),(5787,1624,1,1,NULL,'2009-10-29 02:46:50','2009-10-29 02:46:50',1,44),(5788,1625,1,1,NULL,'2009-10-29 02:46:50','2009-10-29 02:46:50',1,44),(5789,1626,1,1,NULL,'2009-10-29 02:46:50','2009-10-29 02:46:50',1,44),(5790,1627,1,1,NULL,'2009-10-29 02:46:50','2009-10-29 02:46:50',1,44),(5791,1628,1,1,NULL,'2009-10-29 02:46:50','2009-10-29 02:46:50',1,44),(5792,1629,1,1,NULL,'2009-10-29 02:46:50','2009-10-29 02:46:50',1,44),(5793,1630,1,1,NULL,'2009-10-29 02:46:50','2009-10-29 02:46:50',1,44),(5794,1631,1,1,NULL,'2009-10-29 02:46:50','2009-10-29 02:46:50',1,44),(5795,1632,1,1,NULL,'2009-10-29 02:46:50','2009-10-29 02:46:50',1,44),(5796,1633,1,1,NULL,'2009-10-29 02:46:50','2009-10-29 02:46:50',1,44),(5797,1634,1,1,NULL,'2009-10-29 02:46:50','2009-10-29 02:46:50',1,44),(5798,1635,1,1,NULL,'2009-10-29 02:46:50','2009-10-29 02:46:50',1,44),(5799,1636,1,1,NULL,'2009-10-29 02:46:50','2009-10-29 02:46:50',1,44),(5800,1637,1,1,NULL,'2009-10-29 02:46:50','2009-10-29 02:46:50',1,44),(5801,1638,1,1,NULL,'2009-10-29 02:46:50','2009-10-29 02:46:50',1,44),(5802,1639,1,1,NULL,'2009-10-29 02:46:50','2009-10-29 02:46:50',1,44),(5803,1640,1,1,NULL,'2009-10-29 02:46:50','2009-10-29 02:46:50',1,44),(5804,1641,1,1,NULL,'2009-10-29 02:46:50','2009-10-29 02:46:50',1,44),(5805,1642,1,1,NULL,'2009-10-29 02:46:50','2009-10-29 02:46:50',1,44),(5806,1643,1,1,NULL,'2009-10-29 02:46:50','2009-10-29 02:46:50',1,44),(5807,1644,1,1,NULL,'2009-10-29 02:46:50','2009-10-29 02:46:50',1,44),(5808,1645,1,1,NULL,'2009-10-29 02:46:50','2009-10-29 02:46:50',1,44),(5809,1646,1,1,NULL,'2009-10-29 02:46:50','2009-10-29 02:46:50',1,44),(5810,1647,1,1,NULL,'2009-10-29 02:46:50','2009-10-29 02:46:50',1,44),(5811,1648,1,1,NULL,'2009-10-29 02:46:50','2009-10-29 02:46:50',1,44),(5812,1649,1,1,NULL,'2009-10-29 02:46:50','2009-10-29 02:46:50',1,44),(5813,1650,1,1,NULL,'2009-10-29 02:46:50','2009-10-29 02:46:50',1,44),(5814,1651,1,1,NULL,'2009-10-29 02:46:50','2009-10-29 02:46:50',1,44),(5815,1652,1,1,NULL,'2009-10-29 02:46:50','2009-10-29 02:46:50',1,44),(5816,1653,1,1,NULL,'2009-10-29 02:46:50','2009-10-29 02:46:50',1,44),(5817,1654,1,1,NULL,'2009-10-29 02:46:50','2009-10-29 02:46:50',1,44),(5818,1655,1,1,NULL,'2009-10-29 02:46:50','2009-10-29 02:46:50',1,44),(5819,1656,1,1,NULL,'2009-10-29 02:46:50','2009-10-29 02:46:50',1,44),(5820,1657,1,1,NULL,'2009-10-29 02:46:50','2009-10-29 02:46:50',1,44),(5821,1658,1,1,NULL,'2009-10-29 02:46:50','2009-10-29 02:46:50',1,44),(5822,1659,1,1,NULL,'2009-10-29 02:46:50','2009-10-29 02:46:50',1,44),(5823,1660,1,1,NULL,'2009-10-29 02:46:50','2009-10-29 02:46:50',1,44),(5824,1661,1,1,NULL,'2009-10-29 02:46:50','2009-10-29 02:46:50',1,44),(5825,1662,1,1,NULL,'2009-10-29 02:46:50','2009-10-29 02:46:50',1,44),(5826,1663,1,1,NULL,'2009-10-29 02:46:50','2009-10-29 02:46:50',1,44),(5827,1664,1,1,NULL,'2009-10-29 02:46:50','2009-10-29 02:46:50',1,44),(5828,1665,1,1,NULL,'2009-10-29 02:46:50','2009-10-29 02:46:50',1,44),(5829,1666,1,1,NULL,'2009-10-29 02:46:50','2009-10-29 02:46:50',1,44),(5830,1667,1,1,NULL,'2009-10-29 02:46:50','2009-10-29 02:46:50',1,44),(5831,1668,1,1,NULL,'2009-10-29 02:46:50','2009-10-29 02:46:50',1,44),(5832,1669,1,1,NULL,'2009-10-29 02:46:50','2009-10-29 02:46:50',1,44),(5833,1670,1,1,NULL,'2009-10-29 02:46:50','2009-10-29 02:46:50',1,44),(5834,1671,1,1,NULL,'2009-10-29 02:46:50','2009-10-29 02:46:50',1,44),(5835,1672,1,1,NULL,'2009-10-29 02:46:50','2009-10-29 02:46:50',1,44),(5836,1673,1,1,NULL,'2009-10-29 02:46:50','2009-10-29 02:46:50',1,44),(5837,1674,1,1,NULL,'2009-10-29 02:46:50','2009-10-29 02:46:50',1,44),(5838,1675,1,1,NULL,'2009-10-29 02:46:50','2009-10-29 02:46:50',1,44),(5839,1676,1,1,NULL,'2009-10-29 02:46:50','2009-10-29 02:46:50',1,44),(5840,1677,1,1,NULL,'2009-10-29 02:46:50','2009-10-29 02:46:50',1,44),(5841,1678,1,1,NULL,'2009-10-29 02:46:50','2009-10-29 02:46:50',1,44),(5842,1679,1,1,NULL,'2009-10-29 02:46:51','2009-10-29 02:46:51',1,44),(5843,1680,1,1,NULL,'2009-10-29 02:46:51','2009-10-29 02:46:51',1,44),(5844,1681,1,1,NULL,'2009-10-29 02:46:51','2009-10-29 02:46:51',1,44),(5845,1682,1,1,NULL,'2009-10-29 02:46:51','2009-10-29 02:46:51',1,44),(5846,1683,1,1,NULL,'2009-10-29 02:46:51','2009-10-29 02:46:51',1,44),(5847,1684,1,1,NULL,'2009-10-29 02:46:51','2009-10-29 02:46:51',1,44),(5848,1685,1,1,NULL,'2009-10-29 02:46:51','2009-10-29 02:46:51',1,44),(5849,1686,1,1,NULL,'2009-10-29 02:46:51','2009-10-29 02:46:51',1,44),(5850,1687,1,1,NULL,'2009-10-29 02:46:51','2009-10-29 02:46:51',1,44),(5851,1688,1,1,NULL,'2009-10-29 02:46:51','2009-10-29 02:46:51',1,44),(5852,1689,1,1,NULL,'2009-10-29 02:46:51','2009-10-29 02:46:51',1,44),(5853,1690,1,1,NULL,'2009-10-29 02:46:51','2009-10-29 02:46:51',1,44),(5854,1691,1,1,NULL,'2009-10-29 02:46:51','2009-10-29 02:46:51',1,44),(5855,1692,1,1,NULL,'2009-10-29 02:46:51','2009-10-29 02:46:51',1,44),(5856,1693,1,1,NULL,'2009-10-29 02:46:51','2009-10-29 02:46:51',1,44),(5857,1694,1,1,NULL,'2009-10-29 02:46:51','2009-10-29 02:46:51',1,44),(5858,1695,1,1,NULL,'2009-10-29 02:46:51','2009-10-29 02:46:51',1,44),(5859,1696,1,1,NULL,'2009-10-29 02:46:51','2009-10-29 02:46:51',1,44),(5860,1697,1,1,NULL,'2009-10-29 02:46:51','2009-10-29 02:46:51',1,44),(5861,1698,1,1,NULL,'2009-10-29 02:46:51','2009-10-29 02:46:51',1,44),(5862,1699,1,1,NULL,'2009-10-29 02:46:51','2009-10-29 02:46:51',1,44),(5863,1700,1,1,NULL,'2009-10-29 02:46:51','2009-10-29 02:46:51',1,44),(5864,1701,1,1,NULL,'2009-10-29 02:46:51','2009-10-29 02:46:51',1,44),(5865,1702,1,1,NULL,'2009-10-29 02:46:51','2009-10-29 02:46:51',1,44),(5866,1703,1,1,NULL,'2009-10-29 02:46:51','2009-10-29 02:46:51',1,44),(5867,1704,1,1,NULL,'2009-10-29 02:46:51','2009-10-29 02:46:51',1,44),(5868,1705,1,1,NULL,'2009-10-29 02:46:51','2009-10-29 02:46:51',1,44),(5869,1706,1,1,NULL,'2009-10-29 02:46:51','2009-10-29 02:46:51',1,44),(5870,1707,1,1,NULL,'2009-10-29 02:46:51','2009-10-29 02:46:51',1,44),(5871,1708,1,1,NULL,'2009-10-29 02:46:51','2009-10-29 02:46:51',1,44),(5872,1709,1,1,NULL,'2009-10-29 02:46:51','2009-10-29 02:46:51',1,44),(5873,1710,1,1,NULL,'2009-10-29 02:46:51','2009-10-29 02:46:51',1,44),(5874,1711,1,1,NULL,'2009-10-29 02:46:51','2009-10-29 02:46:51',1,44),(5875,1712,1,1,NULL,'2009-10-29 02:46:51','2009-10-29 02:46:51',1,44),(5876,1713,1,1,NULL,'2009-10-29 02:46:51','2009-10-29 02:46:51',1,44),(5877,1714,1,1,NULL,'2009-10-29 02:46:51','2009-10-29 02:46:51',1,44),(5878,1715,1,1,NULL,'2009-10-29 02:46:51','2009-10-29 02:46:51',1,44),(5879,1716,1,1,NULL,'2009-10-29 02:46:51','2009-10-29 02:46:51',1,44),(5880,1717,1,1,NULL,'2009-10-29 02:46:51','2009-10-29 02:46:51',1,44),(5881,1718,1,1,NULL,'2009-10-29 02:46:51','2009-10-29 02:46:51',1,44),(5882,1719,1,1,NULL,'2009-10-29 02:46:51','2009-10-29 02:46:51',1,44),(5883,1720,1,1,NULL,'2009-10-29 02:46:51','2009-10-29 02:46:51',1,44),(5884,1721,1,1,NULL,'2009-10-29 02:46:51','2009-10-29 02:46:51',1,44),(5885,1722,1,1,NULL,'2009-10-29 02:46:51','2009-10-29 02:46:51',1,44),(5886,1723,1,1,NULL,'2009-10-29 02:46:51','2009-10-29 02:46:51',1,44),(5887,1724,1,1,NULL,'2009-10-29 02:46:51','2009-10-29 02:46:51',1,44),(5888,1725,1,1,NULL,'2009-10-29 02:46:51','2009-10-29 02:46:51',1,44),(5889,1726,1,1,NULL,'2009-10-29 02:46:51','2009-10-29 02:46:51',1,44),(5890,1727,1,1,NULL,'2009-10-29 02:46:51','2009-10-29 02:46:51',1,44),(5891,1728,1,1,NULL,'2009-10-29 02:46:51','2009-10-29 02:46:51',1,44),(5892,1729,1,1,NULL,'2009-10-29 02:46:51','2009-10-29 02:46:51',1,44),(5893,1730,1,1,NULL,'2009-10-29 02:46:51','2009-10-29 02:46:51',1,44),(5894,1731,1,1,NULL,'2009-10-29 02:46:51','2009-10-29 02:46:51',1,44),(5895,1732,1,1,NULL,'2009-10-29 02:46:51','2009-10-29 02:46:51',1,44),(5896,1733,1,1,NULL,'2009-10-29 02:46:51','2009-10-29 02:46:51',1,44),(5897,1734,1,1,NULL,'2009-10-29 02:46:51','2009-10-29 02:46:51',1,44),(5898,1735,1,1,NULL,'2009-10-29 02:46:51','2009-10-29 02:46:51',1,44),(5899,1736,1,1,NULL,'2009-10-29 02:46:51','2009-10-29 02:46:51',1,44),(5900,1737,1,1,NULL,'2009-10-29 02:46:51','2009-10-29 02:46:51',1,44),(5901,1738,1,1,NULL,'2009-10-29 02:46:51','2009-10-29 02:46:51',1,44),(5902,1739,1,1,NULL,'2009-10-29 02:46:51','2009-10-29 02:46:51',1,44),(5903,1740,1,1,NULL,'2009-10-29 02:46:51','2009-10-29 02:46:51',1,44),(5904,1741,1,1,NULL,'2009-10-29 02:46:51','2009-10-29 02:46:51',1,44),(5905,1742,1,1,NULL,'2009-10-29 02:46:51','2009-10-29 02:46:51',1,44),(5906,1743,1,1,NULL,'2009-10-29 02:46:51','2009-10-29 02:46:51',1,44),(5907,1744,1,1,NULL,'2009-10-29 02:46:51','2009-10-29 02:46:51',1,44),(5908,1745,1,1,NULL,'2009-10-29 02:46:51','2009-10-29 02:46:51',1,44),(5909,1746,1,1,NULL,'2009-10-29 02:46:51','2009-10-29 02:46:51',1,44),(5910,1747,1,1,NULL,'2009-10-29 02:46:51','2009-10-29 02:46:51',1,44),(5911,1748,1,1,NULL,'2009-10-29 02:46:51','2009-10-29 02:46:51',1,44),(5912,1749,1,1,NULL,'2009-10-29 02:46:51','2009-10-29 02:46:51',1,44),(5913,1750,1,1,NULL,'2009-10-29 02:46:51','2009-10-29 02:46:51',1,44),(5914,1751,1,1,NULL,'2009-10-29 02:46:51','2009-10-29 02:46:51',1,44),(5915,1752,1,1,NULL,'2009-10-29 02:46:51','2009-10-29 02:46:51',1,44),(5916,1753,1,1,NULL,'2009-10-29 02:46:51','2009-10-29 02:46:51',1,44),(5917,1754,1,1,NULL,'2009-10-29 02:46:51','2009-10-29 02:46:51',1,44),(5918,1755,1,1,NULL,'2009-10-29 02:46:51','2009-10-29 02:46:51',1,44),(5919,1756,1,1,NULL,'2009-10-29 02:46:51','2009-10-29 02:46:51',1,44),(5920,1757,1,1,NULL,'2009-10-29 02:46:51','2009-10-29 02:46:51',1,44),(5921,1758,1,1,NULL,'2009-10-29 02:46:51','2009-10-29 02:46:51',1,44),(5922,1759,1,1,NULL,'2009-10-29 02:46:51','2009-10-29 02:46:51',1,44),(5923,1760,1,1,NULL,'2009-10-29 02:46:51','2009-10-29 02:46:51',1,44),(5924,1761,1,1,NULL,'2009-10-29 02:46:51','2009-10-29 02:46:51',1,44),(5925,1762,1,1,NULL,'2009-10-29 02:46:51','2009-10-29 02:46:51',1,44),(5926,1763,1,1,NULL,'2009-10-29 02:46:51','2009-10-29 02:46:51',1,44),(5927,1764,1,1,NULL,'2009-10-29 02:46:51','2009-10-29 02:46:51',1,44),(5928,1765,1,1,NULL,'2009-10-29 02:46:51','2009-10-29 02:46:51',1,44),(5929,1766,1,1,NULL,'2009-10-29 02:46:51','2009-10-29 02:46:51',1,44),(5930,1767,1,1,NULL,'2009-10-29 02:46:51','2009-10-29 02:46:51',1,44),(5931,1768,1,1,NULL,'2009-10-29 02:46:51','2009-10-29 02:46:51',1,44),(5932,1769,1,1,NULL,'2009-10-29 02:46:51','2009-10-29 02:46:51',1,44),(5933,1770,1,1,NULL,'2009-10-29 02:46:51','2009-10-29 02:46:51',1,44),(5934,1771,1,1,NULL,'2009-10-29 02:46:51','2009-10-29 02:46:51',1,44),(5935,1772,1,1,NULL,'2009-10-29 02:46:51','2009-10-29 02:46:51',1,44),(5936,1773,1,1,NULL,'2009-10-29 02:46:51','2009-10-29 02:46:51',1,44),(5937,1774,1,1,NULL,'2009-10-29 02:46:51','2009-10-29 02:46:51',1,44),(5938,1775,1,1,NULL,'2009-10-29 02:46:51','2009-10-29 02:46:51',1,44),(5939,1776,1,1,NULL,'2009-10-29 02:46:51','2009-10-29 02:46:51',1,44),(5940,1777,1,1,NULL,'2009-10-29 02:46:51','2009-10-29 02:46:51',1,44),(5941,1778,1,1,NULL,'2009-10-29 02:46:51','2009-10-29 02:46:51',1,44),(5942,1779,1,1,NULL,'2009-10-29 02:46:51','2009-10-29 02:46:51',1,44),(5943,1780,1,1,NULL,'2009-10-29 02:46:51','2009-10-29 02:46:51',1,44),(5944,1781,1,1,NULL,'2009-10-29 02:46:51','2009-10-29 02:46:51',1,44),(5945,1782,1,1,NULL,'2009-10-29 02:46:51','2009-10-29 02:46:51',1,44),(5946,1783,1,1,NULL,'2009-10-29 02:46:51','2009-10-29 02:46:51',1,44),(5947,1784,1,1,NULL,'2009-10-29 02:46:51','2009-10-29 02:46:51',1,44),(5948,1785,1,1,NULL,'2009-10-29 02:46:51','2009-10-29 02:46:51',1,44),(5949,1786,1,1,NULL,'2009-10-29 02:46:51','2009-10-29 02:46:51',1,44),(5950,1787,1,1,NULL,'2009-10-29 02:46:51','2009-10-29 02:46:51',1,44),(5951,1788,1,1,NULL,'2009-10-29 02:46:51','2009-10-29 02:46:51',1,44),(5952,1789,1,1,NULL,'2009-10-29 02:46:51','2009-10-29 02:46:51',1,44),(5953,1790,1,1,NULL,'2009-10-29 02:46:51','2009-10-29 02:46:51',1,44),(5954,1791,1,1,NULL,'2009-10-29 02:46:51','2009-10-29 02:46:51',1,44),(5955,1792,1,1,NULL,'2009-10-29 02:46:51','2009-10-29 02:46:51',1,44),(5956,1793,1,1,NULL,'2009-10-29 02:46:51','2009-10-29 02:46:51',1,44),(5957,1794,1,1,NULL,'2009-10-29 02:46:51','2009-10-29 02:46:51',1,44),(5958,1795,1,1,NULL,'2009-10-29 02:46:51','2009-10-29 02:46:51',1,44),(5959,1796,1,1,NULL,'2009-10-29 02:46:51','2009-10-29 02:46:51',1,44),(5960,1797,1,1,NULL,'2009-10-29 02:46:51','2009-10-29 02:46:51',1,44),(5961,1798,1,1,NULL,'2009-10-29 02:46:51','2009-10-29 02:46:51',1,44),(5962,1799,1,1,NULL,'2009-10-29 02:46:51','2009-10-29 02:46:51',1,44),(5963,1800,1,1,NULL,'2009-10-29 02:46:51','2009-10-29 02:46:51',1,44),(5964,1801,1,1,NULL,'2009-10-29 02:46:51','2009-10-29 02:46:51',1,44),(5965,1802,1,1,NULL,'2009-10-29 02:46:51','2009-10-29 02:46:51',1,44),(5966,1803,1,1,NULL,'2009-10-29 02:46:51','2009-10-29 02:46:51',1,44),(5967,1804,1,1,NULL,'2009-10-29 02:46:51','2009-10-29 02:46:51',1,44),(5968,1805,1,1,NULL,'2009-10-29 02:46:51','2009-10-29 02:46:51',1,44),(5969,1806,1,1,NULL,'2009-10-29 02:46:51','2009-10-29 02:46:51',1,44),(5970,1807,1,1,NULL,'2009-10-29 02:46:51','2009-10-29 02:46:51',1,44),(5971,1808,1,1,NULL,'2009-10-29 02:46:51','2009-10-29 02:46:51',1,44),(5972,1809,1,1,NULL,'2009-10-29 02:46:51','2009-10-29 02:46:51',1,44),(5973,1810,1,1,NULL,'2009-10-29 02:46:51','2009-10-29 02:46:51',1,44),(5974,1811,1,1,NULL,'2009-10-29 02:46:51','2009-10-29 02:46:51',1,44),(5975,1812,1,1,NULL,'2009-10-29 02:46:51','2009-10-29 02:46:51',1,44),(5976,1813,1,1,NULL,'2009-10-29 02:46:51','2009-10-29 02:46:51',1,44),(5977,1814,1,1,NULL,'2009-10-29 02:46:51','2009-10-29 02:46:51',1,44),(5978,1815,1,1,NULL,'2009-10-29 02:46:51','2009-10-29 02:46:51',1,44),(5979,1816,1,1,NULL,'2009-10-29 02:46:51','2009-10-29 02:46:51',1,44),(5980,1817,1,1,NULL,'2009-10-29 02:46:51','2009-10-29 02:46:51',1,44),(5981,1818,1,1,NULL,'2009-10-29 02:46:51','2009-10-29 02:46:51',1,44),(5982,1819,1,1,NULL,'2009-10-29 02:46:51','2009-10-29 02:46:51',1,44),(5983,1820,1,1,NULL,'2009-10-29 02:46:51','2009-10-29 02:46:51',1,44),(5984,1821,1,1,NULL,'2009-10-29 02:46:51','2009-10-29 02:46:51',1,44),(5985,1822,1,1,NULL,'2009-10-29 02:46:51','2009-10-29 02:46:51',1,44),(5986,1823,1,1,NULL,'2009-10-29 02:46:51','2009-10-29 02:46:51',1,44),(5987,1824,1,1,NULL,'2009-10-29 02:46:51','2009-10-29 02:46:51',1,44),(5988,1825,1,1,NULL,'2009-10-29 02:46:51','2009-10-29 02:46:51',1,44),(5989,1826,1,1,NULL,'2009-10-29 02:46:51','2009-10-29 02:46:51',1,44),(5990,1827,1,1,NULL,'2009-10-29 02:46:51','2009-10-29 02:46:51',1,44),(5991,1828,1,1,NULL,'2009-10-29 02:46:51','2009-10-29 02:46:51',1,44),(5992,1829,1,1,NULL,'2009-10-29 02:46:51','2009-10-29 02:46:51',1,44),(5993,1830,1,1,NULL,'2009-10-29 02:46:51','2009-10-29 02:46:51',1,44),(5994,1831,1,1,NULL,'2009-10-29 02:46:51','2009-10-29 02:46:51',1,44),(5995,1832,1,1,NULL,'2009-10-29 02:46:51','2009-10-29 02:46:51',1,44),(5996,1833,1,1,NULL,'2009-10-29 02:46:51','2009-10-29 02:46:51',1,44),(5997,1834,1,1,NULL,'2009-10-29 02:46:51','2009-10-29 02:46:51',1,44),(5998,1835,1,1,NULL,'2009-10-29 02:46:51','2009-10-29 02:46:51',1,44),(5999,1836,1,1,NULL,'2009-10-29 02:46:51','2009-10-29 02:46:51',1,44),(6000,1837,1,1,NULL,'2009-10-29 02:46:51','2009-10-29 02:46:51',1,44),(6001,1838,1,1,NULL,'2009-10-29 02:46:51','2009-10-29 02:46:51',1,44),(6002,1839,1,1,NULL,'2009-10-29 02:46:51','2009-10-29 02:46:51',1,44),(6003,1840,1,1,NULL,'2009-10-29 02:46:51','2009-10-29 02:46:51',1,44),(6004,1841,1,1,NULL,'2009-10-29 02:46:51','2009-10-29 02:46:51',1,44),(6005,1842,1,1,NULL,'2009-10-29 02:46:51','2009-10-29 02:46:51',1,44),(6006,1843,1,1,NULL,'2009-10-29 02:46:51','2009-10-29 02:46:51',1,44),(6007,1844,1,1,NULL,'2009-10-29 02:46:51','2009-10-29 02:46:51',1,44),(6008,1845,1,1,NULL,'2009-10-29 02:46:51','2009-10-29 02:46:51',1,44),(6009,1846,1,1,NULL,'2009-10-29 02:46:51','2009-10-29 02:46:51',1,44),(6010,1847,1,1,NULL,'2009-10-29 02:46:51','2009-10-29 02:46:51',1,44),(6011,1848,1,1,NULL,'2009-10-29 02:46:51','2009-10-29 02:46:51',1,44),(6012,1849,1,1,NULL,'2009-10-29 02:46:51','2009-10-29 02:46:51',1,44),(6013,1850,1,1,NULL,'2009-10-29 02:46:51','2009-10-29 02:46:51',1,44),(6014,1851,1,1,NULL,'2009-10-29 02:46:51','2009-10-29 02:46:51',1,44),(6015,1852,1,1,NULL,'2009-10-29 02:46:51','2009-10-29 02:46:51',1,44),(6016,1853,1,1,NULL,'2009-10-29 02:46:51','2009-10-29 02:46:51',1,44),(6017,1854,1,1,NULL,'2009-10-29 02:46:51','2009-10-29 02:46:51',1,44),(6018,1855,1,1,NULL,'2009-10-29 02:46:51','2009-10-29 02:46:51',1,44),(6019,1856,1,1,NULL,'2009-10-29 02:46:51','2009-10-29 02:46:51',1,44),(6020,1857,1,1,NULL,'2009-10-29 02:46:51','2009-10-29 02:46:51',1,44),(6021,1858,1,1,NULL,'2009-10-29 02:46:51','2009-10-29 02:46:51',1,44),(6022,1859,1,1,NULL,'2009-10-29 02:46:51','2009-10-29 02:46:51',1,44),(6023,1860,1,1,NULL,'2009-10-29 02:46:51','2009-10-29 02:46:51',1,44),(6024,1861,1,1,NULL,'2009-10-29 02:46:51','2009-10-29 02:46:51',1,44),(6025,1862,1,1,NULL,'2009-10-29 02:46:51','2009-10-29 02:46:51',1,44),(6026,1863,1,1,NULL,'2009-10-29 02:46:51','2009-10-29 02:46:51',1,44),(6027,1864,1,1,NULL,'2009-10-29 02:46:51','2009-10-29 02:46:51',1,44),(6028,1865,1,1,NULL,'2009-10-29 02:46:51','2009-10-29 02:46:51',1,44),(6029,1866,1,1,NULL,'2009-10-29 02:46:51','2009-10-29 02:46:51',1,44),(6030,1867,1,1,NULL,'2009-10-29 02:46:51','2009-10-29 02:46:51',1,44),(6031,1868,1,1,NULL,'2009-10-29 02:46:51','2009-10-29 02:46:51',1,44),(6032,1869,1,1,NULL,'2009-10-29 02:46:51','2009-10-29 02:46:51',1,44),(6033,1870,1,1,NULL,'2009-10-29 02:46:51','2009-10-29 02:46:51',1,44),(6034,1871,1,1,NULL,'2009-10-29 02:46:51','2009-10-29 02:46:51',1,44),(6035,1872,1,1,NULL,'2009-10-29 02:46:51','2009-10-29 02:46:51',1,44),(6036,1873,1,1,NULL,'2009-10-29 02:46:51','2009-10-29 02:46:51',1,44),(6037,1874,1,1,NULL,'2009-10-29 02:46:51','2009-10-29 02:46:51',1,44),(6038,1875,1,1,NULL,'2009-10-29 02:46:51','2009-10-29 02:46:51',1,44),(6039,1876,1,1,NULL,'2009-10-29 02:46:51','2009-10-29 02:46:51',1,44),(6040,1877,1,1,NULL,'2009-10-29 02:46:51','2009-10-29 02:46:51',1,44),(6041,1878,1,1,NULL,'2009-10-29 02:46:51','2009-10-29 02:46:51',1,44),(6042,1879,1,1,NULL,'2009-10-29 02:46:51','2009-10-29 02:46:51',1,44),(6043,1880,1,1,NULL,'2009-10-29 02:46:51','2009-10-29 02:46:51',1,44),(6044,1881,1,1,NULL,'2009-10-29 02:46:51','2009-10-29 02:46:51',1,44),(6045,1882,1,1,NULL,'2009-10-29 02:46:51','2009-10-29 02:46:51',1,44),(6046,1883,1,1,NULL,'2009-10-29 02:46:51','2009-10-29 02:46:51',1,44),(6047,1884,1,1,NULL,'2009-10-29 02:46:51','2009-10-29 02:46:51',1,44),(6048,1885,1,1,NULL,'2009-10-29 02:46:51','2009-10-29 02:46:51',1,44),(6049,1886,1,1,NULL,'2009-10-29 02:46:51','2009-10-29 02:46:51',1,44),(6050,1887,1,1,NULL,'2009-10-29 02:46:51','2009-10-29 02:46:51',1,44),(6051,1888,1,1,NULL,'2009-10-29 02:46:51','2009-10-29 02:46:51',1,44),(6052,1889,1,1,NULL,'2009-10-29 02:46:51','2009-10-29 02:46:51',1,44),(6053,1890,1,1,NULL,'2009-10-29 02:46:51','2009-10-29 02:46:51',1,44),(6054,1891,1,1,NULL,'2009-10-29 02:46:51','2009-10-29 02:46:51',1,44),(6055,1892,1,1,NULL,'2009-10-29 02:46:51','2009-10-29 02:46:51',1,44),(6056,1893,1,1,NULL,'2009-10-29 02:46:51','2009-10-29 02:46:51',1,44),(6057,1894,1,1,NULL,'2009-10-29 02:46:51','2009-10-29 02:46:51',1,44),(6058,1895,1,1,NULL,'2009-10-29 02:46:51','2009-10-29 02:46:51',1,44),(6059,1896,1,1,NULL,'2009-10-29 02:46:51','2009-10-29 02:46:51',1,44),(6060,1897,1,1,NULL,'2009-10-29 02:46:51','2009-10-29 02:46:51',1,44),(6061,1898,1,1,NULL,'2009-10-29 02:46:51','2009-10-29 02:46:51',1,44),(6062,1899,1,1,NULL,'2009-10-29 02:46:51','2009-10-29 02:46:51',1,44),(6063,1900,1,1,NULL,'2009-10-29 02:46:51','2009-10-29 02:46:51',1,44),(6064,1901,1,1,NULL,'2009-10-29 02:46:51','2009-10-29 02:46:51',1,44),(6065,1902,1,1,NULL,'2009-10-29 02:46:51','2009-10-29 02:46:51',1,44),(6066,1903,1,1,NULL,'2009-10-29 02:46:51','2009-10-29 02:46:51',1,44),(6067,1904,1,1,NULL,'2009-10-29 02:46:51','2009-10-29 02:46:51',1,44),(6068,1905,1,1,NULL,'2009-10-29 02:46:51','2009-10-29 02:46:51',1,44),(6069,1906,1,1,NULL,'2009-10-29 02:46:51','2009-10-29 02:46:51',1,44),(6070,1907,1,1,NULL,'2009-10-29 02:46:51','2009-10-29 02:46:51',1,44),(6071,1908,1,1,NULL,'2009-10-29 02:46:51','2009-10-29 02:46:51',1,44),(6072,1909,1,1,NULL,'2009-10-29 02:46:51','2009-10-29 02:46:51',1,44),(6073,1910,1,1,NULL,'2009-10-29 02:46:51','2009-10-29 02:46:51',1,44),(6074,1911,1,1,NULL,'2009-10-29 02:46:51','2009-10-29 02:46:51',1,44),(6075,1912,1,1,NULL,'2009-10-29 02:46:51','2009-10-29 02:46:51',1,44),(6076,1913,1,1,NULL,'2009-10-29 02:46:51','2009-10-29 02:46:51',1,44),(6077,1914,1,1,NULL,'2009-10-29 02:46:51','2009-10-29 02:46:51',1,44),(6078,1915,1,1,NULL,'2009-10-29 02:46:51','2009-10-29 02:46:51',1,44),(6079,1916,1,1,NULL,'2009-10-29 02:46:51','2009-10-29 02:46:51',1,44),(6080,1917,1,1,NULL,'2009-10-29 02:46:51','2009-10-29 02:46:51',1,44),(6081,1918,1,1,NULL,'2009-10-29 02:46:51','2009-10-29 02:46:51',1,44),(6082,1919,1,1,NULL,'2009-10-29 02:46:51','2009-10-29 02:46:51',1,44),(6083,1920,1,1,NULL,'2009-10-29 02:46:51','2009-10-29 02:46:51',1,44),(6084,1921,1,1,NULL,'2009-10-29 02:46:51','2009-10-29 02:46:51',1,44),(6085,1922,1,1,NULL,'2009-10-29 02:46:51','2009-10-29 02:46:51',1,44),(6086,1923,1,1,NULL,'2009-10-29 02:46:51','2009-10-29 02:46:51',1,44),(6087,1924,1,1,NULL,'2009-10-29 02:46:51','2009-10-29 02:46:51',1,44),(6088,1925,1,1,NULL,'2009-10-29 02:46:51','2009-10-29 02:46:51',1,44),(6089,1926,1,1,NULL,'2009-10-29 02:46:51','2009-10-29 02:46:51',1,44),(6090,1927,1,1,NULL,'2009-10-29 02:46:51','2009-10-29 02:46:51',1,44),(6091,1928,1,1,NULL,'2009-10-29 02:46:51','2009-10-29 02:46:51',1,44),(6092,1929,1,1,NULL,'2009-10-29 02:46:51','2009-10-29 02:46:51',1,44),(6093,1930,1,1,NULL,'2009-10-29 02:46:51','2009-10-29 02:46:51',1,44),(6094,1931,1,1,NULL,'2009-10-29 02:46:51','2009-10-29 02:46:51',1,44),(6095,1932,1,1,NULL,'2009-10-29 02:46:51','2009-10-29 02:46:51',1,44),(6096,1933,1,1,NULL,'2009-10-29 02:46:51','2009-10-29 02:46:51',1,44),(6097,1934,1,1,NULL,'2009-10-29 02:46:51','2009-10-29 02:46:51',1,44),(6098,1935,1,1,NULL,'2009-10-29 02:46:51','2009-10-29 02:46:51',1,44),(6099,1936,1,1,NULL,'2009-10-29 02:46:51','2009-10-29 02:46:51',1,44),(6100,1937,1,1,NULL,'2009-10-29 02:46:51','2009-10-29 02:46:51',1,44),(6101,1938,1,1,NULL,'2009-10-29 02:46:51','2009-10-29 02:46:51',1,44),(6102,1939,1,1,NULL,'2009-10-29 02:46:51','2009-10-29 02:46:51',1,44),(6103,1940,1,1,NULL,'2009-10-29 02:46:51','2009-10-29 02:46:51',1,44),(6104,1941,1,1,NULL,'2009-10-29 02:46:51','2009-10-29 02:46:51',1,44),(6105,1942,1,1,NULL,'2009-10-29 02:46:51','2009-10-29 02:46:51',1,44),(6106,1943,1,1,NULL,'2009-10-29 02:46:51','2009-10-29 02:46:51',1,44),(6107,1944,1,1,NULL,'2009-10-29 02:46:51','2009-10-29 02:46:51',1,44),(6108,1945,1,1,NULL,'2009-10-29 02:46:52','2009-10-29 02:46:52',1,44),(6109,1946,1,1,NULL,'2009-10-29 02:46:52','2009-10-29 02:46:52',1,44),(6110,1947,1,1,NULL,'2009-10-29 02:46:52','2009-10-29 02:46:52',1,44),(6111,1948,1,1,NULL,'2009-10-29 02:46:52','2009-10-29 02:46:52',1,44),(6112,1949,1,1,NULL,'2009-10-29 02:46:52','2009-10-29 02:46:52',1,44),(6113,1950,1,1,NULL,'2009-10-29 02:46:52','2009-10-29 02:46:52',1,44),(6114,1951,1,1,NULL,'2009-10-29 02:46:52','2009-10-29 02:46:52',1,44),(6115,1952,1,1,NULL,'2009-10-29 02:46:52','2009-10-29 02:46:52',1,44),(6116,1953,1,1,NULL,'2009-10-29 02:46:52','2009-10-29 02:46:52',1,44),(6117,1954,1,1,NULL,'2009-10-29 02:46:52','2009-10-29 02:46:52',1,44),(6118,1955,1,1,NULL,'2009-10-29 02:46:52','2009-10-29 02:46:52',1,44),(6119,1956,1,1,NULL,'2009-10-29 02:46:52','2009-10-29 02:46:52',1,44),(6120,1957,1,1,NULL,'2009-10-29 02:46:52','2009-10-29 02:46:52',1,44),(6121,1958,1,1,NULL,'2009-10-29 02:46:52','2009-10-29 02:46:52',1,44),(6122,1959,1,1,NULL,'2009-10-29 02:46:52','2009-10-29 02:46:52',1,44),(6123,1960,1,1,NULL,'2009-10-29 02:46:52','2009-10-29 02:46:52',1,44),(6124,1961,1,1,NULL,'2009-10-29 02:46:52','2009-10-29 02:46:52',1,44),(6125,1962,1,1,NULL,'2009-10-29 02:46:52','2009-10-29 02:46:52',1,44),(6126,1963,1,1,NULL,'2009-10-29 02:46:52','2009-10-29 02:46:52',1,44),(6127,1964,1,1,NULL,'2009-10-29 02:46:52','2009-10-29 02:46:52',1,44),(6128,1965,1,1,NULL,'2009-10-29 02:46:52','2009-10-29 02:46:52',1,44),(6129,1966,1,1,NULL,'2009-10-29 02:46:52','2009-10-29 02:46:52',1,44),(6130,1967,1,1,NULL,'2009-10-29 02:46:52','2009-10-29 02:46:52',1,44),(6131,1968,1,1,NULL,'2009-10-29 02:46:52','2009-10-29 02:46:52',1,44),(6132,1969,1,1,NULL,'2009-10-29 02:46:52','2009-10-29 02:46:52',1,44),(6133,1970,1,1,NULL,'2009-10-29 02:46:52','2009-10-29 02:46:52',1,44),(6134,1971,1,1,NULL,'2009-10-29 02:46:52','2009-10-29 02:46:52',1,44),(6135,1972,1,1,NULL,'2009-10-29 02:46:52','2009-10-29 02:46:52',1,44),(6136,1973,1,1,NULL,'2009-10-29 02:46:52','2009-10-29 02:46:52',1,44),(6137,1974,1,1,NULL,'2009-10-29 02:46:52','2009-10-29 02:46:52',1,44),(6138,1975,1,1,NULL,'2009-10-29 02:46:52','2009-10-29 02:46:52',1,44),(6139,1976,1,1,NULL,'2009-10-29 02:46:52','2009-10-29 02:46:52',1,44),(6140,1977,1,1,NULL,'2009-10-29 02:46:52','2009-10-29 02:46:52',1,44),(6141,1978,1,1,NULL,'2009-10-29 02:46:52','2009-10-29 02:46:52',1,44),(6142,1979,1,1,NULL,'2009-10-29 02:46:52','2009-10-29 02:46:52',1,44),(6143,1980,1,1,NULL,'2009-10-29 02:46:52','2009-10-29 02:46:52',1,44),(6144,1981,1,1,NULL,'2009-10-29 02:46:52','2009-10-29 02:46:52',1,44),(6145,1982,1,1,NULL,'2009-10-29 02:46:52','2009-10-29 02:46:52',1,44),(6146,1983,1,1,NULL,'2009-10-29 02:46:52','2009-10-29 02:46:52',1,44),(6147,1984,1,1,NULL,'2009-10-29 02:46:52','2009-10-29 02:46:52',1,44),(6148,1985,1,1,NULL,'2009-10-29 02:46:52','2009-10-29 02:46:52',1,44),(6149,1986,1,1,NULL,'2009-10-29 02:46:52','2009-10-29 02:46:52',1,44),(6150,1987,1,1,NULL,'2009-10-29 02:46:52','2009-10-29 02:46:52',1,44),(6151,1988,1,1,NULL,'2009-10-29 02:46:52','2009-10-29 02:46:52',1,44),(6152,1989,1,1,NULL,'2009-10-29 02:46:52','2009-10-29 02:46:52',1,44),(6153,1990,1,1,NULL,'2009-10-29 02:46:52','2009-10-29 02:46:52',1,44),(6154,1991,1,1,NULL,'2009-10-29 02:46:52','2009-10-29 02:46:52',1,44),(6155,1992,1,1,NULL,'2009-10-29 02:46:52','2009-10-29 02:46:52',1,44),(6156,1993,1,1,NULL,'2009-10-29 02:46:52','2009-10-29 02:46:52',1,44),(6157,1994,1,1,NULL,'2009-10-29 02:46:52','2009-10-29 02:46:52',1,44),(6158,1995,1,1,NULL,'2009-10-29 02:46:52','2009-10-29 02:46:52',1,44),(6159,1996,1,1,NULL,'2009-10-29 02:46:52','2009-10-29 02:46:52',1,44),(6160,1997,1,1,NULL,'2009-10-29 02:46:52','2009-10-29 02:46:52',1,44),(6161,1998,1,1,NULL,'2009-10-29 02:46:52','2009-10-29 02:46:52',1,44),(6162,1999,1,1,NULL,'2009-10-29 02:46:52','2009-10-29 02:46:52',1,44),(6163,2000,1,1,NULL,'2009-10-29 02:46:52','2009-10-29 02:46:52',1,44),(6164,2001,1,1,NULL,'2009-10-29 02:46:52','2009-10-29 02:46:52',1,44),(6165,2002,1,1,NULL,'2009-10-29 02:46:52','2009-10-29 02:46:52',1,44),(6166,2003,1,1,NULL,'2009-10-29 02:46:52','2009-10-29 02:46:52',1,44),(6167,2004,1,1,NULL,'2009-10-29 02:46:52','2009-10-29 02:46:52',1,44),(6168,2005,1,1,NULL,'2009-10-29 02:46:52','2009-10-29 02:46:52',1,44),(6169,577,1,2,NULL,'2011-12-27 21:31:37','2011-12-27 21:31:37',1,42),(6170,1,1,3,NULL,'2012-02-07 15:22:07','2012-02-07 15:22:07',1,43),(6171,1,1,3,NULL,'2012-02-07 15:30:56','2012-02-07 15:30:56',1,43),(6172,2,1,4,NULL,'2012-02-07 15:30:56','2012-02-07 15:30:56',1,43),(6173,3,1,5,NULL,'2012-02-07 15:30:56','2012-02-07 15:30:56',1,43),(6174,4,1,6,NULL,'2012-02-07 15:30:56','2012-02-07 15:30:56',1,43),(6175,5,1,7,NULL,'2012-02-07 15:30:56','2012-02-07 15:30:56',1,43),(6176,6,1,8,NULL,'2012-02-07 15:30:56','2012-02-07 15:30:56',1,43),(6177,7,1,9,NULL,'2012-02-07 15:30:56','2012-02-07 15:30:56',1,43),(6178,8,1,10,NULL,'2012-02-07 15:30:56','2012-02-07 15:30:56',1,43),(6179,9,1,11,NULL,'2012-02-07 15:30:56','2012-02-07 15:30:56',1,43),(6180,10,1,12,NULL,'2012-02-07 15:30:56','2012-02-07 15:30:56',1,43),(6181,11,1,13,NULL,'2012-02-07 15:30:56','2012-02-07 15:30:56',1,43),(6182,12,1,14,NULL,'2012-02-07 15:30:56','2012-02-07 15:30:56',1,43),(6183,13,1,15,NULL,'2012-02-07 15:30:56','2012-02-07 15:30:56',1,43),(6184,14,1,16,NULL,'2012-02-07 15:30:56','2012-02-07 15:30:56',1,43),(6185,15,1,17,NULL,'2012-02-07 15:30:56','2012-02-07 15:30:56',1,43),(6186,21,1,18,NULL,'2012-02-07 15:30:56','2012-02-07 15:30:56',1,43),(6187,22,1,19,NULL,'2012-02-07 15:30:56','2012-02-07 15:30:56',1,43),(6188,23,1,20,NULL,'2012-02-07 15:30:56','2012-02-07 15:30:56',1,43),(6189,24,1,12,NULL,'2012-02-07 15:30:56','2012-02-07 15:30:56',1,43),(6190,25,1,11,NULL,'2012-02-07 15:30:56','2012-02-07 15:30:56',1,43),(6191,26,1,23,NULL,'2012-02-07 15:30:56','2012-02-07 15:30:56',1,43),(6192,27,1,20,NULL,'2012-02-07 15:30:56','2012-02-07 15:30:56',1,43),(6193,28,1,25,NULL,'2012-02-07 15:30:56','2012-02-07 15:30:56',1,43),(6194,29,1,26,NULL,'2012-02-07 15:30:56','2012-02-07 15:30:56',1,43),(6195,30,1,27,NULL,'2012-02-07 15:30:56','2012-02-07 15:30:56',1,43),(6196,31,1,28,NULL,'2012-02-07 15:30:56','2012-02-07 15:30:56',1,43),(6197,32,1,29,NULL,'2012-02-07 15:30:56','2012-02-07 15:30:56',1,43),(6198,33,1,30,NULL,'2012-02-07 15:30:56','2012-02-07 15:30:56',1,43),(6199,34,1,31,NULL,'2012-02-07 15:30:56','2012-02-07 15:30:56',1,43),(6200,35,1,32,NULL,'2012-02-07 15:30:56','2012-02-07 15:30:56',1,43),(6201,36,1,33,NULL,'2012-02-07 15:30:56','2012-02-07 15:30:56',1,43),(6202,37,1,34,NULL,'2012-02-07 15:30:56','2012-02-07 15:30:56',1,43),(6203,38,1,35,NULL,'2012-02-07 15:30:56','2012-02-07 15:30:56',1,43),(6204,39,1,36,NULL,'2012-02-07 15:30:56','2012-02-07 15:30:56',1,43),(6205,40,1,6,NULL,'2012-02-07 15:30:56','2012-02-07 15:30:56',1,43),(6206,41,1,7,NULL,'2012-02-07 15:30:56','2012-02-07 15:30:56',1,43),(6207,42,1,8,NULL,'2012-02-07 15:30:56','2012-02-07 15:30:56',1,43),(6208,43,1,40,NULL,'2012-02-07 15:30:56','2012-02-07 15:30:56',1,43),(6209,44,1,41,NULL,'2012-02-07 15:30:56','2012-02-07 15:30:56',1,43),(6210,45,1,42,NULL,'2012-02-07 15:30:56','2012-02-07 15:30:56',1,43),(6211,46,1,43,NULL,'2012-02-07 15:30:56','2012-02-07 15:30:56',1,43),(6212,47,1,44,NULL,'2012-02-07 15:30:56','2012-02-07 15:30:56',1,43),(6213,48,1,45,NULL,'2012-02-07 15:30:56','2012-02-07 15:30:56',1,43),(6214,49,1,46,NULL,'2012-02-07 15:30:56','2012-02-07 15:30:56',1,43),(6215,50,1,47,NULL,'2012-02-07 15:30:56','2012-02-07 15:30:56',1,43),(6216,51,1,48,NULL,'2012-02-07 15:30:56','2012-02-07 15:30:56',1,43),(6217,52,1,49,NULL,'2012-02-07 15:30:56','2012-02-07 15:30:56',1,43),(6218,53,1,50,NULL,'2012-02-07 15:30:56','2012-02-07 15:30:56',1,43),(6219,54,1,51,NULL,'2012-02-07 15:30:56','2012-02-07 15:30:56',1,43),(6220,55,1,52,NULL,'2012-02-07 15:30:56','2012-02-07 15:30:56',1,43),(6221,56,1,53,NULL,'2012-02-07 15:30:56','2012-02-07 15:30:56',1,43),(6222,57,1,54,NULL,'2012-02-07 15:30:56','2012-02-07 15:30:56',1,43),(6223,58,1,55,NULL,'2012-02-07 15:30:56','2012-02-07 15:30:56',1,43),(6224,59,1,56,NULL,'2012-02-07 15:30:56','2012-02-07 15:30:56',1,43),(6225,60,1,56,NULL,'2012-02-07 15:30:56','2012-02-07 15:30:56',1,43),(6226,61,1,58,NULL,'2012-02-07 15:30:56','2012-02-07 15:30:56',1,43),(6227,62,1,59,NULL,'2012-02-07 15:30:56','2012-02-07 15:30:56',1,43),(6228,63,1,60,NULL,'2012-02-07 15:30:56','2012-02-07 15:30:56',1,43),(6229,64,1,61,NULL,'2012-02-07 15:30:56','2012-02-07 15:30:56',1,43),(6230,65,1,62,NULL,'2012-02-07 15:30:56','2012-02-07 15:30:56',1,43),(6231,66,1,63,NULL,'2012-02-07 15:30:56','2012-02-07 15:30:56',1,43),(6232,67,1,23,NULL,'2012-02-07 15:30:56','2012-02-07 15:30:56',1,43),(6233,68,1,65,NULL,'2012-02-07 15:30:56','2012-02-07 15:30:56',1,43),(6234,69,1,66,NULL,'2012-02-07 15:30:56','2012-02-07 15:30:56',1,43),(6235,70,1,66,NULL,'2012-02-07 15:30:56','2012-02-07 15:30:56',1,43),(6236,71,1,66,NULL,'2012-02-07 15:30:56','2012-02-07 15:30:56',1,43),(6237,72,1,69,NULL,'2012-02-07 15:30:56','2012-02-07 15:30:56',1,43),(6238,73,1,70,NULL,'2012-02-07 15:30:56','2012-02-07 15:30:56',1,43),(6239,74,1,71,NULL,'2012-02-07 15:30:56','2012-02-07 15:30:56',1,43),(6240,75,1,72,NULL,'2012-02-07 15:30:56','2012-02-07 15:30:56',1,43),(6241,76,1,73,NULL,'2012-02-07 15:30:56','2012-02-07 15:30:56',1,43),(6242,77,1,74,NULL,'2012-02-07 15:30:56','2012-02-07 15:30:56',1,43),(6243,78,1,75,NULL,'2012-02-07 15:30:56','2012-02-07 15:30:56',1,43),(6244,79,1,76,NULL,'2012-02-07 15:30:56','2012-02-07 15:30:56',1,43),(6245,80,1,77,NULL,'2012-02-07 15:30:56','2012-02-07 15:30:56',1,43),(6246,81,1,78,NULL,'2012-02-07 15:30:56','2012-02-07 15:30:56',1,43),(6247,82,1,79,NULL,'2012-02-07 15:30:56','2012-02-07 15:30:56',1,43),(6248,83,1,80,NULL,'2012-02-07 15:30:56','2012-02-07 15:30:56',1,43),(6249,84,1,81,NULL,'2012-02-07 15:30:56','2012-02-07 15:30:56',1,43),(6250,85,1,82,NULL,'2012-02-07 15:30:56','2012-02-07 15:30:56',1,43),(6251,86,1,83,NULL,'2012-02-07 15:30:56','2012-02-07 15:30:56',1,43),(6252,87,1,84,NULL,'2012-02-07 15:30:56','2012-02-07 15:30:56',1,43),(6253,88,1,85,NULL,'2012-02-07 15:30:56','2012-02-07 15:30:56',1,43),(6254,89,1,85,NULL,'2012-02-07 15:30:56','2012-02-07 15:30:56',1,43),(6255,90,1,87,NULL,'2012-02-07 15:30:56','2012-02-07 15:30:56',1,43),(6256,91,1,88,NULL,'2012-02-07 15:30:56','2012-02-07 15:30:56',1,43),(6257,92,1,89,NULL,'2012-02-07 15:30:56','2012-02-07 15:30:56',1,43),(6258,93,1,90,NULL,'2012-02-07 15:30:56','2012-02-07 15:30:56',1,43),(6259,94,1,91,NULL,'2012-02-07 15:30:56','2012-02-07 15:30:56',1,43),(6260,95,1,92,NULL,'2012-02-07 15:30:56','2012-02-07 15:30:56',1,43),(6261,96,1,93,NULL,'2012-02-07 15:30:56','2012-02-07 15:30:56',1,43),(6262,97,1,94,NULL,'2012-02-07 15:30:56','2012-02-07 15:30:56',1,43),(6263,98,1,95,NULL,'2012-02-07 15:30:56','2012-02-07 15:30:56',1,43),(6264,99,1,96,NULL,'2012-02-07 15:30:56','2012-02-07 15:30:56',1,43),(6265,100,1,97,NULL,'2012-02-07 15:30:56','2012-02-07 15:30:56',1,43),(6266,101,1,98,NULL,'2012-02-07 15:30:56','2012-02-07 15:30:56',1,43),(6267,102,1,99,NULL,'2012-02-07 15:30:56','2012-02-07 15:30:56',1,43),(6268,103,1,100,NULL,'2012-02-07 15:30:56','2012-02-07 15:30:56',1,43),(6269,104,1,101,NULL,'2012-02-07 15:30:56','2012-02-07 15:30:56',1,43),(6270,105,1,102,NULL,'2012-02-07 15:30:56','2012-02-07 15:30:56',1,43),(6271,106,1,102,NULL,'2012-02-07 15:30:56','2012-02-07 15:30:56',1,43),(6272,107,1,102,NULL,'2012-02-07 15:30:56','2012-02-07 15:30:56',1,43),(6273,108,1,102,NULL,'2012-02-07 15:30:56','2012-02-07 15:30:56',1,43),(6274,109,1,106,NULL,'2012-02-07 15:30:56','2012-02-07 15:30:56',1,43),(6275,110,1,106,NULL,'2012-02-07 15:30:56','2012-02-07 15:30:56',1,43),(6276,111,1,106,NULL,'2012-02-07 15:30:56','2012-02-07 15:30:56',1,43),(6277,112,1,109,NULL,'2012-02-07 15:30:56','2012-02-07 15:30:56',1,43),(6278,113,1,109,NULL,'2012-02-07 15:30:56','2012-02-07 15:30:56',1,43),(6279,114,1,109,NULL,'2012-02-07 15:30:56','2012-02-07 15:30:56',1,43),(6280,115,1,112,NULL,'2012-02-07 15:30:56','2012-02-07 15:30:56',1,43),(6281,116,1,113,NULL,'2012-02-07 15:30:56','2012-02-07 15:30:56',1,43),(6282,117,1,114,NULL,'2012-02-07 15:30:56','2012-02-07 15:30:56',1,43),(6283,118,1,115,NULL,'2012-02-07 15:30:56','2012-02-07 15:30:56',1,43),(6284,119,1,115,NULL,'2012-02-07 15:30:56','2012-02-07 15:30:56',1,43),(6285,120,1,115,NULL,'2012-02-07 15:30:56','2012-02-07 15:30:56',1,43),(6286,121,1,118,NULL,'2012-02-07 15:30:56','2012-02-07 15:30:56',1,43),(6287,122,1,118,NULL,'2012-02-07 15:30:56','2012-02-07 15:30:56',1,43),(6288,123,1,120,NULL,'2012-02-07 15:30:56','2012-02-07 15:30:56',1,43),(6289,124,1,121,NULL,'2012-02-07 15:30:56','2012-02-07 15:30:56',1,43),(6290,125,1,122,NULL,'2012-02-07 15:30:56','2012-02-07 15:30:56',1,43),(6291,126,1,123,NULL,'2012-02-07 15:30:56','2012-02-07 15:30:56',1,43),(6292,127,1,124,NULL,'2012-02-07 15:30:56','2012-02-07 15:30:56',1,43),(6293,128,1,125,NULL,'2012-02-07 15:30:56','2012-02-07 15:30:56',1,43),(6294,129,1,126,NULL,'2012-02-07 15:30:56','2012-02-07 15:30:56',1,43),(6295,130,1,127,NULL,'2012-02-07 15:30:56','2012-02-07 15:30:56',1,43),(6296,131,1,128,NULL,'2012-02-07 15:30:56','2012-02-07 15:30:56',1,43),(6297,132,1,129,NULL,'2012-02-07 15:30:56','2012-02-07 15:30:56',1,43),(6298,133,1,130,NULL,'2012-02-07 15:30:56','2012-02-07 15:30:56',1,43),(6299,134,1,131,NULL,'2012-02-07 15:30:56','2012-02-07 15:30:56',1,43),(6300,135,1,132,NULL,'2012-02-07 15:30:56','2012-02-07 15:30:56',1,43),(6301,136,1,133,NULL,'2012-02-07 15:30:56','2012-02-07 15:30:56',1,43),(6302,137,1,134,NULL,'2012-02-07 15:30:56','2012-02-07 15:30:56',1,43),(6303,138,1,135,NULL,'2012-02-07 15:30:56','2012-02-07 15:30:56',1,43),(6304,139,1,136,NULL,'2012-02-07 15:30:56','2012-02-07 15:30:56',1,43),(6305,140,1,137,NULL,'2012-02-07 15:30:56','2012-02-07 15:30:56',1,43),(6306,141,1,137,NULL,'2012-02-07 15:30:56','2012-02-07 15:30:56',1,43),(6307,142,1,139,NULL,'2012-02-07 15:30:56','2012-02-07 15:30:56',1,43),(6308,143,1,140,NULL,'2012-02-07 15:30:56','2012-02-07 15:30:56',1,43),(6309,144,1,141,NULL,'2012-02-07 15:30:56','2012-02-07 15:30:56',1,43),(6310,145,1,142,NULL,'2012-02-07 15:30:56','2012-02-07 15:30:56',1,43),(6311,146,1,143,NULL,'2012-02-07 15:30:56','2012-02-07 15:30:56',1,43),(6312,147,1,144,NULL,'2012-02-07 15:30:56','2012-02-07 15:30:56',1,43),(6313,148,1,144,NULL,'2012-02-07 15:30:56','2012-02-07 15:30:56',1,43),(6314,149,1,146,NULL,'2012-02-07 15:30:56','2012-02-07 15:30:56',1,43),(6315,150,1,147,NULL,'2012-02-07 15:30:56','2012-02-07 15:30:56',1,43),(6316,151,1,148,NULL,'2012-02-07 15:30:56','2012-02-07 15:30:56',1,43),(6317,152,1,149,NULL,'2012-02-07 15:30:56','2012-02-07 15:30:56',1,43),(6318,153,1,150,NULL,'2012-02-07 15:30:56','2012-02-07 15:30:56',1,43),(6319,154,1,150,NULL,'2012-02-07 15:30:56','2012-02-07 15:30:56',1,43),(6320,155,1,152,NULL,'2012-02-07 15:30:56','2012-02-07 15:30:56',1,43),(6321,156,1,153,NULL,'2012-02-07 15:30:56','2012-02-07 15:30:56',1,43),(6322,157,1,153,NULL,'2012-02-07 15:30:56','2012-02-07 15:30:56',1,43),(6323,158,1,153,NULL,'2012-02-07 15:30:56','2012-02-07 15:30:56',1,43),(6324,159,1,153,NULL,'2012-02-07 15:30:57','2012-02-07 15:30:57',1,43),(6325,160,1,157,NULL,'2012-02-07 15:30:57','2012-02-07 15:30:57',1,43),(6326,161,1,158,NULL,'2012-02-07 15:30:57','2012-02-07 15:30:57',1,43),(6327,162,1,159,NULL,'2012-02-07 15:30:57','2012-02-07 15:30:57',1,43),(6328,163,1,160,NULL,'2012-02-07 15:30:57','2012-02-07 15:30:57',1,43),(6329,165,1,161,NULL,'2012-02-07 15:30:57','2012-02-07 15:30:57',1,43),(6330,166,1,161,NULL,'2012-02-07 15:30:57','2012-02-07 15:30:57',1,43),(6331,167,1,161,NULL,'2012-02-07 15:30:57','2012-02-07 15:30:57',1,43),(6332,168,1,164,NULL,'2012-02-07 15:30:57','2012-02-07 15:30:57',1,43),(6333,169,1,165,NULL,'2012-02-07 15:30:57','2012-02-07 15:30:57',1,43),(6334,170,1,166,NULL,'2012-02-07 15:30:57','2012-02-07 15:30:57',1,43),(6335,171,1,167,NULL,'2012-02-07 15:30:57','2012-02-07 15:30:57',1,43),(6336,172,1,168,NULL,'2012-02-07 15:30:57','2012-02-07 15:30:57',1,43),(6337,173,1,169,NULL,'2012-02-07 15:30:57','2012-02-07 15:30:57',1,43),(6338,174,1,170,NULL,'2012-02-07 15:30:57','2012-02-07 15:30:57',1,43),(6339,175,1,171,NULL,'2012-02-07 15:30:57','2012-02-07 15:30:57',1,43),(6340,176,1,171,NULL,'2012-02-07 15:30:57','2012-02-07 15:30:57',1,43),(6341,177,1,173,NULL,'2012-02-07 15:30:57','2012-02-07 15:30:57',1,43),(6342,178,1,174,NULL,'2012-02-07 15:30:57','2012-02-07 15:30:57',1,43),(6343,179,1,175,NULL,'2012-02-07 15:30:57','2012-02-07 15:30:57',1,43),(6344,180,1,176,NULL,'2012-02-07 15:30:57','2012-02-07 15:30:57',1,43),(6345,181,1,177,NULL,'2012-02-07 15:30:57','2012-02-07 15:30:57',1,43),(6346,182,1,178,NULL,'2012-02-07 15:30:57','2012-02-07 15:30:57',1,43),(6347,183,1,179,NULL,'2012-02-07 15:30:57','2012-02-07 15:30:57',1,43),(6348,184,1,180,NULL,'2012-02-07 15:30:57','2012-02-07 15:30:57',1,43),(6349,185,1,181,NULL,'2012-02-07 15:30:57','2012-02-07 15:30:57',1,43),(6350,186,1,182,NULL,'2012-02-07 15:30:57','2012-02-07 15:30:57',1,43),(6351,187,1,183,NULL,'2012-02-07 15:30:57','2012-02-07 15:30:57',1,43),(6352,188,1,184,NULL,'2012-02-07 15:30:57','2012-02-07 15:30:57',1,43),(6353,189,1,185,NULL,'2012-02-07 15:30:57','2012-02-07 15:30:57',1,43),(6354,190,1,185,NULL,'2012-02-07 15:30:57','2012-02-07 15:30:57',1,43),(6355,191,1,185,NULL,'2012-02-07 15:30:57','2012-02-07 15:30:57',1,43),(6356,192,1,188,NULL,'2012-02-07 15:30:57','2012-02-07 15:30:57',1,43),(6357,193,1,189,NULL,'2012-02-07 15:30:57','2012-02-07 15:30:57',1,43),(6358,194,1,190,NULL,'2012-02-07 15:30:57','2012-02-07 15:30:57',1,43),(6359,195,1,190,NULL,'2012-02-07 15:30:57','2012-02-07 15:30:57',1,43),(6360,196,1,190,NULL,'2012-02-07 15:30:57','2012-02-07 15:30:57',1,43),(6361,197,1,193,NULL,'2012-02-07 15:30:57','2012-02-07 15:30:57',1,43),(6362,198,1,194,NULL,'2012-02-07 15:30:57','2012-02-07 15:30:57',1,43),(6363,199,1,195,NULL,'2012-02-07 15:30:57','2012-02-07 15:30:57',1,43),(6364,200,1,195,NULL,'2012-02-07 15:30:57','2012-02-07 15:30:57',1,43),(6365,201,1,197,NULL,'2012-02-07 15:30:57','2012-02-07 15:30:57',1,43),(6366,202,1,198,NULL,'2012-02-07 15:30:57','2012-02-07 15:30:57',1,43),(6367,203,1,198,NULL,'2012-02-07 15:30:57','2012-02-07 15:30:57',1,43),(6368,204,1,198,NULL,'2012-02-07 15:30:57','2012-02-07 15:30:57',1,43),(6369,205,1,198,NULL,'2012-02-07 15:30:57','2012-02-07 15:30:57',1,43),(6370,206,1,202,NULL,'2012-02-07 15:30:57','2012-02-07 15:30:57',1,43),(6371,207,1,202,NULL,'2012-02-07 15:30:57','2012-02-07 15:30:57',1,43),(6372,208,1,202,NULL,'2012-02-07 15:30:57','2012-02-07 15:30:57',1,43),(6373,209,1,205,NULL,'2012-02-07 15:30:57','2012-02-07 15:30:57',1,43),(6374,210,1,206,NULL,'2012-02-07 15:30:57','2012-02-07 15:30:57',1,43),(6375,211,1,207,NULL,'2012-02-07 15:30:57','2012-02-07 15:30:57',1,43),(6376,212,1,208,NULL,'2012-02-07 15:30:57','2012-02-07 15:30:57',1,43),(6377,213,1,209,NULL,'2012-02-07 15:30:57','2012-02-07 15:30:57',1,43),(6378,214,1,210,NULL,'2012-02-07 15:30:57','2012-02-07 15:30:57',1,43),(6379,215,1,211,NULL,'2012-02-07 15:30:57','2012-02-07 15:30:57',1,43),(6380,216,1,211,NULL,'2012-02-07 15:30:57','2012-02-07 15:30:57',1,43),(6381,217,1,211,NULL,'2012-02-07 15:30:57','2012-02-07 15:30:57',1,43),(6382,218,1,214,NULL,'2012-02-07 15:30:57','2012-02-07 15:30:57',1,43),(6383,219,1,215,NULL,'2012-02-07 15:30:57','2012-02-07 15:30:57',1,43),(6384,220,1,216,NULL,'2012-02-07 15:30:57','2012-02-07 15:30:57',1,43),(6385,221,1,217,NULL,'2012-02-07 15:30:57','2012-02-07 15:30:57',1,43),(6386,222,1,217,NULL,'2012-02-07 15:30:57','2012-02-07 15:30:57',1,43),(6387,223,1,217,NULL,'2012-02-07 15:30:57','2012-02-07 15:30:57',1,43),(6388,224,1,220,NULL,'2012-02-07 15:30:57','2012-02-07 15:30:57',1,43),(6389,225,1,221,NULL,'2012-02-07 15:30:57','2012-02-07 15:30:57',1,43),(6390,226,1,222,NULL,'2012-02-07 15:30:57','2012-02-07 15:30:57',1,43),(6391,227,1,223,NULL,'2012-02-07 15:30:57','2012-02-07 15:30:57',1,43),(6392,228,1,224,NULL,'2012-02-07 15:30:57','2012-02-07 15:30:57',1,43),(6393,229,1,224,NULL,'2012-02-07 15:30:57','2012-02-07 15:30:57',1,43),(6394,230,1,224,NULL,'2012-02-07 15:30:57','2012-02-07 15:30:57',1,43),(6395,231,1,227,NULL,'2012-02-07 15:30:57','2012-02-07 15:30:57',1,43),(6396,232,1,228,NULL,'2012-02-07 15:30:57','2012-02-07 15:30:57',1,43),(6397,233,1,228,NULL,'2012-02-07 15:30:57','2012-02-07 15:30:57',1,43),(6398,234,1,230,NULL,'2012-02-07 15:30:57','2012-02-07 15:30:57',1,43),(6399,235,1,231,NULL,'2012-02-07 15:30:57','2012-02-07 15:30:57',1,43),(6400,236,1,232,NULL,'2012-02-07 15:30:57','2012-02-07 15:30:57',1,43),(6401,237,1,233,NULL,'2012-02-07 15:30:57','2012-02-07 15:30:57',1,43),(6402,238,1,234,NULL,'2012-02-07 15:30:57','2012-02-07 15:30:57',1,43),(6403,239,1,235,NULL,'2012-02-07 15:30:57','2012-02-07 15:30:57',1,43),(6404,240,1,236,NULL,'2012-02-07 15:30:57','2012-02-07 15:30:57',1,43),(6405,241,1,236,NULL,'2012-02-07 15:30:57','2012-02-07 15:30:57',1,43),(6406,242,1,238,NULL,'2012-02-07 15:30:57','2012-02-07 15:30:57',1,43),(6407,243,1,239,NULL,'2012-02-07 15:30:57','2012-02-07 15:30:57',1,43),(6408,244,1,240,NULL,'2012-02-07 15:30:57','2012-02-07 15:30:57',1,43),(6409,245,1,241,NULL,'2012-02-07 15:30:57','2012-02-07 15:30:57',1,43),(6410,246,1,241,NULL,'2012-02-07 15:30:57','2012-02-07 15:30:57',1,43),(6411,247,1,243,NULL,'2012-02-07 15:30:57','2012-02-07 15:30:57',1,43),(6412,248,1,244,NULL,'2012-02-07 15:30:57','2012-02-07 15:30:57',1,43),(6413,249,1,244,NULL,'2012-02-07 15:30:57','2012-02-07 15:30:57',1,43),(6414,250,1,244,NULL,'2012-02-07 15:30:57','2012-02-07 15:30:57',1,43),(6415,251,1,247,NULL,'2012-02-07 15:30:57','2012-02-07 15:30:57',1,43),(6416,252,1,248,NULL,'2012-02-07 15:30:57','2012-02-07 15:30:57',1,43),(6417,253,1,249,NULL,'2012-02-07 15:30:57','2012-02-07 15:30:57',1,43),(6418,254,1,250,NULL,'2012-02-07 15:30:57','2012-02-07 15:30:57',1,43),(6419,255,1,251,NULL,'2012-02-07 15:30:57','2012-02-07 15:30:57',1,43),(6420,256,1,251,NULL,'2012-02-07 15:30:57','2012-02-07 15:30:57',1,43),(6421,257,1,251,NULL,'2012-02-07 15:30:57','2012-02-07 15:30:57',1,43),(6422,258,1,254,NULL,'2012-02-07 15:30:57','2012-02-07 15:30:57',1,43),(6423,259,1,255,NULL,'2012-02-07 15:30:57','2012-02-07 15:30:57',1,43),(6424,260,1,256,NULL,'2012-02-07 15:30:57','2012-02-07 15:30:57',1,43),(6425,261,1,257,NULL,'2012-02-07 15:30:57','2012-02-07 15:30:57',1,43),(6426,262,1,258,NULL,'2012-02-07 15:30:57','2012-02-07 15:30:57',1,43),(6427,263,1,258,NULL,'2012-02-07 15:30:57','2012-02-07 15:30:57',1,43),(6428,264,1,258,NULL,'2012-02-07 15:30:57','2012-02-07 15:30:57',1,43),(6429,265,1,261,NULL,'2012-02-07 15:30:57','2012-02-07 15:30:57',1,43),(6430,266,1,262,NULL,'2012-02-07 15:30:57','2012-02-07 15:30:57',1,43),(6431,267,1,263,NULL,'2012-02-07 15:30:57','2012-02-07 15:30:57',1,43),(6432,268,1,264,NULL,'2012-02-07 15:30:57','2012-02-07 15:30:57',1,43),(6433,269,1,264,NULL,'2012-02-07 15:30:57','2012-02-07 15:30:57',1,43),(6434,270,1,264,NULL,'2012-02-07 15:30:57','2012-02-07 15:30:57',1,43),(6435,271,1,267,NULL,'2012-02-07 15:30:57','2012-02-07 15:30:57',1,43),(6436,272,1,268,NULL,'2012-02-07 15:30:57','2012-02-07 15:30:57',1,43),(6437,273,1,268,NULL,'2012-02-07 15:30:57','2012-02-07 15:30:57',1,43),(6438,274,1,268,NULL,'2012-02-07 15:30:57','2012-02-07 15:30:57',1,43),(6439,275,1,271,NULL,'2012-02-07 15:30:57','2012-02-07 15:30:57',1,43),(6440,276,1,271,NULL,'2012-02-07 15:30:57','2012-02-07 15:30:57',1,43),(6441,277,1,271,NULL,'2012-02-07 15:30:57','2012-02-07 15:30:57',1,43),(6442,278,1,274,NULL,'2012-02-07 15:30:57','2012-02-07 15:30:57',1,43),(6443,279,1,275,NULL,'2012-02-07 15:30:57','2012-02-07 15:30:57',1,43),(6444,280,1,276,NULL,'2012-02-07 15:30:57','2012-02-07 15:30:57',1,43),(6445,281,1,276,NULL,'2012-02-07 15:30:57','2012-02-07 15:30:57',1,43),(6446,282,1,278,NULL,'2012-02-07 15:30:57','2012-02-07 15:30:57',1,43),(6447,283,1,279,NULL,'2012-02-07 15:30:57','2012-02-07 15:30:57',1,43),(6448,284,1,280,NULL,'2012-02-07 15:30:57','2012-02-07 15:30:57',1,43),(6449,285,1,281,NULL,'2012-02-07 15:30:57','2012-02-07 15:30:57',1,43),(6450,286,1,282,NULL,'2012-02-07 15:30:57','2012-02-07 15:30:57',1,43),(6451,287,1,283,NULL,'2012-02-07 15:30:57','2012-02-07 15:30:57',1,43),(6452,288,1,284,NULL,'2012-02-07 15:30:57','2012-02-07 15:30:57',1,43),(6453,289,1,285,NULL,'2012-02-07 15:30:57','2012-02-07 15:30:57',1,43),(6454,290,1,286,NULL,'2012-02-07 15:30:57','2012-02-07 15:30:57',1,43),(6455,291,1,287,NULL,'2012-02-07 15:30:57','2012-02-07 15:30:57',1,43),(6456,292,1,287,NULL,'2012-02-07 15:30:57','2012-02-07 15:30:57',1,43),(6457,293,1,289,NULL,'2012-02-07 15:30:57','2012-02-07 15:30:57',1,43),(6458,294,1,289,NULL,'2012-02-07 15:30:57','2012-02-07 15:30:57',1,43),(6459,295,1,291,NULL,'2012-02-07 15:30:57','2012-02-07 15:30:57',1,43),(6460,296,1,292,NULL,'2012-02-07 15:30:57','2012-02-07 15:30:57',1,43),(6461,297,1,293,NULL,'2012-02-07 15:30:57','2012-02-07 15:30:57',1,43),(6462,298,1,294,NULL,'2012-02-07 15:30:57','2012-02-07 15:30:57',1,43),(6463,299,1,295,NULL,'2012-02-07 15:30:57','2012-02-07 15:30:57',1,43),(6464,300,1,296,NULL,'2012-02-07 15:30:57','2012-02-07 15:30:57',1,43),(6465,301,1,297,NULL,'2012-02-07 15:30:57','2012-02-07 15:30:57',1,43),(6466,302,1,298,NULL,'2012-02-07 15:30:57','2012-02-07 15:30:57',1,43);


